
#
# Criação da Tabela : tb_aconselhamentos
#

CREATE TABLE `tb_aconselhamentos` (
  `id_aconselhamento` int(11) NOT NULL AUTO_INCREMENT,
  `id_membro` int(11) NOT NULL,
  `texto` text NOT NULL,
  `data_aconselhamento` datetime NOT NULL,
  `id_usuario` int(11) NOT NULL,
  `data_cadastro` datetime NOT NULL,
  `atualizacao` timestamp NOT NULL DEFAULT CURRENT_TIMESTAMP ON UPDATE CURRENT_TIMESTAMP,
  PRIMARY KEY (`id_aconselhamento`)
) ENGINE=InnoDB DEFAULT CHARSET=latin1 ;

#
# Dados a serem incluídos na tabela
#


#
# Criação da Tabela : tb_auxiliar_atividades
#

CREATE TABLE `tb_auxiliar_atividades` (
  `id_atividade` int(11) NOT NULL AUTO_INCREMENT,
  `ativo` varchar(250) NOT NULL,
  `nome` varchar(250) NOT NULL,
  `cor` varchar(250) NOT NULL,
  `data_cadastro` datetime NOT NULL,
  `atualizacao` timestamp NOT NULL DEFAULT CURRENT_TIMESTAMP ON UPDATE CURRENT_TIMESTAMP,
  PRIMARY KEY (`id_atividade`)
) ENGINE=InnoDB AUTO_INCREMENT=21 DEFAULT CHARSET=latin1 ;

#
# Dados a serem incluídos na tabela
#

INSERT INTO tb_auxiliar_atividades VALUES ( '1', 'sim', 'Grupo de estudo - PEM', '00eeff', '0000-00-00 00:00:00', '2015-03-17 23:29:33');
INSERT INTO tb_auxiliar_atividades VALUES ( '4', 'sim', 'Casamento luterano', 'c9ac1e', '2015-03-17 17:17:59', '2015-03-17 23:29:41');
INSERT INTO tb_auxiliar_atividades VALUES ( '6', 'sim', 'Reunião com Pastor', '23660d', '2015-04-09 12:45:50', '2019-04-04 16:22:20');
INSERT INTO tb_auxiliar_atividades VALUES ( '7', 'sim', 'Retiro', 'a6a6a6', '2015-04-09 12:46:09', '2015-04-09 17:46:09');
INSERT INTO tb_auxiliar_atividades VALUES ( '8', 'sim', 'Passeio', '9ed678', '2015-04-09 12:46:21', '2015-04-09 17:46:21');
INSERT INTO tb_auxiliar_atividades VALUES ( '9', 'sim', 'Encontro de Casais', 'f58249', '2015-04-09 12:50:58', '2019-04-04 13:42:15');
INSERT INTO tb_auxiliar_atividades VALUES ( '10', 'sim', 'Visita pastoral', 'a30000', '0000-00-00 00:00:00', '2015-06-11 23:33:24');
INSERT INTO tb_auxiliar_atividades VALUES ( '11', 'sim', 'Visita à enfermos', 'e9f500', '0000-00-00 00:00:00', '2019-04-04 13:32:30');
INSERT INTO tb_auxiliar_atividades VALUES ( '12', 'sim', 'Visita missionária', '00a120', '0000-00-00 00:00:00', '2019-04-04 13:32:48');
INSERT INTO tb_auxiliar_atividades VALUES ( '13', 'sim', 'Aula de música', '40b7bd', '2019-04-04 13:31:09', '2019-04-04 13:31:09');
INSERT INTO tb_auxiliar_atividades VALUES ( '14', 'sim', 'Festa Junina', '0bfa03', '2019-04-04 13:31:52', '2019-04-04 13:31:52');
INSERT INTO tb_auxiliar_atividades VALUES ( '15', 'sim', 'Culto', 'f513f5', '2019-04-04 13:40:06', '2019-04-04 13:40:06');
INSERT INTO tb_auxiliar_atividades VALUES ( '16', 'sim', 'Estudo Bíblico', '060699', '2019-04-04 13:40:31', '2019-04-04 13:40:55');
INSERT INTO tb_auxiliar_atividades VALUES ( '17', 'sim', 'Culto com Assembléia', 'fa0303', '2019-04-04 13:41:19', '2019-04-04 13:41:19');
INSERT INTO tb_auxiliar_atividades VALUES ( '18', 'sim', 'Reunião Liderança', '14ffa9', '2019-04-04 16:22:56', '2019-04-04 16:22:56');
INSERT INTO tb_auxiliar_atividades VALUES ( '20', 'sim', 'Bazar', 'ebac0e', '2019-04-04 16:24:06', '2019-04-04 16:24:06');

#
# Criação da Tabela : tb_auxiliar_departamentos
#

CREATE TABLE `tb_auxiliar_departamentos` (
  `id_departamento` int(11) NOT NULL AUTO_INCREMENT,
  `ativo` varchar(250) NOT NULL,
  `nome` varchar(250) NOT NULL,
  `data_cadastro` datetime NOT NULL,
  `atualizacao` timestamp NOT NULL DEFAULT CURRENT_TIMESTAMP ON UPDATE CURRENT_TIMESTAMP,
  PRIMARY KEY (`id_departamento`)
) ENGINE=InnoDB AUTO_INCREMENT=14 DEFAULT CHARSET=latin1 ;

#
# Dados a serem incluídos na tabela
#

INSERT INTO tb_auxiliar_departamentos VALUES ( '1', 'sim', 'Música
', '0000-00-00 00:00:00', '2015-02-06 13:05:34');
INSERT INTO tb_auxiliar_departamentos VALUES ( '2', 'sim', 'Servas', '2015-02-18 12:50:36', '2015-02-18 20:50:36');
INSERT INTO tb_auxiliar_departamentos VALUES ( '3', 'sim', 'Crianças', '2015-03-17 17:28:12', '2015-03-17 22:28:12');
INSERT INTO tb_auxiliar_departamentos VALUES ( '4', 'sim', 'Instrução', '2015-03-17 17:28:17', '2015-03-17 22:28:17');
INSERT INTO tb_auxiliar_departamentos VALUES ( '5', 'sim', 'Juventude Mirim', '2015-03-17 17:28:31', '2015-03-17 22:28:31');
INSERT INTO tb_auxiliar_departamentos VALUES ( '6', 'sim', 'Jovens', '2015-03-17 17:28:41', '2015-03-17 22:28:41');
INSERT INTO tb_auxiliar_departamentos VALUES ( '7', 'sim', 'Homens', '2015-03-17 17:28:51', '2015-03-17 22:28:51');
INSERT INTO tb_auxiliar_departamentos VALUES ( '8', 'sim', 'Casais / Famílias / Noivos', '2015-03-17 17:28:54', '2015-03-17 22:28:54');
INSERT INTO tb_auxiliar_departamentos VALUES ( '9', 'sim', 'Terceira Idade', '2015-03-17 17:29:01', '2015-03-17 22:29:01');
INSERT INTO tb_auxiliar_departamentos VALUES ( '10', 'sim', 'Áreas de atuação', '2015-03-17 17:29:11', '2015-03-17 22:29:11');
INSERT INTO tb_auxiliar_departamentos VALUES ( '11', 'sim', 'Diretoria / Administração', '2015-03-17 17:29:18', '2015-03-17 22:29:18');
INSERT INTO tb_auxiliar_departamentos VALUES ( '12', 'sim', 'Comunicação', '2015-04-07 18:03:23', '2015-04-07 23:03:23');
INSERT INTO tb_auxiliar_departamentos VALUES ( '13', 'sim', 'Todos', '2019-04-04 16:24:53', '2019-04-04 16:24:53');

#
# Criação da Tabela : tb_centro_custos
#

CREATE TABLE `tb_centro_custos` (
  `id_centro_custo` int(11) NOT NULL AUTO_INCREMENT,
  `ativo` varchar(250) NOT NULL,
  `nome` varchar(250) NOT NULL,
  `tipo` varchar(250) NOT NULL,
  `cod_debito` varchar(250) NOT NULL,
  `cod_credito` varchar(250) NOT NULL,
  `data_cadastro` datetime NOT NULL,
  `atualizacao` timestamp NOT NULL DEFAULT CURRENT_TIMESTAMP ON UPDATE CURRENT_TIMESTAMP,
  PRIMARY KEY (`id_centro_custo`)
) ENGINE=InnoDB AUTO_INCREMENT=51 DEFAULT CHARSET=latin1 ;

#
# Dados a serem incluídos na tabela
#

INSERT INTO tb_centro_custos VALUES ( '1', 'sim', 'Ofertas Dominicais', 'A receber', '', '', '2014-09-05 16:05:52', '2015-03-17 22:57:26');
INSERT INTO tb_centro_custos VALUES ( '2', 'sim', 'Ofertas Mensais, Anuais (regulares)', 'A receber', '', '', '2014-09-05 16:05:52', '2015-03-17 22:57:29');
INSERT INTO tb_centro_custos VALUES ( '3', 'sim', 'Ofertas Especiais', 'A receber', '', '', '2014-09-05 16:05:52', '2015-03-17 22:57:31');
INSERT INTO tb_centro_custos VALUES ( '4', 'sim', 'Ofertas de Terceiros', 'A receber', '', '', '2014-09-05 16:05:52', '2015-04-06 21:42:25');
INSERT INTO tb_centro_custos VALUES ( '5', 'sim', 'Campanhas Específicas', 'A receber', '', '', '2014-09-05 16:05:52', '2015-03-17 22:59:06');
INSERT INTO tb_centro_custos VALUES ( '6', 'sim', 'Auxílio de Outros', 'A receber', '', '', '2014-09-05 16:05:52', '2015-03-17 22:58:06');
INSERT INTO tb_centro_custos VALUES ( '7', 'sim', 'Subsídio da IELB', 'A receber', '', '', '2014-09-05 16:05:52', '2015-03-17 22:57:51');
INSERT INTO tb_centro_custos VALUES ( '8', 'sim', 'Auxílio do FAPI', 'A receber', '', '', '2014-09-05 16:05:52', '2015-03-17 22:57:48');
INSERT INTO tb_centro_custos VALUES ( '9', 'sim', 'Subsídio do Distrito', 'A receber', '', '', '2014-09-05 16:05:52', '2015-03-17 22:57:46');
INSERT INTO tb_centro_custos VALUES ( '10', 'sim', 'Auxílio do Distrito Padrinho', 'A receber', '', '', '2014-09-05 16:05:52', '2015-03-17 22:57:44');
INSERT INTO tb_centro_custos VALUES ( '11', 'sim', 'Receita de Aluguéis', 'A receber', '', '', '2014-09-05 16:05:52', '2015-03-17 22:59:09');
INSERT INTO tb_centro_custos VALUES ( '12', 'sim', 'Receita de Promoções', 'A receber', '', '', '2014-09-05 16:05:52', '2015-03-17 22:59:11');
INSERT INTO tb_centro_custos VALUES ( '13', 'sim', 'Receita da Escola', 'A receber', '', '', '2014-09-05 16:05:52', '2015-03-17 22:59:13');
INSERT INTO tb_centro_custos VALUES ( '14', 'sim', 'Receita para Serviço Social', 'A receber', '', '', '2014-09-05 16:05:52', '2015-03-17 22:59:15');
INSERT INTO tb_centro_custos VALUES ( '15', 'sim', 'Ressarcimentos', 'A receber', '', '', '2014-09-05 16:05:52', '2015-03-17 22:59:18');
INSERT INTO tb_centro_custos VALUES ( '16', 'sim', 'Outras entradas', 'A receber', '', '', '2014-09-05 16:05:52', '2015-03-17 22:59:21');
INSERT INTO tb_centro_custos VALUES ( '17', 'sim', 'Empréstimos', 'A receber', '', '', '2014-09-05 16:05:52', '2015-03-17 22:59:24');
INSERT INTO tb_centro_custos VALUES ( '18', 'sim', 'Auxílio Subsistência de Pastores', 'A pagar', '', '', '2014-09-05 16:09:50', '2015-03-17 22:59:27');
INSERT INTO tb_centro_custos VALUES ( '19', 'sim', 'Despesas com Estagiários', 'A pagar', '', '', '2014-09-05 16:09:50', '2015-03-17 22:59:30');
INSERT INTO tb_centro_custos VALUES ( '20', 'sim', 'Pagamentos a outras pessoas', 'A pagar', '', '', '2014-09-05 16:09:50', '2015-03-17 22:59:32');
INSERT INTO tb_centro_custos VALUES ( '21', 'sim', 'INSS', 'A pagar', '', '', '2014-09-05 16:09:50', '2015-03-17 22:59:34');
INSERT INTO tb_centro_custos VALUES ( '22', 'sim', 'Fundo de Garantia e FPP', 'A pagar', '', '', '2014-09-05 16:09:50', '2015-03-17 22:59:36');
INSERT INTO tb_centro_custos VALUES ( '23', 'sim', 'Adicionais política de subsistência', 'A pagar', '', '', '2014-09-05 16:09:50', '2015-03-17 22:59:40');
INSERT INTO tb_centro_custos VALUES ( '24', 'sim', 'Gratificação de Natal e férias', 'A pagar', '', '', '2014-09-05 16:09:50', '2015-03-17 22:59:43');
INSERT INTO tb_centro_custos VALUES ( '25', 'sim', 'Assist. Médica, Prev. Privada', 'A pagar', '', '', '2014-09-05 16:09:50', '2015-03-17 22:59:46');
INSERT INTO tb_centro_custos VALUES ( '26', 'sim', 'Aquisição de Propriedades', 'A pagar', '', '', '2014-09-05 16:09:50', '2015-03-17 22:59:49');
INSERT INTO tb_centro_custos VALUES ( '27', 'sim', 'Construção e Reforma', 'A pagar', '', '', '2014-09-05 16:09:50', '2015-03-17 22:59:52');
INSERT INTO tb_centro_custos VALUES ( '28', 'sim', 'Conservação de propriedades', 'A pagar', '', '', '2014-09-05 16:09:50', '2015-03-17 22:59:54');
INSERT INTO tb_centro_custos VALUES ( '29', 'sim', 'Aquisição de equipamentos', 'A pagar', '', '', '2014-09-05 16:09:50', '2015-03-17 22:59:57');
INSERT INTO tb_centro_custos VALUES ( '30', 'sim', 'Impostos (IPTU,  etc.)', 'A pagar', '', '', '2014-09-05 16:09:50', '2015-03-17 22:59:59');
INSERT INTO tb_centro_custos VALUES ( '31', 'sim', 'Material Missionário', 'A pagar', '', '', '2014-09-05 16:09:50', '2015-03-17 23:00:04');
INSERT INTO tb_centro_custos VALUES ( '32', 'sim', 'Contribuição para a IELB', 'A pagar', '', '', '2014-09-05 16:09:50', '2015-03-17 23:00:07');
INSERT INTO tb_centro_custos VALUES ( '33', 'sim', 'Contribuição para o Distrito', 'A pagar', '', '', '2014-09-05 16:09:50', '2015-03-17 23:00:10');
INSERT INTO tb_centro_custos VALUES ( '34', 'sim', 'Contribuição para o FAPI', 'A pagar', '', '', '2014-09-05 16:09:50', '2015-03-17 23:00:14');
INSERT INTO tb_centro_custos VALUES ( '35', 'sim', 'Contribuição para Outros', 'A pagar', '', '', '2014-09-05 16:09:50', '2015-03-17 23:00:16');
INSERT INTO tb_centro_custos VALUES ( '36', 'sim', 'Auxílio para Congregação Afilhada', 'A pagar', '', '', '2014-09-05 16:09:50', '2015-03-17 23:00:19');
INSERT INTO tb_centro_custos VALUES ( '37', 'sim', 'Despesas da Escola', 'A pagar', '', '', '2014-09-05 16:09:50', '2015-03-17 23:00:23');
INSERT INTO tb_centro_custos VALUES ( '38', 'sim', 'Saídas para Serviço Social', 'A pagar', '', '', '2014-09-05 16:09:50', '2015-03-17 23:00:26');
INSERT INTO tb_centro_custos VALUES ( '39', 'sim', 'Despesas com Comunicação', 'A pagar', '', '', '2014-09-05 16:09:50', '2015-03-17 23:00:29');
INSERT INTO tb_centro_custos VALUES ( '40', 'sim', 'Seguro de vida e propriedades', 'A pagar', '', '', '2014-09-05 16:09:50', '2015-03-17 23:00:40');
INSERT INTO tb_centro_custos VALUES ( '41', 'sim', 'Transporte', 'A pagar', '', '', '2014-09-05 16:09:50', '2015-03-17 23:00:46');
INSERT INTO tb_centro_custos VALUES ( '42', 'sim', 'Moradia', 'A pagar', '', '', '2014-09-05 16:09:50', '2015-03-17 23:00:53');
INSERT INTO tb_centro_custos VALUES ( '43', 'sim', 'Aluguel de local de cultos', 'A pagar', '', '', '2014-09-05 16:09:50', '2015-03-17 23:01:02');
INSERT INTO tb_centro_custos VALUES ( '44', 'sim', 'Luz', 'A pagar', '', '', '2014-09-05 16:09:50', '2015-03-17 23:01:05');
INSERT INTO tb_centro_custos VALUES ( '45', 'sim', 'Água', 'A pagar', '', '', '2014-09-05 16:09:50', '2015-03-17 23:01:08');
INSERT INTO tb_centro_custos VALUES ( '46', 'sim', 'Telefone, Fax, Internet', 'A pagar', '', '', '2014-09-05 16:09:50', '2015-03-17 23:01:12');
INSERT INTO tb_centro_custos VALUES ( '47', 'sim', 'Material de Expediente', 'A pagar', '', '', '2014-09-05 16:09:50', '2015-03-17 23:01:16');
INSERT INTO tb_centro_custos VALUES ( '48', 'sim', 'Participação em Eventos', 'A pagar', '', '', '2014-09-05 16:09:50', '2015-03-17 23:01:18');
INSERT INTO tb_centro_custos VALUES ( '49', 'sim', 'Outras saídas', 'A pagar', '', '', '2014-09-05 16:09:50', '2015-03-17 23:01:22');
INSERT INTO tb_centro_custos VALUES ( '50', 'sim', 'Devolução de Empréstimos', 'A pagar', '', '', '2014-09-05 16:09:50', '2015-03-17 23:01:29');

#
# Criação da Tabela : tb_centro_custos2
#

CREATE TABLE `tb_centro_custos2` (
  `id_centro_custo2` int(11) NOT NULL AUTO_INCREMENT,
  `id_centro_custo` int(11) NOT NULL,
  `ativo` varchar(250) NOT NULL,
  `nome` varchar(250) NOT NULL,
  `data_cadastro` datetime NOT NULL,
  `atualizacao` timestamp NOT NULL DEFAULT CURRENT_TIMESTAMP ON UPDATE CURRENT_TIMESTAMP,
  PRIMARY KEY (`id_centro_custo2`)
) ENGINE=MyISAM AUTO_INCREMENT=2 DEFAULT CHARSET=latin1 ;

#
# Dados a serem incluídos na tabela
#


#
# Criação da Tabela : tb_congregacoes
#

CREATE TABLE `tb_congregacoes` (
  `id_congregacao` int(11) NOT NULL AUTO_INCREMENT,
  `sede` varchar(5) NOT NULL,
  `cnpj` varchar(250) NOT NULL,
  `razao_social` varchar(250) NOT NULL,
  `nome` varchar(250) NOT NULL,
  `tipo` varchar(250) NOT NULL COMMENT 'Congregação (CG), comunidade (CM), igreja (I), ponto de missão/pregação (P)',
  `emails` text NOT NULL,
  `telefones` text NOT NULL,
  `endereco` varchar(250) NOT NULL,
  `numero` varchar(250) NOT NULL,
  `complemento` varchar(250) NOT NULL,
  `cep` varchar(250) NOT NULL,
  `bairro` varchar(250) NOT NULL,
  `cidade` varchar(250) NOT NULL,
  `estado` varchar(250) NOT NULL,
  `data_fundacao` date NOT NULL,
  `data_inauguracao_templo` date NOT NULL,
  `local_cultos` varchar(250) NOT NULL COMMENT 'templo, salão, escola, casa, outro',
  `periodo_cultos` varchar(250) NOT NULL COMMENT 'Semanal, 2x mês, 3x mês, Mensal, Outro',
  `horarios_cultos` varchar(300) NOT NULL,
  `encerramento_atividades_data` date NOT NULL,
  `encerramento_atividades_motivo` text NOT NULL,
  `data_inicio_trabalhos` date NOT NULL,
  `pastor_fundador` varchar(250) NOT NULL,
  `membros_fundadores` text NOT NULL,
  `data_primeiro_culto` date NOT NULL,
  `data_cadastro` datetime NOT NULL,
  `atualizacao` timestamp NOT NULL DEFAULT CURRENT_TIMESTAMP ON UPDATE CURRENT_TIMESTAMP,
  PRIMARY KEY (`id_congregacao`)
) ENGINE=InnoDB AUTO_INCREMENT=3 DEFAULT CHARSET=latin1 ;

#
# Dados a serem incluídos na tabela
#

INSERT INTO tb_congregacoes VALUES ( '1', 'nao', '24.229.509/0001-79', 'CONGREGAÇÃO LUZ DO MUNDO', 'CONGREGAÇÃO LUZ DO MUNDO', 'CG', '', '', 'Rua dos Andradas', '67', '', '', 'Cidade Nova I', 'Indaiatuba', 'SP', '0000-00-00', '0000-00-00', 'Templo', 'Semanal', '', '0000-00-00', '', '0000-00-00', '', '', '0000-00-00', '2018-06-20 09:06:42', '2020-07-02 15:05:47');
INSERT INTO tb_congregacoes VALUES ( '2', 'sim', '', 'CONGREGAÇÃO REDENTOR DE CAMPINAS', 'CONGREGAÇÃO REDENTOR DE CAMPINAS', 'CG', '', '', 'Rua Nazareno Mingoni', '434', '', '', 'Jardim Aeroporto', 'Campinas', 'SP', '0000-00-00', '0000-00-00', 'Templo', 'Semanal', 'Sábado 19h; Domingo 9:30', '0000-00-00', '', '0000-00-00', '', '', '0000-00-00', '2020-01-29 17:41:44', '2020-11-18 11:21:33');

#
# Criação da Tabela : tb_contas_bancarias
#

CREATE TABLE `tb_contas_bancarias` (
  `id_conta_bancaria` int(11) NOT NULL AUTO_INCREMENT,
  `ativo` varchar(250) NOT NULL,
  `nome` varchar(250) NOT NULL,
  `agencia` varchar(250) NOT NULL,
  `conta` varchar(250) NOT NULL,
  `saldo` decimal(15,2) NOT NULL,
  `limite` decimal(15,2) NOT NULL,
  `data_cadastro` datetime NOT NULL,
  `atualizacao` timestamp NULL DEFAULT CURRENT_TIMESTAMP ON UPDATE CURRENT_TIMESTAMP,
  PRIMARY KEY (`id_conta_bancaria`)
) ENGINE=InnoDB AUTO_INCREMENT=2 DEFAULT CHARSET=latin1 ;

#
# Dados a serem incluídos na tabela
#

INSERT INTO tb_contas_bancarias VALUES ( '1', 'sim', 'Caixa interno', '00000', '0', '300.00', '0.00', '2015-04-07 08:39:52', '2019-04-04 13:37:20');

#
# Criação da Tabela : tb_contas_bancarias_ajustes
#

CREATE TABLE `tb_contas_bancarias_ajustes` (
  `id_ajuste` int(11) NOT NULL AUTO_INCREMENT,
  `operador` varchar(250) NOT NULL,
  `id_conta_bancaria` int(11) NOT NULL,
  `data` date NOT NULL,
  `valor` decimal(15,2) NOT NULL,
  `motivo` text NOT NULL,
  `data_cadastro` datetime NOT NULL,
  `atualizacao` timestamp NOT NULL DEFAULT CURRENT_TIMESTAMP ON UPDATE CURRENT_TIMESTAMP,
  PRIMARY KEY (`id_ajuste`)
) ENGINE=InnoDB DEFAULT CHARSET=latin1 ;

#
# Dados a serem incluídos na tabela
#


#
# Criação da Tabela : tb_cronicas_acontecimentos
#

CREATE TABLE `tb_cronicas_acontecimentos` (
  `id_acontecimento` int(11) NOT NULL AUTO_INCREMENT,
  `id_congregacao` int(11) NOT NULL,
  `texto` text NOT NULL,
  `data_acontecimento` datetime NOT NULL,
  `data_cadastro` datetime NOT NULL,
  `atualizacao` timestamp NOT NULL DEFAULT CURRENT_TIMESTAMP ON UPDATE CURRENT_TIMESTAMP,
  PRIMARY KEY (`id_acontecimento`)
) ENGINE=InnoDB AUTO_INCREMENT=2 DEFAULT CHARSET=latin1 ;

#
# Dados a serem incluídos na tabela
#

INSERT INTO tb_cronicas_acontecimentos VALUES ( '1', '1', 'Assembléia de Fundação da Congregação Luz do Mundo de Indaiatuba', '2019-04-07 09:30:00', '2019-04-04 13:34:53', '2019-04-04 13:34:53');

#
# Criação da Tabela : tb_diretoria_paroquial
#

CREATE TABLE `tb_diretoria_paroquial` (
  `id_diretoria` int(11) NOT NULL AUTO_INCREMENT,
  `id_membro` int(11) DEFAULT NULL,
  `funcao` varchar(250) NOT NULL COMMENT 'Presidente, Secretário, Tesoureiro, Pastor',
  `data_cadastro` datetime NOT NULL,
  `atualizacao` timestamp NOT NULL DEFAULT CURRENT_TIMESTAMP ON UPDATE CURRENT_TIMESTAMP,
  PRIMARY KEY (`id_diretoria`)
) ENGINE=InnoDB AUTO_INCREMENT=2 DEFAULT CHARSET=latin1 ;

#
# Dados a serem incluídos na tabela
#

INSERT INTO tb_diretoria_paroquial VALUES ( '1', '25', 'Secretário', '2020-07-20 14:46:27', '2020-07-20 14:46:27');

#
# Criação da Tabela : tb_eventos
#

CREATE TABLE `tb_eventos` (
  `id_evento` int(11) NOT NULL AUTO_INCREMENT,
  `id_grupo` int(11) NOT NULL,
  `id_atividade` int(11) NOT NULL,
  `id_departamento` int(11) NOT NULL,
  `nome` varchar(250) NOT NULL,
  `descricao` text NOT NULL,
  `pastoral` text NOT NULL,
  `coordenador` int(11) NOT NULL,
  `data_cadastro` datetime NOT NULL,
  `atualizacao` timestamp NOT NULL DEFAULT CURRENT_TIMESTAMP ON UPDATE CURRENT_TIMESTAMP,
  `id_congregacao` int(11) NOT NULL,
  PRIMARY KEY (`id_evento`)
) ENGINE=InnoDB AUTO_INCREMENT=39 DEFAULT CHARSET=latin1 ;

#
# Dados a serem incluídos na tabela
#

INSERT INTO tb_eventos VALUES ( '1', '0', '15', '13', 'CULTO FUNDAÇÃO', '', '', '0', '2019-04-04 13:44:47', '2020-01-29 20:27:51', '1');
INSERT INTO tb_eventos VALUES ( '2', '0', '15', '13', 'Visita pastoral à ANA CRISTINA SCHULER PIMENTEL', 'Visita pastoral de  à ANA CRISTINA SCHULER PIMENTEL', '', '0', '2019-04-05 23:24:37', '2020-01-29 20:27:51', '1');
INSERT INTO tb_eventos VALUES ( '3', '0', '15', '13', 'RODRIGO E VANUTA', '', '', '0', '2019-04-06 15:31:55', '2020-01-29 20:27:51', '1');
INSERT INTO tb_eventos VALUES ( '4', '0', '15', '13', 'REUNIÃO DA DIRETORIA', '', '', '0', '2019-04-06 15:34:42', '2020-01-29 20:27:51', '1');
INSERT INTO tb_eventos VALUES ( '5', '0', '15', '13', 'CONSELHO DISTRITAL', '', '', '0', '2019-04-06 15:38:05', '2020-01-29 20:27:51', '1');
INSERT INTO tb_eventos VALUES ( '6', '0', '15', '13', 'Visita pastoral à visitante', 'Visita pastoral de  à visitante', '', '0', '2019-04-06 15:39:36', '2020-01-29 20:27:51', '1');
INSERT INTO tb_eventos VALUES ( '7', '0', '15', '13', 'SEXTA FEIRA SANTA', '', '', '0', '2020-01-29 17:19:57', '2020-01-29 17:19:57', '1');
INSERT INTO tb_eventos VALUES ( '8', '0', '15', '13', 'DOMINGO DE RAMOS', '', '', '0', '2020-01-29 17:22:57', '2020-01-29 17:22:57', '1');
INSERT INTO tb_eventos VALUES ( '9', '0', '15', '13', 'PÁSCOA', '', '', '0', '2020-01-29 17:23:47', '2020-01-29 17:24:28', '1');
INSERT INTO tb_eventos VALUES ( '10', '0', '15', '13', 'PASTOR - REUNIÃO CD', '', '', '0', '2020-01-29 17:27:03', '2020-01-29 20:27:51', '1');
INSERT INTO tb_eventos VALUES ( '11', '0', '15', '13', 'CULTO HORA LUTERANA', '', '', '0', '2020-01-29 17:27:55', '2020-01-29 17:27:55', '1');
INSERT INTO tb_eventos VALUES ( '12', '0', '15', '13', 'DIA DAS MÃES', '', '', '0', '2020-01-29 17:28:50', '2020-01-29 17:28:50', '1');
INSERT INTO tb_eventos VALUES ( '13', '0', '15', '13', 'CONFERÊNCIA MML', '', '', '0', '2020-01-29 17:30:36', '2020-01-29 20:27:51', '1');
INSERT INTO tb_eventos VALUES ( '14', '0', '15', '13', 'PASTOR - DEPARTAMENTOS CD', '', '', '0', '2020-01-29 17:32:14', '2020-01-29 20:27:51', '1');
INSERT INTO tb_eventos VALUES ( '15', '0', '15', '13', '3ª ENEP - FLORIANOPOLIS', '', '', '0', '2020-01-29 17:33:51', '2020-01-29 20:27:51', '1');
INSERT INTO tb_eventos VALUES ( '16', '0', '15', '13', '8º RETIRO MML', '', '', '0', '2020-01-29 17:35:48', '2020-01-29 20:27:51', '1');
INSERT INTO tb_eventos VALUES ( '17', '0', '15', '13', 'FAPI', '', '', '0', '2020-01-29 17:36:49', '2020-01-29 20:27:51', '1');
INSERT INTO tb_eventos VALUES ( '18', '0', '15', '13', 'DOMINGO TOTAL ', '', '', '0', '2020-01-29 17:43:30', '2020-01-29 20:27:51', '1');
INSERT INTO tb_eventos VALUES ( '19', '0', '15', '13', 'CEIA PASCAL', '', '', '0', '2020-01-29 17:44:56', '2020-01-29 20:25:26', '1');
INSERT INTO tb_eventos VALUES ( '20', '0', '15', '13', 'ALVORADA PASCAL', '', '', '0', '2020-01-29 17:45:37', '2020-01-29 20:27:51', '1');
INSERT INTO tb_eventos VALUES ( '21', '0', '15', '13', 'ENCONTRO DE CASAIS', '', '', '0', '2020-01-29 17:46:18', '2020-01-29 20:27:51', '1');
INSERT INTO tb_eventos VALUES ( '22', '0', '15', '13', 'FESTA JUNINA', '', '', '0', '2020-01-29 17:47:03', '2020-01-29 20:27:51', '1');
INSERT INTO tb_eventos VALUES ( '23', '0', '15', '13', 'CONGRESSO DA FAMILIA', '', '', '0', '2020-01-29 17:50:36', '2020-01-29 20:27:51', '1');
INSERT INTO tb_eventos VALUES ( '24', '0', '15', '13', 'ANIVERSARIO CONGREGAÇÃO', '', '', '0', '2020-01-29 17:51:25', '2020-01-29 20:27:51', '1');
INSERT INTO tb_eventos VALUES ( '25', '0', '15', '13', 'DOMINGO TOTAL ', '', '', '0', '2020-01-29 17:52:15', '2020-01-29 20:27:51', '1');
INSERT INTO tb_eventos VALUES ( '26', '0', '15', '13', 'DOMINGO FELIZ', '', '', '0', '2020-01-29 17:53:19', '2020-01-29 20:27:51', '1');
INSERT INTO tb_eventos VALUES ( '27', '0', '15', '13', 'PROGRAMA DE NATAL', '', '', '0', '2020-01-29 17:54:00', '2020-01-29 20:27:51', '1');
INSERT INTO tb_eventos VALUES ( '28', '0', '15', '13', 'ANIVERSARIO CONGREGAÇÃO', '', '', '0', '2020-01-29 20:23:29', '2020-01-29 20:23:29', '1');
INSERT INTO tb_eventos VALUES ( '29', '0', '15', '13', 'CEIA PASCAL - EVENTO PAROQUIAL', '', '', '0', '2020-01-29 20:29:00', '2020-01-29 20:29:00', '1');
INSERT INTO tb_eventos VALUES ( '30', '0', '14', '13', 'FESTA JUNINA', '', '', '0', '2020-01-29 20:44:25', '2020-01-29 20:44:25', '1');
INSERT INTO tb_eventos VALUES ( '31', '0', '9', '13', 'ENCONTRO DE CASAIS', '', '', '0', '2020-01-29 20:46:05', '2020-01-29 20:46:05', '1');
INSERT INTO tb_eventos VALUES ( '32', '0', '7', '3', 'DOMINGO DAS CRIANÇAS', '', '', '0', '2020-01-29 20:53:34', '2020-01-29 20:53:34', '1');
INSERT INTO tb_eventos VALUES ( '33', '0', '15', '13', 'PROGRAMA DE NATAL', '', '', '0', '2020-01-29 20:56:18', '2020-01-29 20:56:18', '1');
INSERT INTO tb_eventos VALUES ( '34', '0', '18', '0', 'ENCONTRO DISTRITAL', '', '', '0', '2020-01-29 20:57:37', '2020-01-29 20:57:37', '1');
INSERT INTO tb_eventos VALUES ( '35', '1', '15', '13', 'Diretoria', '', '', '7', '2020-01-30 21:26:14', '2020-01-30 21:31:14', '1');
INSERT INTO tb_eventos VALUES ( '36', '2', '18', '11', 'Diretoria Redentor 2021-2022', '', '', '0', '2020-11-18 11:18:37', '2020-11-18 11:18:37', '2');
INSERT INTO tb_eventos VALUES ( '37', '0', '15', '0', 'Culto', '', '', '0', '2020-11-19 14:55:25', '2020-11-19 14:55:25', '1');
INSERT INTO tb_eventos VALUES ( '38', '0', '17', '13', 'Assembleia Geral Ordinária', 'Assembleia Ordinária da Congregação Redentor e extraordinária do Conselho Fiscal, com eleição de nova diretoria', '', '0', '2020-11-19 14:58:35', '2020-11-19 14:58:35', '2');

#
# Criação da Tabela : tb_eventos_datas
#

CREATE TABLE `tb_eventos_datas` (
  `id_data` int(11) NOT NULL AUTO_INCREMENT,
  `id_evento` int(11) NOT NULL,
  `id_grupo` int(11) NOT NULL,
  `periodicidade` varchar(250) NOT NULL,
  `dia_semana` varchar(250) NOT NULL,
  `dia` date NOT NULL,
  `horario_inicial` time NOT NULL,
  `horario_final` time NOT NULL,
  `data_inicial` datetime NOT NULL,
  `data_final` datetime NOT NULL,
  `hinos` varchar(250) NOT NULL,
  `santa_ceia` varchar(250) NOT NULL DEFAULT 'nao',
  `observacao` text NOT NULL,
  `total_membros` int(11) NOT NULL,
  `total_visitantes` int(11) NOT NULL,
  `total_santa_ceia` int(11) NOT NULL,
  `data_cadastro` datetime NOT NULL,
  `atualizacao` timestamp NOT NULL DEFAULT CURRENT_TIMESTAMP ON UPDATE CURRENT_TIMESTAMP,
  PRIMARY KEY (`id_data`)
) ENGINE=InnoDB AUTO_INCREMENT=59 DEFAULT CHARSET=latin1 ;

#
# Dados a serem incluídos na tabela
#

INSERT INTO tb_eventos_datas VALUES ( '1', '1', '0', '', '', '2019-04-07', '09:30:00', '11:30:00', '2019-04-07 09:30:00', '2019-04-07 11:30:00', '', 'sim', '', '0', '0', '0', '2019-04-04 13:44:47', '2019-04-04 13:44:47');
INSERT INTO tb_eventos_datas VALUES ( '4', '4', '0', 'Mensais', '', '2019-04-10', '20:00:00', '22:00:00', '2019-04-10 20:00:00', '2019-04-10 22:00:00', '', 'nao', '', '0', '0', '0', '2019-04-06 15:34:42', '2019-04-06 15:34:42');
INSERT INTO tb_eventos_datas VALUES ( '5', '5', '0', '', '', '2019-04-13', '19:00:00', '00:00:00', '2019-04-13 19:00:00', '2019-04-13 00:00:00', '', 'nao', '', '0', '0', '0', '2019-04-06 15:38:05', '2019-04-06 15:38:05');
INSERT INTO tb_eventos_datas VALUES ( '6', '6', '0', '', '', '2019-04-23', '19:00:00', '00:00:00', '0000-00-00 00:00:00', '2019-04-23 00:00:00', '', 'nao', 'VISITA À RODRIGO E VANUTA', '0', '1', '0', '2019-04-06 15:39:36', '2019-04-06 15:40:39');
INSERT INTO tb_eventos_datas VALUES ( '8', '7', '0', '', '', '2020-04-10', '00:00:00', '00:00:00', '2020-04-10 00:00:00', '2020-04-10 00:00:00', '', 'nao', '', '0', '0', '0', '2020-01-29 17:21:13', '2020-01-29 17:21:13');
INSERT INTO tb_eventos_datas VALUES ( '9', '8', '0', '', '', '2020-04-05', '00:00:00', '00:00:00', '2020-04-05 00:00:00', '2020-04-05 00:00:00', '', 'nao', '', '0', '0', '0', '2020-01-29 17:22:57', '2020-01-29 17:22:57');
INSERT INTO tb_eventos_datas VALUES ( '11', '10', '0', '', '', '2020-04-25', '00:00:00', '00:00:00', '2020-04-25 00:00:00', '2020-04-25 00:00:00', '', 'nao', '', '0', '0', '0', '2020-01-29 17:27:03', '2020-01-29 17:27:03');
INSERT INTO tb_eventos_datas VALUES ( '12', '10', '0', '', '', '2020-04-26', '00:00:00', '00:00:00', '2020-04-26 00:00:00', '2020-04-26 00:00:00', '', 'nao', '', '0', '0', '0', '2020-01-29 17:27:03', '2020-01-29 17:27:03');
INSERT INTO tb_eventos_datas VALUES ( '13', '11', '0', '', '', '2020-04-26', '00:00:00', '00:00:00', '2020-04-26 00:00:00', '2020-04-26 00:00:00', '', 'nao', '', '0', '0', '0', '2020-01-29 17:27:55', '2020-01-29 17:27:55');
INSERT INTO tb_eventos_datas VALUES ( '15', '13', '0', '', '', '2020-07-23', '00:00:00', '00:00:00', '2020-07-23 00:00:00', '2020-07-23 00:00:00', '', 'nao', '', '0', '0', '0', '2020-01-29 17:30:36', '2020-01-29 17:30:36');
INSERT INTO tb_eventos_datas VALUES ( '16', '13', '0', '', '', '2020-07-24', '00:00:00', '00:00:00', '2020-07-24 00:00:00', '2020-07-24 00:00:00', '', 'nao', '', '0', '0', '0', '2020-01-29 17:30:36', '2020-01-29 17:30:36');
INSERT INTO tb_eventos_datas VALUES ( '17', '13', '0', '', '', '2020-07-25', '00:00:00', '00:00:00', '2020-07-25 00:00:00', '2020-07-25 00:00:00', '', 'nao', '', '0', '0', '0', '2020-01-29 17:30:36', '2020-01-29 17:30:36');
INSERT INTO tb_eventos_datas VALUES ( '18', '13', '0', '', '', '2020-07-26', '00:00:00', '00:00:00', '2020-07-26 00:00:00', '2020-07-26 00:00:00', '', 'nao', '', '0', '0', '0', '2020-01-29 17:30:36', '2020-01-29 17:30:36');
INSERT INTO tb_eventos_datas VALUES ( '19', '14', '0', '', '', '2020-08-22', '00:00:00', '00:00:00', '2020-08-22 00:00:00', '2020-08-22 00:00:00', '', 'nao', '', '0', '0', '0', '2020-01-29 17:32:14', '2020-01-29 17:32:14');
INSERT INTO tb_eventos_datas VALUES ( '20', '14', '0', '', '', '2020-08-23', '00:00:00', '00:00:00', '2020-08-23 00:00:00', '2020-08-23 00:00:00', '', 'nao', '', '0', '0', '0', '2020-01-29 17:32:14', '2020-01-29 17:32:14');
INSERT INTO tb_eventos_datas VALUES ( '21', '15', '0', '', '', '2020-08-28', '00:00:00', '00:00:00', '2020-08-28 00:00:00', '2020-08-28 00:00:00', '', 'nao', '', '0', '0', '0', '2020-01-29 17:33:51', '2020-01-29 17:33:51');
INSERT INTO tb_eventos_datas VALUES ( '22', '15', '0', '', '', '2020-08-29', '00:00:00', '00:00:00', '2020-08-29 00:00:00', '2020-08-29 00:00:00', '', 'nao', '', '0', '0', '0', '2020-01-29 17:33:51', '2020-01-29 17:33:51');
INSERT INTO tb_eventos_datas VALUES ( '23', '15', '0', '', '', '2020-08-30', '00:00:00', '00:00:00', '2020-08-30 00:00:00', '2020-08-30 00:00:00', '', 'nao', '', '0', '0', '0', '2020-01-29 17:33:51', '2020-01-29 17:33:51');
INSERT INTO tb_eventos_datas VALUES ( '24', '16', '0', '', '', '2020-10-23', '00:00:00', '00:00:00', '2020-10-23 00:00:00', '2020-10-23 00:00:00', '', 'nao', '', '0', '0', '0', '2020-01-29 17:35:48', '2020-01-29 17:35:48');
INSERT INTO tb_eventos_datas VALUES ( '25', '16', '0', '', '', '2020-10-24', '00:00:00', '00:00:00', '2020-10-24 00:00:00', '2020-10-24 00:00:00', '', 'nao', '', '0', '0', '0', '2020-01-29 17:35:48', '2020-01-29 17:35:48');
INSERT INTO tb_eventos_datas VALUES ( '26', '16', '0', '', '', '2020-10-25', '00:00:00', '00:00:00', '2020-10-25 00:00:00', '2020-10-25 00:00:00', '', 'nao', '', '0', '0', '0', '2020-01-29 17:35:48', '2020-01-29 17:35:48');
INSERT INTO tb_eventos_datas VALUES ( '27', '17', '0', '', '', '2020-12-01', '00:00:00', '00:00:00', '2020-12-01 00:00:00', '2020-12-01 00:00:00', '', 'nao', '', '0', '0', '0', '2020-01-29 17:36:49', '2020-01-29 17:36:49');
INSERT INTO tb_eventos_datas VALUES ( '28', '18', '0', '', '', '2020-03-08', '00:00:00', '00:00:00', '2020-03-08 00:00:00', '2020-03-08 00:00:00', '', 'nao', '', '0', '0', '0', '2020-01-29 17:43:30', '2020-01-29 17:43:30');
INSERT INTO tb_eventos_datas VALUES ( '30', '20', '0', '', '', '2020-04-12', '00:00:00', '00:00:00', '2020-04-12 00:00:00', '2020-04-12 00:00:00', '', 'nao', '', '0', '0', '0', '2020-01-29 17:45:37', '2020-01-29 17:45:37');
INSERT INTO tb_eventos_datas VALUES ( '31', '21', '0', '', '', '2020-06-06', '00:00:00', '00:00:00', '0000-00-00 00:00:00', '2020-06-06 00:00:00', '', 'nao', 'ANA E FRANCISCO', '0', '0', '0', '2020-01-29 17:46:18', '2020-01-29 21:12:10');
INSERT INTO tb_eventos_datas VALUES ( '32', '22', '0', '', '', '2020-06-27', '00:00:00', '00:00:00', '2020-06-27 00:00:00', '2020-06-27 00:00:00', '', 'nao', '', '0', '0', '0', '2020-01-29 17:47:03', '2020-01-29 17:47:03');
INSERT INTO tb_eventos_datas VALUES ( '33', '23', '0', '', '', '2020-08-15', '00:00:00', '00:00:00', '2020-08-15 00:00:00', '2020-08-15 00:00:00', '', 'nao', '', '0', '0', '0', '2020-01-29 17:50:36', '2020-01-29 17:50:36');
INSERT INTO tb_eventos_datas VALUES ( '34', '23', '0', '', '', '2020-08-16', '00:00:00', '00:00:00', '2020-08-16 00:00:00', '2020-08-16 00:00:00', '', 'nao', '', '0', '0', '0', '2020-01-29 17:50:36', '2020-01-29 17:50:36');
INSERT INTO tb_eventos_datas VALUES ( '35', '24', '0', '', '', '2020-04-05', '00:00:00', '00:00:00', '0000-00-00 00:00:00', '2020-04-05 00:00:00', '', 'nao', 'ANA E FRANCISCO', '0', '0', '0', '2020-01-29 17:51:25', '2020-01-29 21:14:00');
INSERT INTO tb_eventos_datas VALUES ( '36', '25', '0', '', '', '2020-10-11', '00:00:00', '00:00:00', '2020-10-11 00:00:00', '2020-10-11 00:00:00', '', 'nao', '', '0', '0', '0', '2020-01-29 17:52:15', '2020-01-29 17:52:15');
INSERT INTO tb_eventos_datas VALUES ( '37', '26', '0', '', '', '2020-12-06', '00:00:00', '00:00:00', '2020-12-06 00:00:00', '2020-12-06 00:00:00', '', 'nao', '', '0', '0', '0', '2020-01-29 17:53:19', '2020-01-29 17:53:19');
INSERT INTO tb_eventos_datas VALUES ( '38', '27', '0', '', '', '2020-12-19', '00:00:00', '00:00:00', '2020-12-19 00:00:00', '2020-12-19 00:00:00', '', 'nao', '', '0', '0', '0', '2020-01-29 17:54:00', '2020-01-29 17:54:00');
INSERT INTO tb_eventos_datas VALUES ( '39', '29', '0', '', '', '2020-04-09', '20:00:00', '00:00:00', '0000-00-00 00:00:00', '2020-04-09 00:00:00', '', 'nao', 'SERGIO E ROSE', '0', '0', '0', '2020-01-29 20:29:00', '2020-01-29 21:09:56');
INSERT INTO tb_eventos_datas VALUES ( '40', '30', '0', '', '', '2020-06-20', '00:00:00', '00:00:00', '2020-06-20 00:00:00', '2020-06-20 00:00:00', '', 'nao', '', '0', '0', '0', '2020-01-29 20:44:25', '2020-01-29 20:44:25');
INSERT INTO tb_eventos_datas VALUES ( '41', '31', '0', '', '', '2020-07-25', '00:00:00', '00:00:00', '0000-00-00 00:00:00', '2020-07-25 00:00:00', '', 'nao', '', '0', '0', '0', '2020-01-29 20:46:05', '2020-01-29 20:47:48');
INSERT INTO tb_eventos_datas VALUES ( '42', '32', '0', '', '', '2020-10-17', '09:00:00', '18:00:00', '0000-00-00 00:00:00', '2020-10-17 18:00:00', '', 'nao', 'GI E VALTINHO', '0', '0', '0', '2020-01-29 20:53:34', '2020-01-29 21:11:18');
INSERT INTO tb_eventos_datas VALUES ( '43', '33', '0', '', '', '2020-12-20', '00:00:00', '00:00:00', '2020-12-20 00:00:00', '2020-12-20 00:00:00', '', 'nao', '', '0', '0', '0', '2020-01-29 20:56:18', '2020-01-29 20:56:18');
INSERT INTO tb_eventos_datas VALUES ( '44', '34', '0', '', '', '2020-08-01', '00:00:00', '00:00:00', '0000-00-00 00:00:00', '2020-08-01 00:00:00', '', 'nao', 'DIOGO E JU', '0', '0', '0', '2020-01-29 20:57:37', '2020-01-29 21:10:23');
INSERT INTO tb_eventos_datas VALUES ( '45', '12', '0', '', '', '2020-05-10', '19:00:00', '00:00:00', '2020-05-10 19:00:00', '2020-05-10 00:00:00', '', 'nao', 'A', '0', '0', '0', '2020-01-29 21:06:25', '2020-01-29 21:06:25');
INSERT INTO tb_eventos_datas VALUES ( '46', '35', '1', '', '', '2020-02-23', '16:30:00', '18:30:00', '2020-02-23 16:30:00', '2020-02-23 18:30:00', '', 'nao', '', '0', '0', '0', '2020-01-30 21:26:14', '2020-01-30 21:26:14');
INSERT INTO tb_eventos_datas VALUES ( '47', '35', '1', '', '', '2020-03-23', '16:30:00', '18:30:00', '2020-03-23 16:30:00', '2020-03-23 18:30:00', '', 'nao', '', '0', '0', '0', '2020-01-30 21:26:14', '2020-01-30 21:26:14');
INSERT INTO tb_eventos_datas VALUES ( '49', '35', '1', '', '', '2020-05-23', '16:30:00', '18:30:00', '2020-05-23 16:30:00', '2020-05-23 18:30:00', '', 'nao', '', '0', '0', '0', '2020-01-30 21:26:14', '2020-01-30 21:26:14');
INSERT INTO tb_eventos_datas VALUES ( '50', '35', '1', '', '', '2020-06-23', '16:30:00', '18:30:00', '2020-06-23 16:30:00', '2020-06-23 18:30:00', '', 'nao', '', '0', '0', '0', '2020-01-30 21:26:14', '2020-01-30 21:26:14');
INSERT INTO tb_eventos_datas VALUES ( '51', '35', '1', '', '', '2020-07-23', '16:30:00', '18:30:00', '2020-07-23 16:30:00', '2020-07-23 18:30:00', '', 'nao', '', '0', '0', '0', '2020-01-30 21:26:14', '2020-01-30 21:26:14');
INSERT INTO tb_eventos_datas VALUES ( '52', '35', '1', '', '', '2020-08-23', '16:30:00', '18:30:00', '2020-08-23 16:30:00', '2020-08-23 18:30:00', '', 'nao', '', '0', '0', '0', '2020-01-30 21:26:14', '2020-01-30 21:26:14');
INSERT INTO tb_eventos_datas VALUES ( '53', '35', '1', '', '', '2020-09-23', '16:30:00', '18:30:00', '2020-09-23 16:30:00', '2020-09-23 18:30:00', '', 'nao', '', '0', '0', '0', '2020-01-30 21:26:14', '2020-01-30 21:26:14');
INSERT INTO tb_eventos_datas VALUES ( '54', '35', '1', '', '', '2020-10-23', '16:30:00', '18:30:00', '2020-10-23 16:30:00', '2020-10-23 18:30:00', '', 'nao', '', '0', '0', '0', '2020-01-30 21:26:14', '2020-01-30 21:26:14');
INSERT INTO tb_eventos_datas VALUES ( '55', '35', '1', '', '', '2020-11-23', '16:30:00', '18:30:00', '2020-11-23 16:30:00', '2020-11-23 18:30:00', '', 'nao', '', '0', '0', '0', '2020-01-30 21:26:14', '2020-01-30 21:26:14');
INSERT INTO tb_eventos_datas VALUES ( '56', '35', '1', '', '', '2020-12-23', '16:30:00', '18:30:00', '2020-12-23 16:30:00', '2020-12-23 18:30:00', '', 'nao', '', '0', '0', '0', '2020-01-30 21:26:14', '2020-01-30 21:26:14');
INSERT INTO tb_eventos_datas VALUES ( '57', '36', '2', '', '', '0000-00-00', '00:00:00', '00:00:00', '0000-00-00 00:00:00', '0000-00-00 00:00:00', '', 'nao', '', '0', '0', '0', '2020-11-18 11:18:37', '2020-11-18 11:18:37');
INSERT INTO tb_eventos_datas VALUES ( '58', '38', '0', '', '', '2020-11-21', '19:00:00', '21:30:00', '2020-11-21 19:00:00', '2020-11-21 21:30:00', '', 'nao', '', '0', '0', '0', '2020-11-19 14:58:35', '2020-11-19 14:58:35');

#
# Criação da Tabela : tb_eventos_datas_oficiantes
#

CREATE TABLE `tb_eventos_datas_oficiantes` (
  `id_oficiante` int(11) NOT NULL AUTO_INCREMENT,
  `id_evento` int(11) NOT NULL,
  `id_data` int(11) NOT NULL,
  `oficiante` varchar(250) NOT NULL,
  `nome_oficiante` varchar(250) NOT NULL,
  `data_cadastro` datetime NOT NULL,
  `atualizacao` timestamp NOT NULL DEFAULT CURRENT_TIMESTAMP ON UPDATE CURRENT_TIMESTAMP,
  PRIMARY KEY (`id_oficiante`)
) ENGINE=InnoDB AUTO_INCREMENT=12 DEFAULT CHARSET=latin1 ;

#
# Dados a serem incluídos na tabela
#

INSERT INTO tb_eventos_datas_oficiantes VALUES ( '1', '1', '0', 'o', '', '2019-04-04 13:44:47', '2019-04-04 13:44:47');
INSERT INTO tb_eventos_datas_oficiantes VALUES ( '2', '1', '1', 'outro_pastor', '', '2019-04-04 13:44:47', '2019-04-04 13:44:47');
INSERT INTO tb_eventos_datas_oficiantes VALUES ( '3', '2', '2', '', '', '2019-04-05 23:24:37', '2019-04-05 23:24:37');
INSERT INTO tb_eventos_datas_oficiantes VALUES ( '4', '3', '0', 'o', '', '2019-04-06 15:31:55', '2019-04-06 15:31:55');
INSERT INTO tb_eventos_datas_oficiantes VALUES ( '5', '3', '3', 'outro_pastor', 'WALTER BAMINGER', '2019-04-06 15:31:55', '2019-04-06 15:31:55');
INSERT INTO tb_eventos_datas_oficiantes VALUES ( '6', '4', '0', 'l', '', '2019-04-06 15:34:42', '2019-04-06 15:34:42');
INSERT INTO tb_eventos_datas_oficiantes VALUES ( '7', '1', '0', 'o', '', '2020-01-29 20:27:51', '2020-01-29 20:27:51');
INSERT INTO tb_eventos_datas_oficiantes VALUES ( '8', '35', '0', 'o', '', '2020-01-30 21:31:14', '2020-01-30 21:31:14');
INSERT INTO tb_eventos_datas_oficiantes VALUES ( '9', '37', '0', '2', 'DIOGO SAVIAN DA SILVA', '2020-11-19 14:55:25', '2020-11-19 14:55:25');
INSERT INTO tb_eventos_datas_oficiantes VALUES ( '10', '38', '0', 'l', '', '2020-11-19 14:58:35', '2020-11-19 14:58:35');
INSERT INTO tb_eventos_datas_oficiantes VALUES ( '11', '38', '58', 'leigo', '77 - Jairo Henrique Christ - Campinas/SP', '2020-11-19 14:58:35', '2020-11-19 14:58:35');

#
# Criação da Tabela : tb_eventos_participantes
#

CREATE TABLE `tb_eventos_participantes` (
  `id_participante` int(11) NOT NULL AUTO_INCREMENT,
  `id_evento` int(11) NOT NULL,
  `id_data` int(11) NOT NULL,
  `id_grupo` int(11) NOT NULL,
  `id_membro` int(11) NOT NULL,
  `participou` varchar(250) NOT NULL DEFAULT 'nao',
  `santa_ceia` varchar(30) NOT NULL,
  `data_cadastro` datetime NOT NULL,
  `atualizacao` timestamp NOT NULL DEFAULT CURRENT_TIMESTAMP ON UPDATE CURRENT_TIMESTAMP,
  PRIMARY KEY (`id_participante`)
) ENGINE=InnoDB AUTO_INCREMENT=2 DEFAULT CHARSET=latin1 ;

#
# Dados a serem incluídos na tabela
#

INSERT INTO tb_eventos_participantes VALUES ( '1', '2', '2', '0', '1', 'sim', 'nao', '2019-04-05 23:24:37', '2019-04-05 23:24:37');

#
# Criação da Tabela : tb_financeiro
#

CREATE TABLE `tb_financeiro` (
  `id_financeiro` int(11) NOT NULL AUTO_INCREMENT,
  `tipo` varchar(250) NOT NULL,
  `id_conta_bancaria` int(11) NOT NULL,
  `id_recorrencia` int(11) NOT NULL,
  `id_fornecedor` int(11) NOT NULL,
  `id_evento` int(11) NOT NULL,
  `id_membro` int(11) NOT NULL,
  `id_centro_custo` int(11) NOT NULL,
  `id_centro_custo2` int(11) NOT NULL,
  `referencia` varchar(250) NOT NULL,
  `valor` decimal(15,2) NOT NULL,
  `situacao` varchar(250) NOT NULL,
  `data_vencimento` date NOT NULL,
  `data_pagamento` date NOT NULL,
  `parcelas` varchar(250) NOT NULL,
  `observacoes` text NOT NULL,
  `data_cadastro` datetime NOT NULL,
  `atualizacao` timestamp NOT NULL DEFAULT CURRENT_TIMESTAMP ON UPDATE CURRENT_TIMESTAMP,
  PRIMARY KEY (`id_financeiro`)
) ENGINE=InnoDB AUTO_INCREMENT=3 DEFAULT CHARSET=latin1 ;

#
# Dados a serem incluídos na tabela
#

INSERT INTO tb_financeiro VALUES ( '1', 'A receber', '1', '0', '0', '0', '0', '2', '0', '', '300.00', 'Pago', '2019-03-10', '2019-03-10', '1/1', '', '2019-04-04 13:37:20', '2019-04-04 13:37:20');
INSERT INTO tb_financeiro VALUES ( '2', 'A receber', '1', '0', '0', '0', '0', '0', '0', '', '0.00', 'Pendente', '0000-00-00', '0000-00-00', '1/1', '', '2019-04-12 17:35:29', '2019-04-12 17:35:29');

#
# Criação da Tabela : tb_financeiro_recorrencia
#

CREATE TABLE `tb_financeiro_recorrencia` (
  `id_recorrencia` int(11) NOT NULL AUTO_INCREMENT,
  `periodicidade` varchar(250) NOT NULL,
  `periodicidade_vencimento` date NOT NULL,
  `tipo` varchar(250) NOT NULL,
  `id_fornecedor` int(11) NOT NULL,
  `id_conta_bancaria` int(11) NOT NULL,
  `id_centro_custo` int(11) NOT NULL,
  `referencia` varchar(250) NOT NULL,
  `valor` decimal(15,2) NOT NULL,
  `observacoes` text NOT NULL,
  `data_cadastro` datetime NOT NULL,
  `atualizacao` timestamp NOT NULL DEFAULT CURRENT_TIMESTAMP ON UPDATE CURRENT_TIMESTAMP,
  PRIMARY KEY (`id_recorrencia`)
) ENGINE=InnoDB DEFAULT CHARSET=latin1 ;

#
# Dados a serem incluídos na tabela
#


#
# Criação da Tabela : tb_fornecedores
#

CREATE TABLE `tb_fornecedores` (
  `id_fornecedor` int(11) NOT NULL AUTO_INCREMENT,
  `ativo` varchar(250) NOT NULL,
  `tipo` varchar(250) NOT NULL,
  `nome_razao_social` varchar(250) NOT NULL,
  `rg_ie` varchar(250) NOT NULL,
  `cpf_cnpj` varchar(250) NOT NULL,
  `cep` varchar(250) NOT NULL,
  `endereco` varchar(250) NOT NULL,
  `numero` varchar(250) NOT NULL,
  `complemento` varchar(250) NOT NULL,
  `bairro` varchar(250) NOT NULL,
  `cidade` varchar(250) NOT NULL,
  `estado` varchar(250) NOT NULL,
  `observacoes` text NOT NULL,
  `data_cadastro` datetime NOT NULL,
  `atualizacao` timestamp NOT NULL DEFAULT CURRENT_TIMESTAMP ON UPDATE CURRENT_TIMESTAMP,
  PRIMARY KEY (`id_fornecedor`)
) ENGINE=InnoDB DEFAULT CHARSET=latin1 ;

#
# Dados a serem incluídos na tabela
#


#
# Criação da Tabela : tb_fornecedores_emails
#

CREATE TABLE `tb_fornecedores_emails` (
  `id_email` int(11) NOT NULL AUTO_INCREMENT,
  `id_fornecedor` int(11) NOT NULL,
  `email` varchar(250) NOT NULL,
  `data_cadastro` datetime NOT NULL,
  `atualizacao` timestamp NOT NULL DEFAULT CURRENT_TIMESTAMP ON UPDATE CURRENT_TIMESTAMP,
  PRIMARY KEY (`id_email`)
) ENGINE=InnoDB DEFAULT CHARSET=latin1 ;

#
# Dados a serem incluídos na tabela
#


#
# Criação da Tabela : tb_fornecedores_telefones
#

CREATE TABLE `tb_fornecedores_telefones` (
  `id_telefone` int(11) NOT NULL AUTO_INCREMENT,
  `id_fornecedor` int(11) NOT NULL,
  `numero` varchar(250) NOT NULL,
  `data_cadastro` datetime NOT NULL,
  `atualizacao` timestamp NOT NULL DEFAULT CURRENT_TIMESTAMP ON UPDATE CURRENT_TIMESTAMP,
  PRIMARY KEY (`id_telefone`)
) ENGINE=InnoDB DEFAULT CHARSET=latin1 ;

#
# Dados a serem incluídos na tabela
#


#
# Criação da Tabela : tb_grupos
#

CREATE TABLE `tb_grupos` (
  `id_grupo` int(11) NOT NULL AUTO_INCREMENT,
  `id_congregacao` int(11) NOT NULL,
  `id_departamento` int(11) NOT NULL,
  `nome` varchar(250) NOT NULL,
  `coordenador` int(11) NOT NULL,
  `descricao` text NOT NULL,
  `encontros` varchar(250) NOT NULL,
  `data_cadastro` datetime NOT NULL,
  `atualizacao` timestamp NOT NULL DEFAULT CURRENT_TIMESTAMP ON UPDATE CURRENT_TIMESTAMP,
  PRIMARY KEY (`id_grupo`)
) ENGINE=InnoDB AUTO_INCREMENT=3 DEFAULT CHARSET=latin1 ;

#
# Dados a serem incluídos na tabela
#

INSERT INTO tb_grupos VALUES ( '1', '1', '11', 'Diretoria', '7', '', 'Mensais', '2020-01-30 21:26:14', '2020-01-30 21:26:14');
INSERT INTO tb_grupos VALUES ( '2', '2', '11', 'Diretoria Redentor 2021-2022', '0', '', 'Mensais', '2020-11-18 11:18:37', '2020-11-18 11:18:37');

#
# Criação da Tabela : tb_grupos_encontros
#

CREATE TABLE `tb_grupos_encontros` (
  `id_encontro` int(11) NOT NULL AUTO_INCREMENT,
  `id_grupo` int(11) NOT NULL,
  `periodicidade` varchar(250) NOT NULL,
  `dia_semana` varchar(250) NOT NULL,
  `dia` date NOT NULL,
  `horario_inicial` time NOT NULL,
  `horario_final` time NOT NULL,
  `data_inicial` datetime NOT NULL,
  `data_final` datetime NOT NULL,
  `data_cadastro` datetime NOT NULL,
  `atualizacao` timestamp NOT NULL DEFAULT CURRENT_TIMESTAMP ON UPDATE CURRENT_TIMESTAMP,
  PRIMARY KEY (`id_encontro`)
) ENGINE=InnoDB AUTO_INCREMENT=3 DEFAULT CHARSET=latin1 ;

#
# Dados a serem incluídos na tabela
#

INSERT INTO tb_grupos_encontros VALUES ( '1', '1', 'Mensais', '', '2020-02-23', '16:30:00', '18:30:00', '2020-02-23 16:30:00', '2020-02-23 18:30:00', '2020-01-30 21:26:14', '2020-01-30 21:26:14');
INSERT INTO tb_grupos_encontros VALUES ( '2', '2', 'Mensais', '', '0000-00-00', '00:00:00', '00:00:00', '0000-00-00 00:00:00', '0000-00-00 00:00:00', '2020-11-18 11:18:37', '2020-11-18 11:18:37');

#
# Criação da Tabela : tb_grupos_participantes
#

CREATE TABLE `tb_grupos_participantes` (
  `id_participante` int(11) NOT NULL AUTO_INCREMENT,
  `id_membro` int(11) NOT NULL,
  `id_grupo` int(11) NOT NULL,
  `data_cadastro` datetime NOT NULL,
  `atualizacao` timestamp NOT NULL DEFAULT CURRENT_TIMESTAMP ON UPDATE CURRENT_TIMESTAMP,
  PRIMARY KEY (`id_participante`)
) ENGINE=InnoDB DEFAULT CHARSET=latin1 ;

#
# Dados a serem incluídos na tabela
#


#
# Criação da Tabela : tb_log_financeiro
#

CREATE TABLE `tb_log_financeiro` (
  `id_log` int(11) NOT NULL AUTO_INCREMENT,
  `id_conta_bancaria` int(11) NOT NULL,
  `id_lancamento` int(11) NOT NULL,
  `saldo_anterior` decimal(15,2) NOT NULL,
  `saldo_posterior` decimal(15,2) NOT NULL,
  `data_cadastro` datetime NOT NULL,
  `atualizacao` timestamp NOT NULL DEFAULT CURRENT_TIMESTAMP ON UPDATE CURRENT_TIMESTAMP,
  PRIMARY KEY (`id_log`)
) ENGINE=InnoDB AUTO_INCREMENT=2 DEFAULT CHARSET=latin1 ;

#
# Dados a serem incluídos na tabela
#

INSERT INTO tb_log_financeiro VALUES ( '1', '1', '1', '0.00', '300.00', '2019-04-04 13:37:20', '2019-04-04 13:37:20');

#
# Criação da Tabela : tb_membros
#

CREATE TABLE `tb_membros` (
  `id_membro` int(11) NOT NULL AUTO_INCREMENT,
  `forma_entrada` varchar(250) NOT NULL,
  `id_congregacao` int(11) NOT NULL,
  `tipo` varchar(250) NOT NULL,
  `ativo` char(3) NOT NULL,
  `afastado` varchar(250) NOT NULL,
  `sexo` char(1) NOT NULL,
  `pastor` varchar(250) NOT NULL,
  `nome` varchar(250) NOT NULL,
  `rg` varchar(250) NOT NULL,
  `cpf` varchar(250) NOT NULL,
  `data_nascimento` date NOT NULL,
  `cidade_nascimento` varchar(250) NOT NULL,
  `estado_nascimento` varchar(250) NOT NULL,
  `foto` varchar(250) NOT NULL,
  `tipo_sanguineo` varchar(250) NOT NULL,
  `doador` varchar(250) NOT NULL,
  `profissao` varchar(250) NOT NULL,
  `estado_civil` varchar(250) NOT NULL,
  `cep` varchar(250) NOT NULL,
  `endereco` varchar(250) NOT NULL,
  `numero` varchar(250) NOT NULL,
  `complemento` varchar(250) NOT NULL,
  `bairro` varchar(250) NOT NULL,
  `cidade` varchar(250) NOT NULL,
  `estado` varchar(250) NOT NULL,
  `comungante` varchar(250) NOT NULL,
  `votante` varchar(30) NOT NULL,
  `envelope_oferta` varchar(30) NOT NULL,
  `horario_visita` varchar(250) NOT NULL,
  `enfermo` varchar(30) NOT NULL,
  `observacoes` text NOT NULL,
  `latitude` varchar(250) NOT NULL,
  `longitude` varchar(250) NOT NULL,
  `data_cadastro` datetime NOT NULL,
  `atualizacao` timestamp NOT NULL DEFAULT CURRENT_TIMESTAMP ON UPDATE CURRENT_TIMESTAMP,
  PRIMARY KEY (`id_membro`)
) ENGINE=InnoDB AUTO_INCREMENT=116 DEFAULT CHARSET=latin1 ;

#
# Dados a serem incluídos na tabela
#

INSERT INTO tb_membros VALUES ( '1', 'Transferência', '1', 'membro', 'sim', 'nao', 'f', 'nao', 'ANA CRISTINA SCHULER PIMENTEL', '', '', '1973-02-24', 'CASCAVEL', 'PR', '', 'O-', 'sim', 'ADMINISTRADORA DE EMPRESAS', 'casado', '13336-153', 'Avenida Luiz Antonio Piva', '337', '', 'Aldrovândia', 'Indaiatuba', 'SP', 'sim', 'sim', 'sim', '', 'nao', '', '-23.0518729', '-47.1823061', '2018-05-13 00:00:00', '2019-04-04 13:09:42');
INSERT INTO tb_membros VALUES ( '2', 'Profissão de fé', '1', 'membro', 'sim', 'nao', 'm', 'nao', 'DIOGO SAVIAN DA SILVA', '641504378', '024.255.490-30', '1990-06-17', 'PORTO ALEGRE', 'RIO GRANDE DO SUL', '', 'A-', 'sim', 'Engenheiro', 'casado', '13335-520', '...RUA TUPINAMBÁS ', '685', 'AP53', 'AQUI SE VIVE', 'INDAIATUBA', 'SP', 'sim', 'sim', 'sim', 'A partir das 19h às segundas, quartas e sextas', 'nao', '', '-23.0766403', '-47.1979246', '2012-08-01 00:00:00', '2019-06-16 15:08:58');
INSERT INTO tb_membros VALUES ( '3', 'Transferência', '1', 'membro', 'sim', 'nao', 'f', 'nao', 'JUCIELI LIMA DOS REIS', '614504469', '018.481.130-99', '1988-08-17', 'CHIAPETTA', 'RIO GRANDE DO SUL', '', 'O +', 'sim', 'Administradora', 'casado', '13335-520', '...RUA TUPINAMBÁS', '685', 'AP53', 'AQUI SE VIVE', '...INDAIATUBA', 'SP', 'sim', 'sim', 'sim', 'A partir das 19h às segundas, quartas e sextas', 'nao', '', '-23.0766403', '-47.1979246', '2012-08-01 00:00:00', '2019-06-16 15:10:18');
INSERT INTO tb_membros VALUES ( '4', 'Batismo', '1', 'membro', 'sim', 'nao', 'f', 'nao', 'ISADORA VIEIRA MISSFELD RIBEIRO', '640924037', '521.611.698-23', '1015-05-15', 'Indaiatuba', 'SP', '', 'A+', 'nao', '', 'solteiro', '13340-526', 'Rua Olívia Rubin Bergamini', '138', '', 'Vila Florença', 'Indaiatuba', 'SP', 'nao', 'nao', 'nao', 'NOITE', 'nao', '', '-23.1061518', '-47.1870454', '2015-07-12 00:00:00', '2019-06-23 21:00:32');
INSERT INTO tb_membros VALUES ( '5', 'Profissão de fé', '1', 'membro', 'sim', 'nao', 'f', 'nao', 'SANDRA VIEIRA DOS SANTOS', '42753921', '304.755.108-10', '1981-07-16', 'Jacarací', 'BA', '', '', 'nao', 'FUNCIONÁRIA PÚBLICA', 'casado', '13340-526', 'Olivia Rubin Bergamini', '138', '', '...', 'Indaiatuba', 'SP', 'sim', 'sim', 'sim', 'NOITE', 'sim', '', '-23.1059647', '-47.1863292', '2012-01-01 00:00:00', '2020-11-18 15:51:44');
INSERT INTO tb_membros VALUES ( '6', 'Confirmação', '1', 'membro', 'sim', 'nao', 'm', 'nao', 'AMILCAR ALEXANDRE MISSFELD RIBEIRO', '294218282', '763.322.929-20', '1974-10-08', 'SÃO PAULO', 'SP', '', 'A+', 'nao', 'Encanador', 'casado', '13340-526', 'Rua Olívia Rubin Bergamini', '138', '', 'Vila Florença', 'Indaiatuba', 'SP', 'sim', 'sim', 'sim', 'NOITE', 'nao', 'O Amilcar receberá a transferência juntamente com todos os demais membros de Indaiatuba', '-23.1059647', '-47.1863292', '2012-01-01 00:00:00', '2020-11-18 08:39:00');
INSERT INTO tb_membros VALUES ( '7', 'Profissão de fé', '1', 'membro', 'sim', 'nao', 'm', 'nao', 'FRANCISCO PIMENTEL', '', '', '1968-03-31', '', '', '', '', '', '', '', '13336-153', 'Avenida Luiz Antonio Piva', '337', '', 'Aldrovândia', 'Indaiatuba', 'SP', 'sim', 'sim', 'sim', '', 'nao', '', '-23.0522651', '-47.1827088', '2012-01-01 00:00:00', '2021-03-19 12:41:20');
INSERT INTO tb_membros VALUES ( '8', 'Batismo', '1', 'membro', 'sim', 'nao', 'm', 'nao', 'HÉLIO RAMOS DA SILVA', '', '', '1982-03-08', '', '', '', '', '', '', '', '', 'Profª Suely Maria Cação Ambiel  Batista', '475', '', 'Jardim dos Colibris', 'Indaiatuba', 'São Paulo', 'sim', 'sim', 'sim', '', 'nao', '', '-23.1138397', '-47.2562580', '2012-01-01 00:00:00', '2021-03-17 10:50:38');
INSERT INTO tb_membros VALUES ( '9', 'Batismo', '1', 'membro', 'sim', 'nao', 'f', 'nao', 'Claudiane Felberg Ramos', '', '', '1984-06-24', '', '', '', '', '', 'Arquivista', '', '', 'Profª Suely Maria Cação Ambiel  Batista', '475', '', 'Jardim dos Colibris', 'Indaiatuba', 'São Paulo', 'sim', 'sim', 'sim', '', 'nao', '', '-23.1138397', '-47.2562580', '2012-01-01 00:00:00', '2021-03-23 13:44:00');
INSERT INTO tb_membros VALUES ( '10', 'Batismo', '1', 'membro', 'sim', 'nao', 'm', 'nao', 'JOÃO PEDRO FELBERG R. DA SILVA', '', '', '0000-00-00', '', '', '', '', '', '', '', '', 'Profª Suely Maria Cação Ambiel  Batista', '475', '', 'Jardim dos Colibris', 'Indaiatuba', 'São Paulo', 'nao', 'nao', 'nao', '', 'nao', '', '-23.1138397', '-47.2562580', '2012-01-01 00:00:00', '2019-04-12 17:44:47');
INSERT INTO tb_membros VALUES ( '11', 'Transferência', '1', 'membro', 'sim', 'nao', 'm', 'nao', 'Jackson de Godoy', '', '', '1985-12-09', '', '', '', '', '', '', '', '', '', '', '', '', 'Catalão', '', 'sim', 'sim', 'sim', '', 'nao', '', '-18.1660958', '-47.9444845', '2019-04-11 00:00:00', '2021-03-17 18:33:25');
INSERT INTO tb_membros VALUES ( '12', 'Transferência', '1', 'membro', 'sim', 'nao', 'f', 'nao', 'Aline Raquel Eckert de Godoy ', '', '', '1990-04-09', '', '', '', '', '', '', '', '', '', '', '', '', 'Catalão', '', 'sim', 'sim', 'sim', '', 'nao', '', '-18.1660958', '-47.9444845', '2019-04-11 00:00:00', '2021-03-17 18:35:11');
INSERT INTO tb_membros VALUES ( '13', 'Transferência', '1', 'membro', 'sim', 'nao', 'f', 'nao', 'Raquel Eckert de Godoy ', '', '', '2011-04-14', '', '', '', '', '', '', 'solteiro', '', '', '', '', '', 'Catalão', '', 'sim', 'sim', 'sim', '', 'nao', '', '-18.1660958', '-47.9444845', '2019-04-11 00:00:00', '2021-03-17 19:14:44');
INSERT INTO tb_membros VALUES ( '14', 'Transferência', '1', 'membro', 'sim', 'nao', 'm', 'nao', 'SÉRGIO ZIMMERMANN', '3038443531', '482.455.340-72', '1966-06-20', 'HORIZONTINA', 'RIO GRANDE DO SUL', '', 'A+', 'nao', 'ADMINISTRADOR', 'casado', '13340-350', 'JOSE AMSTALDEN FILHO', '336', 'CONDOMINIO VISTA VERDE', 'Jardim Panorama', 'Indaiatuba', 'SP', 'sim', 'sim', 'sim', 'NOITE', 'nao', '', '-23.1052094', '-47.1776345', '2010-01-01 00:00:00', '2020-11-18 15:56:14');
INSERT INTO tb_membros VALUES ( '15', 'Batismo', '1', 'membro', 'sim', 'nao', 'f', 'nao', 'ROSANE ZIMMERMANN', '609805198', '557.272.980-91', '1967-07-21', 'HORIZONTINA', 'RIO GRANDE DO SUL', '', 'A+', 'nao', 'DIARISTA', 'casado', '13340-350', 'JOSE AMSTALDEN FILHO', '336', 'Rua 3, CONDOMINIO VISTA VERDE', 'Jardim Panorama', 'Indaiatuba', 'SP', 'sim', 'sim', 'sim', 'NOITE', 'nao', '', '-23.1052094', '-47.1776345', '2000-01-01 00:00:00', '2020-11-19 15:07:35');
INSERT INTO tb_membros VALUES ( '16', 'Batismo', '1', 'membro', 'sim', 'nao', 'f', 'nao', 'DANIELA ZIMMERMANN', '1105381337', '049.682.051-63', '1994-02-13', 'HORIZONTINA', 'RIO GRANDE DO SUL', '', 'A+', 'nao', 'PROFESSORA/ARQUITETA', 'solteiro', '13340-350', 'JOSE AMSTALDEN FILHO', '336', 'CONDOMINIO VISTA VERDE', 'Jardim Panorama', 'Indaiatuba', 'SP', 'sim', 'sim', 'sim', 'NOITE', 'nao', '', '-23.1042036', '-47.1790916', '2000-01-01 00:00:00', '2019-06-16 14:49:54');
INSERT INTO tb_membros VALUES ( '17', 'Batismo', '1', 'membro', 'sim', 'nao', 'f', 'nao', 'Michele Roncada Hanusch', '635388595', '531.542.468-51', '2005-11-29', 'INDAIATUBA', 'SP', '', 'O+', 'nao', 'ESTUDANTE', 'solteiro', '13343-290', 'RUA DR. ROBERTO NATALINO DE CILLO', '38', '', 'Jardim Primavera', 'Indaiatuba', 'SP', 'sim', 'nao', 'nao', 'NOITE', 'nao', '', '-23.0949092', '-47.2019758', '2006-01-01 00:00:00', '2021-03-23 10:40:54');
INSERT INTO tb_membros VALUES ( '18', 'Batismo', '1', 'membro', 'sim', 'nao', 'f', 'nao', 'Nicole Roncada Hanusch', '635388418', '531.541.948-78', '2005-11-29', 'INDAIATUBA', 'SP', '', 'o+', 'nao', 'ESTUDANTE', 'solteiro', '13343-290', 'Rua Doutor Roberto Natalino de Cillo', '38', '', 'Jardim Primavera', 'Indaiatuba', 'SP', 'sim', 'nao', 'nao', 'NOITE', 'nao', '', '-23.0949092', '-47.2019758', '2006-01-01 00:00:00', '2021-03-23 10:41:25');
INSERT INTO tb_membros VALUES ( '19', 'Batismo', '1', 'membro', 'sim', 'sim', 'f', 'nao', 'Letícia Roncada Hanusch', '55161268X', '467.095.158-00', '1997-04-18', 'PORTO ALEGRE', 'RS', '', 'O+', 'nao', 'DESEMPREGADA', 'solteiro', '13343-290', 'Rua Doutor Roberto Natalino de Cillo', '38', '', 'Jardim Primavera', 'Indaiatuba', 'SP', 'sim', 'nao', 'nao', 'NOITE', 'sim', '', '-23.0949092', '-47.2019758', '2000-01-01 00:00:00', '2021-03-23 10:35:37');
INSERT INTO tb_membros VALUES ( '20', 'Transferência', '1', 'membro', 'sim', 'nao', 'm', 'nao', 'ORLANDO HANUSCH', '1027161205', '489.212.030-87', '1965-09-26', 'Santo Ângelo', 'RS', '', 'o+', 'nao', 'Professor', 'casado', '13343-290', 'Rua Doutor Roberto Natalino de Cillo', '38', '', 'Jardim Primavera', 'Indaiatuba', 'SP', 'sim', 'sim', 'sim', 'NOITE', 'nao', '', '-23.0949070', '-47.2019812', '2017-01-31 00:00:00', '2020-11-18 15:45:31');
INSERT INTO tb_membros VALUES ( '21', '', '1', 'simpatizante', 'sim', 'nao', 'f', 'nao', 'Katia Kocian Roncada Hanusch', '17521753508', '154.300.508-06', '1968-06-11', '', '', '', 'o+', 'nao', 'Artesã', 'casado', '13343-209', '...', '38', '', 'Jardim Primavera', 'Indaiatuba', 'SP', 'nao', 'nao', 'nao', 'NOITE', 'nao', '', '-23.0881998', '-47.2079557', '2019-01-01 00:00:00', '2019-06-22 14:11:28');
INSERT INTO tb_membros VALUES ( '22', 'Transferência', '2', 'membro', 'sim', 'nao', 'm', 'sim', 'Walter Baminger', '1034793727', '526.591.799-15', '1963-10-05', 'Peabiru', 'PR', '', 'B-', 'nao', 'Pastor Luterano', 'casado', '13050-410', 'Rua Itapecirica da Serra', '204', '', 'Cidade Jardim', 'Campinas', 'SP', 'sim', 'sim', 'sim', '', 'nao', '', '-22.9269291', '-47.0848639', '2012-01-28 00:00:00', '2020-11-19 10:11:35');
INSERT INTO tb_membros VALUES ( '23', 'Transferência', '1', 'membro', 'sim', 'nao', 'm', 'sim', 'Renan Figur', '7066928181', '024.582.310-71', '1994-08-02', 'Novo Hamburgo', 'RS', '', 'B+', 'nao', '', 'solteiro', '13334-020', 'Rua dos Andradas', '67', '', 'Cidade Nova I', 'Indaiatuba', 'SP', 'sim', 'sim', 'sim', '', 'nao', 'Estagiário das Congregações Redentor de Campinas e Luz do Mundo de Indaiatuba', '-23.0862369', '-47.2077252', '2020-01-19 00:00:00', '2020-07-02 14:54:18');
INSERT INTO tb_membros VALUES ( '24', 'Transferência', '2', 'membro', 'sim', 'nao', 'f', 'nao', 'Abilene Baminger', '609753411', '000.501.832-30', '1992-04-21', 'Aquidauana', 'MS', '', 'O-', 'sim', '', 'casado', '13050-006', 'Avenida Dom Joaquim Mamede da Silva Leite', '40', '', 'Jardim do Lago', 'Campinas', 'SP', 'sim', 'sim', 'sim', '', 'nao', '', '-22.9307999', '-47.0853746', '2012-01-28 00:00:00', '2020-11-19 09:47:01');
INSERT INTO tb_membros VALUES ( '25', 'Confirmação', '2', 'membro', 'sim', 'nao', 'f', 'nao', 'Bruna Christine Eurich', '33147079-2', '365.572.908-19', '1992-03-10', 'Campinas', 'SP', '', 'B', 'sim', '', 'solteiro', '13105-018', 'Avenida Salim José', '714', '', 'Jardim Conceição (Sousas)', 'Campinas', 'SP', 'sim', 'sim', 'sim', '', 'nao', '', '-22.8882074', '-46.9818277', '2003-07-20 00:00:00', '2020-07-24 21:09:36');
INSERT INTO tb_membros VALUES ( '26', 'Transferência', '2', 'membro', 'sim', 'nao', 'f', 'nao', 'Rosita Rosane Braga Bulsing', '3014221571', '454.550.310-15', '1949-03-19', 'Cerro Branco', 'RS', '', 'O+', 'nao', 'Professora Aposentada', 'casado', '', 'Condominio Morada do Sol', '81', 'Alameda Lua', 'Mirante', 'Vinhedo', 'SP', 'sim', 'sim', 'sim', '', 'nao', '', '-23.0166965', '-46.9622951', '2012-05-20 00:00:00', '2020-09-11 13:52:07');
INSERT INTO tb_membros VALUES ( '27', 'Transferência', '2', 'membro', 'sim', 'nao', 'm', 'nao', 'Ramom Steffen', '53759946-2', '420.600.358-63', '1998-03-22', 'Vale do Sol', 'RS', '', 'O-', 'nao', 'Estudante de Medicina', 'solteiro', '13083-710', 'Rua Doutor Ruberlei Boareto da Silva', '920', 'Casa 2', 'Cidade Universitária I', 'Campinas', 'SP', 'sim', 'sim', 'sim', '', 'nao', '', '-22.8223071', '-47.0708330', '2019-02-02 00:00:00', '2020-07-21 15:46:06');
INSERT INTO tb_membros VALUES ( '28', '', '2', 'simpatizante', 'sim', 'nao', 'm', 'nao', 'Mauro Leite Bulsing', '3037907809', '131.495.390-72', '1947-03-14', '', '', '', 'O+', 'nao', 'Aposentado', 'casado', '13280-000', 'Condomínio Morada do Sol, Alameda Lua', '81', '', 'Mirante', 'Vinhedo', 'SP', 'nao', 'nao', 'nao', '', 'nao', 'Casado com a Dona Rosita, continua católico', '-23.0164232', '-46.9618281', '2012-05-20 00:00:00', '2020-07-21 16:00:08');
INSERT INTO tb_membros VALUES ( '29', 'Transferência', '2', 'membro', 'sim', 'nao', 'm', 'nao', 'Vilmar Oldemburg', '2.542.827', '911.296.139-68', '1973-02-23', 'Maravilha', 'SC', '', 'A+', 'nao', 'Empresário', 'casado', '13180-054', 'Rua Cláudio Lopes de Lima', '121', '', 'Parque Progresso II ', 'Sumaré', 'SP', 'sim', 'sim', 'sim', '', 'nao', 'Batizado em 23/03/1973, confirmado em Maravilha', '-22.8311868', '-47.1625800', '2000-01-01 00:00:00', '2020-07-27 15:49:41');
INSERT INTO tb_membros VALUES ( '30', 'Batismo', '2', 'membro', 'sim', 'nao', 'm', 'nao', 'Calebe da Silva Ramos', '375562242', '475.505.078-21', '1999-04-09', 'Campinas', 'SP', '', 'B+', 'nao', 'Estudante', 'solteiro', '13185-548', 'Rua João Luiz Meme', '229', '', 'Jardim Terras de Santo Antônio', 'Hortolândia', 'SP', 'sim', 'sim', 'sim', '', 'nao', '', '-22.9008529', '-47.1837083', '2020-08-16 00:00:00', '2020-07-27 15:58:44');
INSERT INTO tb_membros VALUES ( '31', 'Transferência', '2', 'membro', 'sim', 'nao', 'f', 'nao', 'Luciliane das Graças de L. Eurich', '33147081-0', '365.572.918-90', '1971-10-05', 'Prudentópolis ', 'PR', '', 'A+', 'sim', 'Auxiliar Administrativo', 'viuvo', '13105-018', 'Avenida Salim José', '714', '', 'Jardim Conceição (Sousas)', 'Campinas', 'SP', 'sim', 'sim', 'sim', '', 'nao', '', '-22.8881832', '-46.9818957', '2000-01-01 00:00:00', '2020-11-19 11:00:28');
INSERT INTO tb_membros VALUES ( '32', 'Batismo', '2', 'membro', 'sim', 'sim', 'f', 'nao', 'Laressa Caroline Eurich', '33147081-0', '365.572.918-90', '1993-05-13', 'Campinas', 'SP', '', '', '', '', '', '13105-018', 'Avenida Salim José', '714', '', 'Jardim Conceição (Sousas)', 'Campinas', 'SP', 'sim', 'sim', 'sim', '', 'nao', '', '-22.8881832', '-46.9818957', '1993-07-04 00:00:00', '2020-11-19 13:37:45');
INSERT INTO tb_membros VALUES ( '33', 'Transferência', '2', 'membro', 'sim', 'nao', 'f', 'nao', 'Jaciara Bär', '10215038-4', '082.294.389-19', '1991-10-21', 'Nova Santa Rosa', 'PR', '', 'A+', 'nao', 'Estudante de pós-Graduação', '', '13093-897', 'Av. Dr. Romeu Tórtima', '1227', 'apto 2', 'Cidade Universitária', 'Campinas', 'SP', 'sim', 'sim', 'sim', '', 'nao', 'O ano da transferência está certo, mas a data não está.
Jaciara é doutoranda da UNICAMP', '-22.8256850', '-47.0719316', '2017-05-21 00:00:00', '2020-09-03 19:00:18');
INSERT INTO tb_membros VALUES ( '34', '', '2', 'simpatizante', 'sim', 'nao', 'f', 'nao', 'Rafaele Steffen', '557718971', '446.960.078-47', '2001-09-05', '', '', '', 'A+', 'sim', 'Estudante', 'solteiro', '13486-171', 'Avenida Mogi Mirim', '715', '', 'Vila Piza', 'Limeira', 'SP', 'sim', 'nao', 'nao', '', 'nao', 'A Rafaele estuda Engenharia Química na UNICAMP, desde 2020. É irmã do Ramom Steffen. Com a pandemia de Covid-19, está morando com o pai, em Limeira ', '-22.5590539', '-47.3921963', '2020-03-22 00:00:00', '2020-08-07 08:15:15');
INSERT INTO tb_membros VALUES ( '36', 'Profissão de fé', '2', 'membro', 'sim', 'nao', 'm', 'nao', 'Abelardo de Souza Carneiro', '101630740', '', '1954-12-03', 'Limoeiro', 'PE', '', 'O+', 'nao', 'Engenheiro Eletricista', 'casado', '', 'Vicenzo Micaroni', '611', 'Residencial Basel ', 'Swiss Park', 'Campinas', 'SP', 'sim', 'sim', 'sim', '', 'nao', '', '-22.9720059', '-47.0816685', '2020-02-01 00:00:00', '2020-11-18 08:36:57');
INSERT INTO tb_membros VALUES ( '37', 'Profissão de fé', '2', 'membro', 'sim', 'nao', 'm', 'nao', 'André Daniel Angeli Alves', '241951859', '176.842.668-61', '1979-04-29', 'Santo André', 'SP', '', 'O+', 'sim', 'Supervisor de compras', 'casado', '13050-055', 'Avenida das Amoreiras', '4001', 'Torre 1, apto 177', 'Vila Mimosa', 'Campinas', 'SP', 'sim', 'sim', 'sim', '', 'nao', '', '-22.9363904', '-47.0957259', '2014-12-09 00:00:00', '2020-08-10 14:18:46');
INSERT INTO tb_membros VALUES ( '38', 'Transferência', '2', 'membro', 'sim', 'nao', 'm', 'nao', 'Gilson Carlos Kopper', '2851626', '870.753.189-34', '1974-06-14', 'Maravilha', 'SC', '', 'B+', 'sim', 'Analista de Sistemas', 'solteiro', '13080-655', 'Avenida João Scarparo Netto', '240', '118', 'Loteamento Center Santa Genebra', 'Campinas', 'SP', 'sim', 'sim', 'sim', '', 'nao', '', '-22.8480993', '-47.0857810', '2011-04-30 00:00:00', '2020-08-10 20:37:09');
INSERT INTO tb_membros VALUES ( '39', 'Batismo', '2', 'membro', 'sim', 'nao', 'f', 'nao', 'Mariana Vernizi Christ', '', '421.884.378-37', '2002-10-08', 'Campinas', 'SP', '', 'A+', 'nao', 'Estudante', 'solteiro', '13087-771', 'Rua João Pavin', '161', '', 'Parque Alto Taquaral', 'Campinas', 'SP', 'sim', 'sim', 'sim', '', 'nao', '', '-22.8759103', '-47.0336150', '2002-11-10 00:00:00', '2020-08-20 11:31:47');
INSERT INTO tb_membros VALUES ( '40', 'Batismo', '2', 'membro', 'sim', 'nao', 'f', 'nao', 'Giovana Vernizi Christ', '', '427.289.208-85', '1997-10-06', 'São Paulo', 'SP', '', 'A+', '', 'Estudante', 'solteiro', '13087-771', 'Rua João Pavin', '161', '', 'Parque Alto Taquaral', 'Campinas', 'SP', 'sim', 'sim', 'sim', '', 'nao', '', '-22.8759103', '-47.0336150', '1997-11-16 00:00:00', '2020-08-20 13:45:00');
INSERT INTO tb_membros VALUES ( '41', 'Confirmação', '2', 'membro', 'sim', 'nao', 'f', 'nao', 'Juliana Vernizi Christ', '', '427.284.898-40', '1994-08-13', 'São Paulo', 'SP', '', 'A+', 'sim', 'Médica', 'solteiro', '13087-771', 'Rua João Pavin', '161', '', 'Parque Alto Taquaral', 'Campinas', 'SP', 'sim', 'sim', 'sim', '', 'nao', '', '-22.8759103', '-47.0336150', '2007-07-15 00:00:00', '2020-08-20 13:49:13');
INSERT INTO tb_membros VALUES ( '42', 'Profissão de fé', '2', 'membro', 'sim', 'nao', 'm', 'nao', 'Carlos Antônio Pereira', '89941667', '018.056.458-70', '1957-07-26', 'Frutal', 'MG', '', 'B+', 'nao', 'Empresário no ramo de Consultoria no Agronegócio', 'união estável', '13820-002', 'Rua Armando Tarachi', '241', '', '', 'Mogi Mirim', 'SP', 'sim', 'sim', 'sim', '', 'nao', '', '-22.3986735', '-46.9782102', '1986-03-30 00:00:00', '2020-09-11 11:36:38');
INSERT INTO tb_membros VALUES ( '43', 'Transferência', '2', 'membro', 'sim', 'nao', 'f', 'nao', 'Claudia Ribeiro Bandeira', '298152964', '267.942.438-73', '1979-02-02', 'Americana', 'SP', '', 'O+', 'sim', 'Professora', 'casado', '13477-706', 'Rua Ternura', '117', '', 'Jardim Boer I', 'Americana', 'SP', 'sim', 'sim', 'sim', '', 'nao', '', '-22.7380765', '-47.2910050', '2019-05-12 00:00:00', '2020-09-11 13:49:22');
INSERT INTO tb_membros VALUES ( '44', 'Profissão de fé', '2', 'membro', 'sim', 'nao', 'f', 'nao', 'Ana Lucia de Paula Odorcik', '562433879', '018.469.429-93', '1977-08-11', 'São Paulo', 'SP', '', '', 'sim', 'Diarista', 'casado', '13032-440', 'Praça dos Viajantes', '27', '', 'Vila Dutra', 'Campinas', 'SP', 'sim', 'sim', 'sim', '', 'nao', '', '-22.9112029', '-47.0860810', '1995-10-01 00:00:00', '2020-11-18 08:45:39');
INSERT INTO tb_membros VALUES ( '46', 'Transferência', '2', 'membro', 'sim', 'nao', 'f', 'nao', 'Dalva Beatriz Gimenis dos Santos', '9010780915', '267.079.340-15', '1959-07-26', 'Porto Alegre', 'RS', '', 'A+', 'nao', 'Administração', 'casado', '13049-336', 'Rua Advogada Maria de Lourdes Ferreira Pimentel', '410', '', 'Swiss Park', 'Campinas', 'SP', 'sim', 'sim', 'sim', '', 'nao', '', '-22.9598336', '-47.0635629', '1996-01-01 00:00:00', '2020-11-18 10:58:36');
INSERT INTO tb_membros VALUES ( '47', 'Transferência', '2', 'membro', 'sim', 'nao', 'f', 'nao', 'Maria Aparecida Seehagen Borges', '162507884', '216.624.558-79', '1962-12-31', 'Rondon', 'PR', '', 'B+', 'nao', 'Do lar', 'casado', '', 'Rua João Afonso Filho', '30', '', 'Dic 3', 'Campinas', 'SP', 'sim', 'sim', 'sim', '', 'sim', 'A data da transferência está errada, porque a Maria não lembra', '-22.9789138', '-47.1241738', '2000-01-01 00:00:00', '2020-11-18 09:39:29');
INSERT INTO tb_membros VALUES ( '48', 'Transferência', '2', 'membro', 'sim', 'nao', 'm', 'nao', 'Orlando Silvério Borges', '134630877', '065.324.238-28', '1960-04-22', 'Irapuã', 'SP', '', 'O+', 'nao', 'Aposentado', 'casado', '', 'Rua João Afonso Filho', '30', '', 'Dic 3', 'Campinas', 'SP', 'sim', 'sim', 'sim', '', 'nao', 'Casado com a Maria Borges, também com data de transferência equivocada ', '-22.9789138', '-47.1241738', '2000-01-01 00:00:00', '2020-11-18 09:49:10');
INSERT INTO tb_membros VALUES ( '49', 'Transferência', '2', 'membro', 'sim', 'nao', 'm', 'nao', 'Danilo Habermann', '0112993042', '213.057.598-69', '1978-07-11', 'Leme', 'SP', '', 'B+', '', 'Engenheiro Militar', 'casado', '13070-091', 'Avenida Papa Pio XII', '163', 'Apto 7', 'Jardim Chapadão', 'Campinas', 'SP', 'sim', 'sim', 'sim', '', 'nao', '', '-22.8692437', '-47.1181528', '2019-11-02 00:00:00', '2020-11-18 10:47:12');
INSERT INTO tb_membros VALUES ( '50', 'Transferência', '2', 'membro', 'sim', 'nao', 'f', 'nao', 'Débora Schoenfeld Prusch', '3074688304', '838.372.640-68', '1989-07-22', 'Rio Grande', 'RS', '', 'A+', 'sim', 'Pesquisadora Biotecnologia', '', '13087-502', 'Rua Nelson Alaite', '71', 'Bloco 2, Apto 91', 'Mansões Santo Antônio', 'Campinas', 'SP', 'sim', 'sim', 'sim', '', 'nao', '', '-22.8546068', '-47.0485810', '2000-01-01 00:00:00', '2020-11-18 11:23:16');
INSERT INTO tb_membros VALUES ( '51', 'Batismo', '2', 'membro', 'sim', 'nao', 'f', 'nao', 'Denaci Maria Freislebem', '391966820', '220.460.621-91', '1957-03-13', 'São Gabriel da Palha', 'ES', '', 'A+', '', 'Aposentada', '', '13042-340', 'Rua Eduardo Monkecevic', '127', '', 'Parque Jambeiro', 'Campinas', 'SP', 'sim', 'sim', 'sim', '', 'nao', 'Dona Denaci colocou a data de Batismo, não a data da transferência para a congregação Redentor', '-22.9596115', '-47.0490593', '1957-04-01 00:00:00', '2020-11-18 11:31:16');
INSERT INTO tb_membros VALUES ( '52', 'Batismo', '2', 'membro', 'sim', 'nao', 'm', 'nao', 'Elmar Bischoff', '42486736', '598.725.949-53', '1967-03-11', 'Marechal Cândido Rondon', 'PR', '', 'AB+', 'sim', 'Profissional de Informática', 'casado', '13212-070', 'Avenida Benedicto Castilho de Andrade', '1007', 'Bloco 9, Apto 121', 'Parque Residencial Eloy Chaves', 'Jundiaí', 'SP', 'sim', 'sim', 'sim', '', 'nao', '', '-23.1895728', '-46.9595025', '1967-03-26 00:00:00', '2020-11-18 11:48:48');
INSERT INTO tb_membros VALUES ( '53', 'Profissão de fé', '2', 'membro', 'sim', 'nao', 'f', 'nao', 'Haidi Meri Hedel Bischoff', '63809020', '903.484.949-04', '1976-11-18', 'Marechal Cândido Rondon', 'PR', '', 'O+', 'sim', 'Professora', 'casado', '13212-070', 'Avenida Benedicto Castilho de Andrade', '1007', 'Bloco 9, Apto 121', 'Parque Residencial Eloy Chaves', 'Jundiaí', 'SP', 'sim', 'sim', 'sim', '', 'nao', '', '-23.1895728', '-46.9595025', '2002-11-10 00:00:00', '2020-11-18 11:53:56');
INSERT INTO tb_membros VALUES ( '54', 'Batismo', '2', 'membro', 'sim', 'nao', 'm', 'nao', 'Davi Bandeira', '', '', '2012-09-06', 'São Paulo', 'SP', '', 'B+', 'nao', '', 'solteiro', '13477-706', 'Rua Ternura', '117', '', 'Jardim Boer I', 'Americana', 'SP', 'nao', 'nao', 'sim', '', 'nao', '', '-22.7380636', '-47.2909982', '2012-12-09 00:00:00', '2020-11-18 14:25:55');
INSERT INTO tb_membros VALUES ( '56', 'Profissão de fé', '2', 'membro', 'sim', 'nao', 'm', 'nao', 'Jaime Ferrete', '653056114', '090.760.692-04', '1953-05-31', 'Cachoeira do Itapemirim', 'ES', '', 'O+', 'nao', 'Pedreiro', 'casado', '13042-340', 'Rua Eduardo Monkecevic', '127', '', 'Parque Jambeiro', 'Campinas', 'SP', 'sim', 'sim', 'sim', '', 'nao', '', '-22.9596115', '-47.0490593', '1986-06-21 00:00:00', '2020-11-18 14:40:25');
INSERT INTO tb_membros VALUES ( '57', 'Transferência', '2', 'membro', 'sim', 'nao', 'm', 'nao', 'Janaina Braga Bulsing', '1063837874', '780.096.930-49', '1975-09-21', 'Cachoeira do Sul', 'RS', '', 'O+', 'sim', 'Psicóloga', 'união estável', '', 'Condomínio Morada do Sol, Alameda Lua', '81', '', 'Mirante', 'Vinhedo', 'SP', 'sim', 'sim', 'sim', '', 'nao', '', '-23.0164232', '-46.9618281', '2008-10-10 00:00:00', '2020-11-18 14:56:54');
INSERT INTO tb_membros VALUES ( '58', 'Transferência', '2', 'membro', 'sim', 'nao', 'm', 'nao', 'Marcos Bandeira', '', '152.347.788-19', '1970-03-10', 'São Paulo', 'SP', '', 'A+', 'sim', 'Vendedor', 'casado', '13477-706', 'Rua Ternura', '117', '', 'Jardim Boer I', 'Americana', 'SP', 'sim', 'sim', 'sim', '', 'nao', '', '-22.7380636', '-47.2909982', '2019-06-01 00:00:00', '2020-11-18 15:10:49');
INSERT INTO tb_membros VALUES ( '59', 'Transferência', '2', 'membro', 'sim', 'nao', 'f', 'nao', 'Maria Alice Bandeira', '', '', '2002-12-12', 'São Paulo', 'SP', '', 'A+', 'sim', 'Estudante', '', '13477-706', 'Rua Ternura', '171', '', 'Jardim Boer I', 'Americana', 'SP', 'sim', 'sim', 'sim', '', 'nao', '', '-22.7379127', '-47.2904701', '2019-06-01 00:00:00', '2020-11-18 15:14:16');
INSERT INTO tb_membros VALUES ( '60', 'Batismo', '2', 'membro', 'sim', 'nao', 'f', 'nao', 'Milena Beatriz Hedel Bischoff', '594133348', '492.362.668-27', '2014-10-05', 'São Paulo', 'SP', '', 'A+', 'nao', '', 'solteiro', '13212-070', 'Avenida Benedicto Castilho de Andrade', '1007', 'Bloco 9, Apto 121', 'Parque Residencial Eloy Chaves', 'Jundiaí', 'SP', 'nao', 'nao', 'nao', '', 'nao', '', '-23.1895728', '-46.9595025', '2015-01-17 00:00:00', '2020-11-19 09:00:48');
INSERT INTO tb_membros VALUES ( '61', 'Transferência', '2', 'membro', 'sim', 'nao', 'f', 'nao', 'Nilza Soares de Alves', '', '', '0000-00-00', 'Canguçu', 'RS', '', '', 'nao', 'Aposentada', 'viuvo', '13061-078', 'Rua Marechal Hermes', '213', '', 'Jardim García', 'Campinas', 'SP', 'sim', 'sim', 'sim', '', 'nao', '', '-22.9137551', '-47.1083710', '2005-01-01 00:00:00', '2020-11-19 09:01:32');
INSERT INTO tb_membros VALUES ( '62', 'Profissão de fé', '2', 'membro', 'sim', 'nao', 'f', 'nao', 'Natalia de Souza Pereira Oldenburg', '5556848662', '562.968.861-87', '1966-07-28', 'Nioaque', 'MS', '', 'A+', 'nao', 'Babá', 'casado', '13180-054', 'Rua Cláudio Lopes de Lima', '121', '', 'Parque Progresso (Nova Veneza)', 'Sumaré', 'SP', 'sim', 'sim', 'sim', '', 'nao', '', '-22.8311863', '-47.1625786', '2002-05-19 00:00:00', '2020-11-18 16:01:02');
INSERT INTO tb_membros VALUES ( '63', 'Transferência', '2', 'membro', 'sim', 'nao', 'f', 'nao', 'Eliane Andreza Habermann', '332580404', '313.583.828-59', '1984-02-26', 'Leme', 'SP', '', '', 'sim', 'Auxiliar de Cozinha', 'casado', '13174-150', 'Rua Casemiro Fortunato', '218', 'A', 'Jardim São Domingos', 'Sumaré', 'SP', 'sim', 'sim', 'sim', '', 'nao', '', '-22.8119831', '-47.2655407', '2019-02-09 00:00:00', '2020-11-18 16:17:00');
INSERT INTO tb_membros VALUES ( '64', 'Confirmação', '2', 'membro', 'sim', 'nao', 'f', 'nao', 'Ana Elisa Habermann da Silva', '598216030', '', '2008-02-19', 'Araras', 'SP', '', '', 'nao', '', 'solteiro', '13174-150', 'Rua Casemiro Fortunato', '218', 'A', 'Jardim São Domingos', 'Sumaré', 'SP', 'sim', 'nao', 'sim', '', 'nao', '', '-22.8119831', '-47.2655407', '2020-09-27 00:00:00', '2020-11-19 08:44:33');
INSERT INTO tb_membros VALUES ( '65', 'Confirmação', '2', 'membro', 'sim', 'nao', 'm', 'nao', 'Pedro Henrique Habermann da Silva', '59821754X', '488.693.778-06', '2006-08-03', 'Araras', 'SP', '', '', 'nao', '', 'solteiro', '13174-150', 'Rua Casemiro Fortunato', '218', 'A', 'Jardim São Domingos', 'Sumaré', 'SP', 'sim', 'nao', 'sim', '', 'nao', '', '-22.8119831', '-47.2655407', '2020-09-27 00:00:00', '2020-11-19 08:47:37');
INSERT INTO tb_membros VALUES ( '66', 'Transferência', '2', 'membro', 'sim', 'nao', 'f', 'nao', 'Zenaide Mittmann Jandrey', '588629698', '414.663.069-04', '1958-10-12', 'Riqueza', 'SC', '', '', 'sim', 'Aposentada', 'viuvo', '13188-097', 'Rua Monteiro Lobato', '1313', 'A', 'Jardim Amanda I', 'Hortolândia', 'SP', 'sim', 'sim', 'sim', '', 'nao', 'A Zenaide também não lembra a data da transferência, por isso está em 01/01/2000. ', '-22.8776795', '-47.2048897', '2000-01-01 00:00:00', '2020-11-19 09:23:22');
INSERT INTO tb_membros VALUES ( '67', 'Transferência', '2', 'membro', 'sim', 'nao', 'm', 'nao', 'Gian Carlo Jandrey', '595104137', '036.318.440-69', '1993-08-18', 'Nova Cantu', 'PR', '', 'A+', 'sim', 'Bombeiro Civil', 'solteiro', '13188-097', 'Rua Monteiro Lobato', '1313', 'A', 'Jardim Amanda I', 'Hortolândia', 'SP', 'sim', 'sim', 'sim', '', 'nao', '', '-22.8776795', '-47.2048897', '2000-01-01 00:00:00', '2020-11-19 09:28:50');
INSERT INTO tb_membros VALUES ( '68', 'Transferência', '2', 'membro', 'sim', 'nao', 'm', 'nao', 'Adriano Lagass', '631996424', '875.381.302-25', '1986-09-24', 'Cacoal', 'RO', '', 'AB+', 'sim', 'Operador de Máquinas', 'amasiado', '13284-466', 'Rua dos Cedros', '494', '', 'Santa Claudina', 'Vinhedo', 'SP', 'sim', 'sim', 'sim', '', 'nao', '', '-23.0139223', '-46.9942736', '2000-01-01 00:00:00', '2020-11-19 10:06:33');
INSERT INTO tb_membros VALUES ( '69', 'Transferência', '2', 'membro', 'sim', 'nao', 'm', 'nao', 'Heitor Rauter Habermann', '', '', '2009-03-13', 'São Paulo', 'SP', '', 'A+', 'nao', '', 'solteiro', '13070-091', 'Avenida Papa Pio XII', '163', 'apto 71', 'Jardim Chapadão', 'Campinas', 'SP', 'sim', 'nao', 'sim', '', 'nao', '', '-22.8692437', '-47.1181528', '2019-10-15 00:00:00', '2020-11-19 10:13:55');
INSERT INTO tb_membros VALUES ( '70', 'Transferência', '2', 'membro', 'sim', 'nao', 'f', 'nao', 'Eliani Ieda Baminger', '58652759X', '791.568.192-34', '1963-08-22', '', '', '', 'O-', 'nao', 'Professora', 'casado', '13050-410', 'Rua Itapecirica da Serra', '204', '', 'Cidade Jardim', 'Campinas', 'SP', 'sim', 'sim', 'sim', '', 'nao', '', '-22.9269291', '-47.0848639', '2012-01-28 00:00:00', '2020-11-19 10:37:16');
INSERT INTO tb_membros VALUES ( '71', 'Batismo', '2', 'membro', 'sim', 'nao', 'm', 'nao', 'Heitor Baminger Alves', '', '', '2019-12-09', 'Campinas', 'SP', '', 'B+', 'nao', '', 'solteiro', '13050-006', 'Avenida Dom Joaquim Mamede da Silva Leite', '40', '', 'Jardim do Lago', 'Campinas', 'SP', 'nao', 'nao', 'sim', '', 'nao', '', '-22.9307999', '-47.0853746', '2020-02-01 00:00:00', '2020-11-19 10:39:37');
INSERT INTO tb_membros VALUES ( '72', 'Transferência', '2', 'membro', 'sim', 'nao', 'f', 'nao', 'Cristiane Friske Chandrovski', '189676292', '151.623.608-48', '0000-00-00', 'São Paulo', 'SP', '', 'A+', '', 'Publicitária', 'casado', '12947-280', 'Alameda Lindóia', '270', '', 'Jardim do Lago', 'Atibaia', 'SP', 'sim', 'nao', 'sim', '', 'nao', '', '-23.1330284', '-46.5559537', '2017-10-18 00:00:00', '2020-11-19 10:44:59');
INSERT INTO tb_membros VALUES ( '73', 'Transferência', '2', 'membro', 'sim', 'nao', 'm', 'nao', 'Miguel Chandrovski', '56210303X', '510.551.108-52', '2009-12-11', 'São Paulo', 'SP', '', 'A+', 'nao', '', '', '12947-280', 'Alameda Lindóia', '270', '', 'Jardim do Lago', 'Atibaia', 'SP', 'sim', 'nao', 'nao', '', 'nao', 'Contato através da mãe.', '-23.1330284', '-46.5559537', '2017-10-18 00:00:00', '2020-11-19 10:52:32');
INSERT INTO tb_membros VALUES ( '74', 'Profissão de fé', '2', 'membro', 'sim', 'nao', 'f', 'nao', 'Janice Carolina Walsarie', '297614794', '263.024.008-80', '1978-11-20', 'Jundiaí', 'SP', '', 'O-', 'sim', 'Corretora de Imóveis', 'separado', '13214-580', 'Rua Alfredo Accorsi', '200', '', 'Parque da Represa', 'Jundiaí', 'SP', 'sim', 'sim', 'sim', '', 'nao', '', '-23.1598220', '-46.9126504', '2009-02-22 00:00:00', '2020-11-19 10:58:12');
INSERT INTO tb_membros VALUES ( '75', 'Transferência', '2', 'membro', 'sim', 'nao', 'f', 'nao', 'Roberta Buss', '9109738', '042.701.949-44', '1984-04-26', 'Campo Erê', 'SC', '', 'A+', 'nao', 'Do lar', 'amasiado', '13214-593', 'Rua Mário Leandro Luiz de Faria', '81', '', 'Mirante de Jundiaí', 'Jundiaí', 'SP', 'sim', 'sim', 'sim', '', 'nao', '', '-23.1465291', '-46.9299516', '2020-01-05 00:00:00', '2020-11-19 11:05:30');
INSERT INTO tb_membros VALUES ( '76', 'Batismo', '2', 'membro', 'sim', 'nao', 'm', 'nao', 'Pedro Walserie Armonas', '', '', '2014-02-04', 'Campinas', 'SP', '', '', 'nao', '', 'solteiro', '13214-580', 'Rua Alfredo Accorsi', '200', '', 'Parque da Represa', 'Jundiaí', 'SP', 'sim', 'nao', 'nao', '', 'nao', 'Contato através da mãe', '-23.1598220', '-46.9126504', '2013-01-01 00:00:00', '2020-11-19 13:35:09');
INSERT INTO tb_membros VALUES ( '77', 'Batismo', '2', 'membro', 'sim', 'nao', 'm', 'nao', 'Jairo Henrique Christ', '', '296.609.550-49', '1960-01-30', 'Cunha Porã', 'SC', '', 'A+', 'nao', 'Securitário', 'casado', '13087-771', 'Rua João Pavin', '161', '', 'Parque Alto Taquaral', 'Campinas', 'SP', 'sim', 'sim', 'sim', '', 'nao', 'O Jairo foi recebido em transferência, mas não lembra a data. Por isso, está a data do batismo', '-22.8621975', '-47.0549865', '1960-02-07 00:00:00', '2020-11-19 13:45:28');
INSERT INTO tb_membros VALUES ( '78', 'Profissão de fé', '2', 'membro', 'sim', 'nao', 'f', 'nao', 'Kathya Vernizi Christ', '', '111.662.548-28', '1969-03-11', 'São Paulo', 'SP', '', 'O+', 'sim', 'Administração', 'casado', '13087-771', 'Rua João Pavin', '161', '', 'Parque Alto Taquaral', 'Campinas', 'SP', 'sim', 'sim', 'sim', '', 'nao', '', '-22.8621975', '-47.0549865', '1985-05-26 00:00:00', '2020-11-19 13:49:03');
INSERT INTO tb_membros VALUES ( '79', 'Transferência', '2', 'membro', 'sim', 'nao', 'f', 'nao', 'Edineia Coelho de Araujo Kirch', '', '', '1973-06-12', 'Marechal Cândido Rondon', 'PR', '', 'O-', 'nao', 'Auxiliar de Escritório', 'casado', '13098-000', 'Rua Jarbas de Carvalho Asbahr', '60', '', 'Parque dos Pomares', 'Campinas', 'SP', 'sim', 'sim', 'sim', '', 'nao', 'As datas de transferência da família Kirch podem estar errados', '-22.8172646', '-47.0128172', '2000-01-01 00:00:00', '2020-11-19 14:05:03');
INSERT INTO tb_membros VALUES ( '80', 'Transferência', '2', 'membro', 'sim', 'nao', 'f', 'nao', 'Jhessica Leticia Kirch', '', '', '1995-01-03', 'Marechal Cândido Rondon', 'PR', '', '', '', 'Estudante', 'solteiro', '13098-000', 'Rua Jarbas de Carvalho Asbahr', '60', '', 'Parque dos Pomares', 'Campinas', 'SP', 'sim', 'sim', 'sim', '', 'nao', '', '-22.8172646', '-47.0128172', '2019-10-24 00:00:00', '2020-11-19 14:11:40');
INSERT INTO tb_membros VALUES ( '81', 'Transferência', '2', 'membro', 'sim', 'nao', 'm', 'nao', 'Jaime Kirch', '', '', '1964-03-12', 'Marechal Cândido Rondon', 'PR', '', 'B+', 'sim', 'Mecânico', 'casado', '13098-000', 'Rua Jarbas de Carvalho Asbahr', '60', '', 'Parque dos Pomares', 'Campinas', 'SP', 'sim', 'sim', 'sim', '', 'nao', '', '-22.8172646', '-47.0128172', '2000-01-01 00:00:00', '2020-11-19 14:14:56');
INSERT INTO tb_membros VALUES ( '82', 'Transferência', '2', 'membro', 'sim', 'nao', 'f', 'nao', 'Angelica Simone Kirch', '', '', '1991-12-31', 'Marechal Cândido Rondon', 'PR', '', 'A+', 'nao', 'Auxiliar de Escritório', 'solteiro', '13098-000', 'Rua Jarbas de Carvalho Asbahr', '60', '', 'Parque dos Pomares', 'Campinas', 'SP', 'sim', 'sim', 'sim', '', 'nao', '', '-22.8172646', '-47.0128172', '2000-01-01 00:00:00', '2020-11-19 14:18:57');
INSERT INTO tb_membros VALUES ( '83', 'Transferência', '2', 'membro', 'sim', 'nao', 'm', 'nao', 'Paulo Frederico Lorentz', '4019360207', '112.613.230-68', '1954-02-19', 'Canoas', 'RS', '', '', 'nao', 'Empresário', 'casado', '13184-410', 'Rua Benedicta Pires de Assis', '58', 'Apto 51', 'Loteamento Remanso Campineiro', 'Hortolândia', 'SP', 'sim', 'sim', 'sim', '', 'nao', '', '-22.8685411', '-47.2161863', '2000-01-01 00:00:00', '2020-11-19 15:52:27');
INSERT INTO tb_membros VALUES ( '84', 'Confirmação', '2', 'membro', 'sim', 'nao', 'f', 'nao', 'Neiva Candido Lorentz', '399739658', '440.151.439-49', '1964-08-18', 'Criciúma', 'SC', '', 'O-', 'nao', 'Empresária', 'casado', '13184-410', 'Rua Benedicta Pires de Assis', '58', 'Apto 51', 'Loteamento Remanso Campineiro', 'Hortolândia', 'SP', 'sim', 'sim', 'sim', '', 'nao', '', '-22.8685411', '-47.2161863', '2000-01-01 00:00:00', '2020-11-19 15:55:44');
INSERT INTO tb_membros VALUES ( '85', 'Confirmação', '2', 'membro', 'sim', 'nao', 'm', 'nao', 'Rafael Candido Lorentz', '453840541', '449.596.098-93', '1994-05-10', 'Helsinki', '', '', '', 'nao', 'Empresário', 'casado', '13184-235', 'Rua Nelson Pereira Bueno', '185', 'Condomínio Avalon II, Torre 3C - Apto 108B', 'Vila São Francisco', 'Hortolândia', 'SP', 'sim', 'sim', 'sim', '', 'nao', '', '-22.8658887', '-47.2181833', '2000-01-01 00:00:00', '2020-11-19 15:59:12');
INSERT INTO tb_membros VALUES ( '86', 'Profissão de fé', '1', 'membro', 'sim', 'nao', 'm', 'nao', 'Carlos Alberto de Oliveira dos Santos', '', '', '1979-09-13', 'Marechal Cândido Rondon', 'Paraná', '', '', '', '', 'casado', '', 'Paulo Cesar Lopes de Lima', '109', '', 'Camargo Andrade', 'Indaiatuba', '', 'sim', 'sim', 'sim', '', 'nao', '', '-23.0769203', '-47.1914131', '2021-03-14 00:00:00', '2021-03-17 10:54:47');
INSERT INTO tb_membros VALUES ( '87', 'Profissão de fé', '1', 'membro', 'sim', 'nao', 'f', 'nao', 'Olanda Brito de Oliveira', '', '', '1954-01-05', '', '', '', '', '', '', '', '', 'Dr. Sérgio Mário de Almeida', '692', '', 'Jardim Morada do Sol', 'Indaiatuba', '', 'sim', 'sim', 'sim', '', 'nao', '', '-23.1187729', '-47.2402714', '0000-00-00 00:00:00', '2021-03-17 11:31:03');
INSERT INTO tb_membros VALUES ( '88', 'Profissão de fé', '1', 'membro', 'sim', 'nao', 'f', 'nao', 'Luizinha Lorenzoni Baad', '', '', '1941-09-15', '', '', '', '', '', '', '', '', 'Rua independência', '726', 'fundos', 'Cidade Nova I', 'Indaiatuba', '', 'sim', 'sim', 'sim', '', 'nao', '', '-23.0811719', '-47.2015811', '0000-00-00 00:00:00', '2021-03-17 13:08:15');
INSERT INTO tb_membros VALUES ( '89', '', '1', 'membro', 'sim', 'nao', 'f', 'nao', 'Laura Eckert Godoy', '', '', '2020-11-06', '', '', '', '', '', '', '', '', '', '', '', '', 'Catalão', '', 'sim', 'nao', 'sim', '', 'nao', '', '-18.1660958', '-47.9444845', '0000-00-00 00:00:00', '2021-03-17 19:13:13');
INSERT INTO tb_membros VALUES ( '90', '', '1', 'membro', 'sim', 'nao', 'm', 'nao', 'Caio Murilo Brito Santos de Almeida', '', '', '2002-08-02', '', '', '', '', '', '', '', '', 'Rua Tieko Ueda', '260', 'Apartamento 4', 'Jardim Morumbi', 'Indaiatuba', '', 'sim', 'sim', 'sim', '', 'nao', '', '-23.0532068', '-47.2090984', '0000-00-00 00:00:00', '2021-03-17 19:37:34');
INSERT INTO tb_membros VALUES ( '91', '', '1', 'membro', 'sim', 'nao', 'm', 'nao', 'Antônio Valdecir dos Santos', '', '', '1974-06-10', '', '', '', '', '', '', '', '', 'Rua das Seringueiras', '31', '', 'Portal das Acácias', 'Indaiatuba', '', 'sim', 'sim', 'sim', '', 'nao', '', '-23.0658642', '-47.2167501', '0000-00-00 00:00:00', '2021-03-17 20:20:18');
INSERT INTO tb_membros VALUES ( '92', '', '1', 'membro', 'sim', 'nao', 'f', 'nao', 'Sandra Aparecida Costa', '', '', '1955-06-26', '', '', '', '', '', '', '', '', 'Rua Lobo Guará', '221', '', 'Recanto Campestre Internacional de Viracopos', 'Indaiatuba', '', 'sim', 'sim', 'sim', '', 'nao', '', '-23.0385503', '-47.1765317', '0000-00-00 00:00:00', '2021-03-18 09:11:39');
INSERT INTO tb_membros VALUES ( '93', '', '1', 'membro', 'sim', 'nao', 'm', 'nao', 'Miguel Roberto Weiller', '', '', '1946-06-15', '', '', '', '', '', '', '', '', 'Rua Lobo Guará', '221', '', 'Recanto Campestre Internacional de Viracopos', 'Indaiatuba', '', 'sim', 'sim', 'sim', '', 'nao', '', '-23.0385503', '-47.1765317', '0000-00-00 00:00:00', '2021-03-18 09:16:27');
INSERT INTO tb_membros VALUES ( '94', '', '1', 'membro', 'sim', 'nao', 'f', 'nao', 'Ana Paula Oliveira da Silva', '', '', '1973-05-14', '', '', '', '', '', '', '', '', 'Rua Irineu Rocha Ribeiro', '946', '', 'Jardim Morada do Sol', 'Indaiatuba', '', 'sim', 'sim', 'sim', '', 'nao', '', '-23.1281034', '-47.2467512', '0000-00-00 00:00:00', '2021-03-18 14:37:55');
INSERT INTO tb_membros VALUES ( '95', '', '1', 'membro', 'sim', 'nao', 'm', 'nao', 'Thomas Bierhals', '', '', '1986-07-07', '', '', '', '', '', '', '', '', 'Rua Tocantins', '88', 'Apartamento 43', 'Vila Almeida', 'Indaiatuba', '', 'sim', 'sim', 'sim', '', 'nao', '', '-23.0825091', '-47.2228145', '0000-00-00 00:00:00', '2021-03-18 16:13:46');
INSERT INTO tb_membros VALUES ( '96', '', '1', 'membro', 'sim', 'nao', 'f', 'nao', 'Manoela Kroeff Marçal Bierhals', '', '', '1980-10-05', '', '', '', '', '', '', '', '', 'Rua Tocantins', '88', 'Apartamento 43', 'Vila Almeida', 'Indaiatuba', '', 'sim', 'sim', 'sim', '', 'nao', '', '-23.0825091', '-47.2228145', '0000-00-00 00:00:00', '2021-03-18 16:15:29');
INSERT INTO tb_membros VALUES ( '97', '', '1', 'membro', 'sim', 'nao', 'f', 'nao', 'Bia Marçal Bierhals', '', '', '2018-10-05', '', '', '', '', '', '', '', '', 'Rua Tocantins', '88', 'Apartamento 43', 'Vila Almeida', 'Indaiatuba', '', 'sim', 'nao', 'sim', '', 'nao', '', '-23.0825091', '-47.2228145', '0000-00-00 00:00:00', '2021-03-18 16:21:52');
INSERT INTO tb_membros VALUES ( '98', '', '1', 'membro', 'sim', 'nao', 'f', 'nao', 'Jéssica Bandolin de Queiroz', '', '', '1995-10-21', '', '', '', '', '', '', '', '', 'Rua Luiz Vaz de Camões', '130', '', 'Cecap II', 'Indaiatuba', '', 'sim', 'nao', 'sim', '', 'nao', '', '-23.1058302', '-47.2195351', '0000-00-00 00:00:00', '2021-03-18 16:25:33');
INSERT INTO tb_membros VALUES ( '99', '', '1', 'membro', 'sim', 'nao', 'm', 'nao', 'Max Vinícius Raganhan', '', '', '1995-05-11', '', '', '', '', '', '', '', '', 'Rua Luiz Vaz de Camões', '130', '', 'Cecap II', 'Indaiatuba', '', 'sim', 'sim', 'sim', '', 'nao', '', '-23.1058302', '-47.2195351', '0000-00-00 00:00:00', '2021-03-18 16:25:45');
INSERT INTO tb_membros VALUES ( '100', '', '1', 'membro', 'sim', 'nao', 'm', 'nao', 'Lucca Vinícius de Queiroz Raganhan', '', '', '2018-12-21', '', '', '', '', '', '', '', '', 'Rua Luiz Vaz de Camões', '130', '', 'Cecap II', 'Indaiatuba', '', 'sim', 'nao', 'sim', '', 'nao', '', '-23.1058302', '-47.2195351', '0000-00-00 00:00:00', '2021-03-18 16:27:16');
INSERT INTO tb_membros VALUES ( '101', '', '1', 'membro', 'sim', 'nao', 'm', 'nao', 'José de Queiroz', '', '', '1944-12-01', '', '', '', '', '', '', '', '', 'Rua Luiz Vaz de Camões', '130', '', 'Cecap II', 'Indaiatuba', '', 'sim', 'sim', 'sim', '', 'nao', '', '-23.1058302', '-47.2195351', '0000-00-00 00:00:00', '2021-03-18 16:28:50');
INSERT INTO tb_membros VALUES ( '102', '', '1', 'simpatizante', 'sim', 'nao', 'm', 'nao', 'Valdereide de Fátima Bandolin', '', '', '1957-11-26', '', '', '', '', '', '', '', '13330-055', 'Rua Luiz Vaz de Camões', '130', '', 'Cecap II', 'Indaiatuba', '', 'nao', 'nao', 'sim', '', 'nao', '', '-23.1058302', '-47.2195351', '0000-00-00 00:00:00', '2021-03-18 16:31:52');
INSERT INTO tb_membros VALUES ( '103', '', '1', 'membro', 'sim', 'nao', 'm', 'nao', 'Walter David Missfeld Ribeiro', '', '', '1978-07-04', '', '', '', '', '', '', '', '', 'Rua Jorge Alves Brown', '345', '', '', 'Indaiatuba', 'São Paulo', 'sim', 'sim', 'sim', '', 'nao', '', '-23.0666837', '-47.2329461', '0000-00-00 00:00:00', '2021-03-19 12:43:28');
INSERT INTO tb_membros VALUES ( '104', '', '1', 'membro', 'sim', 'nao', 'f', 'nao', 'Clejeane Franciele Aparecida dos Santos', '', '', '1983-02-07', '', '', '', '', '', '', '', '', 'Rua Jorge Alves Brown', '345', '', '', 'Indaiatuba', 'São Paulo', 'sim', 'sim', 'sim', '', 'nao', '', '-23.0666837', '-47.2329461', '0000-00-00 00:00:00', '2021-03-19 12:47:16');
INSERT INTO tb_membros VALUES ( '105', '', '1', 'membro', 'sim', 'nao', 'm', 'nao', 'Pedro Victor Ribeiro', '', '', '2005-03-24', '', '', '', '', '', '', '', '', 'Rua Jorge Alves Brown', '345', '', '', 'Indaiatuba', 'São Paulo', 'sim', 'nao', 'sim', '', 'nao', '', '-23.0666837', '-47.2329461', '0000-00-00 00:00:00', '2021-03-19 12:49:14');
INSERT INTO tb_membros VALUES ( '106', '', '1', 'membro', 'sim', 'nao', 'm', 'nao', 'Daniel Filipe Ribeiro', '', '', '2008-12-15', '', '', '', '', '', '', '', '', 'Rua Jorge Alves Brown', '345', '', '', 'Indaiatuba', 'São Paulo', 'sim', 'nao', 'sim', '', 'nao', '', '-23.0666837', '-47.2329461', '0000-00-00 00:00:00', '2021-03-19 12:52:06');
INSERT INTO tb_membros VALUES ( '107', '', '1', 'membro', 'sim', 'nao', 'f', 'nao', 'Sara Rebeca Ribeiro', '', '', '2014-02-06', '', '', '', '', '', '', '', '', 'Rua Jorge Alves Brown', '345', '', '', 'Indaiatuba', 'São Paulo', 'sim', 'nao', 'sim', '', 'nao', '', '-23.0666837', '-47.2329461', '0000-00-00 00:00:00', '2021-03-19 12:53:34');
INSERT INTO tb_membros VALUES ( '108', '', '1', 'membro', 'sim', 'nao', 'm', 'nao', 'Lucas Pietro Ribeiro', '', '', '2020-12-18', '', '', '', '', '', '', '', '', 'Rua Jorge Alves Brown', '345', '', '', 'Indaiatuba', 'São Paulo', 'sim', 'nao', 'sim', '', 'nao', '', '-23.0666837', '-47.2329461', '0000-00-00 00:00:00', '2021-03-19 12:55:45');
INSERT INTO tb_membros VALUES ( '109', '', '1', 'membro', 'sim', 'nao', 'm', 'nao', 'Cícero João dos Santos', '', '', '1956-06-09', '', '', '', '', '', '', '', '', 'Rua Paulo César Lopes de Lima', '109', '', 'Camargo Andrade', 'Indaiatuba', '', 'sim', 'sim', 'sim', '', 'nao', '', '-23.0769203', '-47.1914131', '0000-00-00 00:00:00', '2021-03-23 10:26:52');
INSERT INTO tb_membros VALUES ( '110', '', '1', 'simpatizante', 'sim', 'nao', 'f', 'nao', 'Katia Kocian Roncada Hanusch', '', '', '1968-11-06', '', '', '', '', '', '', '', '', 'Rua Dr. Roberto Natalino de Cillo', '38', '', 'Jardim Primavera', 'Indaiatuba', '', 'nao', 'nao', 'nao', '', 'nao', '', '-23.0949092', '-47.2019758', '0000-00-00 00:00:00', '2021-03-23 10:30:46');
INSERT INTO tb_membros VALUES ( '112', 'Transferência', '1', 'membro', 'sim', 'nao', 'm', 'nao', 'Vanderlei Moraes de Oliveira', '', '', '1975-03-07', '', '', '', '', '', '', 'casado', '', '', '120', '', '', '', 'São Paulo', 'sim', 'sim', 'sim', '', 'nao', '', '-23.5505199', '-46.6333094', '2021-05-30 00:00:00', '2021-06-01 15:54:28');
INSERT INTO tb_membros VALUES ( '113', 'Transferência', '1', 'membro', 'sim', 'nao', 'f', 'nao', 'Clarice Ester Hoffmann de Oliveira', '', '', '1975-11-09', '', '', '', '', '', '', 'casado', '', 'Rua Milão', '120', '', 'Jardim Europa', 'Indaiatuba', 'São Paulo', 'sim', 'sim', 'sim', '', 'nao', '', '-23.0719132', '-47.2283714', '2021-05-30 00:00:00', '2021-06-01 15:56:24');
INSERT INTO tb_membros VALUES ( '114', 'Transferência', '1', 'membro', 'sim', 'nao', 'f', 'nao', 'Natalia Tainá de Oliveira', '', '', '1998-01-31', '', '', '', '', '', '', '', '', 'Rua Milão', '120', '', 'Jardim Europa', 'Indaiatuba', 'São Paulo', 'sim', 'sim', 'sim', '', 'nao', '', '-23.0719132', '-47.2283714', '2021-05-30 00:00:00', '2021-06-01 15:58:06');
INSERT INTO tb_membros VALUES ( '115', 'Transferência', '1', 'membro', 'sim', 'nao', 'm', 'nao', 'Natiely Thais de Oliveira', '', '', '2009-02-09', '', '', '', '', '', '', '', '', 'Rua Milão', '120', '', 'Jardim Europa', 'Indaiatuba', 'São Paulo', 'nao', 'nao', 'sim', '', 'nao', '', '-23.0719132', '-47.2283714', '2021-05-30 00:00:00', '2021-06-01 15:59:45');

#
# Criação da Tabela : tb_membros_batismo
#

CREATE TABLE `tb_membros_batismo` (
  `id_batismo` int(11) NOT NULL AUTO_INCREMENT,
  `id_membro` int(11) NOT NULL,
  `data_batismo` date NOT NULL,
  `pai` varchar(250) NOT NULL,
  `mae` varchar(250) NOT NULL,
  `congregacao` varchar(250) NOT NULL,
  `oficiante` varchar(250) NOT NULL,
  `data_cadastro` datetime NOT NULL,
  `atualizacao` timestamp NOT NULL DEFAULT CURRENT_TIMESTAMP ON UPDATE CURRENT_TIMESTAMP,
  PRIMARY KEY (`id_batismo`)
) ENGINE=InnoDB AUTO_INCREMENT=2 DEFAULT CHARSET=latin1 ;

#
# Dados a serem incluídos na tabela
#

INSERT INTO tb_membros_batismo VALUES ( '1', '30', '2020-08-15', 'Renato Ramos', 'Elizabete Lima Da Silva Ramos', 'Redentor - Campinas/SP', 'Walter Adolf Baminger', '2020-07-27 16:02:05', '2020-07-27 16:02:05');

#
# Criação da Tabela : tb_membros_batismo_padrinhos
#

CREATE TABLE `tb_membros_batismo_padrinhos` (
  `id_padrinho` int(11) NOT NULL AUTO_INCREMENT,
  `id_batismo` int(11) NOT NULL,
  `nome` varchar(250) NOT NULL,
  `data_cadastro` datetime NOT NULL,
  `atualizacao` timestamp NOT NULL DEFAULT CURRENT_TIMESTAMP ON UPDATE CURRENT_TIMESTAMP,
  PRIMARY KEY (`id_padrinho`)
) ENGINE=InnoDB DEFAULT CHARSET=latin1 ;

#
# Dados a serem incluídos na tabela
#


#
# Criação da Tabela : tb_membros_casamentos
#

CREATE TABLE `tb_membros_casamentos` (
  `id_casamento` int(11) NOT NULL AUTO_INCREMENT,
  `membro1` varchar(250) NOT NULL,
  `membro2` varchar(250) NOT NULL,
  `data_casamento` date NOT NULL,
  `oficiante` varchar(250) NOT NULL,
  `data_cadastro` datetime NOT NULL,
  `atualizacao` timestamp NOT NULL DEFAULT CURRENT_TIMESTAMP ON UPDATE CURRENT_TIMESTAMP,
  PRIMARY KEY (`id_casamento`)
) ENGINE=InnoDB AUTO_INCREMENT=2 DEFAULT CHARSET=latin1 ;

#
# Dados a serem incluídos na tabela
#

INSERT INTO tb_membros_casamentos VALUES ( '1', '13', '', '0000-00-00', '', '2019-06-16 15:11:19', '2019-06-16 15:11:19');

#
# Criação da Tabela : tb_membros_casamentos_padrinhos
#

CREATE TABLE `tb_membros_casamentos_padrinhos` (
  `id_padrinho` int(11) NOT NULL AUTO_INCREMENT,
  `id_casamento` int(11) NOT NULL,
  `nome` varchar(250) NOT NULL,
  `data_cadastro` datetime NOT NULL,
  `atualizacao` timestamp NOT NULL DEFAULT CURRENT_TIMESTAMP ON UPDATE CURRENT_TIMESTAMP,
  PRIMARY KEY (`id_padrinho`)
) ENGINE=InnoDB AUTO_INCREMENT=2 DEFAULT CHARSET=latin1 ;

#
# Dados a serem incluídos na tabela
#

INSERT INTO tb_membros_casamentos_padrinhos VALUES ( '1', '1', '', '2019-06-16 15:11:19', '2019-06-16 15:11:19');

#
# Criação da Tabela : tb_membros_confirmacao
#

CREATE TABLE `tb_membros_confirmacao` (
  `id_confirmacao` int(11) NOT NULL AUTO_INCREMENT,
  `id_membro` int(11) NOT NULL,
  `data_confirmacao` date NOT NULL,
  `oficiante` varchar(250) NOT NULL,
  `versiculo` varchar(250) NOT NULL DEFAULT 'Ponha sua vida nas mãos do SENHOR, confia nele, e ele o ajudará.',
  `livro` varchar(250) NOT NULL DEFAULT 'Salmos 37.5',
  `local` varchar(250) NOT NULL,
  `pais` varchar(250) NOT NULL,
  `data_cadastro` datetime NOT NULL,
  `atualizacao` timestamp NOT NULL DEFAULT CURRENT_TIMESTAMP ON UPDATE CURRENT_TIMESTAMP,
  PRIMARY KEY (`id_confirmacao`)
) ENGINE=InnoDB DEFAULT CHARSET=latin1 ;

#
# Dados a serem incluídos na tabela
#


#
# Criação da Tabela : tb_membros_desligamento
#

CREATE TABLE `tb_membros_desligamento` (
  `id_desligamento` int(11) NOT NULL AUTO_INCREMENT,
  `id_membro` int(11) NOT NULL,
  `tipo` varchar(250) NOT NULL,
  `data_desligamento` date NOT NULL,
  `admissao_desatualizada` char(3) NOT NULL,
  `paroquia_destino` varchar(250) NOT NULL,
  `pastor_destino` varchar(250) NOT NULL,
  `versiculo` text NOT NULL,
  `pastor_assinatura` varchar(250) NOT NULL,
  `diretoria_assinatura` varchar(250) NOT NULL,
  `auto_exclusao` varchar(250) NOT NULL,
  `observacoes` text NOT NULL,
  `data_cadastro` datetime NOT NULL,
  `atualizacao` timestamp NULL DEFAULT CURRENT_TIMESTAMP ON UPDATE CURRENT_TIMESTAMP,
  PRIMARY KEY (`id_desligamento`)
) ENGINE=InnoDB DEFAULT CHARSET=latin1 ;

#
# Dados a serem incluídos na tabela
#


#
# Criação da Tabela : tb_membros_emails
#

CREATE TABLE `tb_membros_emails` (
  `id_email` int(11) NOT NULL AUTO_INCREMENT,
  `id_membro` int(11) NOT NULL,
  `email` varchar(250) NOT NULL,
  `data_cadastro` datetime NOT NULL,
  `atualizacao` timestamp NOT NULL DEFAULT CURRENT_TIMESTAMP ON UPDATE CURRENT_TIMESTAMP,
  PRIMARY KEY (`id_email`)
) ENGINE=InnoDB AUTO_INCREMENT=91 DEFAULT CHARSET=latin1 ;

#
# Dados a serem incluídos na tabela
#

INSERT INTO tb_membros_emails VALUES ( '2', '1', 'ana_schuler@hotmail.com', '2019-04-04 13:09:42', '2019-04-04 13:09:42');
INSERT INTO tb_membros_emails VALUES ( '10', '16', 'zimdaniela@gmail.com', '2019-06-16 14:49:54', '2019-06-16 14:49:54');
INSERT INTO tb_membros_emails VALUES ( '14', '2', 'd.savian@hotmail.com', '2019-06-16 15:08:59', '2019-06-16 15:08:59');
INSERT INTO tb_membros_emails VALUES ( '15', '3', 'jucieli_lima@hotmail.com', '2019-06-16 15:10:19', '2019-06-16 15:10:19');
INSERT INTO tb_membros_emails VALUES ( '17', '21', 'ohanusch@yahoo.com.br', '2019-06-22 14:11:28', '2019-06-22 14:11:28');
INSERT INTO tb_membros_emails VALUES ( '21', '23', 'renan_figur@hotmail.com', '2020-07-02 14:54:18', '2020-07-02 14:54:18');
INSERT INTO tb_membros_emails VALUES ( '26', '27', 'ramomsteffen@gmail.com', '2020-07-21 15:47:34', '2020-07-21 15:47:34');
INSERT INTO tb_membros_emails VALUES ( '29', '25', 'bruna_eurich@hotmail.com', '2020-07-24 21:09:36', '2020-07-24 21:09:36');
INSERT INTO tb_membros_emails VALUES ( '30', '29', 'voldemburg@gmail.com', '2020-07-27 15:49:41', '2020-07-27 15:49:41');
INSERT INTO tb_membros_emails VALUES ( '31', '30', 'caleberamos_99@hotmail.com', '2020-07-27 15:58:44', '2020-07-27 15:58:44');
INSERT INTO tb_membros_emails VALUES ( '33', '34', 'rafasteffen_@hotmail.com', '2020-08-07 08:15:15', '2020-08-07 08:15:15');
INSERT INTO tb_membros_emails VALUES ( '36', '37', 'andreangelialves@gmail.com', '2020-08-10 14:18:47', '2020-08-10 14:18:47');
INSERT INTO tb_membros_emails VALUES ( '37', '38', 'Gilsonk@gmail.com', '2020-08-10 20:37:09', '2020-08-10 20:37:09');
INSERT INTO tb_membros_emails VALUES ( '39', '39', 'ma_christ@yahoo.com', '2020-08-20 11:31:47', '2020-08-20 11:31:47');
INSERT INTO tb_membros_emails VALUES ( '40', '40', 'giovanachrist@yahoo.com.br', '2020-08-20 13:45:00', '2020-08-20 13:45:00');
INSERT INTO tb_membros_emails VALUES ( '41', '41', 'ju.christ13@gmail.com', '2020-08-20 13:49:13', '2020-08-20 13:49:13');
INSERT INTO tb_membros_emails VALUES ( '43', '33', 'jaciara.bar.91@gmail.com', '2020-09-03 19:00:18', '2020-09-03 19:00:18');
INSERT INTO tb_membros_emails VALUES ( '44', '42', 'cap.agrondgocio@uol.com.br', '2020-09-11 11:36:38', '2020-09-11 11:36:38');
INSERT INTO tb_membros_emails VALUES ( '45', '42', 'cap.agronogocio@uol.com.br', '2020-09-11 11:36:38', '2020-09-11 11:36:38');
INSERT INTO tb_membros_emails VALUES ( '47', '43', 'claubandeira01@gmail.com', '2020-09-11 13:49:22', '2020-09-11 13:49:22');
INSERT INTO tb_membros_emails VALUES ( '48', '26', 'rositabulsing49@hotmail.com', '2020-09-11 13:52:07', '2020-09-11 13:52:07');
INSERT INTO tb_membros_emails VALUES ( '49', '36', 'abelardo@mecanizar.me', '2020-11-18 08:36:57', '2020-11-18 08:36:57');
INSERT INTO tb_membros_emails VALUES ( '50', '6', 'amilcarxt@hotmail.com', '2020-11-18 08:39:00', '2020-11-18 08:39:00');
INSERT INTO tb_membros_emails VALUES ( '51', '44', 'anaodorcik2019@gmail.com', '2020-11-18 08:45:39', '2020-11-18 08:45:39');
INSERT INTO tb_membros_emails VALUES ( '54', '49', 'danilo.habermann@gmail.com', '2020-11-18 10:47:12', '2020-11-18 10:47:12');
INSERT INTO tb_membros_emails VALUES ( '55', '46', 'dgimenis@gmail.com', '2020-11-18 10:58:36', '2020-11-18 10:58:36');
INSERT INTO tb_membros_emails VALUES ( '57', '50', 'debiprusch@hotmail.com', '2020-11-18 11:23:17', '2020-11-18 11:23:17');
INSERT INTO tb_membros_emails VALUES ( '58', '52', 'elmar@hotmail.com.br', '2020-11-18 11:48:48', '2020-11-18 11:48:48');
INSERT INTO tb_membros_emails VALUES ( '59', '53', 'haidihedel@hotmail.com', '2020-11-18 11:53:56', '2020-11-18 11:53:56');
INSERT INTO tb_membros_emails VALUES ( '60', '58', 'bandeira_mmc@yahoo.com.br', '2020-11-18 15:10:49', '2020-11-18 15:10:49');
INSERT INTO tb_membros_emails VALUES ( '62', '20', 'orlandohnusch9@gmail.com', '2020-11-18 15:45:31', '2020-11-18 15:45:31');
INSERT INTO tb_membros_emails VALUES ( '63', '5', 'Sandrinha_uou@hotmail.com', '2020-11-18 15:51:44', '2020-11-18 15:51:44');
INSERT INTO tb_membros_emails VALUES ( '65', '14', 'zimmermannsergio@yahoo.com.br', '2020-11-18 15:56:14', '2020-11-18 15:56:14');
INSERT INTO tb_membros_emails VALUES ( '66', '63', 'lili26habermann@gmail.com', '2020-11-18 16:17:00', '2020-11-18 16:17:00');
INSERT INTO tb_membros_emails VALUES ( '67', '60', 'minbischoff@gmail.com', '2020-11-19 09:00:49', '2020-11-19 09:00:49');
INSERT INTO tb_membros_emails VALUES ( '68', '67', 'gianjandrey@hotmail.com', '2020-11-19 09:28:50', '2020-11-19 09:28:50');
INSERT INTO tb_membros_emails VALUES ( '69', '24', 'abaminger@gmail.com', '2020-11-19 09:47:01', '2020-11-19 09:47:01');
INSERT INTO tb_membros_emails VALUES ( '70', '68', 'adrianolagass85@gmail.com', '2020-11-19 10:06:33', '2020-11-19 10:06:33');
INSERT INTO tb_membros_emails VALUES ( '71', '22', 'wabaminger@uol.com.br', '2020-11-19 10:11:35', '2020-11-19 10:11:35');
INSERT INTO tb_membros_emails VALUES ( '72', '70', 'elianibaminger@yahoo.com.br', '2020-11-19 10:37:16', '2020-11-19 10:37:16');
INSERT INTO tb_membros_emails VALUES ( '73', '72', 'cristianefriske@gmail.com', '2020-11-19 10:44:59', '2020-11-19 10:44:59');
INSERT INTO tb_membros_emails VALUES ( '74', '74', 'jwalsarie@gmail.com', '2020-11-19 10:58:12', '2020-11-19 10:58:12');
INSERT INTO tb_membros_emails VALUES ( '75', '31', 'lucieurich@gmail.com', '2020-11-19 11:00:28', '2020-11-19 11:00:28');
INSERT INTO tb_membros_emails VALUES ( '76', '75', 'rosaopaulo@hotmail.com', '2020-11-19 11:05:30', '2020-11-19 11:05:30');
INSERT INTO tb_membros_emails VALUES ( '77', '77', 'jairo@christassessoria.com.br', '2020-11-19 13:45:28', '2020-11-19 13:45:28');
INSERT INTO tb_membros_emails VALUES ( '78', '78', 'kathyachrist@terra.com.br', '2020-11-19 13:49:03', '2020-11-19 13:49:03');
INSERT INTO tb_membros_emails VALUES ( '79', '79', 'edineiakirch@hotmail.com', '2020-11-19 14:05:03', '2020-11-19 14:05:03');
INSERT INTO tb_membros_emails VALUES ( '80', '80', 'jhessicakirch@gmail.com', '2020-11-19 14:11:40', '2020-11-19 14:11:40');
INSERT INTO tb_membros_emails VALUES ( '81', '81', 'oficinamecanicadogaucho@gmail.com', '2020-11-19 14:14:56', '2020-11-19 14:14:56');
INSERT INTO tb_membros_emails VALUES ( '82', '82', 'angelicakirch5@gmail.com', '2020-11-19 14:18:57', '2020-11-19 14:18:57');
INSERT INTO tb_membros_emails VALUES ( '83', '15', 'rosane_2004@hotmail.com', '2020-11-19 15:07:35', '2020-11-19 15:07:35');
INSERT INTO tb_membros_emails VALUES ( '84', '83', 'plorentz01@terra.com.br', '2020-11-19 15:52:27', '2020-11-19 15:52:27');
INSERT INTO tb_membros_emails VALUES ( '85', '84', 'cristalagua@cristalagua.com.br', '2020-11-19 15:55:44', '2020-11-19 15:55:44');
INSERT INTO tb_membros_emails VALUES ( '86', '85', 'rafael.lorentz@outlook.com', '2020-11-19 15:59:12', '2020-11-19 15:59:12');
INSERT INTO tb_membros_emails VALUES ( '88', '19', 'leticiarahh@yahoo.com', '2021-03-23 10:35:45', '2021-03-23 10:35:45');
INSERT INTO tb_membros_emails VALUES ( '89', '17', 'michele.rh@yahoo.com', '2021-03-23 10:40:54', '2021-03-23 10:40:54');
INSERT INTO tb_membros_emails VALUES ( '90', '18', 'nicole.rh@yahoo.com', '2021-03-23 10:41:25', '2021-03-23 10:41:25');

#
# Criação da Tabela : tb_membros_entrada_transferencia
#

CREATE TABLE `tb_membros_entrada_transferencia` (
  `id_entrada` int(11) NOT NULL AUTO_INCREMENT,
  `id_membro` int(11) NOT NULL,
  `data_transferencia` date NOT NULL,
  `paroquia_anterior` varchar(250) NOT NULL,
  `observacoes` text NOT NULL,
  `arquivo_historico` varchar(300) NOT NULL,
  `data_cadastro` datetime NOT NULL,
  `atualizacao` timestamp NOT NULL DEFAULT CURRENT_TIMESTAMP ON UPDATE CURRENT_TIMESTAMP,
  PRIMARY KEY (`id_entrada`)
) ENGINE=InnoDB AUTO_INCREMENT=5 DEFAULT CHARSET=latin1 ;

#
# Dados a serem incluídos na tabela
#

INSERT INTO tb_membros_entrada_transferencia VALUES ( '1', '11', '2019-04-11', 'Congregação Cristo de Uberlândia/MG', '', '', '2019-04-12 17:53:39', '2019-04-12 17:53:39');
INSERT INTO tb_membros_entrada_transferencia VALUES ( '2', '12', '2019-04-11', 'Congregação Cristo de Uberlândia/MG', '', '', '2019-04-12 17:56:30', '2019-04-12 17:56:30');
INSERT INTO tb_membros_entrada_transferencia VALUES ( '3', '26', '2012-05-20', 'Cristo Redentor', 'Transferência da CEL Cristo Redentor de Cachoeira do Sul', '', '2020-07-21 15:16:08', '2020-07-21 15:16:26');
INSERT INTO tb_membros_entrada_transferencia VALUES ( '4', '68', '0000-00-00', '', '', '', '2020-11-19 10:08:11', '2020-11-19 10:08:11');

#
# Criação da Tabela : tb_membros_familias
#

CREATE TABLE `tb_membros_familias` (
  `id_familia` int(11) NOT NULL AUTO_INCREMENT,
  `id_membro` int(11) NOT NULL,
  `id_membro2` int(11) NOT NULL,
  `parentesco` varchar(250) NOT NULL,
  `data_cadastro` datetime NOT NULL,
  `atualizacao` timestamp NOT NULL DEFAULT CURRENT_TIMESTAMP ON UPDATE CURRENT_TIMESTAMP,
  PRIMARY KEY (`id_familia`)
) ENGINE=InnoDB AUTO_INCREMENT=81 DEFAULT CHARSET=latin1 ;

#
# Dados a serem incluídos na tabela
#

INSERT INTO tb_membros_familias VALUES ( '1', '0', '13', 'esposa', '2019-06-16 15:11:19', '2019-06-16 15:11:19');
INSERT INTO tb_membros_familias VALUES ( '3', '26', '28', 'Marido', '2020-07-21 16:01:15', '2020-07-21 16:01:15');
INSERT INTO tb_membros_familias VALUES ( '4', '28', '26', 'Esposa', '2020-07-21 16:01:15', '2020-07-21 16:01:15');
INSERT INTO tb_membros_familias VALUES ( '5', '34', '27', 'Irmão(a)', '2020-08-07 08:22:44', '2020-08-07 08:22:44');
INSERT INTO tb_membros_familias VALUES ( '6', '27', '34', 'Irmão(a)', '2020-08-07 08:22:44', '2020-08-07 08:22:44');
INSERT INTO tb_membros_familias VALUES ( '7', '73', '72', 'Mãe', '2020-11-19 10:53:15', '2020-11-19 10:53:15');
INSERT INTO tb_membros_familias VALUES ( '8', '72', '73', 'Filho(a)', '2020-11-19 10:53:15', '2020-11-19 10:53:15');
INSERT INTO tb_membros_familias VALUES ( '9', '76', '74', 'Mãe', '2020-11-19 13:35:51', '2020-11-19 13:35:51');
INSERT INTO tb_membros_familias VALUES ( '10', '74', '76', 'Filho(a)', '2020-11-19 13:35:51', '2020-11-19 13:35:51');
INSERT INTO tb_membros_familias VALUES ( '11', '77', '39', 'Filho(a)', '2020-11-19 13:46:02', '2020-11-19 13:46:02');
INSERT INTO tb_membros_familias VALUES ( '12', '39', '77', 'Pai', '2020-11-19 13:46:02', '2020-11-19 13:46:02');
INSERT INTO tb_membros_familias VALUES ( '13', '77', '40', 'Filho(a)', '2020-11-19 13:46:10', '2020-11-19 13:46:10');
INSERT INTO tb_membros_familias VALUES ( '14', '40', '77', 'Pai', '2020-11-19 13:46:10', '2020-11-19 13:46:10');
INSERT INTO tb_membros_familias VALUES ( '15', '77', '41', 'Filho(a)', '2020-11-19 13:46:20', '2020-11-19 13:46:20');
INSERT INTO tb_membros_familias VALUES ( '16', '41', '77', 'Pai', '2020-11-19 13:46:20', '2020-11-19 13:46:20');
INSERT INTO tb_membros_familias VALUES ( '17', '78', '39', 'Filho(a)', '2020-11-19 13:49:39', '2020-11-19 13:49:39');
INSERT INTO tb_membros_familias VALUES ( '18', '39', '78', 'Mãe', '2020-11-19 13:49:39', '2020-11-19 13:49:39');
INSERT INTO tb_membros_familias VALUES ( '19', '78', '77', 'Marido', '2020-11-19 13:49:53', '2020-11-19 13:49:53');
INSERT INTO tb_membros_familias VALUES ( '20', '77', '78', 'Esposa', '2020-11-19 13:49:53', '2020-11-19 13:49:53');
INSERT INTO tb_membros_familias VALUES ( '21', '78', '41', 'Filho(a)', '2020-11-19 13:50:07', '2020-11-19 13:50:07');
INSERT INTO tb_membros_familias VALUES ( '22', '41', '78', 'Mãe', '2020-11-19 13:50:07', '2020-11-19 13:50:07');
INSERT INTO tb_membros_familias VALUES ( '23', '78', '40', 'Filho(a)', '2020-11-19 13:50:20', '2020-11-19 13:50:20');
INSERT INTO tb_membros_familias VALUES ( '24', '40', '78', 'Mãe', '2020-11-19 13:50:20', '2020-11-19 13:50:20');
INSERT INTO tb_membros_familias VALUES ( '25', '24', '22', 'Pai', '2020-11-19 13:52:02', '2020-11-19 13:52:02');
INSERT INTO tb_membros_familias VALUES ( '26', '22', '24', 'Filho(a)', '2020-11-19 13:52:02', '2020-11-19 13:52:02');
INSERT INTO tb_membros_familias VALUES ( '27', '24', '70', 'Mãe', '2020-11-19 13:52:16', '2020-11-19 13:52:16');
INSERT INTO tb_membros_familias VALUES ( '28', '70', '24', 'Filho(a)', '2020-11-19 13:52:16', '2020-11-19 13:52:16');
INSERT INTO tb_membros_familias VALUES ( '29', '6', '5', 'Esposa', '2020-11-19 13:52:47', '2020-11-19 13:52:47');
INSERT INTO tb_membros_familias VALUES ( '30', '5', '6', 'Marido', '2020-11-19 13:52:47', '2020-11-19 13:52:47');
INSERT INTO tb_membros_familias VALUES ( '31', '6', '4', 'Filho(a)', '2020-11-19 13:53:00', '2020-11-19 13:53:00');
INSERT INTO tb_membros_familias VALUES ( '32', '4', '6', 'Pai', '2020-11-19 13:53:00', '2020-11-19 13:53:00');
INSERT INTO tb_membros_familias VALUES ( '33', '64', '63', 'Mãe', '2020-11-19 13:53:27', '2020-11-19 13:53:27');
INSERT INTO tb_membros_familias VALUES ( '34', '63', '64', 'Filho(a)', '2020-11-19 13:53:27', '2020-11-19 13:53:27');
INSERT INTO tb_membros_familias VALUES ( '35', '64', '65', 'Irmão(a)', '2020-11-19 13:53:38', '2020-11-19 13:53:38');
INSERT INTO tb_membros_familias VALUES ( '36', '65', '64', 'Irmão(a)', '2020-11-19 13:53:38', '2020-11-19 13:53:38');
INSERT INTO tb_membros_familias VALUES ( '37', '1', '7', 'Marido', '2020-11-19 13:54:01', '2020-11-19 13:54:01');
INSERT INTO tb_membros_familias VALUES ( '38', '7', '1', 'Esposa', '2020-11-19 13:54:01', '2020-11-19 13:54:01');
INSERT INTO tb_membros_familias VALUES ( '39', '43', '58', 'Marido', '2020-11-19 13:56:05', '2020-11-19 13:56:05');
INSERT INTO tb_membros_familias VALUES ( '40', '58', '43', 'Esposa', '2020-11-19 13:56:05', '2020-11-19 13:56:05');
INSERT INTO tb_membros_familias VALUES ( '41', '43', '59', 'Filho(a)', '2020-11-19 13:56:13', '2020-11-19 13:56:13');
INSERT INTO tb_membros_familias VALUES ( '42', '59', '43', 'Mãe', '2020-11-19 13:56:13', '2020-11-19 13:56:13');
INSERT INTO tb_membros_familias VALUES ( '43', '43', '54', 'Filho(a)', '2020-11-19 13:56:21', '2020-11-19 13:56:21');
INSERT INTO tb_membros_familias VALUES ( '44', '54', '43', 'Mãe', '2020-11-19 13:56:21', '2020-11-19 13:56:21');
INSERT INTO tb_membros_familias VALUES ( '45', '16', '15', 'Mãe', '2020-11-19 13:56:49', '2020-11-19 13:56:49');
INSERT INTO tb_membros_familias VALUES ( '46', '15', '16', 'Filho(a)', '2020-11-19 13:56:49', '2020-11-19 13:56:49');
INSERT INTO tb_membros_familias VALUES ( '47', '16', '14', 'Pai', '2020-11-19 13:56:56', '2020-11-19 13:56:56');
INSERT INTO tb_membros_familias VALUES ( '48', '14', '16', 'Filho(a)', '2020-11-19 13:56:57', '2020-11-19 13:56:57');
INSERT INTO tb_membros_familias VALUES ( '49', '81', '82', 'Esposa', '2020-11-19 14:19:16', '2020-11-19 14:19:16');
INSERT INTO tb_membros_familias VALUES ( '50', '82', '81', 'Marido', '2020-11-19 14:19:16', '2020-11-19 14:19:16');
INSERT INTO tb_membros_familias VALUES ( '51', '81', '82', 'Filho(a)', '2020-11-19 14:19:26', '2020-11-19 14:19:26');
INSERT INTO tb_membros_familias VALUES ( '52', '82', '81', 'Pai', '2020-11-19 14:19:26', '2020-11-19 14:19:26');
INSERT INTO tb_membros_familias VALUES ( '53', '81', '80', 'Filho(a)', '2020-11-19 14:19:37', '2020-11-19 14:19:37');
INSERT INTO tb_membros_familias VALUES ( '54', '80', '81', 'Pai', '2020-11-19 14:19:37', '2020-11-19 14:19:37');
INSERT INTO tb_membros_familias VALUES ( '55', '79', '81', 'Marido', '2020-11-19 14:20:57', '2020-11-19 14:20:57');
INSERT INTO tb_membros_familias VALUES ( '56', '81', '79', 'Esposa', '2020-11-19 14:20:57', '2020-11-19 14:20:57');
INSERT INTO tb_membros_familias VALUES ( '57', '79', '80', 'Filho(a)', '2020-11-19 14:21:06', '2020-11-19 14:21:06');
INSERT INTO tb_membros_familias VALUES ( '58', '80', '79', 'Mãe', '2020-11-19 14:21:06', '2020-11-19 14:21:06');
INSERT INTO tb_membros_familias VALUES ( '59', '79', '82', 'Filho(a)', '2020-11-19 14:21:21', '2020-11-19 14:21:21');
INSERT INTO tb_membros_familias VALUES ( '60', '82', '79', 'Mãe', '2020-11-19 14:21:21', '2020-11-19 14:21:21');
INSERT INTO tb_membros_familias VALUES ( '61', '80', '82', 'Irmão(a)', '2020-11-19 14:21:45', '2020-11-19 14:21:45');
INSERT INTO tb_membros_familias VALUES ( '62', '82', '80', 'Irmão(a)', '2020-11-19 14:21:45', '2020-11-19 14:21:45');
INSERT INTO tb_membros_familias VALUES ( '63', '71', '24', 'Mãe', '2020-11-19 14:22:09', '2020-11-19 14:22:09');
INSERT INTO tb_membros_familias VALUES ( '64', '24', '71', 'Filho(a)', '2020-11-19 14:22:09', '2020-11-19 14:22:09');
INSERT INTO tb_membros_familias VALUES ( '65', '71', '70', 'Avó', '2020-11-19 14:22:20', '2020-11-19 14:22:20');
INSERT INTO tb_membros_familias VALUES ( '66', '70', '71', 'Neto(a)', '2020-11-19 14:22:20', '2020-11-19 14:22:20');
INSERT INTO tb_membros_familias VALUES ( '67', '71', '22', 'Avô', '2020-11-19 14:22:35', '2020-11-19 14:22:35');
INSERT INTO tb_membros_familias VALUES ( '68', '22', '71', 'Neto(a)', '2020-11-19 14:22:35', '2020-11-19 14:22:35');
INSERT INTO tb_membros_familias VALUES ( '69', '22', '70', 'Esposa', '2020-11-19 14:23:09', '2020-11-19 14:23:09');
INSERT INTO tb_membros_familias VALUES ( '70', '70', '22', 'Marido', '2020-11-19 14:23:09', '2020-11-19 14:23:09');
INSERT INTO tb_membros_familias VALUES ( '71', '49', '69', 'Filho(a)', '2020-11-19 14:23:35', '2020-11-19 14:23:35');
INSERT INTO tb_membros_familias VALUES ( '72', '69', '49', 'Pai', '2020-11-19 14:23:35', '2020-11-19 14:23:35');
INSERT INTO tb_membros_familias VALUES ( '73', '83', '85', 'Filho(a)', '2020-11-19 15:59:36', '2020-11-19 15:59:36');
INSERT INTO tb_membros_familias VALUES ( '74', '85', '83', 'Pai', '2020-11-19 15:59:36', '2020-11-19 15:59:36');
INSERT INTO tb_membros_familias VALUES ( '75', '83', '84', 'Esposa', '2020-11-19 15:59:54', '2020-11-19 15:59:54');
INSERT INTO tb_membros_familias VALUES ( '76', '84', '83', 'Marido', '2020-11-19 15:59:54', '2020-11-19 15:59:54');
INSERT INTO tb_membros_familias VALUES ( '77', '84', '85', 'Filho(a)', '2020-11-19 16:00:50', '2020-11-19 16:00:50');
INSERT INTO tb_membros_familias VALUES ( '78', '85', '84', 'Mãe', '2020-11-19 16:00:50', '2020-11-19 16:00:50');
INSERT INTO tb_membros_familias VALUES ( '79', '25', '31', 'Mãe', '2020-12-17 21:01:57', '2020-12-17 21:01:57');
INSERT INTO tb_membros_familias VALUES ( '80', '31', '25', 'Filho(a)', '2020-12-17 21:01:57', '2020-12-17 21:01:57');

#
# Criação da Tabela : tb_membros_historico
#

CREATE TABLE `tb_membros_historico` (
  `id_historico` int(11) NOT NULL AUTO_INCREMENT,
  `id_membro` int(11) NOT NULL,
  `texto` varchar(250) NOT NULL,
  `data` date NOT NULL,
  `data_cadastro` datetime NOT NULL,
  `atualizacao` timestamp NULL DEFAULT CURRENT_TIMESTAMP ON UPDATE CURRENT_TIMESTAMP,
  PRIMARY KEY (`id_historico`)
) ENGINE=InnoDB AUTO_INCREMENT=2 DEFAULT CHARSET=latin1 ;

#
# Dados a serem incluídos na tabela
#

INSERT INTO tb_membros_historico VALUES ( '1', '41', 'Transefência expedida .', '2021-08-13', '2021-08-13 16:09:48', '2021-08-13 16:09:48');

#
# Criação da Tabela : tb_membros_ofertas
#

CREATE TABLE `tb_membros_ofertas` (
  `id_oferta` int(11) NOT NULL AUTO_INCREMENT,
  `id_membro` int(11) NOT NULL,
  `id_financeiro` int(11) NOT NULL,
  `id_centro_custo` int(11) NOT NULL,
  `valor` decimal(15,2) NOT NULL,
  `data_pagamento` date NOT NULL,
  `referencia` varchar(250) NOT NULL,
  `data_cadastro` date NOT NULL,
  `atualizacao` timestamp NOT NULL DEFAULT CURRENT_TIMESTAMP ON UPDATE CURRENT_TIMESTAMP,
  PRIMARY KEY (`id_oferta`)
) ENGINE=InnoDB AUTO_INCREMENT=3 DEFAULT CHARSET=latin1 ;

#
# Dados a serem incluídos na tabela
#

INSERT INTO tb_membros_ofertas VALUES ( '1', '1', '1', '2', '300.00', '2019-03-10', '', '2019-04-04', '2019-04-04 13:37:20');
INSERT INTO tb_membros_ofertas VALUES ( '2', '2', '2', '0', '0.00', '0000-00-00', '', '2019-04-12', '2019-04-12 17:35:29');

#
# Criação da Tabela : tb_membros_profissao_de_fe
#

CREATE TABLE `tb_membros_profissao_de_fe` (
  `id_profissao_de_fe` int(11) NOT NULL AUTO_INCREMENT,
  `id_membro` int(11) NOT NULL,
  `data_profissao_de_fe` date NOT NULL,
  `oficiante` varchar(250) NOT NULL,
  `versiculo` varchar(250) NOT NULL,
  `livro` varchar(250) NOT NULL,
  `data_cadastro` datetime NOT NULL,
  `atualizacao` timestamp NOT NULL DEFAULT CURRENT_TIMESTAMP ON UPDATE CURRENT_TIMESTAMP,
  PRIMARY KEY (`id_profissao_de_fe`)
) ENGINE=InnoDB DEFAULT CHARSET=latin1 ;

#
# Dados a serem incluídos na tabela
#


#
# Criação da Tabela : tb_membros_telefones
#

CREATE TABLE `tb_membros_telefones` (
  `id_telefone` int(11) NOT NULL AUTO_INCREMENT,
  `id_membro` int(11) NOT NULL,
  `numero` varchar(250) NOT NULL,
  `operadora` varchar(250) NOT NULL,
  `data_cadastro` datetime NOT NULL,
  `atualizacao` timestamp NOT NULL DEFAULT CURRENT_TIMESTAMP ON UPDATE CURRENT_TIMESTAMP,
  PRIMARY KEY (`id_telefone`)
) ENGINE=InnoDB AUTO_INCREMENT=157 DEFAULT CHARSET=latin1 ;

#
# Dados a serem incluídos na tabela
#

INSERT INTO tb_membros_telefones VALUES ( '2', '1', '(19) 9836.23500', 'Tim', '2019-04-04 13:09:42', '2019-04-04 13:09:42');
INSERT INTO tb_membros_telefones VALUES ( '15', '16', '(19) 3328.3559', '', '2019-06-16 14:49:54', '2019-06-16 14:49:54');
INSERT INTO tb_membros_telefones VALUES ( '16', '16', '(19) 9811.30553', '', '2019-06-16 14:49:54', '2019-06-16 14:49:54');
INSERT INTO tb_membros_telefones VALUES ( '19', '2', '(19) 9955.09949', 'Claro', '2019-06-16 15:08:59', '2019-06-16 15:08:59');
INSERT INTO tb_membros_telefones VALUES ( '20', '3', '(19) 9940.38299', 'Claro', '2019-06-16 15:10:19', '2019-06-16 15:10:19');
INSERT INTO tb_membros_telefones VALUES ( '22', '21', '(19) 3329.6327', '', '2019-06-22 14:11:28', '2019-06-22 14:11:28');
INSERT INTO tb_membros_telefones VALUES ( '24', '4', '(19) 9738.25921', '', '2019-06-23 21:00:32', '2019-06-23 21:00:32');
INSERT INTO tb_membros_telefones VALUES ( '26', '23', '(19) 9834.85634', 'Tim', '2020-07-02 14:54:18', '2020-07-02 14:54:18');
INSERT INTO tb_membros_telefones VALUES ( '32', '27', '(14) 9989.95189', 'Vivo', '2020-07-21 15:47:34', '2020-07-21 15:47:34');
INSERT INTO tb_membros_telefones VALUES ( '33', '28', '(19) 9836.79900', 'Tim', '2020-07-21 16:00:08', '2020-07-21 16:00:08');
INSERT INTO tb_membros_telefones VALUES ( '36', '25', '(19) 9934.75287', 'Vivo', '2020-07-24 21:09:36', '2020-07-24 21:09:36');
INSERT INTO tb_membros_telefones VALUES ( '37', '29', '(19) 9968.55056', 'Vivo', '2020-07-27 15:49:41', '2020-07-27 15:49:41');
INSERT INTO tb_membros_telefones VALUES ( '38', '30', '(19) 9826.99593', 'Tim', '2020-07-27 15:58:44', '2020-07-27 15:58:44');
INSERT INTO tb_membros_telefones VALUES ( '40', '34', '(14) 9968.84678', 'Vivo', '2020-08-07 08:15:15', '2020-08-07 08:15:15');
INSERT INTO tb_membros_telefones VALUES ( '43', '37', '(19) 9974.78359', 'Claro', '2020-08-10 14:18:47', '2020-08-10 14:18:47');
INSERT INTO tb_membros_telefones VALUES ( '44', '38', '(19) 9817.23142', 'Tim', '2020-08-10 20:37:09', '2020-08-10 20:37:09');
INSERT INTO tb_membros_telefones VALUES ( '46', '39', '(19) 9983.34115', '', '2020-08-20 11:31:47', '2020-08-20 11:31:47');
INSERT INTO tb_membros_telefones VALUES ( '47', '40', '(19) 9968.58140', '', '2020-08-20 13:45:00', '2020-08-20 13:45:00');
INSERT INTO tb_membros_telefones VALUES ( '48', '41', '(19) 9968.54686', 'Tim', '2020-08-20 13:49:13', '2020-08-20 13:49:13');
INSERT INTO tb_membros_telefones VALUES ( '50', '33', '(45) 9985.94381', 'Tim', '2020-09-03 19:00:18', '2020-09-03 19:00:18');
INSERT INTO tb_membros_telefones VALUES ( '51', '42', '(19) 3862.0966', '', '2020-09-11 11:36:38', '2020-09-11 11:36:38');
INSERT INTO tb_membros_telefones VALUES ( '52', '42', '(19) 9960.23112', 'Vivo', '2020-09-11 11:36:38', '2020-09-11 11:36:38');
INSERT INTO tb_membros_telefones VALUES ( '54', '43', '(11) 9919.26216', 'Claro', '2020-09-11 13:49:22', '2020-09-11 13:49:22');
INSERT INTO tb_membros_telefones VALUES ( '55', '26', '(19) 9836.05361', 'Tim', '2020-09-11 13:52:07', '2020-09-11 13:52:07');
INSERT INTO tb_membros_telefones VALUES ( '56', '36', '(19) 9811.31840', 'Claro', '2020-11-18 08:36:57', '2020-11-18 08:36:57');
INSERT INTO tb_membros_telefones VALUES ( '57', '6', '(19) 9970.77394', '', '2020-11-18 08:39:00', '2020-11-18 08:39:00');
INSERT INTO tb_membros_telefones VALUES ( '58', '44', '(19) 9925.79142', 'Claro', '2020-11-18 08:45:39', '2020-11-18 08:45:39');
INSERT INTO tb_membros_telefones VALUES ( '62', '47', '(19) 3224.3191', '', '2020-11-18 09:39:29', '2020-11-18 09:39:29');
INSERT INTO tb_membros_telefones VALUES ( '63', '47', '(19) 9810.37673', 'Tim', '2020-11-18 09:39:30', '2020-11-18 09:39:30');
INSERT INTO tb_membros_telefones VALUES ( '64', '48', '(19) 9829.47082', '', '2020-11-18 09:49:10', '2020-11-18 09:49:10');
INSERT INTO tb_membros_telefones VALUES ( '65', '49', '(19) 9973.33138', 'Vivo', '2020-11-18 10:47:12', '2020-11-18 10:47:12');
INSERT INTO tb_membros_telefones VALUES ( '66', '46', '(19) 9811.40688', 'Tim', '2020-11-18 10:58:36', '2020-11-18 10:58:36');
INSERT INTO tb_membros_telefones VALUES ( '68', '50', '(19) 9989.74765', 'Claro', '2020-11-18 11:23:17', '2020-11-18 11:23:17');
INSERT INTO tb_membros_telefones VALUES ( '69', '51', '(19) 9876.22600', 'Oi', '2020-11-18 11:31:16', '2020-11-18 11:31:16');
INSERT INTO tb_membros_telefones VALUES ( '70', '52', '(11) 4815.1421', '', '2020-11-18 11:48:48', '2020-11-18 11:48:48');
INSERT INTO tb_membros_telefones VALUES ( '71', '52', '(11) 9938.14597', 'Vivo', '2020-11-18 11:48:48', '2020-11-18 11:48:48');
INSERT INTO tb_membros_telefones VALUES ( '72', '53', '(11) 4815.0560', '', '2020-11-18 11:53:56', '2020-11-18 11:53:56');
INSERT INTO tb_membros_telefones VALUES ( '73', '53', '(11) 9607.00481', 'Tim', '2020-11-18 11:53:56', '2020-11-18 11:53:56');
INSERT INTO tb_membros_telefones VALUES ( '74', '56', '(19) 9876.22600', 'Oi', '2020-11-18 14:40:25', '2020-11-18 14:40:25');
INSERT INTO tb_membros_telefones VALUES ( '75', '58', '(19) 3601.4901', '', '2020-11-18 15:10:49', '2020-11-18 15:10:49');
INSERT INTO tb_membros_telefones VALUES ( '76', '58', '(11) 9919.10062', 'Claro', '2020-11-18 15:10:49', '2020-11-18 15:10:49');
INSERT INTO tb_membros_telefones VALUES ( '77', '59', '(11) 9922.62921', '', '2020-11-18 15:14:16', '2020-11-18 15:14:16');
INSERT INTO tb_membros_telefones VALUES ( '79', '20', '(19) 3329.6327', '', '2020-11-18 15:45:31', '2020-11-18 15:45:31');
INSERT INTO tb_membros_telefones VALUES ( '80', '20', '(19) 9895.20379', 'Claro', '2020-11-18 15:45:31', '2020-11-18 15:45:31');
INSERT INTO tb_membros_telefones VALUES ( '81', '5', '(19) 9738.25921', 'Vivo', '2020-11-18 15:51:44', '2020-11-18 15:51:44');
INSERT INTO tb_membros_telefones VALUES ( '84', '14', '(19) 3328.3559', '', '2020-11-18 15:56:14', '2020-11-18 15:56:14');
INSERT INTO tb_membros_telefones VALUES ( '85', '14', '(19) 9963.67987', '', '2020-11-18 15:56:14', '2020-11-18 15:56:14');
INSERT INTO tb_membros_telefones VALUES ( '86', '62', '(19) 9813.93280', 'Tim', '2020-11-18 16:01:02', '2020-11-18 16:01:02');
INSERT INTO tb_membros_telefones VALUES ( '87', '63', '(19) 9926.20285', '', '2020-11-18 16:17:00', '2020-11-18 16:17:00');
INSERT INTO tb_membros_telefones VALUES ( '88', '64', '(19) 9712.11069', 'Vivo', '2020-11-19 08:44:33', '2020-11-19 08:44:33');
INSERT INTO tb_membros_telefones VALUES ( '89', '65', '(19) 9712.07940', 'Vivo', '2020-11-19 08:47:37', '2020-11-19 08:47:37');
INSERT INTO tb_membros_telefones VALUES ( '90', '61', '(19) 9742.37778', 'Claro', '2020-11-19 09:01:33', '2020-11-19 09:01:33');
INSERT INTO tb_membros_telefones VALUES ( '92', '66', '(19) 9821.80851', 'Tim', '2020-11-19 09:23:33', '2020-11-19 09:23:33');
INSERT INTO tb_membros_telefones VALUES ( '93', '67', '(19) 9963.71989', '', '2020-11-19 09:28:50', '2020-11-19 09:28:50');
INSERT INTO tb_membros_telefones VALUES ( '94', '24', '(19) 9840.89199', 'Tim', '2020-11-19 09:47:01', '2020-11-19 09:47:01');
INSERT INTO tb_membros_telefones VALUES ( '95', '68', '(11) 9301.78912', 'Tim', '2020-11-19 10:06:33', '2020-11-19 10:06:33');
INSERT INTO tb_membros_telefones VALUES ( '96', '22', '(19) 3267.2330', '', '2020-11-19 10:11:35', '2020-11-19 10:11:35');
INSERT INTO tb_membros_telefones VALUES ( '97', '22', '(19) 9980.86913', 'Vivo', '2020-11-19 10:11:35', '2020-11-19 10:11:35');
INSERT INTO tb_membros_telefones VALUES ( '98', '70', '(19) 3267.2330', '', '2020-11-19 10:37:16', '2020-11-19 10:37:16');
INSERT INTO tb_membros_telefones VALUES ( '99', '70', '(19) 9838.95149', 'Tim', '2020-11-19 10:37:16', '2020-11-19 10:37:16');
INSERT INTO tb_membros_telefones VALUES ( '100', '72', '(11) 2427.6637', '', '2020-11-19 10:44:59', '2020-11-19 10:44:59');
INSERT INTO tb_membros_telefones VALUES ( '101', '72', '(11) 9532.79659', 'Claro', '2020-11-19 10:44:59', '2020-11-19 10:44:59');
INSERT INTO tb_membros_telefones VALUES ( '102', '74', '(11) 9608.27711', 'Tim', '2020-11-19 10:58:12', '2020-11-19 10:58:12');
INSERT INTO tb_membros_telefones VALUES ( '103', '31', '(19) 9893.03204', 'Claro', '2020-11-19 11:00:28', '2020-11-19 11:00:28');
INSERT INTO tb_membros_telefones VALUES ( '104', '75', '(11) 4582.6082', '', '2020-11-19 11:05:30', '2020-11-19 11:05:30');
INSERT INTO tb_membros_telefones VALUES ( '105', '75', '(11) 9449.05564', 'Claro', '2020-11-19 11:05:30', '2020-11-19 11:05:30');
INSERT INTO tb_membros_telefones VALUES ( '106', '77', '(19) 9968.58095', 'Tim', '2020-11-19 13:45:28', '2020-11-19 13:45:28');
INSERT INTO tb_membros_telefones VALUES ( '107', '78', '(19) 9998.59272', 'Tim', '2020-11-19 13:49:03', '2020-11-19 13:49:03');
INSERT INTO tb_membros_telefones VALUES ( '108', '79', '(19) 9831.94272', 'Tim', '2020-11-19 14:05:03', '2020-11-19 14:05:03');
INSERT INTO tb_membros_telefones VALUES ( '109', '80', '(19) 9844.94820', 'Tim', '2020-11-19 14:11:40', '2020-11-19 14:11:40');
INSERT INTO tb_membros_telefones VALUES ( '110', '81', '(19) 9812.00214', 'Tim', '2020-11-19 14:14:56', '2020-11-19 14:14:56');
INSERT INTO tb_membros_telefones VALUES ( '111', '15', '(19) 3328.3559', '', '2020-11-19 15:07:35', '2020-11-19 15:07:35');
INSERT INTO tb_membros_telefones VALUES ( '112', '15', '(19) 9839.09312', '', '2020-11-19 15:07:35', '2020-11-19 15:07:35');
INSERT INTO tb_membros_telefones VALUES ( '113', '83', '(19) 9817.60046', '', '2020-11-19 15:52:27', '2020-11-19 15:52:27');
INSERT INTO tb_membros_telefones VALUES ( '114', '84', '(19) 9954.15644', '', '2020-11-19 15:55:44', '2020-11-19 15:55:44');
INSERT INTO tb_membros_telefones VALUES ( '115', '85', '(19) 9840.84873', '', '2020-11-19 15:59:12', '2020-11-19 15:59:12');
INSERT INTO tb_membros_telefones VALUES ( '118', '8', '(19) 9875.90051', '', '2021-03-17 10:50:38', '2021-03-17 10:50:38');
INSERT INTO tb_membros_telefones VALUES ( '119', '86', '(19) 9831.07272', '', '2021-03-17 10:54:47', '2021-03-17 10:54:47');
INSERT INTO tb_membros_telefones VALUES ( '121', '87', '(19) 9899.30556', '', '2021-03-17 11:31:04', '2021-03-17 11:31:04');
INSERT INTO tb_membros_telefones VALUES ( '124', '88', '(19) 9910.66323', '', '2021-03-17 13:08:15', '2021-03-17 13:08:15');
INSERT INTO tb_membros_telefones VALUES ( '126', '12', '(19) 9916.00087', '', '2021-03-17 18:35:11', '2021-03-17 18:35:11');
INSERT INTO tb_membros_telefones VALUES ( '128', '90', '(19) 9715.10765', '', '2021-03-17 19:37:34', '2021-03-17 19:37:34');
INSERT INTO tb_membros_telefones VALUES ( '130', '91', '(19) 9817.81314', '', '2021-03-17 20:20:19', '2021-03-17 20:20:19');
INSERT INTO tb_membros_telefones VALUES ( '132', '92', '(19) 9911.17084', '', '2021-03-18 09:11:39', '2021-03-18 09:11:39');
INSERT INTO tb_membros_telefones VALUES ( '134', '93', '(19) 9927.77593', '', '2021-03-18 09:16:27', '2021-03-18 09:16:27');
INSERT INTO tb_membros_telefones VALUES ( '135', '95', '(34) 9912.78976', '', '2021-03-18 16:16:15', '2021-03-18 16:16:15');
INSERT INTO tb_membros_telefones VALUES ( '136', '94', '(19) 9963.38336', '', '2021-03-18 16:17:04', '2021-03-18 16:17:04');
INSERT INTO tb_membros_telefones VALUES ( '139', '98', '(19) 9941.56152', '', '2021-03-18 16:25:34', '2021-03-18 16:25:34');
INSERT INTO tb_membros_telefones VALUES ( '140', '7', '(11) 9538.29088', '', '2021-03-19 12:41:20', '2021-03-19 12:41:20');
INSERT INTO tb_membros_telefones VALUES ( '142', '103', '(19) 9891.47038', '', '2021-03-19 12:43:28', '2021-03-19 12:43:28');
INSERT INTO tb_membros_telefones VALUES ( '144', '104', '(19) 9898.52526', '', '2021-03-19 12:47:16', '2021-03-19 12:47:16');
INSERT INTO tb_membros_telefones VALUES ( '146', '109', '(19) 9916.09004', '', '2021-03-23 10:26:52', '2021-03-23 10:26:52');
INSERT INTO tb_membros_telefones VALUES ( '150', '19', '(19) 9861.03903', '', '2021-03-23 10:35:45', '2021-03-23 10:35:45');
INSERT INTO tb_membros_telefones VALUES ( '151', '17', '(19) 3324.6327', '', '2021-03-23 10:40:54', '2021-03-23 10:40:54');
INSERT INTO tb_membros_telefones VALUES ( '152', '18', '(19) 3324.6327', '', '2021-03-23 10:41:25', '2021-03-23 10:41:25');
INSERT INTO tb_membros_telefones VALUES ( '153', '9', '(19) 9876.61099', '', '2021-03-23 13:44:01', '2021-03-23 13:44:01');
INSERT INTO tb_membros_telefones VALUES ( '155', '112', '(19) 9999.82506', '', '2021-06-01 15:54:29', '2021-06-01 15:54:29');
INSERT INTO tb_membros_telefones VALUES ( '156', '113', '(46) 9981.1560', '', '2021-06-01 15:56:24', '2021-06-01 15:56:24');

#
# Criação da Tabela : tb_obreiros
#

CREATE TABLE `tb_obreiros` (
  `id_obreiro` int(11) NOT NULL AUTO_INCREMENT,
  `id_membro` int(11) NOT NULL,
  `tipo` varchar(250) NOT NULL,
  `vinculo` varchar(250) NOT NULL,
  `dedicacao` varchar(250) NOT NULL,
  `remuneracao` varchar(250) NOT NULL,
  `data_cadastro` datetime NOT NULL,
  `atualizacao` timestamp NOT NULL DEFAULT CURRENT_TIMESTAMP ON UPDATE CURRENT_TIMESTAMP,
  PRIMARY KEY (`id_obreiro`)
) ENGINE=InnoDB AUTO_INCREMENT=3 DEFAULT CHARSET=latin1 ;

#
# Dados a serem incluídos na tabela
#

INSERT INTO tb_obreiros VALUES ( '1', '22', 'Pastor', 'Chamado', 'Integral', 'Integral', '2020-11-19 14:47:47', '2020-11-19 14:47:47');
INSERT INTO tb_obreiros VALUES ( '2', '23', 'Estagiário', 'Estágio', 'Integral', 'Voluntário', '2020-11-19 14:48:10', '2020-11-19 14:48:10');

#
# Criação da Tabela : tb_paginas_site
#

CREATE TABLE `tb_paginas_site` (
  `id_pagina` int(11) NOT NULL AUTO_INCREMENT,
  `ativo` varchar(250) NOT NULL,
  `titulo` varchar(250) NOT NULL,
  `texto` text NOT NULL,
  `posicao_menu` int(11) NOT NULL,
  `data_cadastro` datetime NOT NULL,
  `atualizacao` timestamp NOT NULL DEFAULT CURRENT_TIMESTAMP ON UPDATE CURRENT_TIMESTAMP,
  PRIMARY KEY (`id_pagina`)
) ENGINE=InnoDB DEFAULT CHARSET=latin1 ;

#
# Dados a serem incluídos na tabela
#


#
# Criação da Tabela : tb_paginas_site_imagens
#

CREATE TABLE `tb_paginas_site_imagens` (
  `id_imagem` int(11) NOT NULL AUTO_INCREMENT,
  `id_paroquia` int(11) NOT NULL,
  `id_pagina` int(11) NOT NULL,
  `arquivo` varchar(250) NOT NULL,
  `nome` varchar(250) NOT NULL,
  `link` varchar(250) NOT NULL,
  `posicao` varchar(250) NOT NULL,
  `foto_destaque` int(11) NOT NULL,
  `data_cadastro` datetime NOT NULL,
  `atualizacao` timestamp NOT NULL DEFAULT CURRENT_TIMESTAMP ON UPDATE CURRENT_TIMESTAMP,
  PRIMARY KEY (`id_imagem`)
) ENGINE=InnoDB DEFAULT CHARSET=latin1 ;

#
# Dados a serem incluídos na tabela
#


#
# Criação da Tabela : tb_site
#

CREATE TABLE `tb_site` (
  `id_site` int(11) NOT NULL AUTO_INCREMENT,
  `ativo` varchar(250) NOT NULL,
  `aniversariantes` varchar(250) NOT NULL,
  `agenda_paroquia` varchar(250) NOT NULL,
  `id_layout` int(11) NOT NULL,
  `logotipo` varchar(250) NOT NULL,
  `data_cadastro` datetime NOT NULL,
  `atualizacao` timestamp NOT NULL DEFAULT CURRENT_TIMESTAMP ON UPDATE CURRENT_TIMESTAMP,
  PRIMARY KEY (`id_site`)
) ENGINE=InnoDB DEFAULT CHARSET=latin1 ;

#
# Dados a serem incluídos na tabela
#

