CREATE TABLE `tb_financeiro_recorrencia` (
  `id_recorrencia` int(11) NOT NULL AUTO_INCREMENT,
  `periodicidade` varchar(250) NOT NULL,
  `periodicidade_vencimento` date NOT NULL,
  `tipo` varchar(250) NOT NULL,
  `id_fornecedor` int(11) NOT NULL,
  `id_conta_bancaria` int(11) NOT NULL,
  `id_centro_custo` int(11) NOT NULL,
  `referencia` varchar(250) NOT NULL,
  `valor` decimal(15,2) NOT NULL,
  `observacoes` text NOT NULL,
  `data_cadastro` datetime NOT NULL,
  `atualizacao` timestamp NOT NULL DEFAULT CURRENT_TIMESTAMP ON UPDATE CURRENT_TIMESTAMP,
  PRIMARY KEY (`id_recorrencia`)
) ENGINE=InnoDB DEFAULT CHARSET=latin1 ;

#
# Dados a serem incluídos na tabela
#


#
# Criação da Tabela : tb_fornecedores
#

CREATE TABLE `tb_fornecedores` (
  `id_fornecedor` int(11) NOT NULL AUTO_INCREMENT,
  `ativo` varchar(250) NOT NULL,
  `tipo` varchar(250) NOT NULL,
  `nome_razao_social` varchar(250) NOT NULL,
  `rg_ie` varchar(250) NOT NULL,
  `cpf_cnpj` varchar(250) NOT NULL,
  `cep` varchar(250) NOT NULL,
  `endereco` varchar(250) NOT NULL,
  `numero` varchar(250) NOT NULL,
  `complemento` varchar(250) NOT NULL,
  `bairro` varchar(250) NOT NULL,
  `cidade` varchar(250) NOT NULL,
  `estado` varchar(250) NOT NULL,
  `observacoes` text NOT NULL,
  `data_cadastro` datetime NOT NULL,
  `atualizacao` timestamp NOT NULL DEFAULT CURRENT_TIMESTAMP ON UPDATE CURRENT_TIMESTAMP,
  PRIMARY KEY (`id_fornecedor`)
) ENGINE=InnoDB AUTO_INCREMENT=11 DEFAULT CHARSET=latin1 ;

#
# Dados a serem incluídos na tabela
#

INSERT INTO tb_fornecedores VALUES ( '1', 'sim', 'CNPJ', 'Águas de Manaus', '', '03.264.927/0001-27', '', '', '', '', '', '', '', '', '2020-01-19 17:04:28', '2020-01-19 17:04:28');
INSERT INTO tb_fornecedores VALUES ( '2', 'sim', 'CNPJ', 'Net/Claro', '', '40.432.544/0243-21', '', '', '', '', '', '', '', '', '2020-01-19 17:05:09', '2020-01-19 17:05:09');
INSERT INTO tb_fornecedores VALUES ( '3', 'sim', 'CPF', 'Valdeleia Souza', '', '', '', '', '', '', '', '', '', '', '2020-01-19 17:05:39', '2020-09-02 00:42:02');
INSERT INTO tb_fornecedores VALUES ( '4', 'sim', 'CNPJ', 'Amazonas Energia', '', '02.341.467/0001-20', '', '', '', '', '', '', '', '', '2020-01-19 17:06:24', '2020-01-19 17:06:24');
INSERT INTO tb_fornecedores VALUES ( '5', 'sim', 'CPF', 'Evandro Josiano Bündchen', '5393807-8', '004.619.419-37', '', '', '', '', '', '', '', '', '2020-01-19 17:07:10', '2020-03-11 15:00:20');
INSERT INTO tb_fornecedores VALUES ( '6', 'sim', 'CNPJ', 'Igreja Evangélica Luterana do Brasil', '', '92.990.092/0001-12', '', '', '', '', '', '', '', '', '2020-01-19 17:07:51', '2020-01-19 17:07:51');
INSERT INTO tb_fornecedores VALUES ( '7', 'sim', 'CNPJ', 'Congregação Evangélica Luterana São Paulo', '', '07.180.279/0001-81', '', '', '', '', '', '', '', '', '2020-01-19 17:08:08', '2020-01-19 17:08:08');
INSERT INTO tb_fornecedores VALUES ( '8', 'sim', 'CPF', 'Solange Maria de Souza Araújo ', '', '074.276.382-04', '', '', '', '', '', '', '', '', '2020-01-19 17:08:33', '2020-03-11 15:09:28');
INSERT INTO tb_fornecedores VALUES ( '9', 'sim', 'CNPJ', 'L H T SERVIÇOS DE MANUTENÇÃO ELÉTRICA LTDA ME', '', '00.514.015/0001-78', '', '', '', '', '', '', '', '', '2020-02-05 19:08:38', '2020-02-05 19:08:38');
INSERT INTO tb_fornecedores VALUES ( '10', 'sim', 'CNPJ', 'OI FIBRA', '', '', '', '', '', '', '', '', '', '', '2020-09-18 15:04:43', '2020-09-18 15:04:43');

#
# Criação da Tabela : tb_fornecedores_emails
#

CREATE TABLE `tb_fornecedores_emails` (
  `id_email` int(11) NOT NULL AUTO_INCREMENT,
  `id_fornecedor` int(11) NOT NULL,
  `email` varchar(250) NOT NULL,
  `data_cadastro` datetime NOT NULL,
  `atualizacao` timestamp NOT NULL DEFAULT CURRENT_TIMESTAMP ON UPDATE CURRENT_TIMESTAMP,
  PRIMARY KEY (`id_email`)
) ENGINE=InnoDB DEFAULT CHARSET=latin1 ;

#
# Dados a serem incluídos na tabela
#


#
# Criação da Tabela : tb_fornecedores_telefones
#

CREATE TABLE `tb_fornecedores_telefones` (
  `id_telefone` int(11) NOT NULL AUTO_INCREMENT,
  `id_fornecedor` int(11) NOT NULL,
  `numero` varchar(250) NOT NULL,
  `data_cadastro` datetime NOT NULL,
  `atualizacao` timestamp NOT NULL DEFAULT CURRENT_TIMESTAMP ON UPDATE CURRENT_TIMESTAMP,
  PRIMARY KEY (`id_telefone`)
) ENGINE=InnoDB DEFAULT CHARSET=latin1 ;

#
# Dados a serem incluídos na tabela
#


#
# Criação da Tabela : tb_grupos
#

CREATE TABLE `tb_grupos` (
  `id_grupo` int(11) NOT NULL AUTO_INCREMENT,
  `id_congregacao` int(11) NOT NULL,
  `id_departamento` int(11) NOT NULL,
  `nome` varchar(250) NOT NULL,
  `coordenador` int(11) NOT NULL,
  `descricao` text NOT NULL,
  `encontros` varchar(250) NOT NULL,
  `data_cadastro` datetime NOT NULL,
  `atualizacao` timestamp NOT NULL DEFAULT CURRENT_TIMESTAMP ON UPDATE CURRENT_TIMESTAMP,
  PRIMARY KEY (`id_grupo`)
) ENGINE=InnoDB AUTO_INCREMENT=6 DEFAULT CHARSET=latin1 ;

#
# Dados a serem incluídos na tabela
#

INSERT INTO tb_grupos VALUES ( '1', '1', '2', 'Grupo de Mulheres', '73', '', 'Mensais', '2019-04-08 19:57:55', '2019-11-19 09:12:32');
INSERT INTO tb_grupos VALUES ( '2', '1', '4', 'Profissão de Fé', '101', '', 'Semanais', '2019-04-17 10:52:20', '2020-03-07 01:10:20');
INSERT INTO tb_grupos VALUES ( '3', '1', '14', 'Grupo 1', '101', '', 'Indefinido', '2019-11-18 16:09:56', '2020-03-07 01:09:33');
INSERT INTO tb_grupos VALUES ( '4', '1', '14', 'Grupo 3', '101', 'Bairro da Paz, Flores, Parque 10, Cidade Nova, Aleixo, Parque das Laranjeiras e Nossa Senhora das Graças', 'Indefinido', '2019-11-18 16:13:14', '2020-03-07 01:09:50');
INSERT INTO tb_grupos VALUES ( '5', '1', '14', 'Grupo 4', '101', 'Japiim, Centro, Cachoeirinha, Coroado e Presidente Vargas', 'Indefinido', '2019-11-18 16:17:08', '2020-03-07 01:10:07');

#
# Criação da Tabela : tb_grupos_encontros
#

CREATE TABLE `tb_grupos_encontros` (
  `id_encontro` int(11) NOT NULL AUTO_INCREMENT,
  `id_grupo` int(11) NOT NULL,
  `periodicidade` varchar(250) NOT NULL,
  `dia_semana` varchar(250) NOT NULL,
  `dia` date NOT NULL,
  `horario_inicial` time NOT NULL,
  `horario_final` time NOT NULL,
  `data_inicial` datetime NOT NULL,
  `data_final` datetime NOT NULL,
  `data_cadastro` datetime NOT NULL,
  `atualizacao` timestamp NOT NULL DEFAULT CURRENT_TIMESTAMP ON UPDATE CURRENT_TIMESTAMP,
  PRIMARY KEY (`id_encontro`)
) ENGINE=InnoDB AUTO_INCREMENT=6 DEFAULT CHARSET=latin1 ;

#
# Dados a serem incluídos na tabela
#

INSERT INTO tb_grupos_encontros VALUES ( '4', '1', 'Mensais', '', '2019-04-07', '16:00:00', '19:00:00', '2019-04-07 16:00:00', '2019-04-07 19:00:00', '2019-11-19 09:12:32', '2019-11-19 09:12:32');
INSERT INTO tb_grupos_encontros VALUES ( '5', '2', 'Semanais', '3', '2020-03-11', '19:00:00', '20:00:00', '2020-03-11 19:00:00', '2020-03-11 20:00:00', '2020-03-07 01:10:21', '2020-03-07 01:10:21');

#
# Criação da Tabela : tb_grupos_participantes
#

CREATE TABLE `tb_grupos_participantes` (
  `id_participante` int(11) NOT NULL AUTO_INCREMENT,
  `id_membro` int(11) NOT NULL,
  `id_grupo` int(11) NOT NULL,
  `data_cadastro` datetime NOT NULL,
  `atualizacao` timestamp NOT NULL DEFAULT CURRENT_TIMESTAMP ON UPDATE CURRENT_TIMESTAMP,
  PRIMARY KEY (`id_participante`)
) ENGINE=InnoDB AUTO_INCREMENT=89 DEFAULT CHARSET=latin1 ;

#
# Dados a serem incluídos na tabela
#

INSERT INTO tb_grupos_participantes VALUES ( '1', '73', '1', '2019-11-19 09:15:43', '2019-11-19 09:15:43');
INSERT INTO tb_grupos_participantes VALUES ( '2', '4', '1', '2019-11-19 09:15:43', '2019-11-19 09:15:43');
INSERT INTO tb_grupos_participantes VALUES ( '3', '64', '1', '2019-11-19 09:15:43', '2019-11-19 09:15:43');
INSERT INTO tb_grupos_participantes VALUES ( '4', '56', '1', '2019-11-19 09:15:43', '2019-11-19 09:15:43');
INSERT INTO tb_grupos_participantes VALUES ( '5', '16', '1', '2019-11-19 09:15:43', '2019-11-19 09:15:43');
INSERT INTO tb_grupos_participantes VALUES ( '6', '20', '1', '2019-11-19 09:15:43', '2019-11-19 09:15:43');
INSERT INTO tb_grupos_participantes VALUES ( '7', '12', '1', '2019-11-19 09:15:43', '2019-11-19 09:15:43');
INSERT INTO tb_grupos_participantes VALUES ( '8', '31', '1', '2019-11-19 09:15:43', '2019-11-19 09:15:43');
INSERT INTO tb_grupos_participantes VALUES ( '52', '19', '5', '2019-11-19 10:50:03', '2019-11-19 10:50:03');
INSERT INTO tb_grupos_participantes VALUES ( '53', '75', '5', '2019-11-19 10:50:03', '2019-11-19 10:50:03');
INSERT INTO tb_grupos_participantes VALUES ( '54', '79', '5', '2019-11-19 10:50:03', '2019-11-19 10:50:03');
INSERT INTO tb_grupos_participantes VALUES ( '55', '56', '5', '2019-11-19 10:50:03', '2019-11-19 10:50:03');
INSERT INTO tb_grupos_participantes VALUES ( '56', '16', '5', '2019-11-19 10:50:03', '2019-11-19 10:50:03');
INSERT INTO tb_grupos_participantes VALUES ( '57', '20', '5', '2019-11-19 10:50:03', '2019-11-19 10:50:03');
INSERT INTO tb_grupos_participantes VALUES ( '58', '11', '5', '2019-11-19 10:50:03', '2019-11-19 10:50:03');
INSERT INTO tb_grupos_participantes VALUES ( '59', '12', '5', '2019-11-19 10:50:03', '2019-11-19 10:50:03');
INSERT INTO tb_grupos_participantes VALUES ( '60', '26', '5', '2019-11-19 10:50:03', '2019-11-19 10:50:03');
INSERT INTO tb_grupos_participantes VALUES ( '61', '29', '5', '2019-11-19 10:50:03', '2019-11-19 10:50:03');
INSERT INTO tb_grupos_participantes VALUES ( '62', '77', '5', '2019-11-19 10:50:03', '2019-11-19 10:50:03');
INSERT INTO tb_grupos_participantes VALUES ( '63', '21', '5', '2019-11-19 10:50:03', '2019-11-19 10:50:03');
INSERT INTO tb_grupos_participantes VALUES ( '64', '9', '5', '2019-11-19 10:50:03', '2019-11-19 10:50:03');
INSERT INTO tb_grupos_participantes VALUES ( '65', '80', '5', '2019-11-19 10:50:03', '2019-11-19 10:50:03');
INSERT INTO tb_grupos_participantes VALUES ( '66', '23', '5', '2019-11-19 10:50:03', '2019-11-19 10:50:03');
INSERT INTO tb_grupos_participantes VALUES ( '67', '81', '5', '2019-11-19 10:50:03', '2019-11-19 10:50:03');
INSERT INTO tb_grupos_participantes VALUES ( '68', '84', '5', '2019-11-19 10:50:03', '2019-11-19 10:50:03');
INSERT INTO tb_grupos_participantes VALUES ( '69', '8', '5', '2019-11-19 10:50:03', '2019-11-19 10:50:03');
INSERT INTO tb_grupos_participantes VALUES ( '70', '85', '5', '2019-11-19 10:50:03', '2019-11-19 10:50:03');
INSERT INTO tb_grupos_participantes VALUES ( '71', '86', '5', '2019-11-19 10:50:03', '2019-11-19 10:50:03');
INSERT INTO tb_grupos_participantes VALUES ( '72', '87', '5', '2019-11-19 10:50:03', '2019-11-19 10:50:03');
INSERT INTO tb_grupos_participantes VALUES ( '73', '88', '5', '2019-11-19 10:50:03', '2019-11-19 10:50:03');
INSERT INTO tb_grupos_participantes VALUES ( '74', '63', '3', '2019-12-12 11:04:54', '2019-12-12 11:04:54');
INSERT INTO tb_grupos_participantes VALUES ( '75', '64', '3', '2019-12-12 11:04:54', '2019-12-12 11:04:54');
INSERT INTO tb_grupos_participantes VALUES ( '76', '62', '3', '2019-12-12 11:04:54', '2019-12-12 11:04:54');
INSERT INTO tb_grupos_participantes VALUES ( '77', '15', '3', '2019-12-12 11:04:54', '2019-12-12 11:04:54');
INSERT INTO tb_grupos_participantes VALUES ( '78', '70', '3', '2019-12-12 11:04:54', '2019-12-12 11:04:54');
INSERT INTO tb_grupos_participantes VALUES ( '79', '5', '3', '2019-12-12 11:04:54', '2019-12-12 11:04:54');
INSERT INTO tb_grupos_participantes VALUES ( '80', '4', '3', '2019-12-12 11:04:54', '2019-12-12 11:04:54');
INSERT INTO tb_grupos_participantes VALUES ( '81', '39', '3', '2019-12-12 11:04:54', '2019-12-12 11:04:54');
INSERT INTO tb_grupos_participantes VALUES ( '82', '40', '3', '2019-12-12 11:04:54', '2019-12-12 11:04:54');
INSERT INTO tb_grupos_participantes VALUES ( '83', '34', '3', '2019-12-12 11:04:54', '2019-12-12 11:04:54');
INSERT INTO tb_grupos_participantes VALUES ( '84', '31', '3', '2019-12-12 11:04:54', '2019-12-12 11:04:54');
INSERT INTO tb_grupos_participantes VALUES ( '85', '30', '3', '2019-12-12 11:04:54', '2019-12-12 11:04:54');
INSERT INTO tb_grupos_participantes VALUES ( '86', '45', '3', '2019-12-12 11:04:54', '2019-12-12 11:04:54');
INSERT INTO tb_grupos_participantes VALUES ( '87', '27', '3', '2019-12-12 11:04:55', '2019-12-12 11:04:55');
INSERT INTO tb_grupos_participantes VALUES ( '88', '32', '3', '2019-12-12 11:04:55', '2019-12-12 11:04:55');

#
# Criação da Tabela : tb_log_financeiro
#

CREATE TABLE `tb_log_financeiro` (
  `id_log` int(11) NOT NULL AUTO_INCREMENT,
  `id_conta_bancaria` int(11) NOT NULL,
  `id_lancamento` int(11) NOT NULL,
  `saldo_anterior` decimal(15,2) NOT NULL,
  `saldo_posterior` decimal(15,2) NOT NULL,
  `data_cadastro` datetime NOT NULL,
  `atualizacao` timestamp NOT NULL DEFAULT CURRENT_TIMESTAMP ON UPDATE CURRENT_TIMESTAMP,
  PRIMARY KEY (`id_log`)
) ENGINE=InnoDB AUTO_INCREMENT=1128 DEFAULT CHARSET=latin1 ;

#
# Dados a serem incluídos na tabela
#

INSERT INTO tb_log_financeiro VALUES ( '1', '1', '1', '0.00', '9990.76', '2019-04-04 19:24:33', '2019-04-04 19:24:33');
INSERT INTO tb_log_financeiro VALUES ( '2', '1', '2', '9990.76', '10545.01', '2019-04-07 15:14:03', '2019-04-07 15:14:03');
INSERT INTO tb_log_financeiro VALUES ( '3', '1', '3', '10545.01', '12545.01', '2019-04-07 15:15:20', '2019-04-07 15:15:20');
INSERT INTO tb_log_financeiro VALUES ( '4', '1', '4', '12545.01', '13890.26', '2019-04-07 15:18:08', '2019-04-07 15:18:08');
INSERT INTO tb_log_financeiro VALUES ( '5', '1', '5', '13890.26', '14830.76', '2019-04-07 15:19:01', '2019-04-07 15:19:01');
INSERT INTO tb_log_financeiro VALUES ( '6', '1', '6', '14830.76', '14745.76', '2019-04-07 15:20:54', '2019-04-07 15:20:54');
INSERT INTO tb_log_financeiro VALUES ( '7', '1', '7', '14745.76', '14265.76', '2019-04-07 15:22:17', '2019-04-07 15:22:17');
INSERT INTO tb_log_financeiro VALUES ( '8', '1', '8', '14265.76', '15000.76', '2019-04-07 15:23:11', '2019-04-07 15:23:11');
INSERT INTO tb_log_financeiro VALUES ( '9', '1', '9', '15000.76', '14725.76', '2019-04-07 15:24:33', '2019-04-07 15:24:33');
INSERT INTO tb_log_financeiro VALUES ( '10', '1', '10', '14725.76', '15703.86', '2019-04-07 15:30:30', '2019-04-07 15:30:30');
INSERT INTO tb_log_financeiro VALUES ( '11', '1', '11', '15703.86', '16803.86', '2019-04-07 15:33:06', '2019-04-07 15:33:06');
INSERT INTO tb_log_financeiro VALUES ( '12', '1', '12', '16803.86', '16726.86', '2019-04-07 15:34:18', '2019-04-07 15:34:18');
INSERT INTO tb_log_financeiro VALUES ( '13', '1', '13', '16726.86', '16451.72', '2019-04-07 15:35:19', '2019-04-07 15:35:19');
INSERT INTO tb_log_financeiro VALUES ( '14', '1', '14', '16451.72', '16418.98', '2019-04-07 15:36:05', '2019-04-07 15:36:05');
INSERT INTO tb_log_financeiro VALUES ( '15', '1', '15', '16418.98', '17588.98', '2019-04-07 15:40:00', '2019-04-07 15:40:00');
INSERT INTO tb_log_financeiro VALUES ( '16', '1', '16', '17588.98', '17338.98', '2019-04-07 15:41:02', '2019-04-07 15:41:02');
INSERT INTO tb_log_financeiro VALUES ( '17', '1', '17', '17338.98', '18556.98', '2019-04-07 15:43:51', '2019-04-07 15:43:51');
INSERT INTO tb_log_financeiro VALUES ( '18', '1', '18', '18556.98', '15314.98', '2019-04-07 15:44:50', '2019-04-07 15:44:50');
INSERT INTO tb_log_financeiro VALUES ( '19', '1', '19', '15314.98', '14834.98', '2019-04-07 15:46:23', '2019-04-07 15:46:23');
INSERT INTO tb_log_financeiro VALUES ( '20', '1', '20', '14834.98', '15708.98', '2019-04-07 15:47:36', '2019-04-07 15:47:36');
INSERT INTO tb_log_financeiro VALUES ( '21', '1', '21', '15708.98', '18458.98', '2019-04-07 15:48:24', '2019-04-07 15:48:24');
INSERT INTO tb_log_financeiro VALUES ( '22', '1', '22', '18458.98', '18308.98', '2019-04-07 15:49:10', '2019-04-07 15:49:10');
INSERT INTO tb_log_financeiro VALUES ( '23', '1', '23', '18308.98', '17669.98', '2019-04-07 15:50:21', '2019-04-07 15:50:21');
INSERT INTO tb_log_financeiro VALUES ( '24', '1', '24', '17669.98', '17388.25', '2019-04-07 15:51:18', '2019-04-07 15:51:18');
INSERT INTO tb_log_financeiro VALUES ( '25', '1', '25', '17388.25', '17352.59', '2019-04-07 15:52:01', '2019-04-07 15:52:01');
INSERT INTO tb_log_financeiro VALUES ( '26', '1', '26', '17352.59', '17077.59', '2019-04-07 15:52:46', '2019-04-07 15:52:46');
INSERT INTO tb_log_financeiro VALUES ( '27', '1', '27', '17077.59', '18157.39', '2019-04-07 16:04:53', '2019-04-07 16:04:53');
INSERT INTO tb_log_financeiro VALUES ( '28', '1', '28', '18157.39', '18169.39', '2019-04-07 16:08:44', '2019-04-07 16:08:44');
INSERT INTO tb_log_financeiro VALUES ( '29', '1', '29', '18169.39', '18029.59', '2019-04-07 16:09:30', '2019-04-07 16:09:30');
INSERT INTO tb_log_financeiro VALUES ( '30', '1', '30', '18029.59', '18019.59', '2019-04-07 16:10:16', '2019-04-07 16:10:16');
INSERT INTO tb_log_financeiro VALUES ( '31', '1', '31', '18019.59', '17839.59', '2019-04-07 16:11:06', '2019-04-07 16:11:06');
INSERT INTO tb_log_financeiro VALUES ( '32', '1', '32', '17839.59', '17539.59', '2019-04-07 16:12:02', '2019-04-07 16:12:02');
INSERT INTO tb_log_financeiro VALUES ( '33', '1', '33', '17539.59', '14539.59', '2019-04-07 16:12:56', '2019-04-07 16:12:56');
INSERT INTO tb_log_financeiro VALUES ( '34', '1', '34', '14539.59', '15815.59', '2019-04-07 16:13:51', '2019-04-07 16:13:51');
INSERT INTO tb_log_financeiro VALUES ( '35', '1', '35', '15815.59', '15855.59', '2019-04-07 16:14:22', '2019-04-07 16:14:22');
INSERT INTO tb_log_financeiro VALUES ( '36', '1', '36', '15855.59', '15955.59', '2019-04-07 16:15:05', '2019-04-07 16:15:05');
INSERT INTO tb_log_financeiro VALUES ( '37', '1', '37', '15955.59', '14655.59', '2019-04-07 16:16:09', '2019-04-07 16:16:09');
INSERT INTO tb_log_financeiro VALUES ( '38', '1', '38', '14655.59', '15983.59', '2019-04-07 16:16:58', '2019-04-07 16:16:58');
INSERT INTO tb_log_financeiro VALUES ( '39', '1', '39', '15983.59', '17020.59', '2019-04-07 16:17:54', '2019-04-07 16:17:54');
INSERT INTO tb_log_financeiro VALUES ( '40', '1', '40', '17020.59', '17030.59', '2019-04-07 16:18:28', '2019-04-07 16:18:28');
INSERT INTO tb_log_financeiro VALUES ( '41', '1', '41', '17030.59', '16755.59', '2019-04-07 16:19:48', '2019-04-07 16:19:48');
INSERT INTO tb_log_financeiro VALUES ( '42', '1', '42', '16755.59', '16570.59', '2019-04-07 16:20:46', '2019-04-07 16:20:46');
INSERT INTO tb_log_financeiro VALUES ( '43', '1', '43', '16570.59', '16410.59', '2019-04-07 16:21:27', '2019-04-07 16:21:27');
INSERT INTO tb_log_financeiro VALUES ( '44', '1', '44', '16410.59', '15930.59', '2019-04-07 16:22:12', '2019-04-07 16:22:12');
INSERT INTO tb_log_financeiro VALUES ( '45', '1', '45', '15930.59', '15780.59', '2019-04-07 16:22:49', '2019-04-07 16:22:49');
INSERT INTO tb_log_financeiro VALUES ( '46', '1', '46', '15780.59', '18530.59', '2019-04-07 16:23:26', '2019-04-07 16:23:26');
INSERT INTO tb_log_financeiro VALUES ( '47', '1', '47', '18530.59', '19442.59', '2019-04-07 16:24:30', '2019-04-07 16:24:30');
INSERT INTO tb_log_financeiro VALUES ( '48', '1', '48', '19442.59', '19457.59', '2019-04-07 16:25:05', '2019-04-07 16:25:05');
INSERT INTO tb_log_financeiro VALUES ( '49', '1', '49', '19457.59', '18815.75', '2019-04-07 16:48:47', '2019-04-07 16:48:47');
INSERT INTO tb_log_financeiro VALUES ( '50', '1', '50', '18815.75', '18779.85', '2019-04-07 16:49:45', '2019-04-07 16:49:45');
INSERT INTO tb_log_financeiro VALUES ( '51', '1', '51', '18779.85', '18755.85', '2019-04-07 16:50:47', '2019-04-07 16:50:47');
INSERT INTO tb_log_financeiro VALUES ( '52', '1', '52', '18755.85', '16790.81', '2019-04-07 16:53:25', '2019-04-07 16:53:25');
INSERT INTO tb_log_financeiro VALUES ( '53', '1', '53', '16790.81', '16022.81', '2019-04-07 16:55:30', '2019-04-07 16:55:30');
INSERT INTO tb_log_financeiro VALUES ( '54', '1', '54', '16022.81', '15872.81', '2019-04-07 16:56:00', '2019-04-07 16:56:00');
INSERT INTO tb_log_financeiro VALUES ( '55', '1', '55', '15872.81', '12872.81', '2019-04-07 16:56:33', '2019-04-07 16:56:33');
INSERT INTO tb_log_financeiro VALUES ( '56', '1', '56', '12872.81', '11572.81', '2019-04-07 16:57:10', '2019-04-07 16:57:10');
INSERT INTO tb_log_financeiro VALUES ( '57', '1', '57', '11572.81', '12682.81', '2019-04-07 16:57:56', '2019-04-07 16:57:56');
INSERT INTO tb_log_financeiro VALUES ( '58', '1', '58', '12682.81', '13476.81', '2019-04-07 16:58:51', '2019-04-07 16:58:51');
INSERT INTO tb_log_financeiro VALUES ( '59', '1', '59', '13476.81', '13498.46', '2019-04-07 16:59:17', '2019-04-07 16:59:17');
INSERT INTO tb_log_financeiro VALUES ( '60', '1', '60', '13498.46', '14832.46', '2019-04-14 14:09:58', '2019-04-14 14:09:58');
INSERT INTO tb_log_financeiro VALUES ( '61', '1', '61', '14832.46', '16532.46', '2019-04-14 14:11:19', '2019-04-14 14:11:19');
INSERT INTO tb_log_financeiro VALUES ( '62', '1', '62', '16532.46', '16382.46', '2019-04-15 18:44:25', '2019-04-15 18:44:25');
INSERT INTO tb_log_financeiro VALUES ( '63', '1', '63', '16382.46', '16132.46', '2019-04-19 22:58:08', '2019-04-19 22:58:08');
INSERT INTO tb_log_financeiro VALUES ( '64', '1', '64', '16382.46', '15882.46', '2019-04-19 22:59:10', '2019-04-19 22:59:10');
INSERT INTO tb_log_financeiro VALUES ( '65', '1', '65', '16382.46', '16232.46', '2019-04-21 19:48:16', '2019-04-21 19:48:16');
INSERT INTO tb_log_financeiro VALUES ( '66', '1', '66', '16232.46', '16206.66', '2019-04-21 19:49:11', '2019-04-21 19:49:11');
INSERT INTO tb_log_financeiro VALUES ( '67', '1', '67', '16206.66', '17245.66', '2019-04-21 19:50:01', '2019-04-21 19:50:01');
INSERT INTO tb_log_financeiro VALUES ( '68', '1', '68', '17245.66', '18545.66', '2019-04-21 19:50:56', '2019-04-21 19:50:56');
INSERT INTO tb_log_financeiro VALUES ( '69', '1', '67', '17795.66', '16756.66', '2019-04-25 00:11:55', '2019-04-25 00:11:55');
INSERT INTO tb_log_financeiro VALUES ( '70', '1', '67', '16756.66', '17868.66', '2019-04-25 00:12:20', '2019-04-25 00:12:20');
INSERT INTO tb_log_financeiro VALUES ( '71', '1', '69', '17868.66', '17895.66', '2019-04-25 00:12:57', '2019-04-25 00:12:57');
INSERT INTO tb_log_financeiro VALUES ( '72', '1', '70', '17895.66', '15450.91', '2019-04-28 15:34:53', '2019-04-28 15:34:53');
INSERT INTO tb_log_financeiro VALUES ( '73', '1', '71', '15450.91', '15366.91', '2019-04-28 15:36:05', '2019-04-28 15:36:05');
INSERT INTO tb_log_financeiro VALUES ( '74', '1', '72', '15366.91', '15996.91', '2019-04-28 15:36:56', '2019-04-28 15:36:56');
INSERT INTO tb_log_financeiro VALUES ( '75', '1', '73', '15996.91', '16016.91', '2019-04-28 15:37:43', '2019-04-28 15:37:43');
INSERT INTO tb_log_financeiro VALUES ( '76', '1', '74', '16016.91', '15741.91', '2019-05-02 00:30:30', '2019-05-02 00:30:30');
INSERT INTO tb_log_financeiro VALUES ( '77', '1', '75', '15741.91', '15591.91', '2019-05-02 00:31:49', '2019-05-02 00:31:49');
INSERT INTO tb_log_financeiro VALUES ( '78', '1', '76', '15591.91', '17091.91', '2019-05-04 23:31:01', '2019-05-04 23:31:01');
INSERT INTO tb_log_financeiro VALUES ( '79', '1', '77', '17091.91', '18278.91', '2019-05-04 23:31:40', '2019-05-04 23:31:40');
INSERT INTO tb_log_financeiro VALUES ( '80', '1', '78', '18278.91', '15278.91', '2019-05-04 23:32:25', '2019-05-04 23:32:25');
INSERT INTO tb_log_financeiro VALUES ( '81', '1', '79', '15278.91', '13978.91', '2019-05-04 23:33:00', '2019-05-04 23:33:00');
INSERT INTO tb_log_financeiro VALUES ( '82', '1', '80', '13978.91', '13828.91', '2019-05-08 00:24:49', '2019-05-08 00:24:49');
INSERT INTO tb_log_financeiro VALUES ( '83', '1', '81', '13828.91', '12859.76', '2019-05-12 13:07:22', '2019-05-12 13:07:22');
INSERT INTO tb_log_financeiro VALUES ( '84', '1', '82', '12859.76', '12829.76', '2019-05-12 13:08:13', '2019-05-12 13:08:13');
INSERT INTO tb_log_financeiro VALUES ( '85', '1', '83', '12829.76', '12835.76', '2019-05-12 13:09:00', '2019-05-12 13:09:00');
INSERT INTO tb_log_financeiro VALUES ( '86', '1', '84', '12835.76', '14145.76', '2019-05-12 13:09:36', '2019-05-12 13:09:36');
INSERT INTO tb_log_financeiro VALUES ( '87', '1', '85', '14145.76', '14345.76', '2019-05-12 13:10:12', '2019-05-12 13:10:12');
INSERT INTO tb_log_financeiro VALUES ( '88', '1', '87', '14345.76', '14195.76', '2019-05-16 00:10:19', '2019-05-16 00:10:19');
INSERT INTO tb_log_financeiro VALUES ( '89', '1', '88', '14195.76', '14120.76', '2019-05-16 00:11:48', '2019-05-16 00:11:48');
INSERT INTO tb_log_financeiro VALUES ( '90', '1', '89', '14120.76', '14028.44', '2019-05-16 00:12:30', '2019-05-16 00:12:30');
INSERT INTO tb_log_financeiro VALUES ( '91', '1', '90', '14028.44', '14655.44', '2019-05-20 01:13:20', '2019-05-20 01:13:20');
INSERT INTO tb_log_financeiro VALUES ( '92', '1', '91', '14655.44', '15955.44', '2019-05-20 01:14:03', '2019-05-20 01:14:03');
INSERT INTO tb_log_financeiro VALUES ( '93', '1', '92', '15955.44', '15805.44', '2019-05-22 01:11:15', '2019-05-22 01:11:15');
INSERT INTO tb_log_financeiro VALUES ( '94', '1', '93', '15805.44', '17078.44', '2019-05-26 00:09:30', '2019-05-26 00:09:30');
INSERT INTO tb_log_financeiro VALUES ( '95', '1', '94', '17078.44', '17138.44', '2019-05-26 00:10:05', '2019-05-26 00:10:05');
INSERT INTO tb_log_financeiro VALUES ( '96', '1', '95', '17138.44', '17079.54', '2019-05-26 00:10:49', '2019-05-26 00:10:49');
INSERT INTO tb_log_financeiro VALUES ( '97', '1', '96', '17079.54', '17004.54', '2019-05-26 00:11:38', '2019-05-26 00:11:38');
INSERT INTO tb_log_financeiro VALUES ( '98', '1', '97', '17004.54', '16854.54', '2019-05-28 01:10:27', '2019-05-28 01:10:27');
INSERT INTO tb_log_financeiro VALUES ( '99', '1', '98', '16854.54', '16138.33', '2019-06-01 15:44:28', '2019-06-01 15:44:28');
INSERT INTO tb_log_financeiro VALUES ( '100', '1', '99', '16138.33', '16059.21', '2019-06-01 15:45:10', '2019-06-01 15:45:10');
INSERT INTO tb_log_financeiro VALUES ( '101', '1', '100', '16059.21', '15295.96', '2019-06-01 15:45:56', '2019-06-01 15:45:56');
INSERT INTO tb_log_financeiro VALUES ( '102', '1', '101', '15295.96', '15020.96', '2019-06-01 15:46:26', '2019-06-01 15:46:26');
INSERT INTO tb_log_financeiro VALUES ( '103', '1', '99', '15020.96', '15100.08', '2019-06-01 15:54:15', '2019-06-01 15:54:15');
INSERT INTO tb_log_financeiro VALUES ( '104', '1', '99', '15100.08', '15020.36', '2019-06-01 15:54:34', '2019-06-01 15:54:34');
INSERT INTO tb_log_financeiro VALUES ( '105', '1', '102', '15020.36', '12020.36', '2019-06-02 17:41:59', '2019-06-02 17:41:59');
INSERT INTO tb_log_financeiro VALUES ( '106', '1', '103', '12020.36', '10720.36', '2019-06-02 17:42:51', '2019-06-02 17:42:51');
INSERT INTO tb_log_financeiro VALUES ( '107', '1', '104', '10720.36', '10692.36', '2019-06-02 17:43:24', '2019-06-02 17:43:24');
INSERT INTO tb_log_financeiro VALUES ( '108', '1', '105', '10692.36', '11703.36', '2019-06-02 17:44:05', '2019-06-02 17:44:05');
INSERT INTO tb_log_financeiro VALUES ( '109', '1', '106', '11703.36', '13203.36', '2019-06-02 17:44:49', '2019-06-02 17:44:49');
INSERT INTO tb_log_financeiro VALUES ( '110', '1', '107', '13203.36', '13240.36', '2019-06-09 18:53:28', '2019-06-09 18:53:28');
INSERT INTO tb_log_financeiro VALUES ( '111', '1', '108', '13240.36', '13203.36', '2019-06-09 18:54:17', '2019-06-09 18:54:17');
INSERT INTO tb_log_financeiro VALUES ( '112', '1', '109', '13203.36', '13053.36', '2019-06-09 18:55:02', '2019-06-09 18:55:02');
INSERT INTO tb_log_financeiro VALUES ( '113', '1', '110', '13053.36', '12084.21', '2019-06-09 18:55:46', '2019-06-09 18:55:46');
INSERT INTO tb_log_financeiro VALUES ( '114', '1', '111', '12084.21', '12048.31', '2019-06-09 18:57:18', '2019-06-09 18:57:18');
INSERT INTO tb_log_financeiro VALUES ( '115', '1', '112', '12048.31', '11483.67', '2019-06-09 18:57:54', '2019-06-09 18:57:54');
INSERT INTO tb_log_financeiro VALUES ( '116', '1', '113', '11483.67', '11165.67', '2019-06-09 18:58:37', '2019-06-09 18:58:37');
INSERT INTO tb_log_financeiro VALUES ( '117', '1', '114', '11165.67', '11156.67', '2019-06-09 18:59:11', '2019-06-09 18:59:11');
INSERT INTO tb_log_financeiro VALUES ( '118', '1', '115', '11156.67', '11136.67', '2019-06-09 18:59:44', '2019-06-09 18:59:44');
INSERT INTO tb_log_financeiro VALUES ( '119', '1', '116', '11136.67', '11069.67', '2019-06-09 19:00:13', '2019-06-09 19:00:13');
INSERT INTO tb_log_financeiro VALUES ( '120', '1', '117', '11069.67', '12436.67', '2019-06-09 19:01:28', '2019-06-09 19:01:28');
INSERT INTO tb_log_financeiro VALUES ( '121', '1', '118', '12436.67', '12286.67', '2019-06-16 14:37:28', '2019-06-16 14:37:28');
INSERT INTO tb_log_financeiro VALUES ( '122', '1', '119', '12286.67', '12138.42', '2019-06-16 14:39:14', '2019-06-16 14:39:14');
INSERT INTO tb_log_financeiro VALUES ( '123', '1', '120', '12138.42', '12023.42', '2019-06-16 14:40:01', '2019-06-16 14:40:01');
INSERT INTO tb_log_financeiro VALUES ( '124', '1', '121', '12023.42', '12896.42', '2019-06-16 14:40:42', '2019-06-16 14:40:42');
INSERT INTO tb_log_financeiro VALUES ( '125', '1', '122', '12896.42', '12930.42', '2019-06-16 14:41:22', '2019-06-16 14:41:22');
INSERT INTO tb_log_financeiro VALUES ( '126', '1', '123', '12930.42', '12780.42', '2019-06-23 18:57:57', '2019-06-23 18:57:57');
INSERT INTO tb_log_financeiro VALUES ( '127', '1', '124', '12780.42', '12608.42', '2019-06-23 18:58:27', '2019-06-23 18:58:27');
INSERT INTO tb_log_financeiro VALUES ( '128', '1', '125', '12608.42', '14108.42', '2019-06-23 18:59:03', '2019-06-23 18:59:03');
INSERT INTO tb_log_financeiro VALUES ( '129', '1', '126', '14108.42', '15251.42', '2019-06-23 18:59:42', '2019-06-23 18:59:42');
INSERT INTO tb_log_financeiro VALUES ( '130', '1', '127', '15251.42', '15261.42', '2019-06-23 19:00:17', '2019-06-23 19:00:17');
INSERT INTO tb_log_financeiro VALUES ( '131', '1', '128', '15261.42', '15111.42', '2019-06-30 14:45:48', '2019-06-30 14:45:48');
INSERT INTO tb_log_financeiro VALUES ( '132', '1', '129', '15111.42', '14290.52', '2019-06-30 14:46:36', '2019-06-30 14:46:36');
INSERT INTO tb_log_financeiro VALUES ( '133', '1', '130', '14290.52', '14015.52', '2019-06-30 14:47:17', '2019-06-30 14:47:17');
INSERT INTO tb_log_financeiro VALUES ( '134', '1', '131', '14015.52', '13865.52', '2019-06-30 14:48:02', '2019-06-30 14:48:02');
INSERT INTO tb_log_financeiro VALUES ( '135', '1', '132', '13865.52', '15019.52', '2019-06-30 14:48:38', '2019-06-30 14:48:38');
INSERT INTO tb_log_financeiro VALUES ( '136', '1', '133', '15019.52', '14392.56', '2019-07-13 15:49:43', '2019-07-13 15:49:43');
INSERT INTO tb_log_financeiro VALUES ( '137', '1', '134', '14392.56', '13077.56', '2019-07-13 15:50:41', '2019-07-13 15:50:41');
INSERT INTO tb_log_financeiro VALUES ( '138', '1', '135', '13077.56', '10077.56', '2019-07-13 15:53:03', '2019-07-13 15:53:03');
INSERT INTO tb_log_financeiro VALUES ( '139', '1', '136', '10077.56', '11084.56', '2019-07-13 15:53:57', '2019-07-13 15:53:57');
INSERT INTO tb_log_financeiro VALUES ( '140', '1', '137', '11084.56', '12584.56', '2019-07-13 15:54:31', '2019-07-13 15:54:31');
INSERT INTO tb_log_financeiro VALUES ( '141', '1', '138', '12584.56', '12434.56', '2019-07-13 15:55:15', '2019-07-13 15:55:15');
INSERT INTO tb_log_financeiro VALUES ( '142', '1', '139', '12434.56', '12284.56', '2019-07-13 15:56:23', '2019-07-13 15:56:23');
INSERT INTO tb_log_financeiro VALUES ( '143', '1', '140', '12284.56', '11315.41', '2019-07-13 15:57:12', '2019-07-13 15:57:12');
INSERT INTO tb_log_financeiro VALUES ( '144', '1', '141', '11315.41', '11426.40', '2019-07-13 15:58:12', '2019-07-13 15:58:12');
INSERT INTO tb_log_financeiro VALUES ( '145', '1', '142', '11426.40', '11315.41', '2019-07-13 15:59:06', '2019-07-13 15:59:06');
INSERT INTO tb_log_financeiro VALUES ( '146', '1', '143', '11315.41', '12515.41', '2019-07-16 23:55:14', '2019-07-16 23:55:14');
INSERT INTO tb_log_financeiro VALUES ( '147', '1', '144', '12515.41', '12715.41', '2019-07-16 23:55:52', '2019-07-16 23:55:52');
INSERT INTO tb_log_financeiro VALUES ( '148', '1', '145', '12715.41', '12565.41', '2019-07-16 23:56:52', '2019-07-16 23:56:52');
INSERT INTO tb_log_financeiro VALUES ( '149', '1', '146', '12565.41', '12487.66', '2019-07-16 23:57:37', '2019-07-16 23:57:37');
INSERT INTO tb_log_financeiro VALUES ( '150', '1', '147', '12487.66', '12372.66', '2019-07-16 23:58:16', '2019-07-16 23:58:16');
INSERT INTO tb_log_financeiro VALUES ( '151', '1', '148', '12372.66', '12252.66', '2019-07-17 00:00:39', '2019-07-17 00:00:39');
INSERT INTO tb_log_financeiro VALUES ( '152', '1', '149', '12252.66', '12215.26', '2019-07-21 16:39:56', '2019-07-21 16:39:56');
INSERT INTO tb_log_financeiro VALUES ( '153', '1', '150', '12215.26', '12145.36', '2019-07-21 16:40:32', '2019-07-21 16:40:32');
INSERT INTO tb_log_financeiro VALUES ( '154', '1', '151', '12145.36', '12165.36', '2019-07-21 16:41:27', '2019-07-21 16:41:27');
INSERT INTO tb_log_financeiro VALUES ( '155', '1', '152', '12165.36', '13457.36', '2019-07-21 16:42:24', '2019-07-21 16:42:24');
INSERT INTO tb_log_financeiro VALUES ( '156', '1', '153', '13457.36', '16504.06', '2019-07-21 16:43:28', '2019-07-21 16:43:28');
INSERT INTO tb_log_financeiro VALUES ( '157', '1', '154', '16504.06', '16204.06', '2019-08-03 15:33:03', '2019-08-03 15:33:03');
INSERT INTO tb_log_financeiro VALUES ( '158', '1', '155', '16204.06', '16104.06', '2019-08-03 15:34:09', '2019-08-03 15:34:09');
INSERT INTO tb_log_financeiro VALUES ( '159', '1', '156', '16104.06', '15829.06', '2019-08-03 15:35:03', '2019-08-03 15:35:03');
INSERT INTO tb_log_financeiro VALUES ( '160', '1', '157', '15829.06', '15130.74', '2019-08-03 15:36:33', '2019-08-03 15:36:33');
INSERT INTO tb_log_financeiro VALUES ( '161', '1', '157', '15130.74', '15829.06', '2019-08-03 15:38:50', '2019-08-03 15:38:50');
INSERT INTO tb_log_financeiro VALUES ( '162', '1', '157', '15829.06', '15130.74', '2019-08-03 15:39:09', '2019-08-03 15:39:09');
INSERT INTO tb_log_financeiro VALUES ( '163', '1', '158', '15130.74', '21690.74', '2019-08-03 15:40:47', '2019-08-03 15:40:47');
INSERT INTO tb_log_financeiro VALUES ( '164', '1', '159', '21690.74', '21711.24', '2019-08-03 15:41:21', '2019-08-03 15:41:21');
INSERT INTO tb_log_financeiro VALUES ( '165', '1', '158', '21711.24', '15151.24', '2019-08-03 15:42:05', '2019-08-03 15:42:05');
INSERT INTO tb_log_financeiro VALUES ( '166', '1', '158', '15151.24', '15807.24', '2019-08-03 15:42:32', '2019-08-03 15:42:32');
INSERT INTO tb_log_financeiro VALUES ( '167', '1', '160', '15807.24', '17057.24', '2019-08-03 15:43:26', '2019-08-03 15:43:26');
INSERT INTO tb_log_financeiro VALUES ( '168', '1', '157', '17057.24', '17755.56', '2019-08-03 15:44:11', '2019-08-03 15:44:11');
INSERT INTO tb_log_financeiro VALUES ( '169', '1', '157', '17755.56', '17057.26', '2019-08-03 15:44:25', '2019-08-03 15:44:25');
INSERT INTO tb_log_financeiro VALUES ( '170', '1', '161', '17057.26', '16817.26', '2019-08-03 16:48:56', '2019-08-03 16:48:56');
INSERT INTO tb_log_financeiro VALUES ( '171', '1', '161', '16817.26', '16841.26', '2019-08-03 16:49:25', '2019-08-03 16:49:25');
INSERT INTO tb_log_financeiro VALUES ( '172', '1', '161', '17057.26', '17033.26', '2019-08-03 16:49:33', '2019-08-03 16:49:33');
INSERT INTO tb_log_financeiro VALUES ( '173', '1', '162', '17033.26', '15668.26', '2019-08-14 00:51:03', '2019-08-14 00:51:03');
INSERT INTO tb_log_financeiro VALUES ( '174', '1', '163', '15668.26', '12668.26', '2019-08-14 00:51:37', '2019-08-14 00:51:37');
INSERT INTO tb_log_financeiro VALUES ( '175', '1', '164', '12668.26', '13310.26', '2019-08-14 00:52:25', '2019-08-14 00:52:25');
INSERT INTO tb_log_financeiro VALUES ( '176', '1', '165', '13310.26', '14810.26', '2019-08-14 00:53:00', '2019-08-14 00:53:00');
INSERT INTO tb_log_financeiro VALUES ( '177', '1', '166', '14810.26', '14684.76', '2019-08-14 00:53:45', '2019-08-14 00:53:45');
INSERT INTO tb_log_financeiro VALUES ( '178', '1', '167', '14684.76', '14614.92', '2019-08-14 00:54:48', '2019-08-14 00:54:48');
INSERT INTO tb_log_financeiro VALUES ( '179', '1', '168', '14614.92', '14464.92', '2019-08-14 00:55:23', '2019-08-14 00:55:23');
INSERT INTO tb_log_financeiro VALUES ( '180', '1', '169', '14464.92', '14452.92', '2019-08-14 00:56:13', '2019-08-14 00:56:13');
INSERT INTO tb_log_financeiro VALUES ( '181', '1', '170', '14452.92', '14292.92', '2019-08-14 00:56:56', '2019-08-14 00:56:56');
INSERT INTO tb_log_financeiro VALUES ( '182', '1', '171', '14292.92', '14227.92', '2019-08-14 00:57:39', '2019-08-14 00:57:39');
INSERT INTO tb_log_financeiro VALUES ( '183', '1', '172', '14227.92', '14527.92', '2019-08-14 00:58:19', '2019-08-14 00:58:19');
INSERT INTO tb_log_financeiro VALUES ( '184', '1', '173', '14527.92', '14567.92', '2019-08-14 00:58:59', '2019-08-14 00:58:59');
INSERT INTO tb_log_financeiro VALUES ( '185', '1', '174', '14567.92', '16250.92', '2019-08-14 00:59:38', '2019-08-14 00:59:38');
INSERT INTO tb_log_financeiro VALUES ( '186', '1', '175', '16250.92', '16134.30', '2019-08-14 01:00:48', '2019-08-14 01:00:48');
INSERT INTO tb_log_financeiro VALUES ( '187', '1', '176', '16134.30', '15165.15', '2019-08-14 01:01:32', '2019-08-14 01:01:32');
INSERT INTO tb_log_financeiro VALUES ( '188', '1', '177', '15165.15', '15015.15', '2019-08-14 01:02:05', '2019-08-14 01:02:05');
INSERT INTO tb_log_financeiro VALUES ( '189', '1', '178', '15015.15', '15065.15', '2019-08-14 01:02:45', '2019-08-14 01:02:45');
INSERT INTO tb_log_financeiro VALUES ( '190', '1', '179', '15065.15', '15644.15', '2019-08-28 00:20:48', '2019-08-28 00:20:48');
INSERT INTO tb_log_financeiro VALUES ( '191', '1', '180', '15644.15', '15494.15', '2019-08-28 00:21:37', '2019-08-28 00:21:37');
INSERT INTO tb_log_financeiro VALUES ( '192', '1', '181', '15494.15', '15515.40', '2019-08-28 00:22:50', '2019-08-28 00:22:50');
INSERT INTO tb_log_financeiro VALUES ( '193', '1', '182', '15515.40', '16078.40', '2019-08-28 00:23:28', '2019-08-28 00:23:28');
INSERT INTO tb_log_financeiro VALUES ( '194', '1', '183', '16078.40', '15928.40', '2019-08-28 00:23:56', '2019-08-28 00:23:56');
INSERT INTO tb_log_financeiro VALUES ( '195', '1', '184', '15928.40', '15728.40', '2019-08-28 00:36:19', '2019-08-28 00:36:19');
INSERT INTO tb_log_financeiro VALUES ( '196', '1', '185', '15728.40', '16464.40', '2019-09-01 17:57:53', '2019-09-01 17:57:53');
INSERT INTO tb_log_financeiro VALUES ( '197', '1', '186', '16464.40', '16414.40', '2019-09-01 17:58:48', '2019-09-01 17:58:48');
INSERT INTO tb_log_financeiro VALUES ( '198', '1', '187', '16414.40', '16139.40', '2019-09-01 18:00:30', '2019-09-01 18:00:30');
INSERT INTO tb_log_financeiro VALUES ( '199', '1', '188', '16139.40', '15194.40', '2019-09-01 18:01:26', '2019-09-01 18:01:26');
INSERT INTO tb_log_financeiro VALUES ( '200', '1', '189', '15194.40', '15209.40', '2019-09-01 18:02:12', '2019-09-01 18:02:12');
INSERT INTO tb_log_financeiro VALUES ( '201', '1', '190', '15209.40', '16471.40', '2019-09-01 18:02:49', '2019-09-01 18:02:49');
INSERT INTO tb_log_financeiro VALUES ( '202', '1', '191', '16471.40', '17671.40', '2019-09-01 18:03:22', '2019-09-01 18:03:22');
INSERT INTO tb_log_financeiro VALUES ( '203', '1', '192', '17671.40', '17851.40', '2019-09-01 18:04:12', '2019-09-01 18:04:12');
INSERT INTO tb_log_financeiro VALUES ( '204', '1', '190', '17851.40', '16589.40', '2019-09-01 18:05:01', '2019-09-01 18:05:01');
INSERT INTO tb_log_financeiro VALUES ( '205', '1', '190', '16589.40', '17841.40', '2019-09-01 18:05:22', '2019-09-01 18:05:22');
INSERT INTO tb_log_financeiro VALUES ( '206', '1', '193', '17841.40', '18416.40', '2019-09-15 20:13:21', '2019-09-15 20:13:21');
INSERT INTO tb_log_financeiro VALUES ( '207', '1', '194', '18416.40', '19916.40', '2019-09-15 20:14:23', '2019-09-15 20:14:23');
INSERT INTO tb_log_financeiro VALUES ( '208', '1', '195', '19916.40', '20136.40', '2019-09-15 20:17:47', '2019-09-15 20:17:47');
INSERT INTO tb_log_financeiro VALUES ( '209', '1', '196', '20136.40', '21518.40', '2019-09-15 20:20:55', '2019-09-15 20:20:55');
INSERT INTO tb_log_financeiro VALUES ( '210', '1', '197', '21518.40', '21635.40', '2019-09-15 20:22:39', '2019-09-15 20:22:39');
INSERT INTO tb_log_financeiro VALUES ( '211', '1', '198', '21635.40', '21589.55', '2019-09-15 20:26:14', '2019-09-15 20:26:14');
INSERT INTO tb_log_financeiro VALUES ( '212', '1', '199', '21589.55', '20620.40', '2019-09-15 20:27:05', '2019-09-15 20:27:05');
INSERT INTO tb_log_financeiro VALUES ( '213', '1', '200', '20620.40', '20470.40', '2019-09-15 20:28:21', '2019-09-15 20:28:21');
INSERT INTO tb_log_financeiro VALUES ( '214', '1', '201', '20470.40', '19789.00', '2019-09-15 20:29:08', '2019-09-15 20:29:08');
INSERT INTO tb_log_financeiro VALUES ( '215', '1', '202', '19789.00', '16789.00', '2019-09-15 20:29:53', '2019-09-15 20:29:53');
INSERT INTO tb_log_financeiro VALUES ( '216', '1', '203', '16789.00', '15439.00', '2019-09-15 20:31:32', '2019-09-15 20:31:32');
INSERT INTO tb_log_financeiro VALUES ( '217', '1', '204', '15439.00', '15289.00', '2019-09-15 20:32:22', '2019-09-15 20:32:22');
INSERT INTO tb_log_financeiro VALUES ( '218', '1', '205', '15289.00', '15174.00', '2019-09-15 20:33:08', '2019-09-15 20:33:08');
INSERT INTO tb_log_financeiro VALUES ( '219', '1', '206', '15174.00', '15727.00', '2019-09-29 14:24:53', '2019-09-29 14:24:53');
INSERT INTO tb_log_financeiro VALUES ( '220', '1', '207', '15727.00', '16127.00', '2019-09-29 14:25:48', '2019-09-29 14:25:48');
INSERT INTO tb_log_financeiro VALUES ( '221', '1', '208', '16127.00', '17327.00', '2019-09-29 14:26:33', '2019-09-29 14:26:33');
INSERT INTO tb_log_financeiro VALUES ( '222', '1', '209', '17327.00', '18398.00', '2019-09-29 14:27:12', '2019-09-29 14:27:12');
INSERT INTO tb_log_financeiro VALUES ( '223', '1', '210', '18398.00', '18248.00', '2019-09-29 14:27:58', '2019-09-29 14:27:58');
INSERT INTO tb_log_financeiro VALUES ( '224', '1', '211', '18248.00', '17462.00', '2019-09-29 14:28:47', '2019-09-29 14:28:47');
INSERT INTO tb_log_financeiro VALUES ( '225', '1', '212', '17462.00', '17430.00', '2019-09-29 14:29:19', '2019-09-29 14:29:19');
INSERT INTO tb_log_financeiro VALUES ( '226', '1', '213', '17430.00', '17380.00', '2019-09-29 14:29:47', '2019-09-29 14:29:47');
INSERT INTO tb_log_financeiro VALUES ( '227', '1', '214', '17380.00', '17230.00', '2019-09-29 14:30:21', '2019-09-29 14:30:21');
INSERT INTO tb_log_financeiro VALUES ( '228', '1', '209', '17230.00', '16159.00', '2019-09-29 14:52:04', '2019-09-29 14:52:04');
INSERT INTO tb_log_financeiro VALUES ( '229', '1', '209', '16159.00', '17240.00', '2019-09-29 14:52:22', '2019-09-29 14:52:22');
INSERT INTO tb_log_financeiro VALUES ( '230', '1', '215', '17240.00', '17090.00', '2019-10-04 23:49:41', '2019-10-04 23:49:41');
INSERT INTO tb_log_financeiro VALUES ( '231', '1', '216', '17090.00', '16815.00', '2019-10-04 23:50:14', '2019-10-04 23:50:14');
INSERT INTO tb_log_financeiro VALUES ( '232', '1', '217', '16815.00', '16040.00', '2019-10-04 23:51:13', '2019-10-04 23:51:13');
INSERT INTO tb_log_financeiro VALUES ( '233', '1', '218', '16040.00', '17540.00', '2019-10-08 23:40:52', '2019-10-08 23:40:52');
INSERT INTO tb_log_financeiro VALUES ( '234', '1', '219', '17540.00', '18577.00', '2019-10-08 23:41:24', '2019-10-08 23:41:24');
INSERT INTO tb_log_financeiro VALUES ( '235', '1', '220', '18577.00', '15577.00', '2019-10-08 23:41:58', '2019-10-08 23:41:58');
INSERT INTO tb_log_financeiro VALUES ( '236', '1', '221', '15577.00', '14213.00', '2019-10-08 23:42:40', '2019-10-08 23:42:40');
INSERT INTO tb_log_financeiro VALUES ( '237', '1', '222', '14213.00', '14063.00', '2019-10-08 23:43:10', '2019-10-08 23:43:10');
INSERT INTO tb_log_financeiro VALUES ( '238', '1', '223', '14063.00', '14009.00', '2019-10-08 23:43:43', '2019-10-08 23:43:43');
INSERT INTO tb_log_financeiro VALUES ( '239', '1', '224', '14009.00', '7602.75', '2019-10-11 12:58:10', '2019-10-11 12:58:10');
INSERT INTO tb_log_financeiro VALUES ( '240', '1', '225', '7602.75', '1602.75', '2019-10-11 12:59:03', '2019-10-11 12:59:03');
INSERT INTO tb_log_financeiro VALUES ( '241', '1', '226', '1602.75', '2202.75', '2019-10-14 13:46:22', '2019-10-14 13:46:22');
INSERT INTO tb_log_financeiro VALUES ( '242', '1', '227', '2202.75', '2749.75', '2019-10-14 13:47:01', '2019-10-14 13:47:01');
INSERT INTO tb_log_financeiro VALUES ( '243', '1', '228', '2749.75', '2834.75', '2019-10-14 13:47:35', '2019-10-14 13:47:35');
INSERT INTO tb_log_financeiro VALUES ( '244', '1', '229', '2834.75', '1865.60', '2019-10-14 13:48:19', '2019-10-14 13:48:19');
INSERT INTO tb_log_financeiro VALUES ( '245', '1', '230', '1865.60', '1715.60', '2019-10-14 13:48:45', '2019-10-14 13:48:45');
INSERT INTO tb_log_financeiro VALUES ( '246', '1', '231', '1715.60', '1600.60', '2019-10-14 13:49:17', '2019-10-14 13:49:17');
INSERT INTO tb_log_financeiro VALUES ( '247', '1', '232', '1600.60', '1519.60', '2019-10-21 23:02:18', '2019-10-21 23:02:18');
INSERT INTO tb_log_financeiro VALUES ( '248', '1', '233', '1519.60', '1449.60', '2019-10-21 23:02:44', '2019-10-21 23:02:44');
INSERT INTO tb_log_financeiro VALUES ( '249', '1', '234', '1449.60', '1299.60', '2019-10-21 23:03:19', '2019-10-21 23:03:19');
INSERT INTO tb_log_financeiro VALUES ( '250', '1', '235', '1299.60', '2636.60', '2019-10-21 23:03:47', '2019-10-21 23:03:47');
INSERT INTO tb_log_financeiro VALUES ( '251', '1', '236', '2636.60', '3440.60', '2019-10-29 00:22:06', '2019-10-29 00:22:06');
INSERT INTO tb_log_financeiro VALUES ( '252', '1', '237', '3440.60', '3476.60', '2019-10-29 00:23:51', '2019-10-29 00:23:51');
INSERT INTO tb_log_financeiro VALUES ( '253', '1', '238', '3476.60', '4776.60', '2019-10-29 00:24:35', '2019-10-29 00:24:35');
INSERT INTO tb_log_financeiro VALUES ( '254', '1', '239', '4776.60', '4626.60', '2019-10-29 00:25:04', '2019-10-29 00:25:04');
INSERT INTO tb_log_financeiro VALUES ( '255', '1', '240', '4626.60', '4351.60', '2019-11-06 00:02:26', '2019-11-06 00:02:26');
INSERT INTO tb_log_financeiro VALUES ( '256', '1', '241', '4351.60', '4313.26', '2019-11-06 00:50:38', '2019-11-06 00:50:38');
INSERT INTO tb_log_financeiro VALUES ( '257', '1', '242', '4313.26', '3918.95', '2019-11-06 00:52:09', '2019-11-06 00:52:09');
INSERT INTO tb_log_financeiro VALUES ( '258', '1', '243', '3918.95', '4185.95', '2019-11-06 00:52:50', '2019-11-06 00:52:50');
INSERT INTO tb_log_financeiro VALUES ( '259', '1', '244', '4185.95', '3918.95', '2019-11-06 00:53:20', '2019-11-06 00:53:20');
INSERT INTO tb_log_financeiro VALUES ( '260', '1', '245', '3918.95', '4518.95', '2019-11-06 00:54:02', '2019-11-06 00:54:02');
INSERT INTO tb_log_financeiro VALUES ( '261', '1', '246', '4518.95', '3918.95', '2019-11-06 00:54:29', '2019-11-06 00:54:29');
INSERT INTO tb_log_financeiro VALUES ( '262', '1', '247', '3918.95', '4418.95', '2019-11-06 00:55:02', '2019-11-06 00:55:02');
INSERT INTO tb_log_financeiro VALUES ( '263', '1', '248', '4418.95', '5918.95', '2019-11-06 00:55:35', '2019-11-06 00:55:35');
INSERT INTO tb_log_financeiro VALUES ( '264', '1', '249', '5918.95', '7071.00', '2019-11-06 00:56:38', '2019-11-06 00:56:38');
INSERT INTO tb_log_financeiro VALUES ( '265', '1', '250', '7071.00', '6921.00', '2019-11-06 00:57:52', '2019-11-06 00:57:52');
INSERT INTO tb_log_financeiro VALUES ( '266', '1', '251', '6921.00', '8921.00', '2019-11-06 00:58:30', '2019-11-06 00:58:30');
INSERT INTO tb_log_financeiro VALUES ( '267', '1', '252', '8921.00', '9421.00', '2019-11-10 15:06:28', '2019-11-10 15:06:28');
INSERT INTO tb_log_financeiro VALUES ( '268', '1', '253', '9421.00', '10421.00', '2019-11-10 15:06:57', '2019-11-10 15:06:57');
INSERT INTO tb_log_financeiro VALUES ( '269', '1', '254', '10421.00', '10721.00', '2019-11-10 15:07:37', '2019-11-10 15:07:37');
INSERT INTO tb_log_financeiro VALUES ( '270', '1', '255', '10721.00', '11538.00', '2019-11-10 15:08:09', '2019-11-10 15:08:09');
INSERT INTO tb_log_financeiro VALUES ( '271', '1', '256', '11538.00', '8538.00', '2019-11-10 15:09:01', '2019-11-10 15:09:01');
INSERT INTO tb_log_financeiro VALUES ( '272', '1', '257', '8538.00', '7028.00', '2019-11-10 15:10:26', '2019-11-10 15:10:26');
INSERT INTO tb_log_financeiro VALUES ( '273', '1', '258', '7028.00', '6878.00', '2019-11-16 23:23:00', '2019-11-16 23:23:00');
INSERT INTO tb_log_financeiro VALUES ( '274', '1', '259', '6878.00', '6763.00', '2019-11-16 23:24:03', '2019-11-16 23:24:03');
INSERT INTO tb_log_financeiro VALUES ( '275', '1', '260', '6763.00', '5793.75', '2019-11-16 23:24:38', '2019-11-16 23:24:38');
INSERT INTO tb_log_financeiro VALUES ( '276', '1', '261', '5793.75', '4918.75', '2019-11-16 23:25:49', '2019-11-16 23:25:49');
INSERT INTO tb_log_financeiro VALUES ( '277', '1', '262', '4918.75', '3964.75', '2019-11-16 23:26:30', '2019-11-16 23:26:30');
INSERT INTO tb_log_financeiro VALUES ( '278', '1', '263', '3964.75', '3997.75', '2019-11-16 23:27:24', '2019-11-16 23:27:24');
INSERT INTO tb_log_financeiro VALUES ( '279', '1', '264', '3997.75', '4802.75', '2019-11-16 23:27:59', '2019-11-16 23:27:59');
INSERT INTO tb_log_financeiro VALUES ( '280', '1', '265', '4802.75', '4652.75', '2019-11-20 00:54:21', '2019-11-20 00:54:21');
INSERT INTO tb_log_financeiro VALUES ( '281', '1', '266', '4652.75', '5152.75', '2019-11-20 00:54:48', '2019-11-20 00:54:48');
INSERT INTO tb_log_financeiro VALUES ( '282', '1', '267', '5152.75', '6138.75', '2019-11-24 18:05:40', '2019-11-24 18:05:40');
INSERT INTO tb_log_financeiro VALUES ( '283', '1', '268', '6138.75', '7638.75', '2019-11-24 18:06:42', '2019-11-24 18:06:42');
INSERT INTO tb_log_financeiro VALUES ( '284', '1', '243', '7638.75', '7371.75', '2019-11-24 18:08:33', '2019-11-24 18:08:33');
INSERT INTO tb_log_financeiro VALUES ( '285', '1', '243', '7371.75', '7638.75', '2019-11-24 18:08:58', '2019-11-24 18:08:58');
INSERT INTO tb_log_financeiro VALUES ( '286', '1', '245', '7638.75', '7038.75', '2019-11-24 18:09:15', '2019-11-24 18:09:15');
INSERT INTO tb_log_financeiro VALUES ( '287', '1', '245', '7038.75', '7638.75', '2019-11-24 18:09:42', '2019-11-24 18:09:42');
INSERT INTO tb_log_financeiro VALUES ( '288', '1', '269', '7638.75', '7488.75', '2019-12-01 18:14:49', '2019-12-01 18:14:49');
INSERT INTO tb_log_financeiro VALUES ( '289', '1', '270', '7488.75', '6756.45', '2019-12-01 18:15:39', '2019-12-01 18:15:39');
INSERT INTO tb_log_financeiro VALUES ( '290', '1', '271', '6756.45', '6704.10', '2019-12-01 18:16:24', '2019-12-01 18:16:24');
INSERT INTO tb_log_financeiro VALUES ( '291', '1', '272', '6704.10', '8704.10', '2019-12-01 18:16:58', '2019-12-01 18:16:58');
INSERT INTO tb_log_financeiro VALUES ( '292', '1', '273', '8704.10', '9776.60', '2019-12-01 18:17:35', '2019-12-01 18:17:35');
INSERT INTO tb_log_financeiro VALUES ( '293', '1', '274', '9776.60', '11126.60', '2019-12-01 18:18:08', '2019-12-01 18:18:08');
INSERT INTO tb_log_financeiro VALUES ( '294', '1', '275', '11126.60', '11987.60', '2019-12-01 18:18:38', '2019-12-01 18:18:38');
INSERT INTO tb_log_financeiro VALUES ( '295', '1', '276', '11987.60', '11712.60', '2019-12-05 00:27:26', '2019-12-05 00:27:26');
INSERT INTO tb_log_financeiro VALUES ( '296', '1', '277', '11712.60', '11702.15', '2019-12-05 00:28:25', '2019-12-05 00:28:25');
INSERT INTO tb_log_financeiro VALUES ( '297', '1', '278', '11702.15', '10929.15', '2019-12-05 00:29:07', '2019-12-05 00:29:07');
INSERT INTO tb_log_financeiro VALUES ( '298', '1', '279', '10929.15', '10918.70', '2019-12-05 00:30:00', '2019-12-05 00:30:00');
INSERT INTO tb_log_financeiro VALUES ( '299', '1', '280', '10918.70', '10768.70', '2019-12-05 00:30:37', '2019-12-05 00:30:37');
INSERT INTO tb_log_financeiro VALUES ( '300', '1', '281', '10768.70', '10389.70', '2019-12-05 00:31:28', '2019-12-05 00:31:28');
INSERT INTO tb_log_financeiro VALUES ( '301', '1', '282', '10389.70', '11889.70', '2019-12-12 11:57:36', '2019-12-12 11:57:36');
INSERT INTO tb_log_financeiro VALUES ( '302', '1', '283', '11889.70', '13045.20', '2019-12-12 11:58:31', '2019-12-12 11:58:31');
INSERT INTO tb_log_financeiro VALUES ( '303', '1', '284', '13045.20', '14195.20', '2019-12-12 11:59:24', '2019-12-12 11:59:24');
INSERT INTO tb_log_financeiro VALUES ( '304', '1', '285', '14195.20', '12840.20', '2019-12-12 12:00:09', '2019-12-12 12:00:09');
INSERT INTO tb_log_financeiro VALUES ( '305', '1', '286', '12840.20', '9840.20', '2019-12-12 12:00:54', '2019-12-12 12:00:54');
INSERT INTO tb_log_financeiro VALUES ( '306', '1', '287', '9840.20', '10407.67', '2019-12-12 12:01:47', '2019-12-12 12:01:47');
INSERT INTO tb_log_financeiro VALUES ( '307', '1', '288', '10407.67', '11007.67', '2019-12-12 12:02:31', '2019-12-12 12:02:31');
INSERT INTO tb_log_financeiro VALUES ( '308', '1', '289', '11007.67', '11807.67', '2019-12-12 12:03:41', '2019-12-12 12:03:41');
INSERT INTO tb_log_financeiro VALUES ( '309', '1', '290', '11807.67', '11240.20', '2019-12-12 12:04:48', '2019-12-12 12:04:48');
INSERT INTO tb_log_financeiro VALUES ( '310', '1', '291', '11240.20', '10640.20', '2019-12-12 12:05:32', '2019-12-12 12:05:32');
INSERT INTO tb_log_financeiro VALUES ( '311', '1', '292', '10640.20', '9840.20', '2019-12-12 12:06:16', '2019-12-12 12:06:16');
INSERT INTO tb_log_financeiro VALUES ( '312', '1', '293', '9840.20', '9690.20', '2019-12-12 12:06:56', '2019-12-12 12:06:56');
INSERT INTO tb_log_financeiro VALUES ( '313', '1', '294', '9690.20', '9599.84', '2019-12-12 12:08:00', '2019-12-12 12:08:00');
INSERT INTO tb_log_financeiro VALUES ( '314', '1', '295', '9599.84', '10049.84', '2019-12-12 12:08:52', '2019-12-12 12:08:52');
INSERT INTO tb_log_financeiro VALUES ( '315', '1', '296', '10049.84', '9599.84', '2019-12-12 12:09:26', '2019-12-12 12:09:26');
INSERT INTO tb_log_financeiro VALUES ( '316', '1', '297', '9599.84', '8630.69', '2019-12-12 12:10:14', '2019-12-12 12:10:14');
INSERT INTO tb_log_financeiro VALUES ( '317', '1', '298', '8630.69', '8515.70', '2019-12-12 12:11:29', '2019-12-12 12:11:29');
INSERT INTO tb_log_financeiro VALUES ( '318', '1', '299', '8515.70', '10015.70', '2019-12-18 00:04:55', '2019-12-18 00:04:55');
INSERT INTO tb_log_financeiro VALUES ( '319', '1', '300', '10015.70', '11130.90', '2019-12-18 00:05:35', '2019-12-18 00:05:35');
INSERT INTO tb_log_financeiro VALUES ( '320', '1', '301', '11130.90', '12630.90', '2019-12-18 00:06:07', '2019-12-18 00:06:07');
INSERT INTO tb_log_financeiro VALUES ( '321', '1', '302', '12630.90', '13730.90', '2019-12-18 00:06:43', '2019-12-18 00:06:43');
INSERT INTO tb_log_financeiro VALUES ( '322', '1', '303', '13730.90', '13580.90', '2019-12-18 00:07:25', '2019-12-18 00:07:25');
INSERT INTO tb_log_financeiro VALUES ( '323', '1', '304', '13580.90', '13639.90', '2019-12-27 12:38:37', '2019-12-27 12:38:37');
INSERT INTO tb_log_financeiro VALUES ( '324', '1', '305', '13639.90', '14039.90', '2019-12-27 12:39:17', '2019-12-27 12:39:17');
INSERT INTO tb_log_financeiro VALUES ( '325', '1', '306', '14039.90', '13442.62', '2019-12-27 12:40:10', '2019-12-27 12:40:10');
INSERT INTO tb_log_financeiro VALUES ( '326', '1', '307', '13442.62', '14511.62', '2019-12-27 12:41:15', '2019-12-27 12:41:15');
INSERT INTO tb_log_financeiro VALUES ( '327', '1', '308', '14511.62', '11511.62', '2019-12-27 12:42:36', '2019-12-27 12:42:36');
INSERT INTO tb_log_financeiro VALUES ( '328', '1', '309', '11511.62', '5511.62', '2019-12-27 12:43:18', '2019-12-27 12:43:18');
INSERT INTO tb_log_financeiro VALUES ( '329', '1', '310', '5511.62', '5361.62', '2019-12-27 12:44:05', '2019-12-27 12:44:05');
INSERT INTO tb_log_financeiro VALUES ( '330', '1', '311', '5361.62', '5861.62', '2019-12-27 12:44:39', '2019-12-27 12:44:39');
INSERT INTO tb_log_financeiro VALUES ( '331', '1', '312', '5861.62', '5809.62', '2019-12-27 12:45:56', '2019-12-27 12:45:56');
INSERT INTO tb_log_financeiro VALUES ( '332', '1', '313', '5809.62', '5659.62', '2019-12-30 12:37:31', '2019-12-30 12:37:31');
INSERT INTO tb_log_financeiro VALUES ( '333', '1', '314', '5659.62', '6274.62', '2019-12-30 12:38:06', '2019-12-30 12:38:06');
INSERT INTO tb_log_financeiro VALUES ( '334', '1', '315', '6274.62', '5999.62', '2019-12-30 12:38:53', '2019-12-30 12:38:53');
INSERT INTO tb_log_financeiro VALUES ( '335', '1', '316', '5999.62', '4265.85', '2019-12-30 13:03:24', '2019-12-30 13:03:24');
INSERT INTO tb_log_financeiro VALUES ( '336', '1', '317', '4265.85', '4244.95', '2020-01-03 18:41:45', '2020-01-03 18:41:45');
INSERT INTO tb_log_financeiro VALUES ( '337', '1', '318', '4244.95', '3246.95', '2020-01-03 18:42:23', '2020-01-03 18:42:23');
INSERT INTO tb_log_financeiro VALUES ( '338', '1', '319', '3246.95', '3746.95', '2020-01-03 18:43:07', '2020-01-03 18:43:07');
INSERT INTO tb_log_financeiro VALUES ( '339', '1', '320', '3746.95', '2931.44', '2020-01-03 18:43:55', '2020-01-03 18:43:55');
INSERT INTO tb_log_financeiro VALUES ( '340', '1', '321', '2931.44', '2920.99', '2020-01-03 18:44:26', '2020-01-03 18:44:26');
INSERT INTO tb_log_financeiro VALUES ( '341', '1', '322', '2920.99', '12028.70', '2020-01-09 21:40:27', '2020-01-09 21:40:27');
INSERT INTO tb_log_financeiro VALUES ( '342', '1', '323', '12028.70', '15416.70', '2020-01-09 21:41:42', '2020-01-09 21:41:42');
INSERT INTO tb_log_financeiro VALUES ( '343', '1', '324', '15416.70', '16216.70', '2020-01-09 21:42:22', '2020-01-09 21:42:22');
INSERT INTO tb_log_financeiro VALUES ( '344', '1', '325', '16216.70', '15716.70', '2020-01-09 21:44:11', '2020-01-09 21:44:11');
INSERT INTO tb_log_financeiro VALUES ( '345', '1', '326', '15716.70', '15546.70', '2020-01-09 21:44:55', '2020-01-09 21:44:55');
INSERT INTO tb_log_financeiro VALUES ( '346', '1', '327', '15546.70', '15215.21', '2020-01-09 21:47:29', '2020-01-09 21:47:29');
INSERT INTO tb_log_financeiro VALUES ( '347', '1', '328', '15215.21', '15071.15', '2020-01-09 21:48:17', '2020-01-09 21:48:17');
INSERT INTO tb_log_financeiro VALUES ( '348', '1', '329', '15071.15', '13071.15', '2020-01-09 21:48:48', '2020-01-09 21:48:48');
INSERT INTO tb_log_financeiro VALUES ( '349', '1', '330', '13071.15', '12796.15', '2020-01-09 21:49:22', '2020-01-09 21:49:22');
INSERT INTO tb_log_financeiro VALUES ( '350', '1', '331', '12796.15', '16644.15', '2020-01-09 21:55:49', '2020-01-09 21:55:49');
INSERT INTO tb_log_financeiro VALUES ( '351', '1', '332', '16644.15', '16944.15', '2020-01-09 21:56:34', '2020-01-09 21:56:34');
INSERT INTO tb_log_financeiro VALUES ( '352', '1', '333', '16944.15', '16644.15', '2020-01-09 21:57:07', '2020-01-09 21:57:07');
INSERT INTO tb_log_financeiro VALUES ( '353', '1', '334', '16644.15', '16321.90', '2020-01-09 21:57:48', '2020-01-09 21:57:48');
INSERT INTO tb_log_financeiro VALUES ( '354', '1', '335', '16321.90', '16291.33', '2020-01-09 21:58:16', '2020-01-09 21:58:16');
INSERT INTO tb_log_financeiro VALUES ( '355', '1', '336', '16291.33', '14291.33', '2020-01-09 21:58:45', '2020-01-09 21:58:45');
INSERT INTO tb_log_financeiro VALUES ( '356', '1', '337', '14291.33', '14016.33', '2020-01-09 21:59:24', '2020-01-09 21:59:24');
INSERT INTO tb_log_financeiro VALUES ( '357', '1', '338', '14016.33', '18750.33', '2020-01-09 22:05:05', '2020-01-09 22:05:05');
INSERT INTO tb_log_financeiro VALUES ( '358', '1', '339', '18750.33', '20350.33', '2020-01-09 22:05:46', '2020-01-09 22:05:46');
INSERT INTO tb_log_financeiro VALUES ( '359', '1', '340', '20350.33', '19780.33', '2020-01-09 22:06:31', '2020-01-09 22:06:31');
INSERT INTO tb_log_financeiro VALUES ( '360', '1', '341', '19780.33', '19465.63', '2020-01-09 22:07:05', '2020-01-09 22:07:05');
INSERT INTO tb_log_financeiro VALUES ( '361', '1', '342', '19465.63', '19432.89', '2020-01-09 22:07:32', '2020-01-09 22:07:32');
INSERT INTO tb_log_financeiro VALUES ( '362', '1', '343', '19432.89', '17432.89', '2020-01-09 22:08:00', '2020-01-09 22:08:00');
INSERT INTO tb_log_financeiro VALUES ( '363', '1', '344', '17432.89', '17157.89', '2020-01-09 22:08:28', '2020-01-09 22:08:28');
INSERT INTO tb_log_financeiro VALUES ( '364', '1', '345', '17157.89', '17083.39', '2020-01-09 22:09:00', '2020-01-09 22:09:00');
INSERT INTO tb_log_financeiro VALUES ( '365', '1', '346', '17083.39', '16770.06', '2020-01-09 22:09:28', '2020-01-09 22:09:28');
INSERT INTO tb_log_financeiro VALUES ( '366', '1', '347', '16770.06', '21728.06', '2020-01-09 22:10:42', '2020-01-09 22:10:42');
INSERT INTO tb_log_financeiro VALUES ( '367', '1', '348', '21728.06', '21058.06', '2020-01-09 22:11:23', '2020-01-09 22:11:23');
INSERT INTO tb_log_financeiro VALUES ( '368', '1', '349', '21058.06', '20734.13', '2020-01-09 22:12:00', '2020-01-09 22:12:00');
INSERT INTO tb_log_financeiro VALUES ( '369', '1', '350', '20734.13', '20701.39', '2020-01-09 22:12:28', '2020-01-09 22:12:28');
INSERT INTO tb_log_financeiro VALUES ( '370', '1', '351', '20701.39', '18701.39', '2020-01-09 22:13:03', '2020-01-09 22:13:03');
INSERT INTO tb_log_financeiro VALUES ( '371', '1', '352', '18701.39', '18426.39', '2020-01-09 22:13:46', '2020-01-09 22:13:46');
INSERT INTO tb_log_financeiro VALUES ( '372', '1', '353', '18426.39', '18322.29', '2020-01-09 22:14:21', '2020-01-09 22:14:21');
INSERT INTO tb_log_financeiro VALUES ( '373', '1', '354', '18322.29', '22743.59', '2020-01-09 22:16:12', '2020-01-09 22:16:12');
INSERT INTO tb_log_financeiro VALUES ( '374', '1', '355', '22743.59', '23543.59', '2020-01-09 22:16:43', '2020-01-09 22:16:43');
INSERT INTO tb_log_financeiro VALUES ( '375', '1', '356', '23543.59', '23143.59', '2020-01-09 22:17:15', '2020-01-09 22:17:15');
INSERT INTO tb_log_financeiro VALUES ( '376', '1', '357', '23143.59', '22719.77', '2020-01-09 22:17:45', '2020-01-09 22:17:45');
INSERT INTO tb_log_financeiro VALUES ( '377', '1', '358', '22719.77', '22687.03', '2020-01-09 22:18:16', '2020-01-09 22:18:16');
INSERT INTO tb_log_financeiro VALUES ( '378', '1', '359', '22687.03', '20687.03', '2020-01-09 22:18:45', '2020-01-09 22:18:45');
INSERT INTO tb_log_financeiro VALUES ( '379', '1', '360', '20687.03', '20412.03', '2020-01-09 22:19:20', '2020-01-09 22:19:20');
INSERT INTO tb_log_financeiro VALUES ( '380', '1', '361', '20412.03', '20310.03', '2020-01-09 22:19:51', '2020-01-09 22:19:51');
INSERT INTO tb_log_financeiro VALUES ( '381', '1', '362', '20310.03', '24007.03', '2020-01-09 22:21:35', '2020-01-09 22:21:35');
INSERT INTO tb_log_financeiro VALUES ( '382', '1', '363', '24007.03', '25157.03', '2020-01-09 22:22:04', '2020-01-09 22:22:04');
INSERT INTO tb_log_financeiro VALUES ( '383', '1', '364', '25157.03', '24587.03', '2020-01-09 22:22:36', '2020-01-09 22:22:36');
INSERT INTO tb_log_financeiro VALUES ( '384', '1', '365', '24587.03', '24281.49', '2020-01-09 22:23:12', '2020-01-09 22:23:12');
INSERT INTO tb_log_financeiro VALUES ( '385', '1', '366', '24281.49', '24237.42', '2020-01-09 22:23:45', '2020-01-09 22:23:45');
INSERT INTO tb_log_financeiro VALUES ( '386', '1', '367', '24237.42', '22237.42', '2020-01-09 22:24:21', '2020-01-09 22:24:21');
INSERT INTO tb_log_financeiro VALUES ( '387', '1', '368', '22237.42', '21962.42', '2020-01-09 22:24:48', '2020-01-09 22:24:48');
INSERT INTO tb_log_financeiro VALUES ( '388', '1', '369', '21962.42', '21775.85', '2020-01-09 22:25:33', '2020-01-09 22:25:33');
INSERT INTO tb_log_financeiro VALUES ( '389', '1', '370', '21775.85', '19901.85', '2020-01-09 22:26:09', '2020-01-09 22:26:09');
INSERT INTO tb_log_financeiro VALUES ( '390', '1', '371', '19901.85', '18901.85', '2020-01-09 22:27:06', '2020-01-09 22:27:06');
INSERT INTO tb_log_financeiro VALUES ( '391', '1', '372', '18901.85', '24339.85', '2020-01-09 22:31:16', '2020-01-09 22:31:16');
INSERT INTO tb_log_financeiro VALUES ( '392', '1', '373', '24339.85', '25239.85', '2020-01-09 22:31:45', '2020-01-09 22:31:45');
INSERT INTO tb_log_financeiro VALUES ( '393', '1', '374', '25239.85', '24739.85', '2020-01-09 22:32:31', '2020-01-09 22:32:31');
INSERT INTO tb_log_financeiro VALUES ( '394', '1', '375', '24739.85', '24296.43', '2020-01-09 22:33:28', '2020-01-09 22:33:28');
INSERT INTO tb_log_financeiro VALUES ( '395', '1', '376', '24296.43', '24263.69', '2020-01-09 22:33:54', '2020-01-09 22:33:54');
INSERT INTO tb_log_financeiro VALUES ( '396', '1', '377', '24263.69', '21263.69', '2020-01-09 22:34:17', '2020-01-09 22:34:17');
INSERT INTO tb_log_financeiro VALUES ( '397', '1', '378', '21263.69', '20988.69', '2020-01-09 22:34:47', '2020-01-09 22:34:47');
INSERT INTO tb_log_financeiro VALUES ( '398', '1', '379', '20988.69', '20886.60', '2020-01-09 22:35:17', '2020-01-09 22:35:17');
INSERT INTO tb_log_financeiro VALUES ( '399', '1', '380', '20886.60', '20746.60', '2020-01-09 22:35:47', '2020-01-09 22:35:47');
INSERT INTO tb_log_financeiro VALUES ( '400', '1', '381', '20746.60', '24649.70', '2020-01-09 22:37:45', '2020-01-09 22:37:45');
INSERT INTO tb_log_financeiro VALUES ( '401', '1', '382', '24649.70', '25449.70', '2020-01-09 22:38:20', '2020-01-09 22:38:20');
INSERT INTO tb_log_financeiro VALUES ( '402', '1', '383', '25449.70', '24869.70', '2020-01-09 22:38:51', '2020-01-09 22:38:51');
INSERT INTO tb_log_financeiro VALUES ( '403', '1', '384', '24869.70', '24479.53', '2020-01-09 22:39:22', '2020-01-09 22:39:22');
INSERT INTO tb_log_financeiro VALUES ( '404', '1', '385', '24479.53', '24446.79', '2020-01-09 22:39:49', '2020-01-09 22:39:49');
INSERT INTO tb_log_financeiro VALUES ( '405', '1', '386', '24446.79', '21446.79', '2020-01-09 22:40:15', '2020-01-09 22:40:15');
INSERT INTO tb_log_financeiro VALUES ( '406', '1', '387', '21446.79', '21171.79', '2020-01-09 22:40:47', '2020-01-09 22:40:47');
INSERT INTO tb_log_financeiro VALUES ( '407', '1', '388', '21171.79', '21101.79', '2020-01-09 22:41:13', '2020-01-09 22:41:13');
INSERT INTO tb_log_financeiro VALUES ( '408', '1', '389', '21101.79', '21027.79', '2020-01-09 22:41:49', '2020-01-09 22:41:49');
INSERT INTO tb_log_financeiro VALUES ( '409', '1', '390', '21027.79', '27437.79', '2020-01-09 22:46:04', '2020-01-09 22:46:04');
INSERT INTO tb_log_financeiro VALUES ( '410', '1', '391', '27437.79', '29237.79', '2020-01-09 22:46:36', '2020-01-09 22:46:36');
INSERT INTO tb_log_financeiro VALUES ( '411', '1', '392', '29237.79', '28637.79', '2020-01-09 22:47:04', '2020-01-09 22:47:04');
INSERT INTO tb_log_financeiro VALUES ( '412', '1', '393', '28637.79', '28225.13', '2020-01-09 22:47:36', '2020-01-09 22:47:36');
INSERT INTO tb_log_financeiro VALUES ( '413', '1', '394', '28225.13', '28192.39', '2020-01-09 22:48:02', '2020-01-09 22:48:02');
INSERT INTO tb_log_financeiro VALUES ( '414', '1', '395', '28192.39', '25192.39', '2020-01-09 22:48:33', '2020-01-09 22:48:33');
INSERT INTO tb_log_financeiro VALUES ( '415', '1', '396', '25192.39', '24917.39', '2020-01-09 22:49:02', '2020-01-09 22:49:02');
INSERT INTO tb_log_financeiro VALUES ( '416', '1', '397', '24917.39', '24802.39', '2020-01-09 22:50:28', '2020-01-09 22:50:28');
INSERT INTO tb_log_financeiro VALUES ( '417', '1', '398', '24802.39', '24752.39', '2020-01-09 22:51:02', '2020-01-09 22:51:02');
INSERT INTO tb_log_financeiro VALUES ( '418', '1', '399', '24752.39', '27346.39', '2020-01-09 22:52:37', '2020-01-09 22:52:37');
INSERT INTO tb_log_financeiro VALUES ( '419', '1', '400', '27346.39', '28846.39', '2020-01-09 22:53:09', '2020-01-09 22:53:09');
INSERT INTO tb_log_financeiro VALUES ( '420', '1', '401', '28846.39', '28306.39', '2020-01-09 22:53:40', '2020-01-09 22:53:40');
INSERT INTO tb_log_financeiro VALUES ( '421', '1', '402', '28306.39', '27945.04', '2020-01-09 22:54:15', '2020-01-09 22:54:15');
INSERT INTO tb_log_financeiro VALUES ( '422', '1', '403', '27945.04', '27912.30', '2020-01-09 22:54:43', '2020-01-09 22:54:43');
INSERT INTO tb_log_financeiro VALUES ( '423', '1', '404', '27912.30', '24912.30', '2020-01-09 22:55:10', '2020-01-09 22:55:10');
INSERT INTO tb_log_financeiro VALUES ( '424', '1', '405', '24912.30', '24637.30', '2020-01-09 22:55:47', '2020-01-09 22:55:47');
INSERT INTO tb_log_financeiro VALUES ( '425', '1', '406', '24637.30', '21647.52', '2020-01-09 22:56:38', '2020-01-09 22:56:38');
INSERT INTO tb_log_financeiro VALUES ( '426', '1', '407', '21647.52', '25207.02', '2020-01-09 22:57:52', '2020-01-09 22:57:52');
INSERT INTO tb_log_financeiro VALUES ( '427', '1', '408', '25207.02', '27607.02', '2020-01-09 22:58:29', '2020-01-09 22:58:29');
INSERT INTO tb_log_financeiro VALUES ( '428', '1', '409', '27607.02', '26947.02', '2020-01-09 22:59:27', '2020-01-09 22:59:27');
INSERT INTO tb_log_financeiro VALUES ( '429', '1', '410', '26947.02', '26574.50', '2020-01-09 23:00:02', '2020-01-09 23:00:02');
INSERT INTO tb_log_financeiro VALUES ( '430', '1', '411', '26574.50', '26541.76', '2020-01-09 23:00:34', '2020-01-09 23:00:34');
INSERT INTO tb_log_financeiro VALUES ( '431', '1', '412', '26541.76', '23541.76', '2020-01-09 23:02:07', '2020-01-09 23:02:07');
INSERT INTO tb_log_financeiro VALUES ( '432', '1', '413', '23541.76', '23266.76', '2020-01-09 23:02:36', '2020-01-09 23:02:36');
INSERT INTO tb_log_financeiro VALUES ( '433', '1', '414', '23266.76', '22901.26', '2020-01-09 23:04:26', '2020-01-09 23:04:26');
INSERT INTO tb_log_financeiro VALUES ( '434', '1', '415', '22901.26', '28196.26', '2020-01-09 23:06:32', '2020-01-09 23:06:32');
INSERT INTO tb_log_financeiro VALUES ( '435', '1', '416', '28196.26', '30356.26', '2020-01-09 23:08:41', '2020-01-09 23:08:41');
INSERT INTO tb_log_financeiro VALUES ( '436', '1', '417', '30356.26', '29576.26', '2020-01-09 23:10:15', '2020-01-09 23:10:15');
INSERT INTO tb_log_financeiro VALUES ( '437', '1', '418', '29576.26', '29093.79', '2020-01-09 23:10:55', '2020-01-09 23:10:55');
INSERT INTO tb_log_financeiro VALUES ( '438', '1', '419', '29093.79', '29051.32', '2020-01-09 23:11:25', '2020-01-09 23:11:25');
INSERT INTO tb_log_financeiro VALUES ( '439', '1', '420', '29051.32', '26051.32', '2020-01-09 23:11:56', '2020-01-09 23:11:56');
INSERT INTO tb_log_financeiro VALUES ( '440', '1', '421', '26051.32', '25776.32', '2020-01-09 23:12:28', '2020-01-09 23:12:28');
INSERT INTO tb_log_financeiro VALUES ( '441', '1', '422', '25776.32', '25711.32', '2020-01-09 23:12:58', '2020-01-09 23:12:58');
INSERT INTO tb_log_financeiro VALUES ( '442', '1', '423', '25711.32', '18711.32', '2020-01-09 23:13:38', '2020-01-09 23:13:38');
INSERT INTO tb_log_financeiro VALUES ( '443', '1', '417', '18711.32', '19491.32', '2020-01-09 23:31:11', '2020-01-09 23:31:11');
INSERT INTO tb_log_financeiro VALUES ( '444', '1', '417', '19491.32', '18811.65', '2020-01-09 23:31:31', '2020-01-09 23:31:31');
INSERT INTO tb_log_financeiro VALUES ( '445', '1', '417', '18811.65', '19491.32', '2020-01-09 23:34:35', '2020-01-09 23:34:35');
INSERT INTO tb_log_financeiro VALUES ( '446', '1', '417', '19491.32', '18610.99', '2020-01-09 23:35:15', '2020-01-09 23:35:15');
INSERT INTO tb_log_financeiro VALUES ( '447', '1', '424', '18610.99', '22430.99', '2020-01-09 23:39:54', '2020-01-09 23:39:54');
INSERT INTO tb_log_financeiro VALUES ( '448', '1', '425', '22430.99', '24230.99', '2020-01-09 23:40:39', '2020-01-09 23:40:39');
INSERT INTO tb_log_financeiro VALUES ( '449', '1', '426', '24230.99', '24135.99', '2020-01-09 23:44:12', '2020-01-09 23:44:12');
INSERT INTO tb_log_financeiro VALUES ( '450', '1', '427', '24135.99', '23655.99', '2020-01-09 23:44:42', '2020-01-09 23:44:42');
INSERT INTO tb_log_financeiro VALUES ( '451', '1', '428', '23655.99', '23380.99', '2020-01-09 23:45:16', '2020-01-09 23:45:16');
INSERT INTO tb_log_financeiro VALUES ( '452', '1', '429', '23380.99', '26580.99', '2020-01-09 23:47:46', '2020-01-09 23:47:46');
INSERT INTO tb_log_financeiro VALUES ( '453', '1', '430', '26580.99', '29934.99', '2020-01-09 23:48:21', '2020-01-09 23:48:21');
INSERT INTO tb_log_financeiro VALUES ( '454', '1', '431', '29934.99', '29907.99', '2020-01-09 23:49:23', '2020-01-09 23:49:23');
INSERT INTO tb_log_financeiro VALUES ( '455', '1', '432', '29907.99', '29782.99', '2020-01-09 23:50:29', '2020-01-09 23:50:29');
INSERT INTO tb_log_financeiro VALUES ( '456', '1', '433', '29782.99', '29612.99', '2020-01-09 23:50:57', '2020-01-09 23:50:57');
INSERT INTO tb_log_financeiro VALUES ( '457', '1', '434', '29612.99', '29580.25', '2020-01-09 23:51:25', '2020-01-09 23:51:25');
INSERT INTO tb_log_financeiro VALUES ( '458', '1', '435', '29580.25', '29209.14', '2020-01-09 23:51:51', '2020-01-09 23:51:51');
INSERT INTO tb_log_financeiro VALUES ( '459', '1', '436', '29209.14', '26209.14', '2020-01-09 23:52:32', '2020-01-09 23:52:32');
INSERT INTO tb_log_financeiro VALUES ( '460', '1', '437', '26209.14', '25934.14', '2020-01-09 23:53:18', '2020-01-09 23:53:18');
INSERT INTO tb_log_financeiro VALUES ( '461', '1', '438', '25934.14', '25294.14', '2020-01-09 23:53:58', '2020-01-09 23:53:58');
INSERT INTO tb_log_financeiro VALUES ( '462', '1', '439', '25294.14', '24934.14', '2020-01-09 23:54:35', '2020-01-09 23:54:35');
INSERT INTO tb_log_financeiro VALUES ( '463', '1', '440', '24934.14', '24864.14', '2020-01-09 23:55:03', '2020-01-09 23:55:03');
INSERT INTO tb_log_financeiro VALUES ( '464', '1', '441', '24864.14', '24495.75', '2020-01-09 23:56:14', '2020-01-09 23:56:14');
INSERT INTO tb_log_financeiro VALUES ( '465', '1', '442', '24495.75', '24367.85', '2020-01-09 23:56:53', '2020-01-09 23:56:53');
INSERT INTO tb_log_financeiro VALUES ( '466', '1', '443', '24367.85', '23517.85', '2020-01-09 23:57:57', '2020-01-09 23:57:57');
INSERT INTO tb_log_financeiro VALUES ( '467', '1', '444', '23517.85', '23155.85', '2020-01-09 23:58:30', '2020-01-09 23:58:30');
INSERT INTO tb_log_financeiro VALUES ( '468', '1', '445', '23155.85', '26939.85', '2020-01-10 00:13:16', '2020-01-10 00:13:16');
INSERT INTO tb_log_financeiro VALUES ( '469', '1', '446', '26939.85', '29364.85', '2020-01-10 00:13:53', '2020-01-10 00:13:53');
INSERT INTO tb_log_financeiro VALUES ( '470', '1', '447', '29364.85', '28884.85', '2020-01-10 00:14:37', '2020-01-10 00:14:37');
INSERT INTO tb_log_financeiro VALUES ( '471', '1', '448', '28884.85', '24880.85', '2020-01-10 00:15:14', '2020-01-10 00:15:14');
INSERT INTO tb_log_financeiro VALUES ( '472', '1', '449', '24880.85', '23540.85', '2020-01-10 00:15:46', '2020-01-10 00:15:46');
INSERT INTO tb_log_financeiro VALUES ( '473', '1', '450', '23540.85', '23265.85', '2020-01-10 00:16:17', '2020-01-10 00:16:17');
INSERT INTO tb_log_financeiro VALUES ( '474', '1', '451', '23265.85', '23149.85', '2020-01-10 00:17:02', '2020-01-10 00:17:02');
INSERT INTO tb_log_financeiro VALUES ( '475', '1', '452', '23149.85', '22297.85', '2020-01-10 00:17:45', '2020-01-10 00:17:45');
INSERT INTO tb_log_financeiro VALUES ( '476', '1', '453', '22297.85', '21967.85', '2020-01-10 00:18:29', '2020-01-10 00:18:29');
INSERT INTO tb_log_financeiro VALUES ( '477', '1', '454', '21967.85', '20838.69', '2020-01-10 00:19:04', '2020-01-10 00:19:04');
INSERT INTO tb_log_financeiro VALUES ( '478', '1', '455', '20838.69', '20799.61', '2020-01-10 00:19:31', '2020-01-10 00:19:31');
INSERT INTO tb_log_financeiro VALUES ( '479', '1', '456', '20799.61', '18899.61', '2020-01-10 00:20:25', '2020-01-10 00:20:25');
INSERT INTO tb_log_financeiro VALUES ( '480', '1', '457', '18899.61', '18153.61', '2020-01-10 00:21:13', '2020-01-10 00:21:13');
INSERT INTO tb_log_financeiro VALUES ( '481', '1', '458', '18153.61', '17908.61', '2020-01-10 00:21:40', '2020-01-10 00:21:40');
INSERT INTO tb_log_financeiro VALUES ( '482', '1', '459', '17908.61', '17546.36', '2020-01-10 00:22:13', '2020-01-10 00:22:13');
INSERT INTO tb_log_financeiro VALUES ( '483', '1', '460', '17546.36', '22614.10', '2020-01-10 00:24:47', '2020-01-10 00:24:47');
INSERT INTO tb_log_financeiro VALUES ( '484', '1', '461', '22614.10', '24014.10', '2020-01-10 00:25:16', '2020-01-10 00:25:16');
INSERT INTO tb_log_financeiro VALUES ( '485', '1', '462', '24014.10', '23414.10', '2020-01-10 00:25:45', '2020-01-10 00:25:45');
INSERT INTO tb_log_financeiro VALUES ( '486', '1', '463', '23414.10', '23397.15', '2020-01-10 00:26:16', '2020-01-10 00:26:16');
INSERT INTO tb_log_financeiro VALUES ( '487', '1', '464', '23397.15', '23364.41', '2020-01-10 00:26:47', '2020-01-10 00:26:47');
INSERT INTO tb_log_financeiro VALUES ( '488', '1', '465', '23364.41', '23251.91', '2020-01-10 00:27:52', '2020-01-10 00:27:52');
INSERT INTO tb_log_financeiro VALUES ( '489', '1', '466', '23251.91', '19247.91', '2020-01-10 00:28:31', '2020-01-10 00:28:31');
INSERT INTO tb_log_financeiro VALUES ( '490', '1', '467', '19247.91', '18927.91', '2020-01-10 00:29:20', '2020-01-10 00:29:20');
INSERT INTO tb_log_financeiro VALUES ( '491', '1', '468', '18927.91', '18652.91', '2020-01-10 00:29:55', '2020-01-10 00:29:55');
INSERT INTO tb_log_financeiro VALUES ( '492', '1', '469', '18652.91', '17523.75', '2020-01-10 00:30:29', '2020-01-10 00:30:29');
INSERT INTO tb_log_financeiro VALUES ( '493', '1', '470', '17523.75', '17353.75', '2020-01-10 00:30:57', '2020-01-10 00:30:57');
INSERT INTO tb_log_financeiro VALUES ( '494', '1', '471', '17353.75', '17218.55', '2020-01-10 00:31:31', '2020-01-10 00:31:31');
INSERT INTO tb_log_financeiro VALUES ( '495', '1', '472', '17218.55', '16968.55', '2020-01-10 00:32:03', '2020-01-10 00:32:03');
INSERT INTO tb_log_financeiro VALUES ( '496', '1', '473', '16968.55', '16648.55', '2020-01-10 00:32:33', '2020-01-10 00:32:33');
INSERT INTO tb_log_financeiro VALUES ( '497', '1', '474', '16648.55', '16984.55', '2020-01-10 00:32:58', '2020-01-10 00:32:58');
INSERT INTO tb_log_financeiro VALUES ( '498', '1', '475', '16984.55', '16808.55', '2020-01-10 00:33:37', '2020-01-10 00:33:37');
INSERT INTO tb_log_financeiro VALUES ( '499', '1', '476', '16808.55', '21125.40', '2020-01-10 00:35:45', '2020-01-10 00:35:45');
INSERT INTO tb_log_financeiro VALUES ( '500', '1', '477', '21125.40', '24275.40', '2020-01-10 00:36:16', '2020-01-10 00:36:16');
INSERT INTO tb_log_financeiro VALUES ( '501', '1', '478', '24275.40', '24105.40', '2020-01-10 00:36:40', '2020-01-10 00:36:40');
INSERT INTO tb_log_financeiro VALUES ( '502', '1', '479', '24105.40', '19536.82', '2020-01-10 00:37:20', '2020-01-10 00:37:20');
INSERT INTO tb_log_financeiro VALUES ( '503', '1', '480', '19536.82', '19069.00', '2020-01-10 00:38:01', '2020-01-10 00:38:01');
INSERT INTO tb_log_financeiro VALUES ( '504', '1', '481', '19069.00', '18794.00', '2020-01-10 00:38:31', '2020-01-10 00:38:31');
INSERT INTO tb_log_financeiro VALUES ( '505', '1', '482', '18794.00', '18314.00', '2020-01-10 00:39:00', '2020-01-10 00:39:00');
INSERT INTO tb_log_financeiro VALUES ( '506', '1', '483', '18314.00', '18204.00', '2020-01-10 00:40:04', '2020-01-10 00:40:04');
INSERT INTO tb_log_financeiro VALUES ( '507', '1', '484', '18204.00', '18171.26', '2020-01-10 00:40:43', '2020-01-10 00:40:43');
INSERT INTO tb_log_financeiro VALUES ( '508', '1', '485', '18171.26', '18204.00', '2020-01-10 00:41:06', '2020-01-10 00:41:06');
INSERT INTO tb_log_financeiro VALUES ( '509', '1', '486', '18204.00', '17828.00', '2020-01-10 00:42:04', '2020-01-10 00:42:04');
INSERT INTO tb_log_financeiro VALUES ( '510', '1', '487', '17828.00', '17348.00', '2020-01-10 00:42:36', '2020-01-10 00:42:36');
INSERT INTO tb_log_financeiro VALUES ( '511', '1', '488', '17348.00', '13924.00', '2020-01-10 00:43:17', '2020-01-10 00:43:17');
INSERT INTO tb_log_financeiro VALUES ( '512', '1', '489', '13924.00', '13455.25', '2020-01-10 00:43:49', '2020-01-10 00:43:49');
INSERT INTO tb_log_financeiro VALUES ( '513', '1', '490', '13455.25', '12855.25', '2020-01-10 00:44:23', '2020-01-10 00:44:23');
INSERT INTO tb_log_financeiro VALUES ( '514', '1', '491', '12855.25', '8286.25', '2020-01-10 00:45:01', '2020-01-10 00:45:01');
INSERT INTO tb_log_financeiro VALUES ( '515', '1', '492', '8286.25', '11842.10', '2020-01-10 00:46:10', '2020-01-10 00:46:10');
INSERT INTO tb_log_financeiro VALUES ( '516', '1', '493', '11842.10', '13747.10', '2020-01-10 00:46:39', '2020-01-10 00:46:39');
INSERT INTO tb_log_financeiro VALUES ( '517', '1', '494', '13747.10', '12667.10', '2020-01-10 00:47:04', '2020-01-10 00:47:04');
INSERT INTO tb_log_financeiro VALUES ( '518', '1', '495', '12667.10', '12467.10', '2020-01-10 00:47:30', '2020-01-10 00:47:30');
INSERT INTO tb_log_financeiro VALUES ( '519', '1', '496', '12467.10', '12192.10', '2020-01-10 00:47:54', '2020-01-10 00:47:54');
INSERT INTO tb_log_financeiro VALUES ( '520', '1', '497', '12192.10', '12108.10', '2020-01-10 00:48:20', '2020-01-10 00:48:20');
INSERT INTO tb_log_financeiro VALUES ( '521', '1', '498', '12108.10', '12073.85', '2020-01-10 00:48:46', '2020-01-10 00:48:46');
INSERT INTO tb_log_financeiro VALUES ( '522', '1', '499', '12073.85', '11873.85', '2020-01-10 00:49:14', '2020-01-10 00:49:14');
INSERT INTO tb_log_financeiro VALUES ( '523', '1', '500', '11873.85', '12532.84', '2020-01-10 00:50:01', '2020-01-10 00:50:01');
INSERT INTO tb_log_financeiro VALUES ( '524', '1', '501', '12532.84', '9532.84', '2020-01-10 00:50:26', '2020-01-10 00:50:26');
INSERT INTO tb_log_financeiro VALUES ( '525', '1', '502', '9532.84', '14440.12', '2020-01-10 00:51:55', '2020-01-10 00:51:55');
INSERT INTO tb_log_financeiro VALUES ( '526', '1', '503', '14440.12', '16790.12', '2020-01-10 00:52:22', '2020-01-10 00:52:22');
INSERT INTO tb_log_financeiro VALUES ( '527', '1', '504', '16790.12', '16310.12', '2020-01-10 00:52:58', '2020-01-10 00:52:58');
INSERT INTO tb_log_financeiro VALUES ( '528', '1', '505', '16310.12', '16130.12', '2020-01-10 00:53:27', '2020-01-10 00:53:27');
INSERT INTO tb_log_financeiro VALUES ( '529', '1', '506', '16130.12', '16094.12', '2020-01-10 00:54:07', '2020-01-10 00:54:07');
INSERT INTO tb_log_financeiro VALUES ( '530', '1', '507', '16094.12', '15819.12', '2020-01-10 00:54:31', '2020-01-10 00:54:31');
INSERT INTO tb_log_financeiro VALUES ( '531', '1', '508', '15819.12', '15719.12', '2020-01-10 00:54:57', '2020-01-10 00:54:57');
INSERT INTO tb_log_financeiro VALUES ( '532', '1', '509', '15719.12', '15573.12', '2020-01-10 00:55:29', '2020-01-10 00:55:29');
INSERT INTO tb_log_financeiro VALUES ( '533', '1', '510', '15573.12', '15156.87', '2020-01-10 00:55:56', '2020-01-10 00:55:56');
INSERT INTO tb_log_financeiro VALUES ( '534', '1', '511', '15156.87', '15080.87', '2020-01-10 00:56:29', '2020-01-10 00:56:29');
INSERT INTO tb_log_financeiro VALUES ( '535', '1', '512', '15080.87', '17520.87', '2020-01-10 00:57:08', '2020-01-10 00:57:08');
INSERT INTO tb_log_financeiro VALUES ( '536', '1', '513', '17520.87', '17445.87', '2020-01-10 00:57:51', '2020-01-10 00:57:51');
INSERT INTO tb_log_financeiro VALUES ( '537', '1', '514', '17445.87', '18995.87', '2020-01-10 00:58:22', '2020-01-10 00:58:22');
INSERT INTO tb_log_financeiro VALUES ( '538', '1', '515', '18995.87', '18702.92', '2020-01-10 00:59:03', '2020-01-10 00:59:03');
INSERT INTO tb_log_financeiro VALUES ( '539', '1', '516', '18702.92', '23761.87', '2020-01-10 21:16:39', '2020-01-10 21:16:39');
INSERT INTO tb_log_financeiro VALUES ( '540', '1', '517', '23761.87', '28261.87', '2020-01-10 21:17:12', '2020-01-10 21:17:12');
INSERT INTO tb_log_financeiro VALUES ( '541', '1', '518', '28261.87', '27721.87', '2020-01-10 21:17:39', '2020-01-10 21:17:39');
INSERT INTO tb_log_financeiro VALUES ( '542', '1', '519', '27721.87', '27637.87', '2020-01-10 21:18:20', '2020-01-10 21:18:20');
INSERT INTO tb_log_financeiro VALUES ( '543', '1', '520', '27637.87', '27362.87', '2020-01-10 21:21:35', '2020-01-10 21:21:35');
INSERT INTO tb_log_financeiro VALUES ( '544', '1', '521', '27362.87', '24362.87', '2020-01-10 21:23:16', '2020-01-10 21:23:16');
INSERT INTO tb_log_financeiro VALUES ( '545', '1', '522', '24362.87', '24105.87', '2020-01-10 21:23:54', '2020-01-10 21:23:54');
INSERT INTO tb_log_financeiro VALUES ( '546', '1', '523', '24105.87', '23885.87', '2020-01-10 21:24:44', '2020-01-10 21:24:44');
INSERT INTO tb_log_financeiro VALUES ( '547', '1', '524', '23885.87', '23837.03', '2020-01-10 21:26:03', '2020-01-10 21:26:03');
INSERT INTO tb_log_financeiro VALUES ( '548', '1', '525', '23837.03', '23804.29', '2020-01-10 21:26:35', '2020-01-10 21:26:35');
INSERT INTO tb_log_financeiro VALUES ( '549', '1', '526', '23804.29', '23771.54', '2020-01-10 21:26:57', '2020-01-10 21:26:57');
INSERT INTO tb_log_financeiro VALUES ( '550', '1', '527', '23771.54', '23496.54', '2020-01-10 21:28:44', '2020-01-10 21:28:44');
INSERT INTO tb_log_financeiro VALUES ( '551', '1', '528', '23496.54', '23147.18', '2020-01-10 21:29:17', '2020-01-10 21:29:17');
INSERT INTO tb_log_financeiro VALUES ( '552', '1', '529', '23147.18', '23114.44', '2020-01-10 21:29:58', '2020-01-10 21:29:58');
INSERT INTO tb_log_financeiro VALUES ( '553', '1', '530', '23114.44', '20114.44', '2020-01-10 21:30:21', '2020-01-10 21:30:21');
INSERT INTO tb_log_financeiro VALUES ( '554', '1', '531', '20114.44', '24778.44', '2020-01-10 21:32:06', '2020-01-10 21:32:06');
INSERT INTO tb_log_financeiro VALUES ( '555', '1', '532', '24778.44', '28178.44', '2020-01-10 21:32:42', '2020-01-10 21:32:42');
INSERT INTO tb_log_financeiro VALUES ( '556', '1', '533', '28178.44', '27538.44', '2020-01-10 21:33:40', '2020-01-10 21:33:40');
INSERT INTO tb_log_financeiro VALUES ( '557', '1', '534', '27538.44', '22868.44', '2020-01-10 21:34:10', '2020-01-10 21:34:10');
INSERT INTO tb_log_financeiro VALUES ( '558', '1', '535', '22868.44', '22818.44', '2020-01-10 21:34:37', '2020-01-10 21:34:37');
INSERT INTO tb_log_financeiro VALUES ( '559', '1', '536', '22818.44', '22748.44', '2020-01-10 21:35:02', '2020-01-10 21:35:02');
INSERT INTO tb_log_financeiro VALUES ( '560', '1', '537', '22748.44', '22698.44', '2020-01-10 21:35:32', '2020-01-10 21:35:32');
INSERT INTO tb_log_financeiro VALUES ( '561', '1', '538', '22698.44', '22593.44', '2020-01-10 21:36:28', '2020-01-10 21:36:28');
INSERT INTO tb_log_financeiro VALUES ( '562', '1', '539', '22593.44', '22577.44', '2020-01-10 21:36:55', '2020-01-10 21:36:55');
INSERT INTO tb_log_financeiro VALUES ( '563', '1', '540', '22577.44', '22326.78', '2020-01-10 21:37:21', '2020-01-10 21:37:21');
INSERT INTO tb_log_financeiro VALUES ( '564', '1', '541', '22326.78', '22294.04', '2020-01-10 21:37:49', '2020-01-10 21:37:49');
INSERT INTO tb_log_financeiro VALUES ( '565', '1', '542', '22294.04', '19294.04', '2020-01-10 21:38:13', '2020-01-10 21:38:13');
INSERT INTO tb_log_financeiro VALUES ( '566', '1', '543', '19294.04', '25648.54', '2020-01-10 21:39:35', '2020-01-10 21:39:35');
INSERT INTO tb_log_financeiro VALUES ( '567', '1', '544', '25648.54', '26548.54', '2020-01-10 21:40:04', '2020-01-10 21:40:04');
INSERT INTO tb_log_financeiro VALUES ( '568', '1', '545', '26548.54', '26028.54', '2020-01-10 21:40:36', '2020-01-10 21:40:36');
INSERT INTO tb_log_financeiro VALUES ( '569', '1', '546', '26028.54', '25753.54', '2020-01-10 21:41:12', '2020-01-10 21:41:12');
INSERT INTO tb_log_financeiro VALUES ( '570', '1', '547', '25753.54', '25683.54', '2020-01-10 21:41:36', '2020-01-10 21:41:36');
INSERT INTO tb_log_financeiro VALUES ( '571', '1', '548', '25683.54', '24512.54', '2020-01-10 21:42:07', '2020-01-10 21:42:07');
INSERT INTO tb_log_financeiro VALUES ( '572', '1', '549', '24512.54', '24237.54', '2020-01-10 21:42:29', '2020-01-10 21:42:29');
INSERT INTO tb_log_financeiro VALUES ( '573', '1', '550', '24237.54', '29067.84', '2020-01-10 21:43:36', '2020-01-10 21:43:36');
INSERT INTO tb_log_financeiro VALUES ( '574', '1', '551', '29067.84', '30417.84', '2020-01-10 21:43:59', '2020-01-10 21:43:59');
INSERT INTO tb_log_financeiro VALUES ( '575', '1', '552', '30417.84', '29937.84', '2020-01-10 21:44:35', '2020-01-10 21:44:35');
INSERT INTO tb_log_financeiro VALUES ( '576', '1', '553', '29937.84', '29867.84', '2020-01-10 21:45:02', '2020-01-10 21:45:02');
INSERT INTO tb_log_financeiro VALUES ( '577', '1', '554', '29867.84', '29848.84', '2020-01-10 21:45:34', '2020-01-10 21:45:34');
INSERT INTO tb_log_financeiro VALUES ( '578', '1', '555', '29848.84', '26848.84', '2020-01-10 21:45:57', '2020-01-10 21:45:57');
INSERT INTO tb_log_financeiro VALUES ( '579', '1', '556', '26848.84', '26793.84', '2020-01-10 21:46:30', '2020-01-10 21:46:30');
INSERT INTO tb_log_financeiro VALUES ( '580', '1', '557', '26793.84', '26700.84', '2020-01-10 21:47:01', '2020-01-10 21:47:01');
INSERT INTO tb_log_financeiro VALUES ( '581', '1', '558', '26700.84', '26668.10', '2020-01-10 21:47:27', '2020-01-10 21:47:27');
INSERT INTO tb_log_financeiro VALUES ( '582', '1', '559', '26668.10', '26301.84', '2020-01-10 21:47:55', '2020-01-10 21:47:55');
INSERT INTO tb_log_financeiro VALUES ( '583', '1', '560', '26301.84', '26166.84', '2020-01-10 21:48:19', '2020-01-10 21:48:19');
INSERT INTO tb_log_financeiro VALUES ( '584', '1', '561', '26166.84', '25891.84', '2020-01-10 21:48:42', '2020-01-10 21:48:42');
INSERT INTO tb_log_financeiro VALUES ( '585', '1', '562', '25891.84', '30201.64', '2020-01-10 21:51:14', '2020-01-10 21:51:14');
INSERT INTO tb_log_financeiro VALUES ( '586', '1', '563', '30201.64', '34051.64', '2020-01-10 21:51:43', '2020-01-10 21:51:43');
INSERT INTO tb_log_financeiro VALUES ( '587', '1', '564', '34051.64', '33451.64', '2020-01-10 21:52:12', '2020-01-10 21:52:12');
INSERT INTO tb_log_financeiro VALUES ( '588', '1', '565', '33451.64', '33271.64', '2020-01-10 21:52:31', '2020-01-10 21:52:31');
INSERT INTO tb_log_financeiro VALUES ( '589', '1', '566', '33271.64', '32996.64', '2020-01-10 21:52:58', '2020-01-10 21:52:58');
INSERT INTO tb_log_financeiro VALUES ( '590', '1', '567', '32996.64', '32796.64', '2020-01-10 21:53:28', '2020-01-10 21:53:28');
INSERT INTO tb_log_financeiro VALUES ( '591', '1', '568', '32796.64', '32763.89', '2020-01-10 21:53:52', '2020-01-10 21:53:52');
INSERT INTO tb_log_financeiro VALUES ( '592', '1', '569', '32763.89', '32383.14', '2020-01-10 21:54:21', '2020-01-10 21:54:21');
INSERT INTO tb_log_financeiro VALUES ( '593', '1', '570', '32383.14', '32273.14', '2020-01-10 21:54:47', '2020-01-10 21:54:47');
INSERT INTO tb_log_financeiro VALUES ( '594', '1', '571', '32273.14', '31923.14', '2020-01-10 21:55:11', '2020-01-10 21:55:11');
INSERT INTO tb_log_financeiro VALUES ( '595', '1', '572', '31923.14', '25558.04', '2020-01-10 21:55:57', '2020-01-10 21:55:57');
INSERT INTO tb_log_financeiro VALUES ( '596', '1', '573', '25558.04', '22558.04', '2020-01-10 21:56:27', '2020-01-10 21:56:27');
INSERT INTO tb_log_financeiro VALUES ( '597', '1', '574', '22558.04', '20858.04', '2020-01-10 21:56:57', '2020-01-10 21:56:57');
INSERT INTO tb_log_financeiro VALUES ( '598', '1', '575', '20858.04', '20468.58', '2020-01-10 21:57:26', '2020-01-10 21:57:26');
INSERT INTO tb_log_financeiro VALUES ( '599', '1', '576', '20468.58', '20434.75', '2020-01-10 21:57:53', '2020-01-10 21:57:53');
INSERT INTO tb_log_financeiro VALUES ( '600', '1', '577', '20434.75', '17434.75', '2020-01-10 21:58:14', '2020-01-10 21:58:14');
INSERT INTO tb_log_financeiro VALUES ( '601', '1', '578', '17434.75', '13351.75', '2020-01-10 21:58:48', '2020-01-10 21:58:48');
INSERT INTO tb_log_financeiro VALUES ( '602', '1', '579', '13351.75', '12911.75', '2020-01-10 21:59:24', '2020-01-10 21:59:24');
INSERT INTO tb_log_financeiro VALUES ( '603', '1', '1', '12911.75', '2920.99', '2020-01-10 22:00:09', '2020-01-10 22:00:09');
INSERT INTO tb_log_financeiro VALUES ( '604', '1', '580', '2920.99', '2770.99', '2020-01-10 22:05:03', '2020-01-10 22:05:03');
INSERT INTO tb_log_financeiro VALUES ( '605', '1', '581', '2770.99', '3389.99', '2020-01-10 22:06:08', '2020-01-10 22:06:08');
INSERT INTO tb_log_financeiro VALUES ( '606', '1', '582', '3389.99', '3306.09', '2020-01-10 22:06:55', '2020-01-10 22:06:55');
INSERT INTO tb_log_financeiro VALUES ( '607', '1', '583', '3306.09', '2006.09', '2020-01-10 22:07:50', '2020-01-10 22:07:50');
INSERT INTO tb_log_financeiro VALUES ( '608', '1', '584', '2006.09', '1995.64', '2020-01-10 22:08:52', '2020-01-10 22:08:52');
INSERT INTO tb_log_financeiro VALUES ( '609', '1', '585', '1995.64', '1927.58', '2020-01-10 22:09:46', '2020-01-10 22:09:46');
INSERT INTO tb_log_financeiro VALUES ( '610', '1', '586', '1927.58', '2527.58', '2020-01-10 22:10:20', '2020-01-10 22:10:20');
INSERT INTO tb_log_financeiro VALUES ( '611', '1', '587', '2527.58', '2507.38', '2020-01-10 22:19:07', '2020-01-10 22:19:07');
INSERT INTO tb_log_financeiro VALUES ( '612', '1', '587', '2507.38', '2527.58', '2020-01-10 22:19:36', '2020-01-10 22:19:36');
INSERT INTO tb_log_financeiro VALUES ( '613', '1', '587', '2527.58', '2507.58', '2020-01-10 22:19:54', '2020-01-10 22:19:54');
INSERT INTO tb_log_financeiro VALUES ( '614', '1', '588', '2507.58', '2357.58', '2020-01-15 20:23:11', '2020-01-15 20:23:11');
INSERT INTO tb_log_financeiro VALUES ( '615', '1', '589', '2357.58', '2207.58', '2020-01-15 20:24:37', '2020-01-15 20:24:37');
INSERT INTO tb_log_financeiro VALUES ( '616', '1', '590', '2207.58', '3000.58', '2020-01-15 20:25:11', '2020-01-15 20:25:11');
INSERT INTO tb_log_financeiro VALUES ( '617', '1', '591', '3000.58', '4000.58', '2020-01-15 20:25:37', '2020-01-15 20:25:37');
INSERT INTO tb_log_financeiro VALUES ( '618', '1', '592', '4000.58', '3885.59', '2020-01-17 12:36:00', '2020-01-17 12:36:00');
INSERT INTO tb_log_financeiro VALUES ( '619', '1', '593', '3885.59', '3735.59', '2020-01-19 17:00:58', '2020-01-19 17:00:58');
INSERT INTO tb_log_financeiro VALUES ( '620', '1', '594', '3735.59', '5081.59', '2020-01-19 17:01:38', '2020-01-19 17:01:38');
INSERT INTO tb_log_financeiro VALUES ( '621', '1', '595', '5081.59', '5099.59', '2020-01-19 17:02:43', '2020-01-19 17:02:43');
INSERT INTO tb_log_financeiro VALUES ( '622', '1', '596', '5099.59', '5137.59', '2020-01-26 16:16:31', '2020-01-26 16:16:31');
INSERT INTO tb_log_financeiro VALUES ( '623', '1', '597', '5137.59', '7637.59', '2020-01-26 16:17:07', '2020-01-26 16:17:07');
INSERT INTO tb_log_financeiro VALUES ( '624', '1', '598', '7637.59', '8614.59', '2020-01-26 16:17:33', '2020-01-26 16:17:33');
INSERT INTO tb_log_financeiro VALUES ( '625', '1', '598', '8614.59', '7637.59', '2020-01-26 16:38:59', '2020-01-26 16:38:59');
INSERT INTO tb_log_financeiro VALUES ( '626', '1', '598', '7637.59', '8604.59', '2020-01-26 16:39:24', '2020-01-26 16:39:24');
INSERT INTO tb_log_financeiro VALUES ( '627', '1', '599', '8604.59', '8254.59', '2020-01-30 14:53:12', '2020-01-30 14:53:12');
INSERT INTO tb_log_financeiro VALUES ( '628', '1', '600', '8254.59', '8202.59', '2020-01-30 15:19:19', '2020-01-30 15:19:19');
INSERT INTO tb_log_financeiro VALUES ( '629', '1', '601', '8202.59', '8052.59', '2020-02-02 17:50:13', '2020-02-02 17:50:13');
INSERT INTO tb_log_financeiro VALUES ( '630', '1', '602', '8052.59', '8042.14', '2020-02-02 17:52:23', '2020-02-02 17:52:23');
INSERT INTO tb_log_financeiro VALUES ( '631', '1', '603', '8042.14', '9627.14', '2020-02-02 17:53:18', '2020-02-02 17:53:18');
INSERT INTO tb_log_financeiro VALUES ( '632', '1', '604', '9627.14', '9668.14', '2020-02-02 17:54:05', '2020-02-02 17:54:05');
INSERT INTO tb_log_financeiro VALUES ( '633', '1', '605', '9668.14', '10168.14', '2020-02-09 16:37:47', '2020-02-09 16:37:47');
INSERT INTO tb_log_financeiro VALUES ( '634', '1', '606', '10168.14', '9668.14', '2020-02-09 16:38:48', '2020-02-09 16:38:48');
INSERT INTO tb_log_financeiro VALUES ( '635', '1', '607', '9668.14', '9518.14', '2020-02-09 16:40:54', '2020-02-09 16:40:54');
INSERT INTO tb_log_financeiro VALUES ( '636', '1', '608', '9518.14', '9479.50', '2020-02-09 16:54:53', '2020-02-09 16:54:53');
INSERT INTO tb_log_financeiro VALUES ( '637', '1', '609', '9479.50', '9279.50', '2020-02-09 16:57:40', '2020-02-09 16:57:40');
INSERT INTO tb_log_financeiro VALUES ( '638', '1', '610', '9279.50', '9234.50', '2020-02-09 16:59:17', '2020-02-09 16:59:17');
INSERT INTO tb_log_financeiro VALUES ( '639', '1', '611', '9234.50', '9264.50', '2020-02-09 17:00:59', '2020-02-09 17:00:59');
INSERT INTO tb_log_financeiro VALUES ( '640', '1', '612', '9264.50', '9278.00', '2020-02-09 17:01:43', '2020-02-09 17:01:43');
INSERT INTO tb_log_financeiro VALUES ( '641', '1', '613', '9278.00', '10050.00', '2020-02-09 17:02:20', '2020-02-09 17:02:20');
INSERT INTO tb_log_financeiro VALUES ( '642', '1', '611', '10050.00', '10020.00', '2020-02-09 17:03:45', '2020-02-09 17:03:45');
INSERT INTO tb_log_financeiro VALUES ( '643', '1', '611', '10020.00', '10050.90', '2020-02-09 17:04:09', '2020-02-09 17:04:09');
INSERT INTO tb_log_financeiro VALUES ( '644', '1', '614', '10050.90', '10100.90', '2020-02-11 01:26:39', '2020-02-11 01:26:39');
INSERT INTO tb_log_financeiro VALUES ( '645', '1', '615', '10100.90', '9502.76', '2020-02-11 01:27:17', '2020-02-11 01:27:17');
INSERT INTO tb_log_financeiro VALUES ( '646', '1', '616', '9502.76', '8642.01', '2020-02-11 01:28:05', '2020-02-11 01:28:05');
INSERT INTO tb_log_financeiro VALUES ( '647', '1', '617', '8642.01', '8492.01', '2020-02-11 01:28:54', '2020-02-11 01:28:54');
INSERT INTO tb_log_financeiro VALUES ( '648', '1', '618', '8492.01', '5110.49', '2020-02-20 11:49:45', '2020-02-20 11:49:45');
INSERT INTO tb_log_financeiro VALUES ( '649', '1', '619', '5110.49', '4382.97', '2020-02-20 11:50:36', '2020-02-20 11:50:36');
INSERT INTO tb_log_financeiro VALUES ( '650', '1', '620', '4382.97', '4267.98', '2020-02-20 11:52:18', '2020-02-20 11:52:18');
INSERT INTO tb_log_financeiro VALUES ( '651', '1', '621', '4267.98', '4257.53', '2020-02-20 11:52:55', '2020-02-20 11:52:55');
INSERT INTO tb_log_financeiro VALUES ( '652', '1', '622', '4257.53', '4107.53', '2020-02-20 11:53:35', '2020-02-20 11:53:35');
INSERT INTO tb_log_financeiro VALUES ( '653', '1', '623', '4107.53', '5107.53', '2020-02-20 11:54:36', '2020-02-20 11:54:36');
INSERT INTO tb_log_financeiro VALUES ( '654', '1', '624', '5107.53', '5157.53', '2020-02-20 11:55:24', '2020-02-20 11:55:24');
INSERT INTO tb_log_financeiro VALUES ( '655', '1', '625', '5157.53', '6229.53', '2020-02-20 11:56:28', '2020-02-20 11:56:28');
INSERT INTO tb_log_financeiro VALUES ( '656', '1', '626', '6229.53', '6579.53', '2020-02-20 11:57:14', '2020-02-20 11:57:14');
INSERT INTO tb_log_financeiro VALUES ( '657', '1', '627', '6579.53', '6582.53', '2020-02-20 11:57:48', '2020-02-20 11:57:48');
INSERT INTO tb_log_financeiro VALUES ( '658', '1', '628', '6582.53', '6608.53', '2020-02-20 11:58:17', '2020-02-20 11:58:17');
INSERT INTO tb_log_financeiro VALUES ( '659', '1', '629', '6608.53', '6429.21', '2020-02-23 19:07:03', '2020-02-23 19:07:03');
INSERT INTO tb_log_financeiro VALUES ( '660', '1', '630', '6429.21', '5637.92', '2020-02-23 19:08:29', '2020-02-23 19:08:29');
INSERT INTO tb_log_financeiro VALUES ( '661', '1', '631', '5637.92', '6037.92', '2020-02-23 19:10:29', '2020-02-23 19:10:29');
INSERT INTO tb_log_financeiro VALUES ( '662', '1', '632', '6037.92', '7018.92', '2020-02-23 19:12:03', '2020-02-23 19:12:03');
INSERT INTO tb_log_financeiro VALUES ( '663', '1', '633', '7018.92', '7618.92', '2020-02-23 19:12:36', '2020-02-23 19:12:36');
INSERT INTO tb_log_financeiro VALUES ( '664', '1', '634', '7618.92', '7650.92', '2020-02-23 19:13:11', '2020-02-23 19:13:11');
INSERT INTO tb_log_financeiro VALUES ( '665', '1', '635', '7650.92', '8090.92', '2020-02-27 23:40:55', '2020-02-27 23:40:55');
INSERT INTO tb_log_financeiro VALUES ( '666', '1', '636', '8090.92', '7940.92', '2020-02-27 23:42:17', '2020-02-27 23:42:17');
INSERT INTO tb_log_financeiro VALUES ( '667', '1', '637', '7940.92', '7888.92', '2020-02-27 23:43:10', '2020-02-27 23:43:10');
INSERT INTO tb_log_financeiro VALUES ( '668', '1', '638', '7888.92', '7538.92', '2020-03-01 23:33:23', '2020-03-01 23:33:23');
INSERT INTO tb_log_financeiro VALUES ( '669', '1', '639', '7538.92', '7528.47', '2020-03-01 23:34:20', '2020-03-01 23:34:20');
INSERT INTO tb_log_financeiro VALUES ( '670', '1', '640', '7528.47', '7476.47', '2020-03-01 23:37:50', '2020-03-01 23:37:50');
INSERT INTO tb_log_financeiro VALUES ( '671', '1', '641', '7476.47', '7360.57', '2020-03-01 23:38:24', '2020-03-01 23:38:24');
INSERT INTO tb_log_financeiro VALUES ( '672', '1', '642', '7360.57', '8505.57', '2020-03-01 23:39:30', '2020-03-01 23:39:30');
INSERT INTO tb_log_financeiro VALUES ( '673', '1', '643', '8505.57', '8512.62', '2020-03-01 23:40:03', '2020-03-01 23:40:03');
INSERT INTO tb_log_financeiro VALUES ( '674', '1', '644', '8512.62', '9912.62', '2020-03-01 23:40:46', '2020-03-01 23:40:46');
INSERT INTO tb_log_financeiro VALUES ( '675', '1', '642', '9912.62', '8767.62', '2020-03-02 00:00:55', '2020-03-02 00:00:55');
INSERT INTO tb_log_financeiro VALUES ( '676', '1', '642', '8767.62', '10012.62', '2020-03-02 00:01:18', '2020-03-02 00:01:18');
INSERT INTO tb_log_financeiro VALUES ( '677', '1', '643', '10012.62', '10005.57', '2020-03-02 00:01:34', '2020-03-02 00:01:34');
INSERT INTO tb_log_financeiro VALUES ( '678', '1', '643', '10005.57', '10013.12', '2020-03-02 00:01:50', '2020-03-02 00:01:50');
INSERT INTO tb_log_financeiro VALUES ( '679', '1', '645', '10013.12', '9863.12', '2020-03-07 00:55:05', '2020-03-07 00:55:05');
INSERT INTO tb_log_financeiro VALUES ( '680', '1', '646', '9863.12', '9683.12', '2020-03-07 00:55:53', '2020-03-07 00:55:53');
INSERT INTO tb_log_financeiro VALUES ( '681', '1', '647', '9683.12', '5058.71', '2020-03-07 00:56:59', '2020-03-07 00:56:59');
INSERT INTO tb_log_financeiro VALUES ( '682', '1', '648', '5058.71', '4972.49', '2020-03-07 00:58:32', '2020-03-07 00:58:32');
INSERT INTO tb_log_financeiro VALUES ( '683', '1', '649', '4972.49', '4941.14', '2020-03-07 00:59:27', '2020-03-07 00:59:27');
INSERT INTO tb_log_financeiro VALUES ( '684', '1', '650', '4941.14', '4391.14', '2020-03-07 01:00:07', '2020-03-07 01:00:07');
INSERT INTO tb_log_financeiro VALUES ( '685', '1', '651', '4391.14', '4671.14', '2020-03-07 01:01:17', '2020-03-07 01:01:17');
INSERT INTO tb_log_financeiro VALUES ( '686', '1', '652', '4671.14', '4721.14', '2020-03-15 20:44:28', '2020-03-15 20:44:28');
INSERT INTO tb_log_financeiro VALUES ( '687', '1', '653', '4721.14', '5698.14', '2020-03-15 20:46:59', '2020-03-15 20:46:59');
INSERT INTO tb_log_financeiro VALUES ( '688', '1', '654', '5698.14', '6148.14', '2020-03-15 20:47:37', '2020-03-15 20:47:37');
INSERT INTO tb_log_financeiro VALUES ( '689', '1', '655', '6148.14', '6156.14', '2020-03-15 20:48:15', '2020-03-15 20:48:15');
INSERT INTO tb_log_financeiro VALUES ( '690', '1', '656', '6156.14', '6276.14', '2020-03-15 20:49:18', '2020-03-15 20:49:18');
INSERT INTO tb_log_financeiro VALUES ( '691', '1', '657', '6276.14', '6281.14', '2020-03-15 20:50:20', '2020-03-15 20:50:20');
INSERT INTO tb_log_financeiro VALUES ( '692', '1', '658', '6281.14', '8081.14', '2020-03-15 20:51:01', '2020-03-15 20:51:01');
INSERT INTO tb_log_financeiro VALUES ( '693', '1', '659', '8081.14', '8766.14', '2020-03-15 20:51:34', '2020-03-15 20:51:34');
INSERT INTO tb_log_financeiro VALUES ( '694', '1', '660', '8766.14', '8616.14', '2020-03-15 20:52:27', '2020-03-15 20:52:27');
INSERT INTO tb_log_financeiro VALUES ( '695', '1', '661', '8616.14', '8847.39', '2020-03-15 20:54:08', '2020-03-15 20:54:08');
INSERT INTO tb_log_financeiro VALUES ( '696', '1', '662', '8847.39', '8616.14', '2020-03-15 20:54:50', '2020-03-15 20:54:50');
INSERT INTO tb_log_financeiro VALUES ( '697', '1', '663', '8616.14', '8501.15', '2020-03-17 00:04:39', '2020-03-17 00:04:39');
INSERT INTO tb_log_financeiro VALUES ( '698', '1', '664', '8501.15', '8351.15', '2020-03-17 00:05:52', '2020-03-17 00:05:52');
INSERT INTO tb_log_financeiro VALUES ( '699', '1', '665', '8351.15', '7492.04', '2020-03-17 00:06:43', '2020-03-17 00:06:43');
INSERT INTO tb_log_financeiro VALUES ( '700', '1', '666', '7492.04', '7292.04', '2020-03-17 00:07:33', '2020-03-17 00:07:33');
INSERT INTO tb_log_financeiro VALUES ( '701', '1', '667', '7292.04', '7792.04', '2020-03-19 23:31:49', '2020-03-19 23:31:49');
INSERT INTO tb_log_financeiro VALUES ( '702', '1', '668', '7792.04', '7842.04', '2020-03-19 23:32:22', '2020-03-19 23:32:22');
INSERT INTO tb_log_financeiro VALUES ( '703', '1', '669', '7842.04', '6847.42', '2020-03-23 16:03:08', '2020-03-23 16:03:08');
INSERT INTO tb_log_financeiro VALUES ( '704', '1', '670', '6847.42', '5696.45', '2020-03-23 16:04:15', '2020-03-23 16:04:15');
INSERT INTO tb_log_financeiro VALUES ( '705', '1', '671', '5696.45', '5496.45', '2020-03-23 16:05:47', '2020-03-23 16:05:47');
INSERT INTO tb_log_financeiro VALUES ( '706', '1', '672', '5496.45', '4941.48', '2020-03-23 16:07:10', '2020-03-23 16:07:10');
INSERT INTO tb_log_financeiro VALUES ( '707', '1', '673', '4941.48', '4931.03', '2020-03-23 16:08:02', '2020-03-23 16:08:02');
INSERT INTO tb_log_financeiro VALUES ( '708', '1', '674', '4931.03', '5331.03', '2020-03-23 16:09:00', '2020-03-23 16:09:00');
INSERT INTO tb_log_financeiro VALUES ( '709', '1', '675', '5331.03', '5181.03', '2020-03-25 18:38:40', '2020-03-25 18:38:40');
INSERT INTO tb_log_financeiro VALUES ( '710', '1', '676', '5181.03', '5551.03', '2020-03-25 18:39:39', '2020-03-25 18:39:39');
INSERT INTO tb_log_financeiro VALUES ( '711', '1', '677', '5551.03', '5499.03', '2020-03-27 13:35:31', '2020-03-27 13:35:31');
INSERT INTO tb_log_financeiro VALUES ( '712', '1', '678', '5499.03', '5949.03', '2020-03-27 13:37:15', '2020-03-27 13:37:15');
INSERT INTO tb_log_financeiro VALUES ( '713', '1', '667', '5949.03', '5449.03', '2020-03-30 21:58:45', '2020-03-30 21:58:45');
INSERT INTO tb_log_financeiro VALUES ( '714', '1', '667', '5449.03', '5949.03', '2020-03-30 21:59:22', '2020-03-30 21:59:22');
INSERT INTO tb_log_financeiro VALUES ( '715', '1', '652', '5949.03', '5899.03', '2020-03-30 22:01:16', '2020-03-30 22:01:16');
INSERT INTO tb_log_financeiro VALUES ( '716', '1', '652', '5899.03', '5949.03', '2020-03-30 22:01:55', '2020-03-30 22:01:55');
INSERT INTO tb_log_financeiro VALUES ( '717', '1', '668', '5949.03', '5899.03', '2020-03-30 22:02:20', '2020-03-30 22:02:20');
INSERT INTO tb_log_financeiro VALUES ( '718', '1', '668', '5899.03', '5949.03', '2020-03-30 22:02:50', '2020-03-30 22:02:50');
INSERT INTO tb_log_financeiro VALUES ( '719', '1', '674', '5949.03', '5549.03', '2020-03-30 22:03:30', '2020-03-30 22:03:30');
INSERT INTO tb_log_financeiro VALUES ( '720', '1', '674', '5549.03', '5949.03', '2020-03-30 22:03:51', '2020-03-30 22:03:51');
INSERT INTO tb_log_financeiro VALUES ( '721', '1', '678', '5949.03', '5499.03', '2020-03-30 22:04:06', '2020-03-30 22:04:06');
INSERT INTO tb_log_financeiro VALUES ( '722', '1', '678', '5499.03', '5949.03', '2020-03-30 22:04:26', '2020-03-30 22:04:26');
INSERT INTO tb_log_financeiro VALUES ( '723', '1', '679', '5949.03', '6249.03', '2020-03-30 22:05:31', '2020-03-30 22:05:31');
INSERT INTO tb_log_financeiro VALUES ( '724', '1', '680', '6249.03', '6349.03', '2020-03-30 22:06:22', '2020-03-30 22:06:22');
INSERT INTO tb_log_financeiro VALUES ( '725', '1', '681', '6349.03', '6749.03', '2020-03-30 22:06:49', '2020-03-30 22:06:49');
INSERT INTO tb_log_financeiro VALUES ( '726', '1', '682', '6749.03', '7399.03', '2020-03-30 22:07:30', '2020-03-30 22:07:30');
INSERT INTO tb_log_financeiro VALUES ( '727', '1', '683', '7399.03', '7409.03', '2020-03-30 22:08:33', '2020-03-30 22:08:33');
INSERT INTO tb_log_financeiro VALUES ( '728', '1', '684', '7409.03', '8809.03', '2020-03-30 22:09:23', '2020-03-30 22:09:23');
INSERT INTO tb_log_financeiro VALUES ( '729', '1', '685', '8809.03', '8882.93', '2020-03-30 22:11:32', '2020-03-30 22:11:32');
INSERT INTO tb_log_financeiro VALUES ( '730', '1', '686', '8882.93', '8809.03', '2020-03-30 22:12:30', '2020-03-30 22:12:30');
INSERT INTO tb_log_financeiro VALUES ( '731', '1', '687', '8809.03', '8459.03', '2020-04-03 18:03:18', '2020-04-03 18:03:18');
INSERT INTO tb_log_financeiro VALUES ( '732', '1', '688', '8459.03', '8448.58', '2020-04-03 18:03:47', '2020-04-03 18:03:47');
INSERT INTO tb_log_financeiro VALUES ( '733', '1', '689', '8448.58', '8748.58', '2020-04-03 18:04:22', '2020-04-03 18:04:22');
INSERT INTO tb_log_financeiro VALUES ( '734', '1', '690', '8748.58', '9008.58', '2020-04-11 16:35:28', '2020-04-11 16:35:28');
INSERT INTO tb_log_financeiro VALUES ( '735', '1', '691', '9008.58', '9508.58', '2020-04-11 16:36:08', '2020-04-11 16:36:08');
INSERT INTO tb_log_financeiro VALUES ( '736', '1', '692', '9508.58', '9908.58', '2020-04-11 16:36:42', '2020-04-11 16:36:42');
INSERT INTO tb_log_financeiro VALUES ( '737', '1', '693', '9908.58', '10208.58', '2020-04-11 16:37:19', '2020-04-11 16:37:19');
INSERT INTO tb_log_financeiro VALUES ( '738', '1', '694', '10208.58', '10130.09', '2020-04-11 16:38:16', '2020-04-11 16:38:16');
INSERT INTO tb_log_financeiro VALUES ( '739', '1', '695', '10130.09', '5505.68', '2020-04-11 16:39:50', '2020-04-11 16:39:50');
INSERT INTO tb_log_financeiro VALUES ( '740', '1', '696', '5505.68', '5495.23', '2020-04-11 16:40:26', '2020-04-11 16:40:26');
INSERT INTO tb_log_financeiro VALUES ( '741', '1', '697', '5495.23', '5995.23', '2020-04-14 21:50:24', '2020-04-14 21:50:24');
INSERT INTO tb_log_financeiro VALUES ( '742', '1', '698', '5995.23', '6995.23', '2020-04-14 21:51:25', '2020-04-14 21:51:25');
INSERT INTO tb_log_financeiro VALUES ( '743', '1', '699', '6995.23', '6277.06', '2020-04-15 18:48:27', '2020-04-15 18:48:27');
INSERT INTO tb_log_financeiro VALUES ( '744', '1', '700', '6277.06', '6102.07', '2020-04-15 18:49:12', '2020-04-15 18:49:12');
INSERT INTO tb_log_financeiro VALUES ( '745', '1', '701', '6102.07', '6352.07', '2020-04-15 18:50:17', '2020-04-15 18:50:17');
INSERT INTO tb_log_financeiro VALUES ( '746', '1', '702', '6352.07', '6652.07', '2020-04-21 20:45:37', '2020-04-21 20:45:37');
INSERT INTO tb_log_financeiro VALUES ( '747', '1', '703', '6652.07', '5501.10', '2020-04-21 20:51:26', '2020-04-21 20:51:26');
INSERT INTO tb_log_financeiro VALUES ( '748', '1', '704', '5501.10', '4946.13', '2020-04-21 20:54:04', '2020-04-21 20:54:04');
INSERT INTO tb_log_financeiro VALUES ( '749', '1', '705', '4946.13', '4746.13', '2020-04-21 20:55:44', '2020-04-21 20:55:44');
INSERT INTO tb_log_financeiro VALUES ( '750', '1', '706', '4746.13', '4446.13', '2020-04-21 20:57:16', '2020-04-21 20:57:16');
INSERT INTO tb_log_financeiro VALUES ( '751', '1', '707', '4446.13', '4456.13', '2020-04-29 15:52:28', '2020-04-29 15:52:28');
INSERT INTO tb_log_financeiro VALUES ( '752', '1', '708', '4456.13', '4404.13', '2020-04-29 15:53:11', '2020-04-29 15:53:11');
INSERT INTO tb_log_financeiro VALUES ( '753', '1', '709', '4404.13', '5904.13', '2020-04-29 15:53:58', '2020-04-29 15:53:58');
INSERT INTO tb_log_financeiro VALUES ( '754', '1', '710', '5904.13', '6604.13', '2020-04-29 15:54:48', '2020-04-29 15:54:48');
INSERT INTO tb_log_financeiro VALUES ( '755', '1', '711', '6604.13', '8104.13', '2020-04-29 15:55:22', '2020-04-29 15:55:22');
INSERT INTO tb_log_financeiro VALUES ( '756', '1', '712', '8104.13', '7113.58', '2020-04-29 15:56:05', '2020-04-29 15:56:05');
INSERT INTO tb_log_financeiro VALUES ( '757', '1', '713', '7113.58', '6763.58', '2020-04-29 15:56:47', '2020-04-29 15:56:47');
INSERT INTO tb_log_financeiro VALUES ( '758', '1', '714', '6763.58', '6753.13', '2020-04-30 20:47:01', '2020-04-30 20:47:01');
INSERT INTO tb_log_financeiro VALUES ( '759', '1', '715', '6753.13', '6648.98', '2020-04-30 20:48:28', '2020-04-30 20:48:28');
INSERT INTO tb_log_financeiro VALUES ( '760', '1', '716', '6648.98', '6948.98', '2020-05-01 17:47:35', '2020-05-01 17:47:35');
INSERT INTO tb_log_financeiro VALUES ( '761', '1', '717', '6948.98', '6798.98', '2020-05-01 17:48:41', '2020-05-01 17:48:41');
INSERT INTO tb_log_financeiro VALUES ( '762', '1', '718', '6798.98', '7098.98', '2020-05-05 22:42:11', '2020-05-05 22:42:11');
INSERT INTO tb_log_financeiro VALUES ( '763', '1', '719', '7098.98', '7598.98', '2020-05-05 22:43:31', '2020-05-05 22:43:31');
INSERT INTO tb_log_financeiro VALUES ( '764', '1', '720', '7598.98', '7608.98', '2020-05-05 22:44:33', '2020-05-05 22:44:33');
INSERT INTO tb_log_financeiro VALUES ( '765', '1', '721', '7608.98', '7908.98', '2020-05-05 22:45:56', '2020-05-05 22:45:56');
INSERT INTO tb_log_financeiro VALUES ( '766', '1', '722', '7908.98', '8208.98', '2020-05-05 22:46:40', '2020-05-05 22:46:40');
INSERT INTO tb_log_financeiro VALUES ( '767', '1', '723', '8208.98', '8308.98', '2020-05-05 22:47:32', '2020-05-05 22:47:32');
INSERT INTO tb_log_financeiro VALUES ( '768', '1', '724', '8308.98', '8608.98', '2020-05-05 22:48:29', '2020-05-05 22:48:29');
INSERT INTO tb_log_financeiro VALUES ( '769', '1', '725', '8608.98', '7427.14', '2020-05-05 22:50:49', '2020-05-05 22:50:49');
INSERT INTO tb_log_financeiro VALUES ( '770', '1', '726', '7427.14', '7416.69', '2020-05-06 20:22:33', '2020-05-06 20:22:33');
INSERT INTO tb_log_financeiro VALUES ( '771', '1', '727', '7416.69', '2792.28', '2020-05-06 20:23:16', '2020-05-06 20:23:16');
INSERT INTO tb_log_financeiro VALUES ( '772', '1', '728', '2792.28', '2781.83', '2020-05-06 20:23:50', '2020-05-06 20:23:50');
INSERT INTO tb_log_financeiro VALUES ( '773', '1', '729', '2781.83', '3581.83', '2020-05-06 20:24:30', '2020-05-06 20:24:30');
INSERT INTO tb_log_financeiro VALUES ( '774', '1', '730', '3581.83', '5081.83', '2020-05-09 14:09:08', '2020-05-09 14:09:08');
INSERT INTO tb_log_financeiro VALUES ( '775', '1', '731', '5081.83', '5581.83', '2020-05-09 14:09:50', '2020-05-09 14:09:50');
INSERT INTO tb_log_financeiro VALUES ( '776', '1', '732', '5581.83', '5681.83', '2020-05-09 14:10:29', '2020-05-09 14:10:29');
INSERT INTO tb_log_financeiro VALUES ( '777', '1', '733', '5681.83', '5981.83', '2020-05-09 14:11:10', '2020-05-09 14:11:10');
INSERT INTO tb_log_financeiro VALUES ( '778', '1', '734', '5981.83', '5887.89', '2020-05-09 14:12:08', '2020-05-09 14:12:08');
INSERT INTO tb_log_financeiro VALUES ( '779', '1', '735', '5887.89', '5907.89', '2020-05-15 15:56:32', '2020-05-15 15:56:32');
INSERT INTO tb_log_financeiro VALUES ( '780', '1', '736', '5907.89', '6207.89', '2020-05-15 15:57:14', '2020-05-15 15:57:14');
INSERT INTO tb_log_financeiro VALUES ( '781', '1', '737', '6207.89', '6707.89', '2020-05-15 15:57:45', '2020-05-15 15:57:45');
INSERT INTO tb_log_financeiro VALUES ( '782', '1', '738', '6707.89', '7407.89', '2020-05-15 15:58:17', '2020-05-15 15:58:17');
INSERT INTO tb_log_financeiro VALUES ( '783', '1', '739', '7407.89', '7657.89', '2020-05-15 16:03:30', '2020-05-15 16:03:30');
INSERT INTO tb_log_financeiro VALUES ( '784', '1', '740', '7657.89', '6915.79', '2020-05-15 17:11:09', '2020-05-15 17:11:09');
INSERT INTO tb_log_financeiro VALUES ( '785', '1', '741', '6915.79', '6731.25', '2020-05-15 17:11:41', '2020-05-15 17:11:41');
INSERT INTO tb_log_financeiro VALUES ( '786', '1', '742', '6731.25', '7031.25', '2020-05-17 20:33:37', '2020-05-17 20:33:37');
INSERT INTO tb_log_financeiro VALUES ( '787', '1', '743', '7031.25', '7331.25', '2020-05-17 20:34:19', '2020-05-17 20:34:19');
INSERT INTO tb_log_financeiro VALUES ( '788', '1', '744', '7331.25', '8331.25', '2020-05-20 21:44:05', '2020-05-20 21:44:05');
INSERT INTO tb_log_financeiro VALUES ( '789', '1', '745', '8331.25', '8531.25', '2020-05-20 21:44:57', '2020-05-20 21:44:57');
INSERT INTO tb_log_financeiro VALUES ( '790', '1', '746', '8531.25', '8551.25', '2020-05-20 21:45:47', '2020-05-20 21:45:47');
INSERT INTO tb_log_financeiro VALUES ( '791', '1', '747', '8551.25', '7996.28', '2020-05-20 21:46:40', '2020-05-20 21:46:40');
INSERT INTO tb_log_financeiro VALUES ( '792', '1', '748', '7996.28', '6845.31', '2020-05-20 21:47:54', '2020-05-20 21:47:54');
INSERT INTO tb_log_financeiro VALUES ( '793', '1', '749', '6845.31', '6150.11', '2020-05-20 21:48:57', '2020-05-20 21:48:57');
INSERT INTO tb_log_financeiro VALUES ( '794', '1', '750', '6150.11', '6450.11', '2020-05-27 21:24:13', '2020-05-27 21:24:13');
INSERT INTO tb_log_financeiro VALUES ( '795', '1', '751', '6450.11', '7000.11', '2020-05-27 21:25:08', '2020-05-27 21:25:08');
INSERT INTO tb_log_financeiro VALUES ( '796', '1', '752', '7000.11', '6895.76', '2020-05-27 21:26:03', '2020-05-27 21:26:03');
INSERT INTO tb_log_financeiro VALUES ( '797', '1', '753', '6895.76', '7195.76', '2020-06-03 20:23:55', '2020-06-03 20:23:55');
INSERT INTO tb_log_financeiro VALUES ( '798', '1', '754', '7195.76', '8695.76', '2020-06-03 20:25:07', '2020-06-03 20:25:07');
INSERT INTO tb_log_financeiro VALUES ( '799', '1', '755', '8695.76', '8995.76', '2020-06-14 22:21:59', '2020-06-14 22:21:59');
INSERT INTO tb_log_financeiro VALUES ( '800', '1', '756', '8995.76', '9145.76', '2020-06-14 22:22:50', '2020-06-14 22:22:50');
INSERT INTO tb_log_financeiro VALUES ( '801', '1', '757', '9145.76', '9545.76', '2020-06-14 22:23:33', '2020-06-14 22:23:33');
INSERT INTO tb_log_financeiro VALUES ( '802', '1', '758', '9545.76', '9195.76', '2020-06-14 22:24:29', '2020-06-14 22:24:29');
INSERT INTO tb_log_financeiro VALUES ( '803', '1', '759', '9195.76', '9101.82', '2020-06-14 22:25:47', '2020-06-14 22:25:47');
INSERT INTO tb_log_financeiro VALUES ( '804', '1', '760', '9101.82', '8901.82', '2020-06-14 22:27:06', '2020-06-14 22:27:06');
INSERT INTO tb_log_financeiro VALUES ( '805', '1', '761', '8901.82', '8891.37', '2020-06-14 22:29:30', '2020-06-14 22:29:30');
INSERT INTO tb_log_financeiro VALUES ( '806', '1', '762', '8891.37', '9391.37', '2020-06-14 22:30:21', '2020-06-14 22:30:21');
INSERT INTO tb_log_financeiro VALUES ( '807', '1', '763', '9391.37', '9991.37', '2020-06-14 22:31:14', '2020-06-14 22:31:14');
INSERT INTO tb_log_financeiro VALUES ( '808', '1', '764', '9991.37', '10491.37', '2020-06-14 22:32:00', '2020-06-14 22:32:00');
INSERT INTO tb_log_financeiro VALUES ( '809', '1', '765', '10491.37', '11191.37', '2020-06-14 22:32:42', '2020-06-14 22:32:42');
INSERT INTO tb_log_financeiro VALUES ( '810', '1', '766', '11191.37', '11241.37', '2020-06-14 22:33:36', '2020-06-14 22:33:36');
INSERT INTO tb_log_financeiro VALUES ( '811', '1', '767', '11241.37', '6616.96', '2020-06-14 22:34:26', '2020-06-14 22:34:26');
INSERT INTO tb_log_financeiro VALUES ( '812', '1', '768', '6616.96', '6606.51', '2020-06-14 22:35:15', '2020-06-14 22:35:15');
INSERT INTO tb_log_financeiro VALUES ( '813', '1', '769', '6606.51', '6906.51', '2020-06-14 22:36:24', '2020-06-14 22:36:24');
INSERT INTO tb_log_financeiro VALUES ( '814', '1', '770', '6906.51', '6966.51', '2020-06-14 22:37:06', '2020-06-14 22:37:06');
INSERT INTO tb_log_financeiro VALUES ( '815', '1', '771', '6966.51', '7416.51', '2020-06-14 22:38:09', '2020-06-14 22:38:09');
INSERT INTO tb_log_financeiro VALUES ( '816', '1', '772', '7416.51', '7666.51', '2020-06-14 22:38:56', '2020-06-14 22:38:56');
INSERT INTO tb_log_financeiro VALUES ( '817', '1', '773', '7666.51', '7966.51', '2020-06-14 22:41:39', '2020-06-14 22:41:39');
INSERT INTO tb_log_financeiro VALUES ( '818', '1', '774', '7966.51', '7988.81', '2020-06-14 22:54:37', '2020-06-14 22:54:37');
INSERT INTO tb_log_financeiro VALUES ( '819', '1', '775', '7988.81', '7966.51', '2020-06-14 22:55:28', '2020-06-14 22:55:28');
INSERT INTO tb_log_financeiro VALUES ( '820', '1', '776', '7966.51', '8316.51', '2020-06-22 20:15:05', '2020-06-22 20:15:05');
INSERT INTO tb_log_financeiro VALUES ( '821', '1', '777', '8316.51', '8132.18', '2020-06-22 20:16:06', '2020-06-22 20:16:06');
INSERT INTO tb_log_financeiro VALUES ( '822', '1', '778', '8132.18', '7308.53', '2020-06-22 20:17:09', '2020-06-22 20:17:09');
INSERT INTO tb_log_financeiro VALUES ( '823', '1', '779', '7308.53', '7608.53', '2020-06-22 20:18:35', '2020-06-22 20:18:35');
INSERT INTO tb_log_financeiro VALUES ( '824', '1', '780', '7608.53', '8608.53', '2020-06-22 20:19:51', '2020-06-22 20:19:51');
INSERT INTO tb_log_financeiro VALUES ( '825', '1', '781', '8608.53', '9108.53', '2020-06-22 20:20:30', '2020-06-22 20:20:30');
INSERT INTO tb_log_financeiro VALUES ( '826', '1', '782', '9108.53', '9308.53', '2020-06-22 20:21:12', '2020-06-22 20:21:12');
INSERT INTO tb_log_financeiro VALUES ( '827', '1', '783', '9308.53', '8753.56', '2020-06-22 20:22:07', '2020-06-22 20:22:07');
INSERT INTO tb_log_financeiro VALUES ( '828', '1', '784', '8753.56', '7602.59', '2020-06-22 20:23:07', '2020-06-22 20:23:07');
INSERT INTO tb_log_financeiro VALUES ( '829', '1', '785', '7602.59', '7902.59', '2020-06-22 20:23:52', '2020-06-22 20:23:52');
INSERT INTO tb_log_financeiro VALUES ( '830', '1', '786', '7902.59', '8902.59', '2020-06-22 20:24:31', '2020-06-22 20:24:31');
INSERT INTO tb_log_financeiro VALUES ( '831', '1', '787', '8902.59', '9452.59', '2020-06-24 20:42:01', '2020-06-24 20:42:01');
INSERT INTO tb_log_financeiro VALUES ( '832', '1', '788', '9452.59', '8215.09', '2020-06-24 20:43:10', '2020-06-24 20:43:10');
INSERT INTO tb_log_financeiro VALUES ( '833', '1', '789', '8215.09', '8120.64', '2020-06-24 20:44:36', '2020-06-24 20:44:36');
INSERT INTO tb_log_financeiro VALUES ( '834', '1', '790', '8120.64', '8025.19', '2020-06-24 20:47:12', '2020-06-24 20:47:12');
INSERT INTO tb_log_financeiro VALUES ( '835', '1', '791', '8025.19', '7973.19', '2020-06-28 16:22:14', '2020-06-28 16:22:14');
INSERT INTO tb_log_financeiro VALUES ( '836', '1', '792', '7973.19', '9473.19', '2020-06-28 16:22:48', '2020-06-28 16:22:48');
INSERT INTO tb_log_financeiro VALUES ( '837', '1', '793', '9473.19', '9349.74', '2020-06-28 16:24:40', '2020-06-28 16:24:40');
INSERT INTO tb_log_financeiro VALUES ( '838', '1', '794', '9349.74', '8999.74', '2020-06-28 16:26:14', '2020-06-28 16:26:14');
INSERT INTO tb_log_financeiro VALUES ( '839', '1', '795', '8999.74', '8989.29', '2020-06-28 16:26:44', '2020-06-28 16:26:44');
INSERT INTO tb_log_financeiro VALUES ( '840', '1', '796', '8989.29', '9289.29', '2020-06-28 16:27:24', '2020-06-28 16:27:24');
INSERT INTO tb_log_financeiro VALUES ( '841', '1', '797', '9289.29', '9589.29', '2020-07-01 22:08:55', '2020-07-01 22:08:55');
INSERT INTO tb_log_financeiro VALUES ( '842', '1', '798', '9589.29', '9389.29', '2020-07-01 22:09:39', '2020-07-01 22:09:39');
INSERT INTO tb_log_financeiro VALUES ( '843', '1', '799', '9389.29', '5889.29', '2020-07-01 22:14:53', '2020-07-01 22:14:53');
INSERT INTO tb_log_financeiro VALUES ( '844', '1', '800', '5889.29', '6189.29', '2020-07-10 17:02:10', '2020-07-10 17:02:10');
INSERT INTO tb_log_financeiro VALUES ( '845', '1', '801', '6189.29', '8689.29', '2020-07-10 17:03:02', '2020-07-10 17:03:02');
INSERT INTO tb_log_financeiro VALUES ( '846', '1', '802', '8689.29', '8739.29', '2020-07-10 17:04:01', '2020-07-10 17:04:01');
INSERT INTO tb_log_financeiro VALUES ( '847', '1', '803', '8739.29', '9039.29', '2020-07-10 17:05:51', '2020-07-10 17:05:51');
INSERT INTO tb_log_financeiro VALUES ( '848', '1', '804', '9039.29', '9539.29', '2020-07-10 17:06:20', '2020-07-10 17:06:20');
INSERT INTO tb_log_financeiro VALUES ( '849', '1', '805', '9539.29', '4914.88', '2020-07-10 17:07:20', '2020-07-10 17:07:20');
INSERT INTO tb_log_financeiro VALUES ( '850', '1', '806', '4914.88', '4904.43', '2020-07-10 17:07:51', '2020-07-10 17:07:51');
INSERT INTO tb_log_financeiro VALUES ( '851', '1', '807', '4904.43', '4810.49', '2020-07-10 17:08:25', '2020-07-10 17:08:25');
INSERT INTO tb_log_financeiro VALUES ( '852', '1', '808', '4810.49', '5210.49', '2020-07-10 17:09:00', '2020-07-10 17:09:00');
INSERT INTO tb_log_financeiro VALUES ( '853', '1', '809', '5210.49', '5410.49', '2020-07-10 17:09:30', '2020-07-10 17:09:30');
INSERT INTO tb_log_financeiro VALUES ( '854', '1', '810', '5410.49', '5910.49', '2020-07-10 17:10:01', '2020-07-10 17:10:01');
INSERT INTO tb_log_financeiro VALUES ( '855', '1', '811', '5910.49', '5960.49', '2020-07-10 17:10:22', '2020-07-10 17:10:22');
INSERT INTO tb_log_financeiro VALUES ( '856', '1', '812', '5960.49', '6310.49', '2020-07-10 17:11:09', '2020-07-10 17:11:09');
INSERT INTO tb_log_financeiro VALUES ( '857', '1', '813', '6310.49', '4810.49', '2020-07-10 17:12:31', '2020-07-10 17:12:31');
INSERT INTO tb_log_financeiro VALUES ( '858', '1', '814', '4810.49', '5395.49', '2020-07-13 12:05:45', '2020-07-13 12:05:45');
INSERT INTO tb_log_financeiro VALUES ( '859', '1', '815', '5395.49', '5245.49', '2020-07-13 12:11:47', '2020-07-13 12:11:47');
INSERT INTO tb_log_financeiro VALUES ( '860', '1', '816', '5245.49', '5060.95', '2020-07-18 15:17:34', '2020-07-18 15:17:34');
INSERT INTO tb_log_financeiro VALUES ( '861', '1', '817', '5060.95', '4910.95', '2020-07-18 15:18:45', '2020-07-18 15:18:45');
INSERT INTO tb_log_financeiro VALUES ( '862', '1', '818', '4910.95', '5660.95', '2020-07-18 15:19:19', '2020-07-18 15:19:19');
INSERT INTO tb_log_financeiro VALUES ( '863', '1', '819', '5660.95', '5960.95', '2020-07-18 15:19:57', '2020-07-18 15:19:57');
INSERT INTO tb_log_financeiro VALUES ( '864', '1', '820', '5960.95', '6210.95', '2020-07-18 15:21:09', '2020-07-18 15:21:09');
INSERT INTO tb_log_financeiro VALUES ( '865', '1', '821', '6210.95', '7660.95', '2020-07-18 15:21:54', '2020-07-18 15:21:54');
INSERT INTO tb_log_financeiro VALUES ( '866', '1', '822', '7660.95', '7510.95', '2020-07-18 15:25:14', '2020-07-18 15:25:14');
INSERT INTO tb_log_financeiro VALUES ( '867', '1', '823', '7510.95', '7710.95', '2020-07-23 00:17:01', '2020-07-23 00:17:01');
INSERT INTO tb_log_financeiro VALUES ( '868', '1', '824', '7710.95', '6559.98', '2020-07-23 00:18:05', '2020-07-23 00:18:05');
INSERT INTO tb_log_financeiro VALUES ( '869', '1', '825', '6559.98', '6005.01', '2020-07-23 00:18:52', '2020-07-23 00:18:52');
INSERT INTO tb_log_financeiro VALUES ( '870', '1', '826', '6005.01', '5794.56', '2020-07-23 00:20:14', '2020-07-23 00:20:14');
INSERT INTO tb_log_financeiro VALUES ( '871', '1', '827', '5794.56', '5644.56', '2020-07-23 00:21:09', '2020-07-23 00:21:09');
INSERT INTO tb_log_financeiro VALUES ( '872', '1', '828', '5644.56', '6023.56', '2020-07-23 00:22:52', '2020-07-23 00:22:52');
INSERT INTO tb_log_financeiro VALUES ( '873', '1', '829', '6023.56', '6573.56', '2020-07-29 00:55:36', '2020-07-29 00:55:36');
INSERT INTO tb_log_financeiro VALUES ( '874', '1', '830', '6573.56', '6873.56', '2020-07-29 00:56:05', '2020-07-29 00:56:05');
INSERT INTO tb_log_financeiro VALUES ( '875', '1', '831', '6873.56', '8373.56', '2020-07-29 00:56:29', '2020-07-29 00:56:29');
INSERT INTO tb_log_financeiro VALUES ( '876', '1', '832', '8373.56', '7288.56', '2020-07-29 00:57:13', '2020-07-29 00:57:13');
INSERT INTO tb_log_financeiro VALUES ( '877', '1', '833', '7288.56', '6243.56', '2020-07-29 00:57:54', '2020-07-29 00:57:54');
INSERT INTO tb_log_financeiro VALUES ( '878', '1', '834', '6243.56', '5059.89', '2020-07-29 00:58:38', '2020-07-29 00:58:38');
INSERT INTO tb_log_financeiro VALUES ( '879', '1', '835', '5059.89', '5007.89', '2020-07-29 00:59:09', '2020-07-29 00:59:09');
INSERT INTO tb_log_financeiro VALUES ( '880', '1', '836', '5007.89', '5517.89', '2020-07-29 01:00:16', '2020-07-29 01:00:16');
INSERT INTO tb_log_financeiro VALUES ( '881', '1', '836', '5517.89', '5007.89', '2020-07-29 01:01:04', '2020-07-29 01:01:04');
INSERT INTO tb_log_financeiro VALUES ( '882', '1', '836', '5007.89', '5417.89', '2020-07-29 01:01:28', '2020-07-29 01:01:28');
INSERT INTO tb_log_financeiro VALUES ( '883', '1', '837', '5417.89', '5067.89', '2020-08-02 23:47:45', '2020-08-02 23:47:45');
INSERT INTO tb_log_financeiro VALUES ( '884', '1', '838', '5067.89', '5057.44', '2020-08-02 23:48:40', '2020-08-02 23:48:40');
INSERT INTO tb_log_financeiro VALUES ( '885', '1', '839', '5057.44', '5357.44', '2020-08-02 23:49:17', '2020-08-02 23:49:17');
INSERT INTO tb_log_financeiro VALUES ( '886', '1', '840', '5357.44', '5207.44', '2020-08-02 23:50:54', '2020-08-02 23:50:54');
INSERT INTO tb_log_financeiro VALUES ( '887', '1', '841', '5207.44', '5103.44', '2020-08-02 23:52:03', '2020-08-02 23:52:03');
INSERT INTO tb_log_financeiro VALUES ( '888', '1', '842', '5103.44', '5403.44', '2020-08-02 23:52:57', '2020-08-02 23:52:57');
INSERT INTO tb_log_financeiro VALUES ( '889', '1', '843', '5403.44', '5886.44', '2020-08-02 23:58:17', '2020-08-02 23:58:17');
INSERT INTO tb_log_financeiro VALUES ( '890', '1', '844', '5886.44', '6886.44', '2020-08-07 00:36:01', '2020-08-07 00:36:01');
INSERT INTO tb_log_financeiro VALUES ( '891', '1', '845', '6886.44', '5886.44', '2020-08-07 00:37:02', '2020-08-07 00:37:02');
INSERT INTO tb_log_financeiro VALUES ( '892', '1', '846', '5886.44', '6386.44', '2020-08-07 00:37:58', '2020-08-07 00:37:58');
INSERT INTO tb_log_financeiro VALUES ( '893', '1', '847', '6386.44', '1762.03', '2020-08-07 00:39:25', '2020-08-07 00:39:25');
INSERT INTO tb_log_financeiro VALUES ( '894', '1', '848', '1762.03', '1633.12', '2020-08-07 00:41:10', '2020-08-07 00:41:10');
INSERT INTO tb_log_financeiro VALUES ( '895', '1', '849', '1633.12', '1622.67', '2020-08-07 00:42:59', '2020-08-07 00:42:59');
INSERT INTO tb_log_financeiro VALUES ( '896', '1', '850', '1622.67', '2072.67', '2020-08-07 00:43:31', '2020-08-07 00:43:31');
INSERT INTO tb_log_financeiro VALUES ( '897', '1', '851', '2072.67', '1952.67', '2020-08-11 00:06:33', '2020-08-11 00:06:33');
INSERT INTO tb_log_financeiro VALUES ( '898', '1', '852', '1952.67', '2502.67', '2020-08-11 00:07:19', '2020-08-11 00:07:19');
INSERT INTO tb_log_financeiro VALUES ( '899', '1', '853', '2502.67', '2802.67', '2020-08-11 00:07:55', '2020-08-11 00:07:55');
INSERT INTO tb_log_financeiro VALUES ( '900', '1', '854', '2802.67', '3052.67', '2020-08-11 00:08:19', '2020-08-11 00:08:19');
INSERT INTO tb_log_financeiro VALUES ( '901', '1', '855', '3052.67', '3616.67', '2020-08-11 00:09:15', '2020-08-11 00:09:15');
INSERT INTO tb_log_financeiro VALUES ( '902', '1', '856', '3616.67', '4301.67', '2020-08-19 00:45:57', '2020-08-19 00:45:57');
INSERT INTO tb_log_financeiro VALUES ( '903', '1', '857', '4301.67', '4181.67', '2020-08-19 00:48:40', '2020-08-19 00:48:40');
INSERT INTO tb_log_financeiro VALUES ( '904', '1', '858', '4181.67', '4096.67', '2020-08-19 00:49:07', '2020-08-19 00:49:07');
INSERT INTO tb_log_financeiro VALUES ( '905', '1', '859', '4096.67', '4646.67', '2020-08-19 00:50:40', '2020-08-19 00:50:40');
INSERT INTO tb_log_financeiro VALUES ( '906', '1', '860', '4646.67', '4462.13', '2020-08-19 00:51:30', '2020-08-19 00:51:30');
INSERT INTO tb_log_financeiro VALUES ( '907', '1', '861', '4462.13', '4762.13', '2020-08-19 00:52:05', '2020-08-19 00:52:05');
INSERT INTO tb_log_financeiro VALUES ( '908', '1', '862', '4762.13', '5062.13', '2020-08-19 00:52:35', '2020-08-19 00:52:35');
INSERT INTO tb_log_financeiro VALUES ( '909', '1', '863', '5062.13', '5362.13', '2020-08-19 00:53:09', '2020-08-19 00:53:09');
INSERT INTO tb_log_financeiro VALUES ( '910', '1', '864', '5362.13', '5110.18', '2020-08-19 00:53:54', '2020-08-19 00:53:54');
INSERT INTO tb_log_financeiro VALUES ( '911', '1', '859', '5110.18', '4560.18', '2020-08-19 00:55:41', '2020-08-19 00:55:41');
INSERT INTO tb_log_financeiro VALUES ( '912', '1', '859', '4560.18', '5060.18', '2020-08-19 00:55:58', '2020-08-19 00:55:58');
INSERT INTO tb_log_financeiro VALUES ( '913', '1', '865', '5060.18', '5860.18', '2020-08-23 22:51:21', '2020-08-23 22:51:21');
INSERT INTO tb_log_financeiro VALUES ( '914', '1', '866', '5860.18', '5060.18', '2020-08-23 22:52:14', '2020-08-23 22:52:14');
INSERT INTO tb_log_financeiro VALUES ( '915', '1', '867', '5060.18', '3909.21', '2020-08-23 22:54:20', '2020-08-23 22:54:20');
INSERT INTO tb_log_financeiro VALUES ( '916', '1', '868', '3909.21', '3354.24', '2020-08-23 22:55:17', '2020-08-23 22:55:17');
INSERT INTO tb_log_financeiro VALUES ( '917', '1', '869', '3354.24', '3654.24', '2020-08-23 22:55:45', '2020-08-23 22:55:45');
INSERT INTO tb_log_financeiro VALUES ( '918', '1', '870', '3654.24', '2495.39', '2020-08-23 22:56:31', '2020-08-23 22:56:31');
INSERT INTO tb_log_financeiro VALUES ( '919', '1', '871', '2495.39', '2375.39', '2020-08-23 23:09:04', '2020-08-23 23:09:04');
INSERT INTO tb_log_financeiro VALUES ( '920', '1', '872', '2375.39', '3297.39', '2020-08-23 23:11:02', '2020-08-23 23:11:02');
INSERT INTO tb_log_financeiro VALUES ( '921', '1', '873', '3297.39', '3177.39', '2020-09-02 00:41:25', '2020-09-02 00:41:25');
INSERT INTO tb_log_financeiro VALUES ( '922', '1', '874', '3177.39', '3739.39', '2020-09-02 00:43:06', '2020-09-02 00:43:06');
INSERT INTO tb_log_financeiro VALUES ( '923', '1', '875', '3739.39', '3687.39', '2020-09-02 00:49:49', '2020-09-02 00:49:49');
INSERT INTO tb_log_financeiro VALUES ( '924', '1', '876', '3687.39', '5187.39', '2020-09-02 00:50:29', '2020-09-02 00:50:29');
INSERT INTO tb_log_financeiro VALUES ( '925', '1', '877', '5187.39', '4127.39', '2020-09-02 00:51:07', '2020-09-02 00:51:07');
INSERT INTO tb_log_financeiro VALUES ( '926', '1', '878', '4127.39', '4677.39', '2020-09-02 00:51:57', '2020-09-02 00:51:57');
INSERT INTO tb_log_financeiro VALUES ( '927', '1', '879', '4677.39', '4877.39', '2020-09-02 00:52:33', '2020-09-02 00:52:33');
INSERT INTO tb_log_financeiro VALUES ( '928', '1', '880', '4877.39', '5177.39', '2020-09-02 00:53:15', '2020-09-02 00:53:15');
INSERT INTO tb_log_financeiro VALUES ( '929', '1', '881', '5177.39', '4827.39', '2020-09-02 00:53:55', '2020-09-02 00:53:55');
INSERT INTO tb_log_financeiro VALUES ( '930', '1', '882', '4827.39', '4816.94', '2020-09-02 00:54:20', '2020-09-02 00:54:20');
INSERT INTO tb_log_financeiro VALUES ( '931', '1', '845', '4816.94', '5816.94', '2020-09-02 19:01:07', '2020-09-02 19:01:07');
INSERT INTO tb_log_financeiro VALUES ( '932', '1', '866', '5816.94', '6616.94', '2020-09-02 19:01:18', '2020-09-02 19:01:18');
INSERT INTO tb_log_financeiro VALUES ( '933', '1', '844', '6616.94', '5616.94', '2020-09-02 19:02:02', '2020-09-02 19:02:02');
INSERT INTO tb_log_financeiro VALUES ( '934', '1', '865', '5616.94', '4816.94', '2020-09-02 19:02:25', '2020-09-02 19:02:25');
INSERT INTO tb_log_financeiro VALUES ( '935', '1', '883', '4816.94', '5316.94', '2020-09-14 23:42:03', '2020-09-14 23:42:03');
INSERT INTO tb_log_financeiro VALUES ( '936', '1', '884', '5316.94', '5716.94', '2020-09-14 23:42:44', '2020-09-14 23:42:44');
INSERT INTO tb_log_financeiro VALUES ( '937', '1', '885', '5716.94', '6316.94', '2020-09-14 23:43:19', '2020-09-14 23:43:19');
INSERT INTO tb_log_financeiro VALUES ( '938', '1', '886', '6316.94', '6188.03', '2020-09-14 23:46:30', '2020-09-14 23:46:30');
INSERT INTO tb_log_financeiro VALUES ( '939', '1', '887', '6188.03', '6159.41', '2020-09-14 23:47:27', '2020-09-14 23:47:27');
INSERT INTO tb_log_financeiro VALUES ( '940', '1', '888', '6159.41', '6459.41', '2020-09-14 23:48:24', '2020-09-14 23:48:24');
INSERT INTO tb_log_financeiro VALUES ( '941', '1', '889', '6459.41', '6509.41', '2020-09-14 23:48:57', '2020-09-14 23:48:57');
INSERT INTO tb_log_financeiro VALUES ( '942', '1', '890', '6509.41', '6909.41', '2020-09-14 23:49:37', '2020-09-14 23:49:37');
INSERT INTO tb_log_financeiro VALUES ( '943', '1', '891', '6909.41', '2285.00', '2020-09-14 23:50:20', '2020-09-14 23:50:20');
INSERT INTO tb_log_financeiro VALUES ( '944', '1', '892', '2285.00', '2274.55', '2020-09-14 23:51:01', '2020-09-14 23:51:01');
INSERT INTO tb_log_financeiro VALUES ( '945', '1', '893', '2274.55', '2874.55', '2020-09-14 23:51:32', '2020-09-14 23:51:32');
INSERT INTO tb_log_financeiro VALUES ( '946', '1', '894', '2874.55', '2754.55', '2020-09-14 23:52:59', '2020-09-14 23:52:59');
INSERT INTO tb_log_financeiro VALUES ( '947', '1', '895', '2754.55', '2634.55', '2020-09-14 23:53:33', '2020-09-14 23:53:33');
INSERT INTO tb_log_financeiro VALUES ( '948', '1', '896', '2634.55', '2940.55', '2020-09-14 23:54:24', '2020-09-14 23:54:24');
INSERT INTO tb_log_financeiro VALUES ( '949', '1', '897', '2940.55', '3342.55', '2020-09-14 23:55:02', '2020-09-14 23:55:02');
INSERT INTO tb_log_financeiro VALUES ( '950', '1', '898', '3342.55', '3942.55', '2020-09-18 15:01:40', '2020-09-18 15:01:40');
INSERT INTO tb_log_financeiro VALUES ( '951', '1', '899', '3942.55', '4142.55', '2020-09-18 15:02:08', '2020-09-18 15:02:08');
INSERT INTO tb_log_financeiro VALUES ( '952', '1', '900', '4142.55', '2991.58', '2020-09-18 15:02:46', '2020-09-18 15:02:46');
INSERT INTO tb_log_financeiro VALUES ( '953', '1', '897', '2991.58', '2589.58', '2020-09-18 15:03:05', '2020-09-18 15:03:05');
INSERT INTO tb_log_financeiro VALUES ( '954', '1', '897', '2589.58', '3091.58', '2020-09-18 15:03:41', '2020-09-18 15:03:41');
INSERT INTO tb_log_financeiro VALUES ( '955', '1', '901', '3091.58', '3391.58', '2020-09-18 15:04:10', '2020-09-18 15:04:10');
INSERT INTO tb_log_financeiro VALUES ( '956', '1', '902', '3391.58', '3291.67', '2020-09-18 15:05:21', '2020-09-18 15:05:21');
INSERT INTO tb_log_financeiro VALUES ( '957', '1', '903', '3291.67', '3091.67', '2020-09-18 15:06:05', '2020-09-18 15:06:05');
INSERT INTO tb_log_financeiro VALUES ( '958', '1', '904', '3091.67', '2536.70', '2020-09-18 15:06:47', '2020-09-18 15:06:47');
INSERT INTO tb_log_financeiro VALUES ( '959', '1', '905', '2536.70', '1297.70', '2020-09-18 15:10:37', '2020-09-18 15:10:37');
INSERT INTO tb_log_financeiro VALUES ( '960', '1', '906', '1297.70', '1747.70', '2020-09-23 00:47:55', '2020-09-23 00:47:55');
INSERT INTO tb_log_financeiro VALUES ( '961', '1', '907', '1747.70', '2297.70', '2020-09-23 00:48:41', '2020-09-23 00:48:41');
INSERT INTO tb_log_financeiro VALUES ( '962', '1', '908', '2297.70', '2547.70', '2020-09-23 00:49:21', '2020-09-23 00:49:21');
INSERT INTO tb_log_financeiro VALUES ( '963', '1', '909', '2547.70', '2427.70', '2020-09-23 00:51:41', '2020-09-23 00:51:41');
INSERT INTO tb_log_financeiro VALUES ( '964', '1', '910', '2427.70', '3927.70', '2020-09-23 00:52:59', '2020-09-23 00:52:59');
INSERT INTO tb_log_financeiro VALUES ( '965', '1', '911', '3927.70', '4549.70', '2020-09-23 00:53:54', '2020-09-23 00:53:54');
INSERT INTO tb_log_financeiro VALUES ( '966', '1', '911', '4549.70', '3927.70', '2020-09-23 00:59:41', '2020-09-23 00:59:41');
INSERT INTO tb_log_financeiro VALUES ( '967', '1', '911', '3927.70', '4559.70', '2020-09-23 00:59:57', '2020-09-23 00:59:57');
INSERT INTO tb_log_financeiro VALUES ( '968', '1', '913', '4559.70', '4507.70', '2020-09-28 23:46:07', '2020-09-28 23:46:07');
INSERT INTO tb_log_financeiro VALUES ( '969', '1', '914', '4507.70', '5507.70', '2020-09-28 23:46:45', '2020-09-28 23:46:45');
INSERT INTO tb_log_financeiro VALUES ( '970', '1', '915', '5507.70', '6027.70', '2020-09-28 23:47:17', '2020-09-28 23:47:17');
INSERT INTO tb_log_financeiro VALUES ( '971', '1', '916', '6027.70', '6227.70', '2020-09-28 23:47:52', '2020-09-28 23:47:52');
INSERT INTO tb_log_financeiro VALUES ( '972', '1', '917', '6227.70', '6107.70', '2020-09-28 23:48:31', '2020-09-28 23:48:31');
INSERT INTO tb_log_financeiro VALUES ( '973', '1', '915', '6107.70', '5587.70', '2020-09-28 23:57:16', '2020-09-28 23:57:16');
INSERT INTO tb_log_financeiro VALUES ( '974', '1', '915', '5587.70', '6097.70', '2020-09-28 23:57:32', '2020-09-28 23:57:32');
INSERT INTO tb_log_financeiro VALUES ( '975', '1', '918', '6097.70', '6562.70', '2020-10-02 00:36:08', '2020-10-02 00:36:08');
INSERT INTO tb_log_financeiro VALUES ( '976', '1', '919', '6562.70', '6862.70', '2020-10-02 00:36:49', '2020-10-02 00:36:49');
INSERT INTO tb_log_financeiro VALUES ( '977', '1', '920', '6862.70', '6512.70', '2020-10-02 00:37:29', '2020-10-02 00:37:29');
INSERT INTO tb_log_financeiro VALUES ( '978', '1', '921', '6512.70', '6502.25', '2020-10-02 00:37:58', '2020-10-02 00:37:58');
INSERT INTO tb_log_financeiro VALUES ( '979', '1', '922', '6502.25', '5422.25', '2020-10-02 00:39:15', '2020-10-02 00:39:15');
INSERT INTO tb_log_financeiro VALUES ( '980', '1', '915', '5422.25', '4912.25', '2020-10-02 00:43:58', '2020-10-02 00:43:58');
INSERT INTO tb_log_financeiro VALUES ( '981', '1', '915', '4912.25', '5432.25', '2020-10-02 00:44:17', '2020-10-02 00:44:17');
INSERT INTO tb_log_financeiro VALUES ( '982', '1', '923', '5432.25', '5832.25', '2020-10-02 17:46:09', '2020-10-02 17:46:09');
INSERT INTO tb_log_financeiro VALUES ( '983', '1', '924', '5832.25', '5432.25', '2020-10-02 17:46:51', '2020-10-02 17:46:51');
INSERT INTO tb_log_financeiro VALUES ( '984', '1', '925', '5432.25', '6069.25', '2020-10-07 00:09:32', '2020-10-07 00:09:32');
INSERT INTO tb_log_financeiro VALUES ( '985', '1', '926', '6069.25', '5949.25', '2020-10-07 00:10:15', '2020-10-07 00:10:15');
INSERT INTO tb_log_financeiro VALUES ( '986', '1', '927', '5949.25', '6149.25', '2020-10-07 00:11:06', '2020-10-07 00:11:06');
INSERT INTO tb_log_financeiro VALUES ( '987', '1', '928', '6149.25', '6199.25', '2020-10-07 00:11:46', '2020-10-07 00:11:46');
INSERT INTO tb_log_financeiro VALUES ( '988', '1', '929', '6199.25', '6749.25', '2020-10-07 00:12:22', '2020-10-07 00:12:22');
INSERT INTO tb_log_financeiro VALUES ( '989', '1', '930', '6749.25', '7099.25', '2020-10-07 00:13:06', '2020-10-07 00:13:06');
INSERT INTO tb_log_financeiro VALUES ( '990', '1', '931', '7099.25', '7499.25', '2020-10-07 00:13:42', '2020-10-07 00:13:42');
INSERT INTO tb_log_financeiro VALUES ( '991', '1', '932', '7499.25', '7699.25', '2020-10-07 00:14:23', '2020-10-07 00:14:23');
INSERT INTO tb_log_financeiro VALUES ( '992', '1', '933', '7699.25', '8299.25', '2020-10-10 23:00:37', '2020-10-10 23:00:37');
INSERT INTO tb_log_financeiro VALUES ( '993', '1', '934', '8299.25', '3674.84', '2020-10-10 23:01:34', '2020-10-10 23:01:34');
INSERT INTO tb_log_financeiro VALUES ( '994', '1', '935', '3674.84', '3486.96', '2020-10-10 23:02:59', '2020-10-10 23:02:59');
INSERT INTO tb_log_financeiro VALUES ( '995', '1', '936', '3486.96', '3476.51', '2020-10-10 23:03:42', '2020-10-10 23:03:42');
INSERT INTO tb_log_financeiro VALUES ( '996', '1', '937', '3476.51', '4976.51', '2020-10-10 23:04:37', '2020-10-10 23:04:37');
INSERT INTO tb_log_financeiro VALUES ( '997', '1', '938', '4976.51', '5426.51', '2020-10-10 23:05:24', '2020-10-10 23:05:24');
INSERT INTO tb_log_financeiro VALUES ( '998', '1', '939', '5426.51', '5726.51', '2020-10-10 23:06:09', '2020-10-10 23:06:09');
INSERT INTO tb_log_financeiro VALUES ( '999', '1', '940', '5726.51', '5606.51', '2020-10-10 23:06:53', '2020-10-10 23:06:53');
INSERT INTO tb_log_financeiro VALUES ( '1000', '1', '941', '5606.51', '6036.51', '2020-10-10 23:07:37', '2020-10-10 23:07:37');
INSERT INTO tb_log_financeiro VALUES ( '1001', '1', '942', '6036.51', '7536.51', '2020-10-10 23:09:04', '2020-10-10 23:09:04');
INSERT INTO tb_log_financeiro VALUES ( '1002', '1', '943', '7536.51', '7402.83', '2020-10-16 00:19:06', '2020-10-16 00:19:06');
INSERT INTO tb_log_financeiro VALUES ( '1003', '1', '944', '7402.83', '7184.43', '2020-10-16 00:19:58', '2020-10-16 00:19:58');
INSERT INTO tb_log_financeiro VALUES ( '1004', '1', '945', '7184.43', '7173.98', '2020-10-16 00:20:40', '2020-10-16 00:20:40');
INSERT INTO tb_log_financeiro VALUES ( '1005', '1', '946', '7173.98', '7473.98', '2020-10-16 00:21:19', '2020-10-16 00:21:19');
INSERT INTO tb_log_financeiro VALUES ( '1006', '1', '947', '7473.98', '6323.01', '2020-10-16 00:22:00', '2020-10-16 00:22:00');
INSERT INTO tb_log_financeiro VALUES ( '1007', '1', '948', '6323.01', '6623.01', '2020-10-16 00:22:46', '2020-10-16 00:22:46');
INSERT INTO tb_log_financeiro VALUES ( '1008', '1', '949', '6623.01', '7062.01', '2020-10-23 00:04:05', '2020-10-23 00:04:05');
INSERT INTO tb_log_financeiro VALUES ( '1009', '1', '950', '7062.01', '7362.01', '2020-10-23 00:05:06', '2020-10-23 00:05:06');
INSERT INTO tb_log_financeiro VALUES ( '1010', '1', '951', '7362.01', '6003.70', '2020-10-23 00:06:17', '2020-10-23 00:06:17');
INSERT INTO tb_log_financeiro VALUES ( '1011', '1', '952', '6003.70', '5448.73', '2020-10-23 00:07:39', '2020-10-23 00:07:39');
INSERT INTO tb_log_financeiro VALUES ( '1012', '1', '953', '5448.73', '5948.73', '2020-10-23 00:08:15', '2020-10-23 00:08:15');
INSERT INTO tb_log_financeiro VALUES ( '1013', '1', '954', '5948.73', '6448.73', '2020-10-23 00:09:09', '2020-10-23 00:09:09');
INSERT INTO tb_log_financeiro VALUES ( '1014', '1', '955', '6448.73', '6328.73', '2020-10-23 00:18:55', '2020-10-23 00:18:55');
INSERT INTO tb_log_financeiro VALUES ( '1015', '1', '956', '6328.73', '6208.73', '2020-10-28 00:59:51', '2020-10-28 00:59:51');
INSERT INTO tb_log_financeiro VALUES ( '1016', '1', '957', '6208.73', '6156.73', '2020-10-28 01:00:38', '2020-10-28 01:00:38');
INSERT INTO tb_log_financeiro VALUES ( '1017', '1', '958', '6156.73', '6610.93', '2020-10-28 01:02:24', '2020-10-28 01:02:24');
INSERT INTO tb_log_financeiro VALUES ( '1018', '1', '959', '6610.93', '7260.93', '2020-10-28 01:03:00', '2020-10-28 01:03:00');
INSERT INTO tb_log_financeiro VALUES ( '1019', '1', '960', '7260.93', '8760.93', '2020-11-04 01:05:41', '2020-11-04 01:05:41');
INSERT INTO tb_log_financeiro VALUES ( '1020', '1', '961', '8760.93', '9060.93', '2020-11-04 01:06:15', '2020-11-04 01:06:15');
INSERT INTO tb_log_financeiro VALUES ( '1021', '1', '962', '9060.93', '8940.93', '2020-11-04 01:06:53', '2020-11-04 01:06:53');
INSERT INTO tb_log_financeiro VALUES ( '1022', '1', '963', '8940.93', '7820.93', '2020-11-04 01:07:35', '2020-11-04 01:07:35');
INSERT INTO tb_log_financeiro VALUES ( '1023', '1', '964', '7820.93', '8220.93', '2020-11-04 01:09:03', '2020-11-04 01:09:03');
INSERT INTO tb_log_financeiro VALUES ( '1024', '1', '965', '8220.93', '7820.93', '2020-11-04 01:09:36', '2020-11-04 01:09:36');
INSERT INTO tb_log_financeiro VALUES ( '1025', '1', '966', '7820.93', '8439.93', '2020-11-04 01:10:25', '2020-11-04 01:10:25');
INSERT INTO tb_log_financeiro VALUES ( '1026', '1', '967', '8439.93', '8089.93', '2020-11-04 01:12:04', '2020-11-04 01:12:04');
INSERT INTO tb_log_financeiro VALUES ( '1027', '1', '968', '8089.93', '8079.48', '2020-11-04 01:12:30', '2020-11-04 01:12:30');
INSERT INTO tb_log_financeiro VALUES ( '1028', '1', '969', '8079.48', '8879.48', '2020-11-08 16:41:40', '2020-11-08 16:41:40');
INSERT INTO tb_log_financeiro VALUES ( '1029', '1', '970', '8879.48', '9079.48', '2020-11-08 16:42:17', '2020-11-08 16:42:17');
INSERT INTO tb_log_financeiro VALUES ( '1030', '1', '971', '9079.48', '9479.48', '2020-11-08 16:42:51', '2020-11-08 16:42:51');
INSERT INTO tb_log_financeiro VALUES ( '1031', '1', '972', '9479.48', '9829.48', '2020-11-08 16:43:33', '2020-11-08 16:43:33');
INSERT INTO tb_log_financeiro VALUES ( '1032', '1', '973', '9829.48', '9665.18', '2020-11-08 16:44:42', '2020-11-08 16:44:42');
INSERT INTO tb_log_financeiro VALUES ( '1033', '1', '974', '9665.18', '5040.77', '2020-11-08 16:45:23', '2020-11-08 16:45:23');
INSERT INTO tb_log_financeiro VALUES ( '1034', '1', '975', '5040.77', '5030.32', '2020-11-08 16:45:50', '2020-11-08 16:45:50');
INSERT INTO tb_log_financeiro VALUES ( '1035', '1', '976', '5030.32', '4843.32', '2020-11-08 16:46:41', '2020-11-08 16:46:41');
INSERT INTO tb_log_financeiro VALUES ( '1036', '1', '977', '4843.32', '4918.32', '2020-11-08 16:47:39', '2020-11-08 16:47:39');
INSERT INTO tb_log_financeiro VALUES ( '1037', '1', '978', '4918.32', '6089.82', '2020-11-08 16:48:10', '2020-11-08 16:48:10');
INSERT INTO tb_log_financeiro VALUES ( '1038', '1', '979', '6089.82', '6239.82', '2020-11-12 00:05:25', '2020-11-12 00:05:25');
INSERT INTO tb_log_financeiro VALUES ( '1039', '1', '980', '6239.82', '7239.82', '2020-11-12 00:05:58', '2020-11-12 00:05:58');
INSERT INTO tb_log_financeiro VALUES ( '1040', '1', '981', '7239.82', '7689.82', '2020-11-18 00:52:02', '2020-11-18 00:52:02');
INSERT INTO tb_log_financeiro VALUES ( '1041', '1', '982', '7689.82', '8239.82', '2020-11-18 00:52:45', '2020-11-18 00:52:45');
INSERT INTO tb_log_financeiro VALUES ( '1042', '1', '983', '8239.82', '8539.82', '2020-11-18 00:53:31', '2020-11-18 00:53:31');
INSERT INTO tb_log_financeiro VALUES ( '1043', '1', '984', '8539.82', '7388.85', '2020-11-18 00:54:14', '2020-11-18 00:54:14');
INSERT INTO tb_log_financeiro VALUES ( '1044', '1', '985', '7388.85', '5076.85', '2020-11-18 00:55:58', '2020-11-18 00:55:58');
INSERT INTO tb_log_financeiro VALUES ( '1045', '1', '986', '5076.85', '4956.95', '2020-11-18 00:56:37', '2020-11-18 00:56:37');
INSERT INTO tb_log_financeiro VALUES ( '1046', '1', '987', '4956.95', '4946.50', '2020-11-18 00:57:16', '2020-11-18 00:57:16');
INSERT INTO tb_log_financeiro VALUES ( '1047', '1', '988', '4946.50', '4826.50', '2020-11-18 00:57:48', '2020-11-18 00:57:48');
INSERT INTO tb_log_financeiro VALUES ( '1048', '1', '989', '4826.50', '5343.50', '2020-11-18 00:58:32', '2020-11-18 00:58:32');
INSERT INTO tb_log_financeiro VALUES ( '1049', '1', '990', '5343.50', '5543.50', '2020-11-22 12:23:02', '2020-11-22 12:23:02');
INSERT INTO tb_log_financeiro VALUES ( '1050', '1', '991', '5543.50', '5743.50', '2020-11-22 12:23:46', '2020-11-22 12:23:46');
INSERT INTO tb_log_financeiro VALUES ( '1051', '1', '992', '5743.50', '6243.50', '2020-11-22 12:24:20', '2020-11-22 12:24:20');
INSERT INTO tb_log_financeiro VALUES ( '1052', '1', '993', '6243.50', '5688.53', '2020-11-22 12:24:55', '2020-11-22 12:24:55');
INSERT INTO tb_log_financeiro VALUES ( '1053', '1', '994', '5688.53', '5488.53', '2020-11-22 12:26:13', '2020-11-22 12:26:13');
INSERT INTO tb_log_financeiro VALUES ( '1054', '1', '995', '5488.53', '5368.53', '2020-11-22 12:26:45', '2020-11-22 12:26:45');
INSERT INTO tb_log_financeiro VALUES ( '1055', '1', '996', '5368.53', '5378.53', '2020-11-22 12:27:22', '2020-11-22 12:27:22');
INSERT INTO tb_log_financeiro VALUES ( '1056', '1', '997', '5378.53', '5560.53', '2020-11-22 12:28:22', '2020-11-22 12:28:22');
INSERT INTO tb_log_financeiro VALUES ( '1057', '1', '998', '5560.53', '6587.53', '2020-11-22 12:29:19', '2020-11-22 12:29:19');
INSERT INTO tb_log_financeiro VALUES ( '1058', '1', '999', '6587.53', '5560.53', '2020-11-22 12:33:21', '2020-11-22 12:33:21');
INSERT INTO tb_log_financeiro VALUES ( '1059', '1', '999', '5560.53', '6587.53', '2020-11-22 12:41:19', '2020-11-22 12:41:19');
INSERT INTO tb_log_financeiro VALUES ( '1060', '1', '998', '6587.53', '7614.53', '2020-11-22 12:44:07', '2020-11-22 12:44:07');
INSERT INTO tb_log_financeiro VALUES ( '1061', '1', '1000', '7614.53', '6587.53', '2020-11-22 12:50:49', '2020-11-22 12:50:49');
INSERT INTO tb_log_financeiro VALUES ( '1062', '1', '1001', '4533.53', '3410.70', '2020-11-27 15:54:43', '2020-11-27 15:54:43');
INSERT INTO tb_log_financeiro VALUES ( '1063', '1', '1002', '3410.70', '3306.35', '2020-11-27 15:55:59', '2020-11-27 15:55:59');
INSERT INTO tb_log_financeiro VALUES ( '1064', '1', '1003', '3306.35', '2956.35', '2020-11-27 16:06:38', '2020-11-27 16:06:38');
INSERT INTO tb_log_financeiro VALUES ( '1065', '1', '1004', '2956.35', '2945.90', '2020-11-27 16:07:03', '2020-11-27 16:07:03');
INSERT INTO tb_log_financeiro VALUES ( '1066', '1', '1005', '2945.90', '3495.90', '2020-11-30 16:33:22', '2020-11-30 16:33:22');
INSERT INTO tb_log_financeiro VALUES ( '1067', '1', '1006', '3495.90', '4295.90', '2020-11-30 16:34:06', '2020-11-30 16:34:06');
INSERT INTO tb_log_financeiro VALUES ( '1068', '1', '1007', '4295.90', '4345.90', '2020-11-30 16:34:42', '2020-11-30 16:34:42');
INSERT INTO tb_log_financeiro VALUES ( '1069', '1', '1008', '4345.90', '5845.90', '2020-11-30 16:35:12', '2020-11-30 16:35:12');
INSERT INTO tb_log_financeiro VALUES ( '1070', '1', '1009', '5845.90', '6145.90', '2020-11-30 16:35:43', '2020-11-30 16:35:43');
INSERT INTO tb_log_financeiro VALUES ( '1071', '1', '1010', '6145.90', '6645.90', '2020-11-30 16:37:32', '2020-11-30 16:37:32');
INSERT INTO tb_log_financeiro VALUES ( '1072', '1', '1011', '6645.90', '7577.90', '2020-11-30 16:38:14', '2020-11-30 16:38:14');
INSERT INTO tb_log_financeiro VALUES ( '1073', '1', '1012', '7577.90', '7457.90', '2020-11-30 16:38:55', '2020-11-30 16:38:55');
INSERT INTO tb_log_financeiro VALUES ( '1074', '1', '1013', '7457.90', '7481.90', '2020-11-30 16:40:11', '2020-11-30 16:40:11');
INSERT INTO tb_log_financeiro VALUES ( '1075', '1', '1014', '7481.90', '7881.90', '2020-12-02 12:59:34', '2020-12-02 12:59:34');
INSERT INTO tb_log_financeiro VALUES ( '1076', '1', '1015', '7881.90', '7481.90', '2020-12-02 13:00:43', '2020-12-02 13:00:43');
INSERT INTO tb_log_financeiro VALUES ( '1077', '1', '1016', '7481.90', '7361.90', '2020-12-08 11:39:27', '2020-12-08 11:39:27');
INSERT INTO tb_log_financeiro VALUES ( '1078', '1', '1017', '7361.90', '7761.90', '2020-12-08 11:40:18', '2020-12-08 11:40:18');
INSERT INTO tb_log_financeiro VALUES ( '1079', '1', '1018', '7761.90', '6405.90', '2020-12-08 11:43:16', '2020-12-08 11:43:16');
INSERT INTO tb_log_financeiro VALUES ( '1080', '1', '1019', '6405.90', '7005.90', '2020-12-08 11:48:17', '2020-12-08 11:48:17');
INSERT INTO tb_log_financeiro VALUES ( '1081', '1', '1020', '7005.90', '7355.90', '2020-12-08 11:49:03', '2020-12-08 11:49:03');
INSERT INTO tb_log_financeiro VALUES ( '1082', '1', '1021', '7355.90', '7555.90', '2020-12-08 11:49:40', '2020-12-08 11:49:40');
INSERT INTO tb_log_financeiro VALUES ( '1083', '1', '1022', '7555.90', '9555.90', '2020-12-08 11:50:20', '2020-12-08 11:50:20');
INSERT INTO tb_log_financeiro VALUES ( '1084', '1', '1023', '9555.90', '9403.40', '2020-12-08 11:51:22', '2020-12-08 11:51:22');
INSERT INTO tb_log_financeiro VALUES ( '1085', '1', '1024', '9403.40', '10903.40', '2020-12-08 11:53:54', '2020-12-08 11:53:54');
INSERT INTO tb_log_financeiro VALUES ( '1086', '1', '1025', '10903.40', '11480.40', '2020-12-08 11:55:53', '2020-12-08 11:55:53');
INSERT INTO tb_log_financeiro VALUES ( '1087', '1', '1026', '11480.40', '6855.99', '2020-12-14 23:02:50', '2020-12-14 23:02:50');
INSERT INTO tb_log_financeiro VALUES ( '1088', '1', '1027', '6855.99', '6845.54', '2020-12-14 23:03:28', '2020-12-14 23:03:28');
INSERT INTO tb_log_financeiro VALUES ( '1089', '1', '1028', '6845.54', '7395.54', '2020-12-14 23:04:02', '2020-12-14 23:04:02');
INSERT INTO tb_log_financeiro VALUES ( '1090', '1', '1029', '7395.54', '7845.54', '2020-12-14 23:04:34', '2020-12-14 23:04:34');
INSERT INTO tb_log_financeiro VALUES ( '1091', '1', '1030', '7845.54', '7945.54', '2020-12-14 23:05:05', '2020-12-14 23:05:05');
INSERT INTO tb_log_financeiro VALUES ( '1092', '1', '1031', '7945.54', '8542.04', '2020-12-14 23:06:27', '2020-12-14 23:06:27');
INSERT INTO tb_log_financeiro VALUES ( '1093', '1', '1032', '8542.04', '8646.64', '2020-12-14 23:07:00', '2020-12-14 23:07:00');
INSERT INTO tb_log_financeiro VALUES ( '1094', '1', '1033', '8646.64', '8647.64', '2020-12-14 23:07:25', '2020-12-14 23:07:25');
INSERT INTO tb_log_financeiro VALUES ( '1095', '1', '1034', '8647.64', '8997.64', '2020-12-23 13:16:20', '2020-12-23 13:16:20');
INSERT INTO tb_log_financeiro VALUES ( '1096', '1', '1035', '8997.64', '9197.64', '2020-12-23 13:16:58', '2020-12-23 13:16:58');
INSERT INTO tb_log_financeiro VALUES ( '1097', '1', '1036', '9197.64', '9497.64', '2020-12-23 13:17:40', '2020-12-23 13:17:40');
INSERT INTO tb_log_financeiro VALUES ( '1098', '1', '1037', '9497.64', '8346.67', '2020-12-23 13:18:28', '2020-12-23 13:18:28');
INSERT INTO tb_log_financeiro VALUES ( '1099', '1', '1038', '8346.67', '8146.67', '2020-12-23 13:19:40', '2020-12-23 13:19:40');
INSERT INTO tb_log_financeiro VALUES ( '1100', '1', '1039', '8146.67', '8026.77', '2020-12-23 13:20:54', '2020-12-23 13:20:54');
INSERT INTO tb_log_financeiro VALUES ( '1101', '1', '1040', '8026.77', '8326.77', '2020-12-23 13:21:24', '2020-12-23 13:21:24');
INSERT INTO tb_log_financeiro VALUES ( '1102', '1', '1041', '8326.77', '6014.36', '2020-12-23 13:22:02', '2020-12-23 13:22:02');
INSERT INTO tb_log_financeiro VALUES ( '1103', '1', '1042', '6014.36', '6003.91', '2020-12-23 13:22:31', '2020-12-23 13:22:31');
INSERT INTO tb_log_financeiro VALUES ( '1104', '1', '1043', '6003.91', '4852.94', '2020-12-23 13:23:10', '2020-12-23 13:23:10');
INSERT INTO tb_log_financeiro VALUES ( '1105', '1', '1044', '4852.94', '4297.97', '2020-12-23 13:23:47', '2020-12-23 13:23:47');
INSERT INTO tb_log_financeiro VALUES ( '1106', '1', '1045', '4297.97', '4832.97', '2020-12-23 13:24:36', '2020-12-23 13:24:36');
INSERT INTO tb_log_financeiro VALUES ( '1107', '1', '1046', '4832.97', '5382.97', '2020-12-23 13:25:08', '2020-12-23 13:25:08');
INSERT INTO tb_log_financeiro VALUES ( '1108', '1', '1047', '5382.97', '6382.97', '2020-12-23 13:25:39', '2020-12-23 13:25:39');
INSERT INTO tb_log_financeiro VALUES ( '1109', '1', '1048', '6382.97', '6682.97', '2020-12-23 13:26:18', '2020-12-23 13:26:18');
INSERT INTO tb_log_financeiro VALUES ( '1110', '1', '1049', '6682.97', '7032.97', '2020-12-23 13:26:53', '2020-12-23 13:26:53');
INSERT INTO tb_log_financeiro VALUES ( '1111', '1', '1050', '7032.97', '7282.97', '2020-12-23 13:27:24', '2020-12-23 13:27:24');
INSERT INTO tb_log_financeiro VALUES ( '1112', '1', '1051', '7282.97', '8282.97', '2020-12-23 13:27:51', '2020-12-23 13:27:51');
INSERT INTO tb_log_financeiro VALUES ( '1113', '1', '1052', '8282.97', '7048.97', '2020-12-23 13:28:27', '2020-12-23 13:28:27');
INSERT INTO tb_log_financeiro VALUES ( '1114', '1', '1053', '7048.97', '5807.10', '2020-12-23 13:29:05', '2020-12-23 13:29:05');
INSERT INTO tb_log_financeiro VALUES ( '1115', '1', '1054', '5807.10', '5457.10', '2020-12-23 13:29:40', '2020-12-23 13:29:40');
INSERT INTO tb_log_financeiro VALUES ( '1116', '1', '1055', '5457.10', '5446.65', '2020-12-23 13:30:03', '2020-12-23 13:30:03');
INSERT INTO tb_log_financeiro VALUES ( '1117', '1', '1056', '5446.65', '5326.65', '2020-12-23 13:30:48', '2020-12-23 13:30:48');
INSERT INTO tb_log_financeiro VALUES ( '1118', '1', '1057', '5326.65', '5551.65', '2020-12-28 14:12:25', '2020-12-28 14:12:25');
INSERT INTO tb_log_financeiro VALUES ( '1119', '1', '1058', '5551.65', '6051.65', '2020-12-28 14:17:37', '2020-12-28 14:17:37');
INSERT INTO tb_log_financeiro VALUES ( '1120', '1', '1059', '6051.65', '6401.65', '2020-12-28 14:18:10', '2020-12-28 14:18:10');
INSERT INTO tb_log_financeiro VALUES ( '1121', '1', '1060', '6401.65', '7901.65', '2020-12-28 14:18:39', '2020-12-28 14:18:39');
INSERT INTO tb_log_financeiro VALUES ( '1122', '1', '1061', '7901.65', '7849.65', '2020-12-28 14:19:06', '2020-12-28 14:19:06');
INSERT INTO tb_log_financeiro VALUES ( '1123', '1', '1057', '7849.65', '7624.65', '2020-12-28 14:23:39', '2020-12-28 14:23:39');
INSERT INTO tb_log_financeiro VALUES ( '1124', '1', '1057', '7624.65', '7869.65', '2020-12-28 14:24:05', '2020-12-28 14:24:05');
INSERT INTO tb_log_financeiro VALUES ( '1125', '1', '1057', '7869.65', '7624.65', '2020-12-28 14:30:09', '2020-12-28 14:30:09');
INSERT INTO tb_log_financeiro VALUES ( '1126', '1', '1057', '7624.65', '7889.65', '2020-12-28 14:30:53', '2020-12-28 14:30:53');
INSERT INTO tb_log_financeiro VALUES ( '1127', '1', '1062', '7889.65', '8089.65', '2020-12-29 10:02:15', '2020-12-29 10:02:15');

#
# Criação da Tabela : tb_membros
#

CREATE TABLE `tb_membros` (
  `id_membro` int(11) NOT NULL AUTO_INCREMENT,
  `forma_entrada` varchar(250) NOT NULL,
  `id_congregacao` int(11) NOT NULL,
  `tipo` varchar(250) NOT NULL,
  `ativo` char(3) NOT NULL,
  `afastado` varchar(250) NOT NULL,
  `sexo` char(1) NOT NULL,
  `pastor` varchar(250) NOT NULL,
  `nome` varchar(250) NOT NULL,
  `rg` varchar(250) NOT NULL,
  `cpf` varchar(250) NOT NULL,
  `data_nascimento` date NOT NULL,
  `cidade_nascimento` varchar(250) NOT NULL,
  `estado_nascimento` varchar(250) NOT NULL,
  `foto` varchar(250) NOT NULL,
  `tipo_sanguineo` varchar(250) NOT NULL,
  `doador` varchar(250) NOT NULL,
  `profissao` varchar(250) NOT NULL,
  `estado_civil` varchar(250) NOT NULL,
  `cep` varchar(250) NOT NULL,
  `endereco` varchar(250) NOT NULL,
  `numero` varchar(250) NOT NULL,
  `complemento` varchar(250) NOT NULL,
  `bairro` varchar(250) NOT NULL,
  `cidade` varchar(250) NOT NULL,
  `estado` varchar(250) NOT NULL,
  `comungante` varchar(250) NOT NULL,
  `votante` varchar(30) NOT NULL,
  `envelope_oferta` varchar(30) NOT NULL,
  `horario_visita` varchar(250) NOT NULL,
  `enfermo` varchar(30) NOT NULL,
  `observacoes` text NOT NULL,
  `latitude` varchar(250) NOT NULL,
  `longitude` varchar(250) NOT NULL,
  `data_cadastro` datetime NOT NULL,
  `atualizacao` timestamp NOT NULL DEFAULT CURRENT_TIMESTAMP ON UPDATE CURRENT_TIMESTAMP,
  PRIMARY KEY (`id_membro`)
) ENGINE=InnoDB AUTO_INCREMENT=115 DEFAULT CHARSET=latin1 ;

#
# Dados a serem incluídos na tabela
#

INSERT INTO tb_membros VALUES ( '1', 'Profissão de fé', '1', 'membro', 'sim', 'nao', 'f', 'nao', 'Cynthia Bogo Westphal Muniz', '2828543', '017.288.459-47', '1975-10-23', 'Lages', 'Santa Catarina', '', 'O - (negativo)', 'sim', 'Farmacêutica', 'casado', '69058-124', 'Rua Diamantina', '1073', 'Condomínio Juliana 3 etapa 2 Bloco L apto 204', 'Parque 10 de Novembro', 'Manaus', 'AM', 'sim', 'sim', 'sim', '', 'nao', '', '-3.0687739', '-60.0050211', '2012-01-30 00:00:00', '2018-02-20 21:11:42');
INSERT INTO tb_membros VALUES ( '3', 'Profissão de fé', '1', 'membro', 'sim', 'nao', 'm', 'nao', 'Aleksander Westphal Muniz', '2595253', '888.973.979-72', '1971-01-15', 'Lages', 'Santa Catarina', '', 'A + (positivo)', 'sim', 'engenheiro agrônomo', 'amasiado', '69058-124', 'Rua Diamantina', '1073', 'Condomínio Juliana 3 etapa 2 Bloco L apto 204', 'Parque 10 de Novembro', 'Manaus', 'AM', 'sim', 'sim', 'sim', '', 'nao', '', '-3.0687739', '-60.0050211', '2012-01-30 00:00:00', '2018-02-20 21:16:21');
INSERT INTO tb_membros VALUES ( '4', 'Profissão de fé', '1', 'membro', 'sim', 'nao', 'f', 'nao', 'Marcélia Torres da Silva Nogueira', '1509076-0', '704.190.942-53', '1982-01-23', 'Manaus', 'Amazonas', '', 'O+', 'nao', 'Administradora', '', '69037-042', 'Rua Raimundo Nonato de Castro', '685', 'Prox. Peixaria Puraquê', 'Ponta Negra', 'Manaus', 'AM', 'sim', 'sim', 'nao', '', 'nao', '', '-3.0892309', '-60.0705956', '2010-10-31 00:00:00', '2018-02-21 23:45:39');
INSERT INTO tb_membros VALUES ( '5', 'Profissão de fé', '1', 'membro', 'sim', 'nao', 'm', 'nao', 'Vicente de Paulo Queiroz Nogueira', '146976-2', '027.084.932-72', '1952-06-27', 'Manaus', 'Amazonas', '', '', 'nao', 'Professor Universitário', 'casado', '69037-042', 'Rua Raimundo Nonato de Castro', '685', '', 'Ponta Negra', 'Manaus', 'AM', 'sim', 'sim', 'nao', '', 'nao', '', '-3.0892309', '-60.0705956', '2010-10-31 00:00:00', '2018-02-21 23:49:23');
INSERT INTO tb_membros VALUES ( '6', 'Transferência', '1', 'membro', 'sim', 'nao', 'm', 'sim', 'Dionatan Ferreira', '3705979-ES', '148.644.847-08', '1997-03-06', 'Itarana', 'Espírito Santo', '7a532b99c90c8412c3acf4f5ee92e0c9.jpg', 'O+', 'sim', 'Estagiário', 'solteiro', '', 'Avenida Codajás', '239', '', 'Cachoeirinha', 'Manaus', 'Amazonas', 'sim', 'sim', 'nao', '', 'nao', '', '-3.1198640', '-60.0078600', '2019-03-02 00:00:00', '2019-04-03 14:41:26');
INSERT INTO tb_membros VALUES ( '7', 'Batismo', '1', 'membro', 'sim', 'nao', 'f', 'nao', 'Berline Elvius Mercius', '', '', '2018-09-12', 'Manaus', 'Amazonas', '', '', '', '', '', '', '', '', '', '', '', '', 'nao', 'nao', 'nao', '', 'nao', '', '-14.2350040', '-51.9252800', '2019-03-23 00:00:00', '2019-06-06 15:30:48');
INSERT INTO tb_membros VALUES ( '8', 'Transferência', '1', 'membro', 'sim', 'nao', 'm', 'nao', 'Rodrigo Samuel Sjlender', '8054154383', '013.507.190-99', '1986-12-17', 'Floriano', 'Piauí', '', 'O+', 'sim', 'Administrador e Coordenador', 'casado', '69077-730', 'Avenida Carlos Drummond de Andrade', '1460', 'CEULM', 'Japiim', 'Manaus', 'AM', 'sim', 'sim', 'nao', '', 'nao', '', '-3.1083806', '-59.9799876', '2012-10-27 00:00:00', '2020-05-25 12:50:15');
INSERT INTO tb_membros VALUES ( '9', 'Transferência', '1', 'membro', 'sim', 'nao', 'm', 'nao', 'Tymotheo Becker da Silveira', '', '', '0000-00-00', '', '', '', '', '', 'Engenheiro', '', '', 'Julia Lopes', '4131', 'Bloco B', 'Nova República', 'Manaus', 'Amazonas', 'sim', 'sim', 'sim', '', 'nao', '', '-3.1035203', '-59.9617931', '2019-04-03 00:00:00', '2019-06-06 15:30:48');
INSERT INTO tb_membros VALUES ( '11', 'Transferência', '1', 'membro', 'sim', 'nao', 'm', 'sim', 'Jaques Cristiano Schlosser', '', '', '1976-04-19', 'Doutor Maurício Cardoso', 'Rio Grande do Sul', '', '', '', 'Pastor', 'casado', '', 'Avenida Carlos Drummond de Andrade', '1460', 'CEULM', 'Japiim', 'Manaus', 'Amazonas', 'sim', 'sim', 'sim', '', 'nao', '', '-3.0534535', '-59.9413510', '2018-01-01 00:00:00', '2019-06-06 15:30:48');
INSERT INTO tb_membros VALUES ( '12', 'Transferência', '1', 'membro', 'sim', 'nao', 'f', 'nao', 'Liege Tietbohl Mittelstaed Deolindo', '', '', '1966-03-23', '', '', '', '', '', 'Engenheira', 'casado', '', 'Luiz Eduardo Rodrigues', '23', '', 'Conjunto Atílio Andreazza', 'Manaus', 'Amazonas', 'sim', 'sim', 'sim', '', 'nao', '', '-3.1190275', '-60.0217314', '2019-04-02 00:00:00', '2019-06-06 15:30:48');
INSERT INTO tb_membros VALUES ( '15', 'Transferência', '1', 'membro', 'sim', 'nao', 'm', 'nao', 'Fernando Manzoni', '', '', '1989-06-16', '', 'Rio Grande do Sul', '', '', '', '', 'casado', '', 'Alameda Albania', '50', 'Apartamento 1508, Torre Mykonos', 'Ponta Negra', 'Manaus', 'Amazonas', 'sim', 'sim', 'sim', '', 'nao', '', '-3.0600230', '-60.1013071', '2019-04-02 00:00:00', '2019-04-03 17:54:09');
INSERT INTO tb_membros VALUES ( '16', 'Transferência', '1', 'membro', 'sim', 'nao', 'f', 'nao', 'Déborah Becker da Rosa Marçal', '682007', '900.542.962-34', '1986-07-02', '', '', '', '', 'nao', 'Empresária', 'casado', '69077-783', '...', '4131', 'Bloco B', '...', '...', '...', 'sim', 'sim', 'sim', '', 'nao', '', '-23.6058187', '-46.6168462', '2019-04-02 00:00:00', '2020-02-04 20:06:28');
INSERT INTO tb_membros VALUES ( '18', 'Transferência', '1', 'membro', 'sim', 'nao', 'm', 'nao', 'Heitor Costa Vieira', '', '', '1987-05-08', 'MANAUS', 'Amazonas', '', '', '', '', '', '', 'Rua Sendai', '269', '', 'Parque 10 de Novembro', 'Manaus', 'Amazonas', 'sim', 'sim', 'sim', '', 'nao', '', '-3.0752250', '-59.9935590', '2019-04-02 00:00:00', '2019-04-03 18:05:07');
INSERT INTO tb_membros VALUES ( '19', 'Transferência', '1', 'membro', 'sim', 'nao', 'm', 'nao', 'Arnildo Riebe', '', '', '1967-10-16', '', '', '', '', '', '', 'casado', '', 'Rua Andirá', '72', 'Conjunto Atílio Andreazza, B', 'Japiim II', 'Manaus', 'Amazonas', 'sim', 'sim', 'sim', 'Tarde/noite', 'nao', '', '-3.1100250', '-59.9730998', '2019-04-03 00:00:00', '2019-04-06 11:52:12');
INSERT INTO tb_membros VALUES ( '20', 'Transferência', '1', 'membro', 'sim', 'nao', 'f', 'nao', 'Gláucia M. Riebe', '', '', '1971-06-19', '', '', '', '', '', '', 'casado', '', 'Rua Andirá', '72', 'Conjunto Atílio Andreazza, B', 'Japiim', 'Manaus', 'Amazonas', 'sim', 'sim', 'sim', 'Tarde/noite', 'nao', '', '-3.1100250', '-59.9730998', '2019-04-03 00:00:00', '2019-04-04 09:39:43');
INSERT INTO tb_membros VALUES ( '21', 'Batismo', '1', 'membro', 'sim', 'nao', 'f', 'nao', 'Rebeca Volpe Riebe', '', '', '2006-10-05', 'Manaus', 'Amazonas', '', '', '', '', '', '', '', '', '', '', '', '', 'sim', 'sim', 'nao', 'Tarde/noite', 'nao', '', '-14.2350040', '-51.9252800', '2006-11-18 00:00:00', '2019-08-03 09:31:26');
INSERT INTO tb_membros VALUES ( '23', 'Batismo', '1', 'membro', 'sim', 'nao', 'f', 'nao', 'Valentina Volpe Riebe', '', '', '2009-05-19', 'Manaus', 'Amazonas', '', '', '', '', '', '', '', '', '', '', '', '', 'nao', 'nao', 'nao', 'Tarde/noite', 'nao', '', '-14.2350040', '-51.9252800', '2009-05-19 00:00:00', '2019-06-06 15:30:48');
INSERT INTO tb_membros VALUES ( '24', 'Transferência', '1', 'membro', 'sim', 'nao', 'm', 'nao', 'Augusto Bücker', '', '', '1982-04-23', 'Ibirubá', 'Rio Grande do Sul', '', '', '', '', 'casado', '', 'Rua José de Arimatéia', ' 1001', 'Apto 402b torre B, Cond. Coral Gables', 'Aleixo', 'Manaus', 'Amazonas', 'sim', 'sim', 'nao', 'Tarde/noite', 'nao', '', '-3.0907403', '-59.9959737', '2004-01-01 00:00:00', '2019-05-26 19:24:51');
INSERT INTO tb_membros VALUES ( '25', '', '1', 'simpatizante', 'sim', 'nao', 'f', 'nao', 'Nádia Falcão Bücker', '', '', '0000-00-00', '', '', '', '', '', 'Farmacêutica', 'casado', '', 'José de Arimateia', '1001', 'Apartamento 402, Torre B', 'Aleixo', 'Manaus', 'Amazonas', 'nao', 'nao', 'nao', 'Tarde/noite', 'nao', '', '-3.0907403', '-59.9959737', '2008-01-01 00:00:00', '2019-05-26 19:30:17');
INSERT INTO tb_membros VALUES ( '26', 'Transferência', '1', 'membro', 'sim', 'nao', 'm', 'nao', 'Mário Schröpfer', '1225076', '236.633.160-68', '1960-08-21', 'Porto Lucena', 'Rio Grande do Sul', '', 'O+', 'sim', 'Comerciante', 'casado', '69077-610', 'Rua Jaime Bittencourt', '92', 'Conjunto Atílio Andreazza', 'Japiim', 'Manaus', 'AM', 'sim', 'sim', 'nao', 'Aos domingos, durante o dia', 'nao', '', '-3.1048838', '-59.9835333', '1992-02-01 00:00:00', '2019-11-19 11:07:03');
INSERT INTO tb_membros VALUES ( '27', 'Batismo', '1', 'membro', 'sim', 'nao', 'f', 'nao', 'Maria Luísa Reis Amed', '', '', '2006-10-13', 'Manaus', 'Amazonas', '', '', '', 'Estudante', 'solteiro', '', 'Avenida Cravina dos Poetas', '540', 'Conjunto Ajuricaba', 'Alvorada', 'Manaus', 'Amazonas', 'sim', 'sim', 'nao', '', 'nao', '', '-3.0641761', '-60.0395664', '2006-12-16 00:00:00', '2019-08-03 09:31:25');
INSERT INTO tb_membros VALUES ( '28', 'Batismo', '1', 'membro', 'sim', 'nao', 'm', 'nao', 'Isaías Conegundes Seabra', '', '', '2006-01-05', 'Manaus', 'Amazonas', '', '', '', '', 'solteiro', '', '', '', '', '', '', '', 'sim', 'sim', 'nao', '', 'nao', '', '-14.2350040', '-51.9252800', '2006-06-18 00:00:00', '2019-08-03 09:31:25');
INSERT INTO tb_membros VALUES ( '29', 'Transferência', '1', 'membro', 'sim', 'nao', 'm', 'nao', 'Miguel Artur von Mühlen Schlosser', '', '', '2006-10-13', 'Santa Rosa', 'Rio Grande do Sul', '', '', '', '', 'solteiro', '', 'Avenida Carlos Drummond de Andrade', '1460', 'Ulbra', 'Japiim', 'Manaus', 'Amazonas', 'sim', 'sim', 'nao', '', 'nao', '', '-3.1109983', '-59.9743256', '2017-09-01 00:00:00', '2019-08-03 09:31:25');
INSERT INTO tb_membros VALUES ( '30', 'Profissão de fé', '1', 'membro', 'sim', 'nao', 'm', 'nao', 'Luís Fabiano dos Santos Amed', '12127612', '568.404.112-49', '1975-10-17', 'Itacoatiara', 'Amazonas', '', '', '', '', 'união estável', '69046-000', 'Avenida Cravina dos Poetas', '540', 'Conjunto Ajuricaba', 'Alvorada', 'Manaus', 'AM', 'sim', 'sim', 'sim', 'Das 08:00 às 10:00', 'nao', '', '-3.0641761', '-60.0395664', '2019-06-08 00:00:00', '2019-06-06 15:30:48');
INSERT INTO tb_membros VALUES ( '31', 'Profissão de fé', '1', 'membro', 'sim', 'nao', 'f', 'nao', 'Marinalva de Oliveira Reis Campos', '16468155', '747.345.202-91', '1982-12-13', 'Itacoatiara', '', '', 'A+', 'nao', '', 'união estável', '69046-000', 'Avenida Cravina dos Poetas', '540', 'Conjunto Ajuricaba', 'Alvorada', 'Manaus', 'AM', 'sim', 'sim', 'sim', 'Das 14:00 às 18:00', 'nao', 'Filha de Magno Sancha de Aquino Campos e Vânia Maria de Oliveira Reis
Batizada no dia 17/08/1985 pelo Frei José Alberto Markolanis na Paróquia de Nossa Senhora de Nazaré e São José em Nova Olinda do Norte AM

', '-3.0641761', '-60.0395664', '2019-06-08 00:00:00', '2019-06-06 15:30:48');
INSERT INTO tb_membros VALUES ( '32', 'Batismo', '1', 'membro', 'sim', 'nao', 'f', 'nao', 'Laís Fabiana Reis Amed', '', '', '2008-11-28', 'Manaus', 'Amazonas', '', '', '', '', 'solteiro', '69046-000', 'Avenida Cravina dos Poetas', '540', 'Conjunto Ajuricaba', 'Alvorada', 'Manaus', 'AM', 'nao', 'nao', 'nao', 'Das 14:00 às 18:00', 'nao', '', '-3.0641761', '-60.0395664', '2009-02-07 00:00:00', '2019-06-06 15:36:19');
INSERT INTO tb_membros VALUES ( '33', 'Profissão de fé', '1', 'membro', 'sim', 'nao', 'm', 'nao', 'Jorge Matheus Mendes Magalhães', '3537550-7', '018.782.502-56', '1996-09-04', 'Fortaleza', 'Ceará', '', '', '', '', '', '69082-125', 'Rua Ivailândia', '224', 'C-3', 'Coroado', 'Manaus', 'AM', 'sim', 'sim', 'sim', '', 'nao', '', '-3.0874811', '-59.9765083', '2019-06-08 00:00:00', '2019-08-03 09:31:25');
INSERT INTO tb_membros VALUES ( '34', 'Batismo', '1', 'membro', 'sim', 'nao', 'f', 'nao', 'Alícia Matias Cortez', '', '040.695.802-55', '2001-11-03', 'Manaus', 'Amazonas', '', 'O+', 'nao', 'Estudante', 'solteiro', '69044-370', 'Rua Doutor Orlando Falcone', '22', 'Q16A', 'Planalto', 'Manaus', 'AM', 'sim', 'sim', 'nao', 'Noite', 'nao', '', '-3.0671004', '-60.0545317', '2018-11-03 00:00:00', '2019-08-03 09:31:25');
INSERT INTO tb_membros VALUES ( '35', 'Transferência', '1', 'membro', 'sim', 'nao', 'm', 'nao', 'Luiz Carlos Plantikow', '000511798', '422.625.262-49', '1971-10-26', 'São Gabriel da Palha', 'Espírito Santo', '', 'A+', 'nao', 'Carpinteiro', 'separado', '69054-308', 'Rua Sendai', '4', 'Jardim Oriente', 'Parque 10 de Novembro', 'Manaus', 'AM', 'sim', 'sim', 'sim', 'À noite', 'nao', '', '-3.0751376', '-59.9961205', '2014-00-00 00:00:00', '2019-07-17 11:59:41');
INSERT INTO tb_membros VALUES ( '37', 'Profissão de fé', '1', 'membro', 'sim', 'nao', 'm', 'nao', 'Gustavo Augusto Bastos Domingos', '24808644', '513.471.052-04', '1993-09-27', 'Manaus', 'Amazonas', '', 'O+', '', 'Advogado', 'casado', '69025-010', 'Rua Ferreira Pena', '1308', 'Altos', 'Centro', 'Manaus', 'AM', 'sim', 'sim', 'nao', 'Noite', 'nao', '', '-3.1181175', '-60.0251501', '2016-04-09 00:00:00', '2019-08-03 09:31:25');
INSERT INTO tb_membros VALUES ( '38', 'Transferência', '1', 'membro', 'sim', 'nao', 'm', 'nao', 'Lucas Behling Bett', '3096963156', '003.618.632-01', '1991-11-23', 'Sapiranga', 'Rio Grande do Sul', '', '', '', 'Engenheiro Civil', 'casado', '69065-120', 'Rua Belém', '963', 'Ap 1308A', 'Cachoeirinha', 'Manaus', 'AM', 'sim', 'sim', 'nao', 'Noite', 'nao', '', '-3.1128601', '-60.0167378', '2003-02-01 00:00:00', '2019-08-03 09:31:25');
INSERT INTO tb_membros VALUES ( '39', 'Profissão de fé', '1', 'membro', 'sim', 'nao', 'f', 'nao', 'Leonice Menezes de Freitas', '1924583', '130.006.912-00', '1952-08-24', 'Itacoatiara', 'Amazonas', '', '', 'nao', 'Autônoma', 'solteiro', '69044-370', 'Rua Doutor Orlando Falcone', '22', 'Quadra 16A Conjunto Belvedere', 'Planalto', 'Manaus', 'AM', 'sim', 'sim', 'nao', 'Noite - Depois das 20h', 'nao', '', '-3.0671004', '-60.0545317', '2018-11-03 00:00:00', '2019-08-03 09:31:25');
INSERT INTO tb_membros VALUES ( '40', 'Profissão de fé', '1', 'membro', 'sim', 'nao', 'm', 'nao', 'Ailton Cortez Freitas de Alencar', '1352982', '601.149.082-49', '1976-04-06', 'Manaus', 'Amazonas', '', 'O+', 'sim', 'Servidor Público', 'separado', '69044-370', 'Rua Doutor Orlando Falcone', '22', 'Quadra 16A Conjunto Belvedere', 'Planalto', 'Manaus', 'AM', 'sim', 'sim', 'nao', 'Noite', 'nao', '', '-3.0671004', '-60.0545317', '2018-11-03 00:00:00', '2019-08-03 09:31:25');
INSERT INTO tb_membros VALUES ( '41', 'Transferência', '1', 'membro', 'sim', 'nao', 'm', 'nao', 'Igor Eduardo P. Plantikow', '1296501', '028.252.432-05', '2002-06-05', 'Alta Floresta DOeste', 'Rondônia', '', '', '', 'Estudante', 'solteiro', '69054-308', 'Rua Sendai', '04', 'Conjunto Jardim Oriente', 'Parque 10 de Novembro', 'Manaus', 'AM', 'sim', 'sim', 'nao', 'Noite', 'nao', '', '-3.0751376', '-59.9961205', '2014-01-01 00:00:00', '2019-08-03 09:31:25');
INSERT INTO tb_membros VALUES ( '42', 'Transferência', '1', 'membro', 'sim', 'nao', 'm', 'nao', 'Jorge Luiz Plantikow', '32866968', '020.656.112-19', '1995-03-19', 'Alta Floresta DOeste', 'Rondônia', '', '', 'nao', 'Vendedor', 'solteiro', '', 'Rua Visconde do Sinimbú', '03', 'Em frente ao Shopping do Granito', 'Parque das Laranjeiras - Flores', 'Manaus', 'Amazonas', 'sim', 'sim', 'nao', 'Noite', 'nao', '', '-3.0616012', '-59.9913375', '2014-01-01 00:00:00', '2019-08-03 09:31:25');
INSERT INTO tb_membros VALUES ( '43', 'Transferência', '1', 'membro', 'sim', 'nao', 'm', 'nao', 'Ruan Carlos Plantikow', '1296566', '028.252.502-52', '1998-04-07', 'Alta Floresta DOeste', 'Rondônia', '', '', 'nao', 'Vendedor', 'solteiro', '69054-308', 'Rua Sendai', '4', 'Conjunto Jardim Oriente', 'Parque 10 de Novembro', 'Manaus', 'AM', 'sim', 'sim', 'nao', 'Noite', 'nao', '', '-3.0751376', '-59.9961205', '2014-01-01 00:00:00', '2019-08-03 09:31:26');
INSERT INTO tb_membros VALUES ( '44', 'Batismo', '1', 'membro', 'sim', 'nao', 'm', 'nao', 'Nicolas d\'Avila Behling', '', '', '2019-03-05', 'Manaus', 'Amazonas', '', '', '', '', '', '', '', '', '', '', '', '', 'nao', 'nao', 'sim', '', 'nao', '', '-14.2350040', '-51.9252800', '2019-08-01 00:00:00', '2019-08-03 09:32:39');
INSERT INTO tb_membros VALUES ( '45', '', '1', 'membro', 'sim', 'nao', 'm', 'nao', 'Luís Magno Reis Amed', '', '', '2012-01-16', 'Manaus', 'Amazonas', '', '', 'nao', '', 'solteiro', '69046-000', 'Avenida Cravina dos Poetas', '540', 'Conjunto Ajuricaba', 'Alvorada', 'Manaus', 'AM', 'nao', 'nao', 'sim', 'Tarde/noite', 'nao', '', '-3.0641761', '-60.0395664', '2019-08-10 00:00:00', '2019-08-10 17:15:55');
INSERT INTO tb_membros VALUES ( '46', 'Profissão de fé', '1', 'membro', 'sim', 'nao', 'm', 'nao', 'Abraão Shedd Castro Ramos', '3447323-8', '705.381.672-97', '2002-05-23', 'Manaus', 'Amazonas', '', '', '', 'Estudante', 'solteiro', '69090-314', 'Rua Pero Vaz de Caminha', '47', 'Conjunto Boas Novas', 'Cidade Nova', 'Manaus', 'AM', 'sim', 'nao', 'nao', 'Tarde', 'nao', '', '-3.0908837', '-59.9787671', '2019-09-14 00:00:00', '2019-09-14 15:53:31');
INSERT INTO tb_membros VALUES ( '47', 'Profissão de fé', '1', 'membro', 'sim', 'nao', 'm', 'nao', 'Levi dos Santos Lourenço', '12559288', '573.111.452-87', '1989-10-19', 'Manaus', 'Amazonas', '', 'B+', 'sim', 'Porteiro', 'solteiro', '69033-190', 'Rua São Dimas', '380', 'Vitória Regia', 'São Jorge', 'Manaus', 'AM', 'sim', 'nao', 'nao', 'Tarde', 'nao', '', '-3.0822650', '-59.9653676', '2019-09-14 00:00:00', '2019-09-14 19:33:02');
INSERT INTO tb_membros VALUES ( '48', 'Profissão de fé', '1', 'membro', 'nao', 'nao', 'f', 'nao', 'Waleska dos Santos Souza', '25100734', '009.241.172-06', '1994-01-06', 'Manaus', 'Amazonas', '', 'O+', 'nao', 'Bióloga', 'solteiro', '69097-742', 'Travessa Itamari', '2', 'Casa 2A', 'Cidade Nova', 'Manaus', 'AM', 'sim', 'sim', 'nao', '', 'nao', '', '-3.0903560', '-59.9399345', '2009-08-15 00:00:00', '2019-11-18 13:08:40');
INSERT INTO tb_membros VALUES ( '49', 'Profissão de fé', '1', 'membro', 'sim', 'nao', 'm', 'nao', 'David Souza Bechimol', '0563997-2', '150.167.732-20', '1961-05-20', 'Urucurituba', 'Amazonas', '', 'AB+', 'nao', 'Serviços Gerais', 'casado', '', 'Rua B', '32', 'Casa', 'Nossa Senhora de Fátima II', 'Manaus', 'Amazonas', 'sim', 'sim', 'nao', '', 'nao', '', '-3.0633949', '-60.0400521', '1985-07-20 00:00:00', '2019-11-18 11:31:43');
INSERT INTO tb_membros VALUES ( '50', 'Transferência', '1', 'membro', 'sim', 'nao', 'm', 'nao', 'Diogo Bett', '', '', '1985-06-24', 'Porto Alegre', 'Rio Grande do Sul', '', 'AB', 'nao', 'Funcionário Público', 'solteiro', '69054-235', 'Rua Natori', '166', '', 'Parque 10 de Novembro', 'Manaus', 'AM', 'sim', 'sim', 'nao', '', 'nao', '', '-3.0725030', '-59.9901583', '2003-12-10 00:00:00', '2019-11-18 11:36:20');
INSERT INTO tb_membros VALUES ( '51', 'Transferência', '1', 'membro', 'sim', 'nao', 'f', 'nao', 'Geneci Bett', '', '292.616.780-68', '1959-06-26', '', '', '', 'B+', 'nao', 'Funcionária Pública', 'casado', '69054-235', 'Rua Natori', '166', 'Jardum Sakura', 'Parque 10 de Novembro', 'Manaus', 'AM', 'sim', 'sim', 'nao', '', 'nao', '', '-3.0725030', '-59.9901583', '2003-02-08 00:00:00', '2019-11-18 11:48:08');
INSERT INTO tb_membros VALUES ( '52', 'Transferência', '1', 'membro', 'sim', 'nao', 'm', 'nao', 'Jarbas Bett', '', '', '1956-04-23', 'Lauro Müller', 'Santa Catarina', '', 'B+', 'nao', 'Corretor', 'casado', '69054-235', 'Rua Natori', '166', 'Jardum Sakura', 'Parque 10 de Novembro', 'Manaus', 'AM', 'sim', 'sim', 'nao', '', 'nao', '', '-3.0725030', '-59.9901583', '2003-02-08 00:00:00', '2019-11-18 11:51:30');
INSERT INTO tb_membros VALUES ( '53', 'Profissão de fé', '1', 'membro', 'sim', 'nao', 'f', 'nao', 'Cláudia Regina Godoy de Brito', '305767239', '294.839.608-51', '1982-10-07', 'Manaus', 'Amazonas', '', 'A+', 'nao', 'Auxiliar Administrativa', 'casado', '69025-060', 'Rua Barcelos', '329', 'Centro', 'Presidente Vargas', 'Manaus', 'AM', 'sim', 'sim', 'nao', '', 'nao', '', '-3.1188133', '-60.0275950', '2014-11-08 00:00:00', '2019-11-18 11:59:36');
INSERT INTO tb_membros VALUES ( '54', 'Batismo', '1', 'membro', 'sim', 'nao', 'm', 'nao', 'Heitor Augusto Godoy de Brito', '', '507.682.548-09', '2015-01-15', 'Manaus', 'Amazonas', '', 'O+', 'nao', '', 'solteiro', '69025-060', 'Rua Barcelos', '329', 'Centro', 'Presidente Vargas', 'Manaus', 'AM', 'nao', 'nao', 'nao', '', 'nao', '', '-3.1188133', '-60.0275950', '2015-03-07 00:00:00', '2019-11-18 12:04:52');
INSERT INTO tb_membros VALUES ( '55', 'Profissão de fé', '1', 'membro', 'sim', 'nao', 'm', 'nao', 'Sebastião Pereira de Brito Filho', '11221771', '508.752.212-20', '1975-06-01', 'Manaus', 'Amazonas', '', 'O+', 'nao', 'Segurança', 'casado', '69025-060', 'Rua Barcelos', '329', 'Centro', 'Presidente Vargas', 'Manaus', 'AM', 'nao', 'sim', 'nao', '', 'nao', '', '-3.1188133', '-60.0275950', '2014-11-08 00:00:00', '2019-11-18 12:09:37');
INSERT INTO tb_membros VALUES ( '56', 'Transferência', '1', 'membro', 'sim', 'nao', 'f', 'nao', 'Daniela von Mühlen ', '', '941.969.150-00', '1978-07-21', 'Taquara', 'Rio Grande do Sul', '', 'B+', 'nao', 'Coordenadora do Polo EAD da ULBRA/Psicóloga', 'casado', '69077-730', 'Avenida Carlos Drummond de Andrade', '1460', 'Ulbra', 'Japiim', 'Manaus', 'AM', 'sim', 'sim', 'nao', '', 'nao', '', '-3.0534535', '-59.9413510', '2017-10-31 00:00:00', '2019-11-18 12:16:05');
INSERT INTO tb_membros VALUES ( '57', 'Profissão de fé', '1', 'membro', 'sim', 'nao', 'm', 'nao', 'Edyones Barros de Oliveira', '791334', '822.844.232-72', '1986-08-06', 'Manaus', 'Amazonas', '', 'A+', 'nao', 'Engenheiro Mecatrônico', 'casado', '69049-072', 'Rua Jorge Luiz Milani', '150', 'Condomíno Flex Tapajós', 'Da Paz', 'Manaus', 'AM', 'sim', 'sim', 'nao', '', 'nao', '', '-3.0575893', '-60.0260716', '2016-03-27 00:00:00', '2019-11-18 12:24:45');
INSERT INTO tb_membros VALUES ( '58', 'Batismo', '1', 'membro', 'sim', 'nao', 'f', 'nao', 'Katherine Conegundes Carbonari Sant\'Anna', '', '', '1990-09-29', 'Manaus', 'Amazonas', '', 'O+', 'nao', '', 'solteiro', '69043-130', 'Rua Rafael Assayag', '28', 'Antiga Rua 28', 'Alvorada', 'Manaus', 'AM', 'sim', 'sim', 'nao', '', 'nao', '', '-3.0778986', '-60.0388230', '1990-09-29 00:00:00', '2019-11-18 12:37:46');
INSERT INTO tb_membros VALUES ( '59', 'Transferência', '1', 'membro', 'sim', 'nao', 'f', 'nao', 'Juliana Bühring', '1085234852', '840.271.502-87', '1988-10-27', 'Panambi', 'Rio Grande do Sul', '', 'A+', 'sim', 'Médica', 'casado', '69049-072', 'Rua Jorge Luiz Milani', '150', 'Condomíno Flex Tapajós', 'Da Paz', 'Manaus', 'AM', 'sim', 'sim', 'nao', '', 'nao', '', '-3.0575893', '-60.0260716', '2016-03-27 00:00:00', '2019-11-18 12:46:35');
INSERT INTO tb_membros VALUES ( '60', 'Reconhecimento de batismo', '1', 'membro', 'sim', 'nao', 'f', 'nao', 'Isadora Godoy Cardoso', '', '607.683.258-38', '2008-08-11', 'Piracicaba', 'São Paulo', '', 'A+', 'nao', 'Estudante', 'solteiro', '69025-060', 'Rua Barcelos', '329', 'Centro', 'Presidente Vargas', 'Manaus', 'AM', 'sim', 'sim', 'sim', '', 'nao', '', '-3.1188133', '-60.0275950', '2014-11-08 00:00:00', '2019-11-18 13:49:14');
INSERT INTO tb_membros VALUES ( '61', 'Reconhecimento de batismo', '1', 'membro', 'sim', 'nao', 'm', 'nao', 'Ariel Pardo Corso', '24985953', '015.786.222-47', '1993-09-29', 'Manaus', 'Amazonas', '', 'O+', 'nao', 'Engenheiro', 'solteiro', '69037-005', 'Avenida do Turismo', '1997', 'Condomínio Itapuranga III, Casa R3', 'Ponta Negra', 'Manaus', 'AM', 'sim', 'sim', 'sim', '', 'nao', '', '-3.0642656', '-60.0898708', '1994-01-29 00:00:00', '2019-11-18 13:58:14');
INSERT INTO tb_membros VALUES ( '62', 'Batismo', '1', 'membro', 'sim', 'nao', 'm', 'nao', 'Caio Pardo Corso', '25545035', '025.327.712-40', '1996-03-05', 'Manaus', 'Amazonas', '', 'O+', 'nao', 'Estudante', 'solteiro', '69037-005', 'Avenida do Turismo', '1997', 'Condomínio Itapuranga III, Casa R3', 'Ponta Negra', 'Manaus', 'AM', 'sim', 'sim', 'nao', '', 'nao', '', '-3.0642656', '-60.0898708', '1996-03-05 00:00:00', '2019-11-18 15:13:20');
INSERT INTO tb_membros VALUES ( '63', 'Profissão de fé', '1', 'membro', 'sim', 'nao', 'm', 'nao', 'Celito Adão Corso', '3.464.022-0', '304.346.881-34', '1964-04-10', 'Salto da Lontra', 'Paraná', '', 'O+', 'nao', 'Industriário', 'casado', '69037-005', 'Avenida do Turismo', '1997', 'Condomínio Itapuranga III, Casa R3', 'Ponta Negra', 'Manaus', 'AM', 'sim', 'sim', 'nao', 'Noite', 'nao', '', '-3.0642656', '-60.0898708', '1989-12-02 00:00:00', '2019-11-18 15:40:06');
INSERT INTO tb_membros VALUES ( '64', 'Profissão de fé', '1', 'membro', 'sim', 'nao', 'f', 'nao', 'Suzi Pardo Corso', '14696177', '258.025.772-15', '1967-08-21', 'São Paulo', 'São Paulo', '', 'O+', 'nao', 'Administradora', 'casado', '69037-005', 'Avenida do Turismo', '1997', 'Condomínio Itapuranga III, Casa R3', 'Ponta Negra', 'Manaus', 'AM', 'sim', 'sim', 'nao', 'Noite', 'nao', '', '-3.0642656', '-60.0898708', '1989-12-02 00:00:00', '2019-11-18 15:44:53');
INSERT INTO tb_membros VALUES ( '65', 'Profissão de fé', '1', 'membro', 'sim', 'nao', 'f', 'nao', 'Eliene Conegundes da Costa', '8671982', '344.314.892-15', '1969-08-03', 'Manaus', 'Amazonas', '', 'O+', 'nao', 'Empresária', 'solteiro', '69043-130', 'Rua Rafael Assayag', '28', 'Antiga Rua 05', 'Alvorada', 'Manaus', 'AM', 'sim', 'sim', 'nao', '', 'nao', '', '-3.0778986', '-60.0388230', '1987-03-22 00:00:00', '2019-11-18 15:49:56');
INSERT INTO tb_membros VALUES ( '66', 'Profissão de fé', '1', 'membro', 'sim', 'nao', 'f', 'nao', 'Luciane Conegundes da Costa', '13112848', '677.610.202-30', '1978-03-13', 'Manaus', 'Amazonas', '', 'AB+', 'nao', 'Pedagoga', 'solteiro', '69058-200', 'Rua Barão de Palmares', '2', 'Parque das Laranjeiras', 'Flores', 'Manaus', 'AM', 'sim', 'sim', 'nao', '', 'nao', '', '-3.0617305', '-60.0017449', '2018-05-26 00:00:00', '2019-11-18 16:22:03');
INSERT INTO tb_membros VALUES ( '67', 'Batismo', '1', 'membro', 'sim', 'nao', 'f', 'nao', 'Júlia Bühring Barros', '', '', '2018-05-24', 'Manaus', 'Amazonas', '', 'A+', 'nao', '', 'solteiro', '69049-072', 'Rua Jorge Luiz Milani', '150', 'Condomíno Flex Tapajós', 'Da Paz', 'Manaus', 'AM', 'sim', 'nao', 'nao', 'Noite', 'nao', '', '-3.0575893', '-60.0260716', '2018-11-03 00:00:00', '2019-11-18 16:46:30');
INSERT INTO tb_membros VALUES ( '68', 'Batismo', '1', 'membro', 'sim', 'nao', 'f', 'nao', 'Caroline Neitzel Kuck', '', '890.565.742-72', '1984-10-21', 'Alcobaça', 'Bahia', '', '', 'sim', 'Advogada', 'casado', '69054-308', 'Rua Sendai', '269', '', 'Parque 10 de Novembro', 'Manaus', 'AM', 'sim', 'sim', 'nao', 'Finais de Semana', 'nao', '', '-3.0752250', '-59.9935590', '1984-10-21 00:00:00', '2019-11-18 16:55:58');
INSERT INTO tb_membros VALUES ( '69', 'Profissão de fé', '1', 'membro', 'sim', 'nao', 'm', 'nao', 'Thiago da Silva Marçal ', '16182316', '025.874.102-15', '1988-09-08', 'Manaus', 'Amazonas', '', '', 'nao', 'Vendedor', 'solteiro', '69054-723', 'Rua Alexandre Magno', '14', '', 'Parque 10 de Novembro', 'Manaus', 'AM', 'sim', 'sim', 'nao', '', 'nao', '', '-3.0700483', '-60.0048579', '2010-10-31 00:00:00', '2019-11-18 17:04:05');
INSERT INTO tb_membros VALUES ( '70', 'Batismo', '1', 'membro', 'sim', 'nao', 'f', 'nao', 'Anne Kellen Rabelo Gomes Manzoni', '20318294', '936.150.272-72', '1988-04-01', 'Manaus', 'Amazonas', '', 'O+', 'nao', 'Psicóloga', 'casado', '69037-063', 'Alameda Albânia', '50', 'Apartamento 1508, Torre Mykonos - Condomínio Ilhas Gregas', 'Ponta Negra', 'Manaus', 'AM', 'sim', 'sim', 'nao', '', 'nao', '', '-3.0600230', '-60.1013071', '2018-02-12 00:00:00', '2019-11-18 17:20:23');
INSERT INTO tb_membros VALUES ( '71', 'Profissão de fé', '1', 'membro', 'sim', 'nao', 'm', 'nao', 'Eduardo Manzoni', '1032867531', '431.968.610-15', '1966-06-14', 'Bento Gonçalves ', 'Rio Grande do Sul', '', '', 'nao', 'Representante Comercial', 'casado', '69028-321', 'Rua Professora Heloisa Monteiro', '98', 'Beija Flor I', 'Flores', 'Manaus', 'AM', 'sim', 'sim', 'nao', '', 'nao', '', '-3.0572230', '-60.0128679', '1985-09-01 00:00:00', '2019-11-18 17:25:43');
INSERT INTO tb_membros VALUES ( '72', 'Batismo', '1', 'membro', 'sim', 'nao', 'm', 'nao', 'Felipe Sonntag Manzoni', '20843690', '009.991.182-50', '1996-07-03', 'Manaus', 'Amazonas', '', '', '', 'TI - Ciência da Computação', 'solteiro', '69028-321', 'Rua Professora Heloisa Monteiro', '98', 'Beija Flor I', 'Flores', 'Manaus', 'AM', 'sim', 'sim', 'nao', '', 'nao', '', '-3.0572230', '-60.0128679', '1996-09-01 00:00:00', '2019-11-18 18:40:55');
INSERT INTO tb_membros VALUES ( '73', 'Transferência', '1', 'membro', 'sim', 'nao', 'f', 'nao', 'Miriam Sonntag Manzoni', '8017836571', '424.103.980-49', '1963-09-06', 'Ibirubá', 'Rio Grande do Sul', '', '', 'sim', 'Representante Comercial', 'casado', '69028-321', 'Rua Professora Heloisa Monteiro', '98', 'Beija Flor I', 'Flores', 'Manaus', 'AM', 'sim', 'sim', 'nao', '', 'nao', '', '-3.0572230', '-60.0128679', '1990-01-01 00:00:00', '2019-11-18 18:47:36');
INSERT INTO tb_membros VALUES ( '74', 'Batismo', '1', 'membro', 'sim', 'nao', 'f', 'nao', 'Tábita Sonntag Manzoni', '18209602', '008.233.302-57', '1994-05-16', 'Manaus', 'Amazonas', '', '', 'nao', 'Arquiteta', 'solteiro', '69028-321', 'Rua Professora Heloisa Monteiro', '98', 'Beija Flor I', 'Flores', 'Manaus', 'AM', 'sim', 'sim', 'nao', '', 'nao', '', '-3.0572230', '-60.0128679', '1994-06-11 00:00:00', '2019-11-18 18:57:08');
INSERT INTO tb_membros VALUES ( '75', 'Batismo', '1', 'membro', 'sim', 'nao', 'm', 'nao', 'Arno Frank Schröpfer', '2006627919', '205.899.300-44', '1956-01-24', 'São Nicolau', 'Rio Grande do Sul', '', '', 'sim', 'Agricultor', 'casado', '69077-730', 'Avenida Carlos Drummond de Andrade', '155', 'Conjunto Atílio Andreazza', 'Japiim', 'Manaus', 'AM', 'sim', 'sim', 'nao', '', 'nao', '', '-3.0534298', '-59.9416043', '1956-03-27 00:00:00', '2020-01-16 17:50:07');
INSERT INTO tb_membros VALUES ( '77', 'Transferência', '1', 'membro', 'sim', 'nao', 'm', 'nao', 'Rafael Augusto von Mühlen Schlosser', '7103527664', '031.043.840-37', '2003-01-21', 'Rio de Janeiro', 'Rio de Janeiro', '', 'O-', '', 'Estudante', 'solteiro', '69077-730', 'Avenida Carlos Drummond de Andrade', '1460', 'Ulbra', 'Japiim', 'Manaus', 'AM', 'sim', 'sim', 'nao', '', 'nao', '', '-3.0534535', '-59.9413510', '2017-10-31 00:00:00', '2019-11-18 19:25:49');
INSERT INTO tb_membros VALUES ( '78', 'Batismo', '1', 'membro', 'sim', 'nao', 'm', 'nao', 'Henrique Kuck Vieira', '', '', '2009-10-28', 'Manaus', 'Amazonas', '', '', '', '', '', '', 'Rua Sendai', '', '', '', '', '', 'nao', 'nao', 'nao', 'Finais de Semana', 'nao', '', '-23.5545010', '-46.6343870', '2009-11-28 00:00:00', '2019-11-18 19:31:02');
INSERT INTO tb_membros VALUES ( '79', 'Transferência', '1', 'membro', 'sim', 'nao', 'f', 'nao', 'Dagma Erna Brissow de Azevedo', '05751810', '160.576.272-53', '1963-05-05', 'Marechal Cândido Rondon', 'Paraná', '', 'A+', 'nao', 'Advogada', 'casado', '69077-280', 'Rua Maria da Fé', '576', 'Conjunto 31 de Março', 'Japiim', 'Manaus', 'AM', 'sim', 'sim', 'nao', 'Noite', 'nao', '', '-3.1032573', '-60.0268893', '2001-03-10 00:00:00', '2019-11-19 09:42:20');
INSERT INTO tb_membros VALUES ( '80', 'Transferência', '1', 'membro', 'sim', 'nao', 'm', 'nao', 'Valdemar Sjlender', '3016686267', '432.518.540-20', '1967-02-18', 'Giruá', 'Rio Grande do Sul', '', 'O_', 'sim', 'Professor', 'casado', '69077-730', 'Avenida Carlos Drummond de Andrade', '1460', 'Conjunto Atílio Andreazza/ULBRA ', 'Japiim', 'Manaus', 'AM', 'sim', 'sim', 'nao', '', 'nao', '', '-3.1109983', '-59.9743256', '2012-10-27 00:00:00', '2019-11-19 09:50:07');
INSERT INTO tb_membros VALUES ( '81', 'Transferência', '1', 'membro', 'sim', 'nao', 'f', 'nao', 'Luciana Berté Sjlender', '8045560946', '695.867.990-34', '1971-11-03', 'Carazinho', 'Rio Grande do Sul', '', 'O+', 'nao', 'Professora', 'casado', '69077-730', 'Avenida Carlos Drummond de Andrade', '1460', 'Conjunto Atílio Andreazza/ULBRA ', 'Japiim', 'Manaus', 'AM', 'sim', 'sim', 'nao', '', 'nao', '', '-3.1109983', '-59.9743256', '2013-02-01 00:00:00', '2019-11-19 09:55:57');
INSERT INTO tb_membros VALUES ( '83', 'Transferência', '1', 'membro', 'sim', 'nao', 'm', 'nao', 'Tiago Sjlender', '6070579864', '009.130.200-52', '1991-03-03', '', '', '', 'O+', 'nao', 'Analista de Engenharia', 'solteiro', '69077-730', 'Avenida Carlos Drummond de Andrade', '1460', 'Conjunto Atílio Andreazza/ULBRA ', 'Japiim', 'Manaus', 'AM', 'sim', 'sim', 'nao', '', 'nao', '', '-3.1109983', '-59.9743256', '2014-02-01 00:00:00', '2019-11-19 10:01:35');
INSERT INTO tb_membros VALUES ( '84', 'Transferência', '1', 'membro', 'sim', 'nao', 'f', 'nao', 'Ana Luiza Berté Sjlender', '5113460851', '050.160.180-57', '2003-09-16', 'Carazinho', 'Rio Grande do Sul', '', '', 'nao', 'Estudante', 'solteiro', '69077-730', 'Avenida Carlos Drummond de Andrade', '1460', 'Conjunto Atílio Andreazza/ULBRA ', 'Japiim', 'Manaus', 'AM', 'sim', 'sim', 'nao', '', 'nao', '', '-3.1109983', '-59.9743256', '2013-02-01 00:00:00', '2019-11-19 10:17:23');
INSERT INTO tb_membros VALUES ( '85', 'Transferência', '1', 'membro', 'sim', 'nao', 'f', 'nao', 'Cristina Roehrig Henriques Sjlender', '2062799644', '014.137.580-96', '1989-01-14', 'Carazinho', 'Rio Grande do Sul', '', 'A+', 'sim', 'Professora', 'casado', '69077-730', 'Avenida Carlos Drummond de Andrade', '1460', 'Conjunto Atílio Andreazza/ULBRA ', 'Japiim', 'Manaus', 'AM', 'sim', 'sim', 'nao', '', 'nao', '', '-3.1109983', '-59.9743256', '2012-10-27 00:00:00', '2019-11-19 10:27:05');
INSERT INTO tb_membros VALUES ( '86', 'Batismo', '1', 'membro', 'sim', 'nao', 'f', 'nao', 'Sara Henriques Sjlender', '', '063.252.942-38', '2018-07-05', 'Manaus', 'Amazonas', '', 'O+', 'nao', '', 'solteiro', '69077-730', 'Avenida Carlos Drummond de Andrade', '1460', 'Conjunto Atílio Andreazza/ULBRA ', 'Japiim', 'Manaus', 'AM', 'nao', 'nao', 'nao', '', 'nao', '', '-3.1109983', '-59.9743256', '2018-08-26 00:00:00', '2019-11-19 10:29:47');
INSERT INTO tb_membros VALUES ( '87', 'Transferência', '1', 'membro', 'sim', 'nao', 'm', 'nao', 'Sérgio Becker da Silveira', '8010297383', '293.208.440-20', '1958-05-24', 'Porto Alegre', 'Rio Grande do Sul', '', 'O+', 'nao', 'Professor e Pastor Emérito', 'casado', '69077-815', 'Rua Júlia Lopes', '4131', '102 B', 'Japiim', 'Manaus', 'AM', 'sim', 'sim', 'nao', '', 'nao', '', '-3.1035203', '-59.9617931', '2002-02-01 00:00:00', '2019-11-19 10:34:05');
INSERT INTO tb_membros VALUES ( '88', 'Transferência', '1', 'membro', 'sim', 'nao', 'f', 'nao', 'Maria Marta da Rosa Silveira', '', '265.390.630-91', '1956-10-19', 'Linhares', 'Espírito Santo', '', 'A+', 'sim', 'Professora', 'casado', '69077-815', 'Rua Júlia Lopes', '4131', 'Bloco B, 102B', 'Japiim', 'Manaus', 'AM', 'sim', 'sim', 'nao', '', 'nao', '', '-3.1035203', '-59.9617931', '2002-02-01 00:00:00', '2019-11-19 10:41:15');
INSERT INTO tb_membros VALUES ( '89', 'Transferência', '1', 'membro', 'sim', 'nao', 'f', 'nao', 'Angelita Marcia Gaertner Schröpfer', '3040124599', '487.344.460-87', '1966-12-31', 'Novo Hamburgo', 'Rio Grande do Sul', '', 'O+', 'nao', 'Comerciante e Designer', 'casado', '69077-610', 'Rua Jaime Bittencourt', '92', 'Conjunto Atílio Andreazza', 'Japiim', 'Manaus', 'AM', 'sim', 'sim', 'nao', 'Finais de Semana', 'nao', '', '-3.1048838', '-59.9835333', '1992-02-01 00:00:00', '2019-11-19 11:10:07');
INSERT INTO tb_membros VALUES ( '90', 'Batismo', '1', 'membro', 'sim', 'nao', 'f', 'nao', 'Nicole Gaertner Schröpfer', '', '', '1997-12-03', 'Manaus', 'Amazonas', '', 'O+', 'nao', 'Estudante', 'solteiro', '69077-610', 'Rua Jaime Bittencourt', '92', 'Conjunto Atílio Andreazza', 'Japiim', 'Manaus', 'AM', 'sim', 'sim', 'nao', '', 'nao', '', '-3.1048838', '-59.9835333', '1998-01-10 00:00:00', '2019-11-19 13:25:30');
INSERT INTO tb_membros VALUES ( '91', 'Reconhecimento de batismo', '1', 'membro', 'sim', 'nao', 'm', 'nao', 'Renato Lopes e Oliveira', '17796580', '949.531.122-53', '1987-08-13', 'Manaus', 'Amazonas', '', 'O+', 'nao', 'Empresário', 'casado', '69055-660', 'Rua Álvaro Braga', '485', 'Condomínio Miami Beach, apt. 44, torre 2', 'Parque 10 de Novembro', 'Manaus', 'AM', 'sim', 'sim', 'nao', 'Noite', 'nao', '', '-3.0733627', '-60.0084650', '2018-06-09 00:00:00', '2019-12-10 10:32:34');
INSERT INTO tb_membros VALUES ( '92', 'Transferência', '1', 'membro', 'sim', 'nao', 'f', 'nao', 'Mayara Caroline Schulz Lopes e Oliveira', '33915369', '053.382.311-07', '1995-05-14', 'Amambai', 'Mato Grosso do Sul', '', 'A+', 'nao', 'Estudante', 'casado', '69055-660', 'Rua Álvaro Braga', '485', 'Condomínio Miami Beach, apt. 44, torre 2', 'Parque 10 de Novembro', 'Manaus', 'AM', 'sim', 'sim', 'nao', 'Noite', 'nao', '', '-3.0733627', '-60.0084650', '2018-06-09 00:00:00', '2019-12-10 10:37:42');
INSERT INTO tb_membros VALUES ( '93', 'Transferência', '1', 'membro', 'sim', 'nao', 'm', 'nao', 'Arno Goerl Filho', '', '593.158.140-53', '1973-04-24', 'Curitiba', 'Paraná', '', 'A+', 'nao', 'Supervisor de Ferramentaria', 'separado', '69077-741', 'Rua Professor Manoel Gonzales', '', 'Condomínio Eliza Miranda', 'Japiim', 'Manaus', 'AM', 'sim', 'sim', 'nao', 'Noite', 'nao', '', '-3.1086983', '-59.9665067', '2005-12-25 00:00:00', '2019-12-10 12:47:10');
INSERT INTO tb_membros VALUES ( '94', 'Batismo', '1', 'membro', 'sim', 'nao', 'f', 'nao', 'Hayla Giovana Gaertner Schropfer Rodrigues', '', '', '2019-10-27', 'Manaus', 'Amazonas', '', '', '', '', 'solteiro', '', '', '', '', '', '', '', 'nao', 'sim', 'sim', '', 'nao', '', '-14.2350040', '-51.9252800', '2019-12-14 00:00:00', '2019-12-11 12:04:24');
INSERT INTO tb_membros VALUES ( '95', 'Batismo', '1', 'membro', 'sim', 'nao', 'm', 'nao', 'Gabriel S. Oliveira', '', '', '2005-03-17', 'Manaus', 'Amazonas', '', '', '', '', '', '', '', '', '', '', '', '', 'sim', 'sim', 'nao', 'Noite', 'nao', '', '-14.2350040', '-51.9252800', '2017-11-18 00:00:00', '2020-01-14 22:33:53');
INSERT INTO tb_membros VALUES ( '96', 'Transferência', '1', 'membro', 'sim', 'nao', 'f', 'nao', 'Bruna Gabriela Lemos de Souza', '23482346', '009.241.162-26', '1990-10-09', 'Manaus', 'Amazonas', '', '', '', 'Professora', 'casado', '69055-021', 'Avenida Maneca Marques', '16', 'Condomínio Metrópoles', 'Parque 10 de Novembro', 'Manaus', 'AM', 'sim', 'sim', 'nao', 'Noite', 'nao', '', '-3.0893177', '-60.0143392', '2009-08-15 00:00:00', '2020-01-14 22:38:53');
INSERT INTO tb_membros VALUES ( '97', 'Profissão de fé', '1', 'membro', 'sim', 'nao', 'f', 'nao', 'Antônia Simara Tavares da Silva', '', '', '1989-11-28', 'Tefé', 'Amazonas', '', '', '', '', 'solteiro', '', '', '', '', '', '', '', 'sim', 'sim', 'nao', 'Noite', 'nao', '', '-14.2350040', '-51.9252800', '2017-11-18 00:00:00', '2020-01-14 22:42:40');
INSERT INTO tb_membros VALUES ( '98', 'Transferência', '1', 'membro', 'sim', 'nao', 'm', 'nao', 'Valdemar Schiller', '3530524-0', '285.367.039-20', '1949-10-29', 'Santa Rosa', 'Rio Grande do Sul', '', 'O+', 'nao', 'Pastor Emérito', 'casado', '69077-730', 'Avenida Carlos Drummond de Andrade', '156', '', 'Japiim', 'Manaus', 'AM', 'sim', 'sim', 'nao', 'Noite', 'nao', '', '-3.0534841', '-59.9413891', '1998-07-01 00:00:00', '2020-01-21 14:51:37');
INSERT INTO tb_membros VALUES ( '99', 'Transferência', '1', 'membro', 'sim', 'nao', 'f', 'nao', 'Jeni Frey Schiller', '17316871', '285.366.909-25', '1955-06-01', 'Iraí', 'Rio Grande do Sul', '', 'A+', 'nao', 'Aposentada', 'casado', '69077-730', 'Avenida Carlos Drummond de Andrade', '156', '', 'Japiim', 'Manaus', 'AM', 'sim', 'sim', 'nao', 'Noite', 'nao', '', '-3.0534841', '-59.9413891', '1998-07-01 00:00:00', '2020-01-21 14:54:38');
INSERT INTO tb_membros VALUES ( '100', 'Batismo', '1', 'membro', 'sim', 'nao', 'f', 'nao', 'Jessica Silveira Couto', '33312397', '051.538.622-75', '2001-04-20', 'Manaus', 'Amazonas', '', '', 'sim', 'Estudante', 'solteiro', '69025-060', 'Rua Barcelos', '329', '', 'Presidente Vargas', 'Manaus', 'AM', 'sim', 'sim', 'nao', 'Noite', 'nao', '', '-3.1188133', '-60.0275950', '2020-01-25 00:00:00', '2020-01-24 20:26:43');
INSERT INTO tb_membros VALUES ( '101', 'Transferência', '1', 'membro', 'sim', 'nao', 'm', 'sim', 'Evandro Josiano Bündchen', '5393807-8	', '004.619.419-37', '1980-10-30', 'Marechal Cândido Rondon', 'PR', '', '', '', 'PASTOR', 'casado', '', '', '', '', '', '', '', 'sim', 'sim', 'sim', '', 'nao', '', '-14.2350040', '-51.9252800', '2020-01-15 00:00:00', '2020-08-29 12:55:50');
INSERT INTO tb_membros VALUES ( '102', 'Profissão de fé', '1', 'membro', 'sim', 'nao', 'm', 'nao', 'Cícero Romão de Souza Neto', '', '', '1957-04-04', 'Manaus', 'am', '', '', '', 'coronel PM', 'casado', '', 'sítio ', '', '', '', 'Rio Preto da Eva', 'am', 'sim', 'sim', 'sim', '', 'nao', '', '-2.6996583', '-59.7143254', '2020-08-29 00:00:00', '2020-08-29 12:24:55');
INSERT INTO tb_membros VALUES ( '103', 'Profissão de fé', '1', 'membro', 'sim', 'nao', 'f', 'nao', 'Deliane Mota Cortezão de Souza', '', '', '1971-04-27', 'Manaus', 'am', '', '', '', 'policial militar', 'casado', '', '', '', '', '', 'Rio Preto da Eva', 'am', 'sim', 'sim', 'sim', '', 'nao', '', '-2.6981683', '-59.6993705', '2020-08-29 00:00:00', '2020-08-29 12:30:36');
INSERT INTO tb_membros VALUES ( '104', 'Transferência', '1', 'membro', 'sim', 'nao', 'f', 'nao', 'Ediene Kedman Ferreira Bündchen', '', '', '1979-12-28', 'teresina', 'pi', '', '', '', 'tecnico judiciário TRF1', 'casado', '', '', '', '', '', 'Manaus', 'am', 'sim', 'sim', 'sim', '', 'nao', '', '-3.1190275', '-60.0217314', '2020-08-29 00:00:00', '2020-12-16 23:11:58');
INSERT INTO tb_membros VALUES ( '105', 'Transferência', '1', 'membro', 'sim', 'nao', 'f', 'nao', 'Adlen Ferreira Bündchen', '', '', '2001-12-11', 'brasilia', 'df', '', '', '', 'estudante', 'solteiro', '', '', '', '', '', 'Manaus', 'am', 'sim', 'sim', 'sim', '', 'nao', '', '-3.1190275', '-60.0217314', '2020-08-29 00:00:00', '2020-08-29 12:49:36');
INSERT INTO tb_membros VALUES ( '106', 'Transferência', '1', 'membro', 'sim', 'nao', 'f', 'nao', 'Eva Sofia Ferreira Bündchen', '', '', '2017-01-21', 'Paragominas', 'PA', '', '', '', '', '', '', '', '', '', '', 'Manaus', 'am', 'nao', 'nao', 'nao', '', 'nao', '', '-3.1190275', '-60.0217314', '2020-08-29 00:00:00', '2020-08-29 12:51:10');
INSERT INTO tb_membros VALUES ( '107', 'Transferência', '1', 'membro', 'sim', 'nao', 'm', 'nao', 'wellington neitzke de vargas', '', '', '1991-12-31', 'rio de janeiro', 'rj', '', '', '', 'militar', 'união estável', '', '', '', '', '', '', '', 'sim', 'sim', 'sim', '', 'nao', '', '-14.2350040', '-51.9252800', '2020-02-03 00:00:00', '2020-09-29 16:36:50');
INSERT INTO tb_membros VALUES ( '108', 'Batismo', '1', 'membro', 'sim', 'nao', 'm', 'nao', 'Pedro Henriques Sjlender', '', '', '2020-08-18', 'manaus', 'am', '', '', '', '', 'solteiro', '', '', '', '', '', '', '', 'nao', 'nao', 'nao', '', 'nao', '', '-14.2350040', '-51.9252800', '2020-10-04 00:00:00', '2020-10-03 17:35:57');
INSERT INTO tb_membros VALUES ( '109', 'Profissão de fé', '1', 'membro', 'sim', 'nao', 'f', 'nao', 'Cláudia Antônia Mar de Castro Ramos', '', '', '1974-12-29', 'manaus', 'am', '', '', '', '', '', '', '', '', '', '', '', '', 'sim', 'sim', 'sim', '', 'nao', '', '-14.2350040', '-51.9252800', '2020-10-03 00:00:00', '2020-10-03 17:39:21');
INSERT INTO tb_membros VALUES ( '110', 'Profissão de fé', '1', 'membro', 'sim', 'nao', 'm', 'nao', 'Marcos Paulo Fernandes Ramos', '', '', '1973-02-04', 'manaus', 'am ', '', '', '', '', '', '', '', '', '', '', '', '', 'sim', 'sim', 'sim', '', 'nao', '', '-14.2350040', '-51.9252800', '2020-10-03 00:00:00', '2020-10-03 17:41:51');
INSERT INTO tb_membros VALUES ( '111', 'Profissão de fé', '1', 'membro', 'sim', 'nao', 'f', 'nao', 'Thais Fonseca Amorim Domingos', '', '', '1994-12-07', '', '', '', '', '', '', '', '', '', '', '', '', '', '', 'sim', 'nao', 'nao', '', 'nao', '', '-14.2350040', '-51.9252800', '2020-10-23 00:00:00', '2020-10-24 00:14:58');
INSERT INTO tb_membros VALUES ( '112', 'Profissão de fé', '1', 'membro', 'sim', 'nao', 'f', 'nao', 'Ana Clécia dos Santos', '', '', '1993-04-05', 'Aracaju', 'Sergipe', '', '', '', 'do lar', 'união estável', '', 'condomínio Verona Premium, AM 010, depois da barreira', '', '', '', 'manaus', 'am', 'sim', 'nao', 'sim', 'noite', 'nao', '', '-2.9639635', '-60.0236076', '2020-12-19 00:00:00', '2020-12-19 10:18:56');
INSERT INTO tb_membros VALUES ( '113', 'Profissão de fé', '1', 'membro', 'sim', 'nao', 'm', 'nao', 'Silvio Mario Moreira de Jesus', '', '', '1971-10-16', '', 'bahia', '', '', '', 'ferramentista', 'união estável', '', 'condomínio Verona Premium, AM 010, depois da barreira', '', '', '', 'manaus', 'AM', 'sim', 'nao', 'sim', 'noite', 'nao', '', '-2.9639635', '-60.0236076', '2020-12-19 00:00:00', '2020-12-19 10:53:25');
INSERT INTO tb_membros VALUES ( '114', 'Profissão de fé', '1', 'membro', 'sim', 'nao', 'f', 'nao', 'Ana Renate Niewiorowski', '', '', '2003-09-24', 'manaus', 'am', '', '', '', 'estudante', 'solteiro', '', '', '', '', '', '', '', 'sim', 'nao', 'sim', '', 'nao', '', '-14.2350040', '-51.9252800', '2020-12-19 00:00:00', '2020-12-19 11:41:35');

#
# Criação da Tabela : tb_membros_batismo
#

CREATE TABLE `tb_membros_batismo` (
  `id_batismo` int(11) NOT NULL AUTO_INCREMENT,
  `id_membro` int(11) NOT NULL,
  `data_batismo` date NOT NULL,
  `pai` varchar(250) NOT NULL,
  `mae` varchar(250) NOT NULL,
  `congregacao` varchar(250) NOT NULL,
  `oficiante` varchar(250) NOT NULL,
  `data_cadastro` datetime NOT NULL,
  `atualizacao` timestamp NOT NULL DEFAULT CURRENT_TIMESTAMP ON UPDATE CURRENT_TIMESTAMP,
  PRIMARY KEY (`id_batismo`)
) ENGINE=InnoDB AUTO_INCREMENT=14 DEFAULT CHARSET=latin1 ;

#
# Dados a serem incluídos na tabela
#

INSERT INTO tb_membros_batismo VALUES ( '1', '7', '2019-03-23', 'Dieunay Mercius', 'Roseline Mercius Elvius', 'Congregação Evangélica Luterana ', 'Rev. Jaques Cristiano Schlosser', '2019-04-03 14:22:49', '2019-04-03 14:23:52');
INSERT INTO tb_membros_batismo VALUES ( '2', '27', '2006-12-16', 'Luís Fabiano dos Santos Amed', 'Marinalva de Oliveira Reis', 'Comunidade Evangélica Luterana \"Bom Pastor\"', 'Rev. Paulo Kuck', '2019-06-04 15:22:22', '2019-06-04 15:22:22');
INSERT INTO tb_membros_batismo VALUES ( '3', '28', '2006-06-18', 'Anibal Augusto Turenko Beça', 'Luciane Conegundes da Costa', 'Comunidade Evangélica Luterana \"Bom Pastor\", Manaus, Amazonas', 'Rev. Paulo Kuck', '2019-06-04 15:31:45', '2019-06-04 15:31:45');
INSERT INTO tb_membros_batismo VALUES ( '4', '29', '2006-11-04', '11', 'Daniela von Mühlen', 'Congregação São Lucas, Horizontina, Rio Grande do Sul', '', '2019-06-05 09:41:50', '2019-06-05 09:41:50');
INSERT INTO tb_membros_batismo VALUES ( '5', '21', '2006-11-18', '19', '20', 'Comunidade Evangélica Luterana \"Bom Pastor\", Manaus, Amazonas', 'Rev. Paulo Kuck', '2019-06-06 10:33:40', '2019-06-06 10:33:40');
INSERT INTO tb_membros_batismo VALUES ( '6', '0', '2019-08-04', 'Lucas Behling Bett', 'Érika dAvila Behling ', 'Comunidade Evangélica Luterana ', 'Rev. Sérgio Becker da Silveira', '2019-08-01 14:29:23', '2019-08-02 11:41:01');
INSERT INTO tb_membros_batismo VALUES ( '7', '44', '2019-08-04', '38', 'Érika d\'Avila Behling', 'Comunidade Evangélica Luterana ', 'Rev. Sérgio Becker da Silveira', '2019-08-02 12:04:38', '2019-08-03 09:33:29');
INSERT INTO tb_membros_batismo VALUES ( '8', '12', '1966-04-24', 'Antonio Mittelstaedt', 'Vera Albertina Tietbohl Mittelstaedt', '', 'Rev. Milton Klagenberg', '2019-08-02 13:56:12', '2019-08-02 13:56:12');
INSERT INTO tb_membros_batismo VALUES ( '9', '45', '2019-08-10', '30', '31', 'Comunidade Evangélica Luterana \"Bom Pastor\", Manaus, Amazonas', 'Dionatan Ferreira ~ Estagiário', '2019-08-10 17:17:05', '2019-08-10 17:17:05');
INSERT INTO tb_membros_batismo VALUES ( '10', '94', '2019-12-14', 'Jorge Peterson Alves Rodrigues', 'Thalita Gaertner Schropfer Rodrigues', 'Comunidade Evangélica Luterana \"Bom Pastor\", Manaus/AM', 'Rev. Jaques Cristiano Schlosser', '2019-12-11 12:06:14', '2019-12-11 16:05:56');
INSERT INTO tb_membros_batismo VALUES ( '11', '99', '1955-08-28', 'Carlos Frey', 'Zilda Geyer Frey', 'Igreja Evangélica de Confissão Luterana', 'Manfred Hascuack', '2020-01-21 14:58:42', '2020-01-21 14:58:42');
INSERT INTO tb_membros_batismo VALUES ( '12', '100', '2020-01-25', 'Mário Vitor do Couto Júnior', 'Joelma Neves da Silveira', 'Comunidade Evangélica Luterana ', 'Dionatan Ferreira ~ Estagiário', '2020-01-24 20:23:04', '2020-01-24 20:25:04');
INSERT INTO tb_membros_batismo VALUES ( '13', '108', '2020-10-04', 'Rodrigo Samuel Sjlender', 'Cristina Roehrig Henriques Sjlender', 'Bom Pastor - Manaus/AM', 'Valdemar Sjlender', '2020-10-03 17:34:35', '2020-10-03 17:34:35');

#
# Criação da Tabela : tb_membros_batismo_padrinhos
#

CREATE TABLE `tb_membros_batismo_padrinhos` (
  `id_padrinho` int(11) NOT NULL AUTO_INCREMENT,
  `id_batismo` int(11) NOT NULL,
  `nome` varchar(250) NOT NULL,
  `data_cadastro` datetime NOT NULL,
  `atualizacao` timestamp NOT NULL DEFAULT CURRENT_TIMESTAMP ON UPDATE CURRENT_TIMESTAMP,
  PRIMARY KEY (`id_padrinho`)
) ENGINE=InnoDB AUTO_INCREMENT=99 DEFAULT CHARSET=latin1 ;

#
# Dados a serem incluídos na tabela
#

INSERT INTO tb_membros_batismo_padrinhos VALUES ( '3', '1', 'Sebastião Pereira de Brito Filho', '2019-04-03 14:23:52', '2019-04-03 14:23:52');
INSERT INTO tb_membros_batismo_padrinhos VALUES ( '4', '1', 'Cláudia Regina Godoy Brito', '2019-04-03 14:23:52', '2019-04-03 14:23:52');
INSERT INTO tb_membros_batismo_padrinhos VALUES ( '5', '2', 'Miriam Sonntag Manzoni', '2019-06-04 15:22:22', '2019-06-04 15:22:22');
INSERT INTO tb_membros_batismo_padrinhos VALUES ( '6', '2', 'Eduardo Manzoni', '2019-06-04 15:22:22', '2019-06-04 15:22:22');
INSERT INTO tb_membros_batismo_padrinhos VALUES ( '7', '3', '', '2019-06-04 15:31:45', '2019-06-04 15:31:45');
INSERT INTO tb_membros_batismo_padrinhos VALUES ( '8', '4', '', '2019-06-05 09:41:50', '2019-06-05 09:41:50');
INSERT INTO tb_membros_batismo_padrinhos VALUES ( '9', '5', '', '2019-06-06 10:33:40', '2019-06-06 10:33:40');
INSERT INTO tb_membros_batismo_padrinhos VALUES ( '30', '0', 'Petronio Augusto Pinheiro Filho', '2019-08-01 14:21:20', '2019-08-01 14:21:20');
INSERT INTO tb_membros_batismo_padrinhos VALUES ( '31', '0', 'Rossiclei de Souza Pinheiro', '2019-08-01 14:21:20', '2019-08-01 14:21:20');
INSERT INTO tb_membros_batismo_padrinhos VALUES ( '32', '0', 'Guilherme Augusto de Souza Pinheiro', '2019-08-01 14:21:20', '2019-08-01 14:21:20');
INSERT INTO tb_membros_batismo_padrinhos VALUES ( '33', '0', 'Vivian Behling Bett', '2019-08-01 14:21:20', '2019-08-01 14:21:20');
INSERT INTO tb_membros_batismo_padrinhos VALUES ( '34', '0', 'Diogo Behling Bett', '2019-08-01 14:21:20', '2019-08-01 14:21:20');
INSERT INTO tb_membros_batismo_padrinhos VALUES ( '45', '6', 'Petronio Augusto Pinheiro Filho', '2019-08-02 11:42:56', '2019-08-02 11:42:56');
INSERT INTO tb_membros_batismo_padrinhos VALUES ( '46', '6', 'Rossiclei de Souza Pinheiro', '2019-08-02 11:42:56', '2019-08-02 11:42:56');
INSERT INTO tb_membros_batismo_padrinhos VALUES ( '47', '6', 'Guilherme Augusto de Souza Pinheiro', '2019-08-02 11:42:56', '2019-08-02 11:42:56');
INSERT INTO tb_membros_batismo_padrinhos VALUES ( '48', '6', 'Vivian Behling Bett', '2019-08-02 11:42:56', '2019-08-02 11:42:56');
INSERT INTO tb_membros_batismo_padrinhos VALUES ( '49', '6', 'Diogo Behling Bett', '2019-08-02 11:42:56', '2019-08-02 11:42:56');
INSERT INTO tb_membros_batismo_padrinhos VALUES ( '56', '8', 'Valdemiro e Nilza Storer', '2019-08-02 13:56:12', '2019-08-02 13:56:12');
INSERT INTO tb_membros_batismo_padrinhos VALUES ( '57', '8', 'Guilherme Tietbohl', '2019-08-02 13:56:12', '2019-08-02 13:56:12');
INSERT INTO tb_membros_batismo_padrinhos VALUES ( '58', '8', 'Dora Vilma Mittelstaedt', '2019-08-02 13:56:12', '2019-08-02 13:56:12');
INSERT INTO tb_membros_batismo_padrinhos VALUES ( '59', '9', 'Tiago Reis Lever', '2019-08-10 17:17:05', '2019-08-10 17:17:05');
INSERT INTO tb_membros_batismo_padrinhos VALUES ( '60', '9', 'Ana Célia de Oliveira Reis', '2019-08-10 17:17:05', '2019-08-10 17:17:05');
INSERT INTO tb_membros_batismo_padrinhos VALUES ( '74', '10', 'Dâmaris Priscila Mittelstaedt Schropfer de Brito', '2019-12-11 16:05:56', '2019-12-11 16:05:56');
INSERT INTO tb_membros_batismo_padrinhos VALUES ( '75', '10', 'Paulo Maurício Santos de Brito', '2019-12-11 16:05:56', '2019-12-11 16:05:56');
INSERT INTO tb_membros_batismo_padrinhos VALUES ( '76', '10', 'Maria Roneide de Lima Magalhães', '2019-12-11 16:05:56', '2019-12-11 16:05:56');
INSERT INTO tb_membros_batismo_padrinhos VALUES ( '77', '10', 'Nicole Gaertner Schropfer', '2019-12-11 16:05:56', '2019-12-11 16:05:56');
INSERT INTO tb_membros_batismo_padrinhos VALUES ( '78', '11', 'Benno Schweig', '2020-01-21 14:58:42', '2020-01-21 14:58:42');
INSERT INTO tb_membros_batismo_padrinhos VALUES ( '79', '11', 'Olinda Netz', '2020-01-21 14:58:42', '2020-01-21 14:58:42');
INSERT INTO tb_membros_batismo_padrinhos VALUES ( '80', '11', 'Sylvia Rudolph', '2020-01-21 14:58:42', '2020-01-21 14:58:42');
INSERT INTO tb_membros_batismo_padrinhos VALUES ( '83', '12', 'Sebastião Pereira de Brito Filho', '2020-01-24 20:27:32', '2020-01-24 20:27:32');
INSERT INTO tb_membros_batismo_padrinhos VALUES ( '84', '12', 'Cláudia Regina Godoy de Brito', '2020-01-24 20:27:32', '2020-01-24 20:27:32');
INSERT INTO tb_membros_batismo_padrinhos VALUES ( '92', '13', 'Anne Kellen Rabelo Gomes Manzoni', '2020-10-03 17:35:00', '2020-10-03 17:35:00');
INSERT INTO tb_membros_batismo_padrinhos VALUES ( '93', '13', 'Celito Adão Corso', '2020-10-03 17:35:00', '2020-10-03 17:35:00');
INSERT INTO tb_membros_batismo_padrinhos VALUES ( '94', '13', 'Fernando Sonntag Manzoni', '2020-10-03 17:35:00', '2020-10-03 17:35:00');
INSERT INTO tb_membros_batismo_padrinhos VALUES ( '95', '13', 'Luciana Berté Sjlender', '2020-10-03 17:35:00', '2020-10-03 17:35:00');
INSERT INTO tb_membros_batismo_padrinhos VALUES ( '96', '13', 'Suzi Pardo Corso', '2020-10-03 17:35:00', '2020-10-03 17:35:00');
INSERT INTO tb_membros_batismo_padrinhos VALUES ( '97', '13', 'Tiago Sjlender', '2020-10-03 17:35:00', '2020-10-03 17:35:00');
INSERT INTO tb_membros_batismo_padrinhos VALUES ( '98', '13', 'Thainá Knob dos Santos', '2020-10-03 17:35:00', '2020-10-03 17:35:00');

#
# Criação da Tabela : tb_membros_casamentos
#

CREATE TABLE `tb_membros_casamentos` (
  `id_casamento` int(11) NOT NULL AUTO_INCREMENT,
  `membro1` varchar(250) NOT NULL,
  `membro2` varchar(250) NOT NULL,
  `data_casamento` date NOT NULL,
  `oficiante` varchar(250) NOT NULL,
  `data_cadastro` datetime NOT NULL,
  `atualizacao` timestamp NOT NULL DEFAULT CURRENT_TIMESTAMP ON UPDATE CURRENT_TIMESTAMP,
  PRIMARY KEY (`id_casamento`)
) ENGINE=InnoDB AUTO_INCREMENT=3 DEFAULT CHARSET=latin1 ;

#
# Dados a serem incluídos na tabela
#

INSERT INTO tb_membros_casamentos VALUES ( '1', '37', '111', '2019-07-27', 'Rev. Jaques Cristiano Schlosser', '2019-08-01 14:45:02', '2020-10-24 08:53:34');
INSERT INTO tb_membros_casamentos VALUES ( '2', '16', '', '0000-00-00', '', '2020-02-04 20:06:42', '2020-02-04 20:06:42');

#
# Criação da Tabela : tb_membros_casamentos_padrinhos
#

CREATE TABLE `tb_membros_casamentos_padrinhos` (
  `id_padrinho` int(11) NOT NULL AUTO_INCREMENT,
  `id_casamento` int(11) NOT NULL,
  `nome` varchar(250) NOT NULL,
  `data_cadastro` datetime NOT NULL,
  `atualizacao` timestamp NOT NULL DEFAULT CURRENT_TIMESTAMP ON UPDATE CURRENT_TIMESTAMP,
  PRIMARY KEY (`id_padrinho`)
) ENGINE=InnoDB AUTO_INCREMENT=62 DEFAULT CHARSET=latin1 ;

#
# Dados a serem incluídos na tabela
#

INSERT INTO tb_membros_casamentos_padrinhos VALUES ( '50', '1', 'Rafael Aparecido de Souza Bastos Domingos', '2020-10-24 09:08:36', '2020-10-24 09:08:36');
INSERT INTO tb_membros_casamentos_padrinhos VALUES ( '51', '1', 'Pollyana de Souza Bastos Lisciotto', '2020-10-24 09:08:36', '2020-10-24 09:08:36');
INSERT INTO tb_membros_casamentos_padrinhos VALUES ( '52', '1', 'Murilo Lisciotto', '2020-10-24 09:08:36', '2020-10-24 09:08:36');
INSERT INTO tb_membros_casamentos_padrinhos VALUES ( '53', '1', 'Priscila Serejo Favoretti Lisciotto', '2020-10-24 09:08:36', '2020-10-24 09:08:36');
INSERT INTO tb_membros_casamentos_padrinhos VALUES ( '54', '1', 'Karen Lyn Lima Barreto', '2020-10-24 09:08:36', '2020-10-24 09:08:36');
INSERT INTO tb_membros_casamentos_padrinhos VALUES ( '55', '1', 'Raine Luiz de Jesus Junior', '2020-10-24 09:08:36', '2020-10-24 09:08:36');
INSERT INTO tb_membros_casamentos_padrinhos VALUES ( '56', '1', 'Álvaro Rafael do Nascimento Elias Macêdo', '2020-10-24 09:08:36', '2020-10-24 09:08:36');
INSERT INTO tb_membros_casamentos_padrinhos VALUES ( '57', '1', 'Marly Rabelo Moraes', '2020-10-24 09:08:36', '2020-10-24 09:08:36');
INSERT INTO tb_membros_casamentos_padrinhos VALUES ( '58', '1', ' Luís Cláudio Catunda de Souza', '2020-10-24 09:08:36', '2020-10-24 09:08:36');
INSERT INTO tb_membros_casamentos_padrinhos VALUES ( '59', '1', 'Maria Cristina Oliveira de Souza', '2020-10-24 09:08:36', '2020-10-24 09:08:36');
INSERT INTO tb_membros_casamentos_padrinhos VALUES ( '60', '1', 'Marilda Oliveira Fonseca Lopes', '2020-10-24 09:08:36', '2020-10-24 09:08:36');
INSERT INTO tb_membros_casamentos_padrinhos VALUES ( '61', '1', 'Marcelo Lopes', '2020-10-24 09:08:36', '2020-10-24 09:08:36');

#
# Criação da Tabela : tb_membros_confirmacao
#

CREATE TABLE `tb_membros_confirmacao` (
  `id_confirmacao` int(11) NOT NULL AUTO_INCREMENT,
  `id_membro` int(11) NOT NULL,
  `data_confirmacao` date NOT NULL,
  `oficiante` varchar(250) NOT NULL,
  `versiculo` varchar(250) NOT NULL DEFAULT 'Ponha sua vida nas mãos do SENHOR, confia nele, e ele o ajudará.',
  `livro` varchar(250) NOT NULL DEFAULT 'Salmos 37.5',
  `local` varchar(250) NOT NULL,
  `pais` varchar(250) NOT NULL,
  `data_cadastro` datetime NOT NULL,
  `atualizacao` timestamp NOT NULL DEFAULT CURRENT_TIMESTAMP ON UPDATE CURRENT_TIMESTAMP,
  PRIMARY KEY (`id_confirmacao`)
) ENGINE=InnoDB AUTO_INCREMENT=9 DEFAULT CHARSET=latin1 ;

#
# Dados a serem incluídos na tabela
#

INSERT INTO tb_membros_confirmacao VALUES ( '3', '27', '2019-06-08', 'Rev. Jaques Cristiano Schlosser', 'Quanto a mim, confio na tua graça; que o meu coração se alegre na tua salvação.', 'Salmo 13.5', 'Comunidade Evangélica Luterana \"Bom Pastor\"', 'Marinalva de Oliveira Reis e Luís Fabiano dos Santos Amed', '2019-06-04 15:23:08', '2019-06-04 15:23:08');
INSERT INTO tb_membros_confirmacao VALUES ( '5', '28', '2019-06-08', 'Rev. Jaques Cristiano Schlosser', 'Honre o seu pai e a sua mãe, para que você tenha uma longa vida na terra que o Senhor, seu Deus, lhe dá.', 'Êxodo 20.12', 'Comunidade Evangélica Luterana \"Bom Pastor\"', 'Anibal Augusto Turenko Beça e Luciane Conegundes da Costa', '2019-06-04 15:32:33', '2019-06-04 15:32:33');
INSERT INTO tb_membros_confirmacao VALUES ( '6', '29', '2019-06-08', 'Rev. Jaques Cristiano Schlosser', 'Não foi isso que eu ordenei? Seja forte e corajoso! Não tenha medo, nem fique assustado, porque o Senhor, seu Deus, estará com você por onde quer que você andar.', 'Josué 1.9', 'Comunidade Evangélica Luterana \"Bom Pastor\"', 'Jaques Cristiano Schlosser e Daniela von Mühlen', '2019-06-05 09:43:27', '2019-06-05 09:43:27');
INSERT INTO tb_membros_confirmacao VALUES ( '7', '21', '2019-06-08', 'Rev. Jaques Cristiano Schlosser', 'Ensina-me a viver de acordo com a tua verdade, pois tu és o meu Deus, o meu Salvador. Eu sempre confio em ti.', 'Salmo 25.5', 'Comunidade Evangélica Luterana ', 'Arnildo Riebe e Gláucia Magali Volpe Riebe', '2019-06-06 10:36:10', '2019-06-06 10:46:44');
INSERT INTO tb_membros_confirmacao VALUES ( '8', '12', '1978-05-14', 'Rev. Ari Lange', 'Eis que estou convosco todos os dias até a consumação dos séculos', '', '', '', '2019-08-02 13:57:57', '2019-08-02 13:57:57');

#
# Criação da Tabela : tb_membros_desligamento
#

CREATE TABLE `tb_membros_desligamento` (
  `id_desligamento` int(11) NOT NULL AUTO_INCREMENT,
  `id_membro` int(11) NOT NULL,
  `tipo` varchar(250) NOT NULL,
  `data_desligamento` date NOT NULL,
  `admissao_desatualizada` char(3) NOT NULL,
  `paroquia_destino` varchar(250) NOT NULL,
  `pastor_destino` varchar(250) NOT NULL,
  `versiculo` text NOT NULL,
  `pastor_assinatura` varchar(250) NOT NULL,
  `diretoria_assinatura` varchar(250) NOT NULL,
  `auto_exclusao` varchar(250) NOT NULL,
  `observacoes` text NOT NULL,
  `data_cadastro` datetime NOT NULL,
  `atualizacao` timestamp NULL DEFAULT CURRENT_TIMESTAMP ON UPDATE CURRENT_TIMESTAMP,
  PRIMARY KEY (`id_desligamento`)
) ENGINE=InnoDB AUTO_INCREMENT=4 DEFAULT CHARSET=latin1 ;

#
# Dados a serem incluídos na tabela
#

INSERT INTO tb_membros_desligamento VALUES ( '2', '0', 'Transferência paroquial', '2019-11-18', 'nao', 'São Lucas ', 'Ismael Isaque Verdin', '', 'Dionatan Ferreira ~ Estagiário', '', 'nao', '', '2019-04-06 11:51:14', '2019-11-18 13:08:40');
INSERT INTO tb_membros_desligamento VALUES ( '3', '48', 'Transferência paroquial', '2019-11-18', 'nao', 'São Lucas ', 'Ismael Isaque Verdin', '', 'Dionatan Ferreira ~ Estagiário', '', 'nao', '', '2019-11-18 13:08:40', '2019-11-18 13:08:40');

#
# Criação da Tabela : tb_membros_emails
#

CREATE TABLE `tb_membros_emails` (
  `id_email` int(11) NOT NULL AUTO_INCREMENT,
  `id_membro` int(11) NOT NULL,
  `email` varchar(250) NOT NULL,
  `data_cadastro` datetime NOT NULL,
  `atualizacao` timestamp NOT NULL DEFAULT CURRENT_TIMESTAMP ON UPDATE CURRENT_TIMESTAMP,
  PRIMARY KEY (`id_email`)
) ENGINE=InnoDB AUTO_INCREMENT=62 DEFAULT CHARSET=latin1 ;

#
# Dados a serem incluídos na tabela
#

INSERT INTO tb_membros_emails VALUES ( '1', '1', 'cynthiabogo@yahoo.com.br', '2018-02-20 21:11:42', '2018-02-20 21:11:42');
INSERT INTO tb_membros_emails VALUES ( '2', '3', 'alekswm@gmail.com', '2018-02-20 21:16:21', '2018-02-20 21:16:21');
INSERT INTO tb_membros_emails VALUES ( '4', '4', 'marcelia.torres@gmail.com', '2018-02-21 23:50:55', '2018-02-21 23:50:55');
INSERT INTO tb_membros_emails VALUES ( '8', '9', 'tymotheo_tg@hotmail.com', '2019-04-03 14:52:30', '2019-04-03 14:52:30');
INSERT INTO tb_membros_emails VALUES ( '10', '11', 'jaquescs@gmail.com', '2019-04-03 14:57:41', '2019-04-03 14:57:41');
INSERT INTO tb_membros_emails VALUES ( '11', '12', 'liegemitt@gmail.com', '2019-04-03 15:02:52', '2019-04-03 15:02:52');
INSERT INTO tb_membros_emails VALUES ( '13', '15', 'manzoni2010', '2019-04-03 17:54:09', '2019-04-03 17:54:09');
INSERT INTO tb_membros_emails VALUES ( '16', '18', 'hcvieira@hotmail.com', '2019-04-03 18:05:07', '2019-04-03 18:05:07');
INSERT INTO tb_membros_emails VALUES ( '18', '6', 'dionatanratzke@gmail.com', '2019-04-04 09:56:01', '2019-04-04 09:56:01');
INSERT INTO tb_membros_emails VALUES ( '20', '24', 'abucker@gmail.com', '2019-05-26 19:27:26', '2019-05-26 19:27:26');
INSERT INTO tb_membros_emails VALUES ( '22', '30', 'lf.comercio@yahoo.com.br', '2019-06-05 16:00:23', '2019-06-05 16:00:23');
INSERT INTO tb_membros_emails VALUES ( '23', '31', 'marinalvareisamed@gmail.com', '2019-06-06 15:26:36', '2019-06-06 15:26:36');
INSERT INTO tb_membros_emails VALUES ( '24', '34', 'alicia.cortez09@gmail.com', '2019-06-08 16:55:38', '2019-06-08 16:55:38');
INSERT INTO tb_membros_emails VALUES ( '29', '37', 'gustavo_abd@hotmail.com', '2019-08-01 14:41:18', '2019-08-01 14:41:18');
INSERT INTO tb_membros_emails VALUES ( '30', '38', 'lucasbehling @hotmail.com', '2019-08-01 14:52:10', '2019-08-01 14:52:10');
INSERT INTO tb_membros_emails VALUES ( '31', '39', 'leonicefreitas00@gmail.com', '2019-08-01 14:58:27', '2019-08-01 14:58:27');
INSERT INTO tb_membros_emails VALUES ( '32', '40', 'ailtoncortez@gmail.com', '2019-08-01 15:05:49', '2019-08-01 15:05:49');
INSERT INTO tb_membros_emails VALUES ( '33', '42', 'plantikow37@gmail.com', '2019-08-01 15:52:57', '2019-08-01 15:52:57');
INSERT INTO tb_membros_emails VALUES ( '34', '43', 'ruan_plantikow@hotmail.com', '2019-08-01 15:56:16', '2019-08-01 15:56:16');
INSERT INTO tb_membros_emails VALUES ( '35', '57', 'edyones@hotmail.com', '2019-11-18 13:02:24', '2019-11-18 13:02:24');
INSERT INTO tb_membros_emails VALUES ( '36', '66', 'lucianaconeg@hotmail.com', '2019-11-18 16:23:37', '2019-11-18 16:23:37');
INSERT INTO tb_membros_emails VALUES ( '37', '65', 'centralcombate@yahoo.com.br', '2019-11-18 16:25:02', '2019-11-18 16:25:02');
INSERT INTO tb_membros_emails VALUES ( '38', '69', 'thmarcall@gmail.com', '2019-11-18 17:05:02', '2019-11-18 17:05:02');
INSERT INTO tb_membros_emails VALUES ( '39', '72', 'fsm2@icomp.ufam.edu.br', '2019-11-18 18:42:07', '2019-11-18 18:42:07');
INSERT INTO tb_membros_emails VALUES ( '40', '73', 'sonntag@emrepresentacoes.com.br', '2019-11-18 18:49:44', '2019-11-18 18:49:44');
INSERT INTO tb_membros_emails VALUES ( '41', '74', 'tabita_mazoni11@hotmail.com', '2019-11-18 18:58:26', '2019-11-18 18:58:26');
INSERT INTO tb_membros_emails VALUES ( '43', '79', 'azevedodagma@gmail.com', '2019-11-19 09:42:21', '2019-11-19 09:42:21');
INSERT INTO tb_membros_emails VALUES ( '44', '80', 'vsjlender@gmail.com', '2019-11-19 09:51:15', '2019-11-19 09:51:15');
INSERT INTO tb_membros_emails VALUES ( '45', '81', 'lucianasjlender@gmail.com', '2019-11-19 09:57:19', '2019-11-19 09:57:19');
INSERT INTO tb_membros_emails VALUES ( '46', '83', 'tiago@moos4m.com.br', '2019-11-19 10:03:31', '2019-11-19 10:03:31');
INSERT INTO tb_membros_emails VALUES ( '49', '85', 'cristinasjlender@hotmail.com', '2019-11-19 10:28:02', '2019-11-19 10:28:02');
INSERT INTO tb_membros_emails VALUES ( '50', '87', 'sbecker2018@gmail.com', '2019-11-19 10:34:59', '2019-11-19 10:34:59');
INSERT INTO tb_membros_emails VALUES ( '51', '88', 'ulbramarta@yahoo.com', '2019-11-19 10:42:54', '2019-11-19 10:42:54');
INSERT INTO tb_membros_emails VALUES ( '52', '26', 'marioschropfer@hotmail.com', '2019-11-19 11:07:03', '2019-11-19 11:07:03');
INSERT INTO tb_membros_emails VALUES ( '53', '89', 'angelitaschropfer@hotmail.com', '2019-11-19 11:11:53', '2019-11-19 11:11:53');
INSERT INTO tb_membros_emails VALUES ( '54', '91', 'tenrenato.eb@gmail.com', '2019-12-10 10:33:52', '2019-12-10 10:33:52');
INSERT INTO tb_membros_emails VALUES ( '55', '92', 'mayara_caroline@hotmail.com', '2019-12-10 10:39:43', '2019-12-10 10:39:43');
INSERT INTO tb_membros_emails VALUES ( '56', '93', 'arnogoerl@gmail.com', '2019-12-10 12:48:47', '2019-12-10 12:48:47');
INSERT INTO tb_membros_emails VALUES ( '57', '96', 'brunalemoz@gmail.com', '2020-01-14 22:40:36', '2020-01-14 22:40:36');
INSERT INTO tb_membros_emails VALUES ( '58', '75', 'arnofranks@yahoo.com', '2020-01-16 17:50:08', '2020-01-16 17:50:08');
INSERT INTO tb_membros_emails VALUES ( '59', '99', 'jeni-frey@hotmail.com', '2020-01-21 14:55:51', '2020-01-21 14:55:51');
INSERT INTO tb_membros_emails VALUES ( '60', '16', 'dehbecker@yahoo.com.br', '2020-02-04 20:06:28', '2020-02-04 20:06:28');
INSERT INTO tb_membros_emails VALUES ( '61', '8', 'rodigosjlender@icloud.com', '2020-05-25 12:50:15', '2020-05-25 12:50:15');

#
# Criação da Tabela : tb_membros_entrada_transferencia
#

CREATE TABLE `tb_membros_entrada_transferencia` (
  `id_entrada` int(11) NOT NULL AUTO_INCREMENT,
  `id_membro` int(11) NOT NULL,
  `data_transferencia` date NOT NULL,
  `paroquia_anterior` varchar(250) NOT NULL,
  `observacoes` text NOT NULL,
  `arquivo_historico` varchar(300) NOT NULL,
  `data_cadastro` datetime NOT NULL,
  `atualizacao` timestamp NOT NULL DEFAULT CURRENT_TIMESTAMP ON UPDATE CURRENT_TIMESTAMP,
  PRIMARY KEY (`id_entrada`)
) ENGINE=InnoDB AUTO_INCREMENT=4 DEFAULT CHARSET=latin1 ;

#
# Dados a serem incluídos na tabela
#

INSERT INTO tb_membros_entrada_transferencia VALUES ( '1', '104', '2020-08-29', 'martinho lutero de Paragominas - PA', '', '', '2020-08-29 12:46:11', '2020-08-29 12:46:11');
INSERT INTO tb_membros_entrada_transferencia VALUES ( '2', '105', '2020-08-29', 'martinho lutero de Paragominas - PA', '', '', '2020-08-29 12:49:43', '2020-08-29 12:49:43');
INSERT INTO tb_membros_entrada_transferencia VALUES ( '3', '106', '2020-08-29', 'martinho lutero de Paragominas - PA', '', '', '2020-08-29 12:51:16', '2020-08-29 12:51:16');

#
# Criação da Tabela : tb_membros_familias
#

CREATE TABLE `tb_membros_familias` (
  `id_familia` int(11) NOT NULL AUTO_INCREMENT,
  `id_membro` int(11) NOT NULL,
  `id_membro2` int(11) NOT NULL,
  `parentesco` varchar(250) NOT NULL,
  `data_cadastro` datetime NOT NULL,
  `atualizacao` timestamp NOT NULL DEFAULT CURRENT_TIMESTAMP ON UPDATE CURRENT_TIMESTAMP,
  PRIMARY KEY (`id_familia`)
) ENGINE=InnoDB AUTO_INCREMENT=114 DEFAULT CHARSET=latin1 ;

#
# Dados a serem incluídos na tabela
#

INSERT INTO tb_membros_familias VALUES ( '1', '3', '1', 'Esposa', '2018-02-20 21:21:11', '2018-02-20 21:21:11');
INSERT INTO tb_membros_familias VALUES ( '2', '1', '3', 'Marido', '2018-02-20 21:21:11', '2018-02-20 21:21:11');
INSERT INTO tb_membros_familias VALUES ( '3', '19', '20', 'Esposa', '2019-04-04 09:42:47', '2019-04-04 09:42:47');
INSERT INTO tb_membros_familias VALUES ( '4', '20', '19', 'Marido', '2019-04-04 09:42:47', '2019-04-04 09:42:47');
INSERT INTO tb_membros_familias VALUES ( '5', '19', '23', 'Filho(a)', '2019-04-04 09:43:05', '2019-04-04 09:43:05');
INSERT INTO tb_membros_familias VALUES ( '6', '23', '19', 'Pai', '2019-04-04 09:43:05', '2019-04-04 09:43:05');
INSERT INTO tb_membros_familias VALUES ( '7', '19', '21', 'Filho(a)', '2019-04-04 09:43:43', '2019-04-04 09:43:43');
INSERT INTO tb_membros_familias VALUES ( '8', '21', '19', 'Pai', '2019-04-04 09:43:43', '2019-04-04 09:43:43');
INSERT INTO tb_membros_familias VALUES ( '9', '5', '4', 'Esposa', '2019-04-23 18:03:51', '2019-04-23 18:03:51');
INSERT INTO tb_membros_familias VALUES ( '10', '4', '5', 'Marido', '2019-04-23 18:03:51', '2019-04-23 18:03:51');
INSERT INTO tb_membros_familias VALUES ( '11', '29', '11', 'Pai', '2019-06-05 09:41:50', '2019-06-05 09:41:50');
INSERT INTO tb_membros_familias VALUES ( '12', '11', '29', 'Filho(a)', '2019-06-05 09:41:50', '2019-06-05 09:41:50');
INSERT INTO tb_membros_familias VALUES ( '13', '21', '19', 'Pai', '2019-06-06 10:33:40', '2019-06-06 10:33:40');
INSERT INTO tb_membros_familias VALUES ( '14', '19', '21', 'Filho(a)', '2019-06-06 10:33:40', '2019-06-06 10:33:40');
INSERT INTO tb_membros_familias VALUES ( '15', '21', '20', 'Mãe', '2019-06-06 10:33:40', '2019-06-06 10:33:40');
INSERT INTO tb_membros_familias VALUES ( '16', '20', '21', 'Filho(a)', '2019-06-06 10:33:40', '2019-06-06 10:33:40');
INSERT INTO tb_membros_familias VALUES ( '17', '30', '27', 'Filho(a)', '2019-06-06 15:31:27', '2019-06-06 15:31:27');
INSERT INTO tb_membros_familias VALUES ( '18', '27', '30', 'Pai', '2019-06-06 15:31:27', '2019-06-06 15:31:27');
INSERT INTO tb_membros_familias VALUES ( '19', '30', '31', 'Esposa', '2019-06-06 15:31:47', '2019-06-06 15:31:47');
INSERT INTO tb_membros_familias VALUES ( '20', '31', '30', 'Marido', '2019-06-06 15:31:47', '2019-06-06 15:31:47');
INSERT INTO tb_membros_familias VALUES ( '21', '30', '32', 'Filho(a)', '2019-06-06 15:36:59', '2019-06-06 15:36:59');
INSERT INTO tb_membros_familias VALUES ( '22', '32', '30', 'Pai', '2019-06-06 15:36:59', '2019-06-06 15:36:59');
INSERT INTO tb_membros_familias VALUES ( '23', '0', '37', 'marido', '2019-08-01 14:45:02', '2019-08-01 14:45:02');
INSERT INTO tb_membros_familias VALUES ( '24', '37', '0', 'esposa', '2019-08-01 14:45:02', '2019-08-01 14:45:02');
INSERT INTO tb_membros_familias VALUES ( '25', '39', '34', 'Neto(a)', '2019-08-01 15:00:36', '2019-08-01 15:00:36');
INSERT INTO tb_membros_familias VALUES ( '26', '34', '39', 'Avó', '2019-08-01 15:00:36', '2019-08-01 15:00:36');
INSERT INTO tb_membros_familias VALUES ( '27', '40', '34', 'Filho(a)', '2019-08-01 15:06:31', '2019-08-01 15:06:31');
INSERT INTO tb_membros_familias VALUES ( '28', '34', '40', 'Pai', '2019-08-01 15:06:31', '2019-08-01 15:06:31');
INSERT INTO tb_membros_familias VALUES ( '29', '40', '39', 'Mãe', '2019-08-01 15:06:46', '2019-08-01 15:06:46');
INSERT INTO tb_membros_familias VALUES ( '30', '39', '40', 'Filho(a)', '2019-08-01 15:06:56', '2019-08-01 15:06:56');
INSERT INTO tb_membros_familias VALUES ( '31', '35', '43', 'Filho(a)', '2019-08-01 15:58:27', '2019-08-01 15:58:27');
INSERT INTO tb_membros_familias VALUES ( '32', '43', '35', 'Pai', '2019-08-01 15:58:27', '2019-08-01 15:58:27');
INSERT INTO tb_membros_familias VALUES ( '33', '35', '42', 'Filho(a)', '2019-08-01 15:58:46', '2019-08-01 15:58:46');
INSERT INTO tb_membros_familias VALUES ( '34', '42', '35', 'Pai', '2019-08-01 15:58:46', '2019-08-01 15:58:46');
INSERT INTO tb_membros_familias VALUES ( '35', '35', '41', 'Filho(a)', '2019-08-01 15:58:59', '2019-08-01 15:58:59');
INSERT INTO tb_membros_familias VALUES ( '36', '41', '35', 'Pai', '2019-08-01 15:58:59', '2019-08-01 15:58:59');
INSERT INTO tb_membros_familias VALUES ( '41', '38', '44', 'Filho(a)', '2019-08-02 13:49:28', '2019-08-02 13:49:28');
INSERT INTO tb_membros_familias VALUES ( '42', '44', '38', 'Pai', '2019-08-02 13:49:28', '2019-08-02 13:49:28');
INSERT INTO tb_membros_familias VALUES ( '43', '45', '30', 'Pai', '2019-08-10 17:17:05', '2019-08-10 17:17:05');
INSERT INTO tb_membros_familias VALUES ( '44', '30', '45', 'Filho(a)', '2019-08-10 17:17:05', '2019-08-10 17:17:05');
INSERT INTO tb_membros_familias VALUES ( '45', '45', '31', 'Mãe', '2019-08-10 17:17:05', '2019-08-10 17:17:05');
INSERT INTO tb_membros_familias VALUES ( '46', '31', '45', 'Filho(a)', '2019-08-10 17:17:05', '2019-08-10 17:17:05');
INSERT INTO tb_membros_familias VALUES ( '47', '57', '67', 'Filho(a)', '2019-11-18 16:47:00', '2019-11-18 16:47:00');
INSERT INTO tb_membros_familias VALUES ( '48', '67', '57', 'Pai', '2019-11-18 16:47:00', '2019-11-18 16:47:00');
INSERT INTO tb_membros_familias VALUES ( '49', '57', '59', 'Esposa', '2019-11-18 16:47:19', '2019-11-18 16:47:19');
INSERT INTO tb_membros_familias VALUES ( '50', '59', '57', 'Marido', '2019-11-18 16:47:19', '2019-11-18 16:47:19');
INSERT INTO tb_membros_familias VALUES ( '51', '73', '71', 'Marido', '2019-11-18 18:50:36', '2019-11-18 18:50:36');
INSERT INTO tb_membros_familias VALUES ( '52', '71', '73', 'Esposa', '2019-11-18 18:50:36', '2019-11-18 18:50:36');
INSERT INTO tb_membros_familias VALUES ( '53', '73', '72', 'Filho(a)', '2019-11-18 18:50:48', '2019-11-18 18:50:48');
INSERT INTO tb_membros_familias VALUES ( '54', '72', '73', 'Mãe', '2019-11-18 18:50:48', '2019-11-18 18:50:48');
INSERT INTO tb_membros_familias VALUES ( '55', '73', '15', 'Filho(a)', '2019-11-18 18:51:01', '2019-11-18 18:51:01');
INSERT INTO tb_membros_familias VALUES ( '56', '15', '73', 'Mãe', '2019-11-18 18:51:01', '2019-11-18 18:51:01');
INSERT INTO tb_membros_familias VALUES ( '57', '70', '15', 'Marido', '2019-11-18 19:04:57', '2019-11-18 19:04:57');
INSERT INTO tb_membros_familias VALUES ( '58', '15', '70', 'Esposa', '2019-11-18 19:04:57', '2019-11-18 19:04:57');
INSERT INTO tb_membros_familias VALUES ( '59', '63', '64', 'Esposa', '2019-11-18 19:05:33', '2019-11-18 19:05:33');
INSERT INTO tb_membros_familias VALUES ( '60', '64', '63', 'Marido', '2019-11-18 19:05:33', '2019-11-18 19:05:33');
INSERT INTO tb_membros_familias VALUES ( '61', '63', '61', 'Filho(a)', '2019-11-18 19:05:44', '2019-11-18 19:05:44');
INSERT INTO tb_membros_familias VALUES ( '62', '61', '63', 'Pai', '2019-11-18 19:05:44', '2019-11-18 19:05:44');
INSERT INTO tb_membros_familias VALUES ( '63', '63', '62', 'Filho(a)', '2019-11-18 19:05:59', '2019-11-18 19:05:59');
INSERT INTO tb_membros_familias VALUES ( '64', '62', '63', 'Pai', '2019-11-18 19:05:59', '2019-11-18 19:05:59');
INSERT INTO tb_membros_familias VALUES ( '65', '56', '11', 'Marido', '2019-11-18 19:06:54', '2019-11-18 19:06:54');
INSERT INTO tb_membros_familias VALUES ( '66', '11', '56', 'Esposa', '2019-11-18 19:06:54', '2019-11-18 19:06:54');
INSERT INTO tb_membros_familias VALUES ( '67', '11', '77', 'Filho(a)', '2019-11-18 19:26:24', '2019-11-18 19:26:24');
INSERT INTO tb_membros_familias VALUES ( '68', '77', '11', 'Pai', '2019-11-18 19:26:24', '2019-11-18 19:26:24');
INSERT INTO tb_membros_familias VALUES ( '69', '18', '68', 'Esposa', '2019-11-18 19:31:26', '2019-11-18 19:31:26');
INSERT INTO tb_membros_familias VALUES ( '70', '68', '18', 'Marido', '2019-11-18 19:31:26', '2019-11-18 19:31:26');
INSERT INTO tb_membros_familias VALUES ( '71', '18', '78', 'Filho(a)', '2019-11-18 19:31:44', '2019-11-18 19:31:44');
INSERT INTO tb_membros_familias VALUES ( '72', '78', '18', 'Pai', '2019-11-18 19:31:44', '2019-11-18 19:31:44');
INSERT INTO tb_membros_familias VALUES ( '73', '25', '24', 'Marido', '2019-11-19 09:19:40', '2019-11-19 09:19:40');
INSERT INTO tb_membros_familias VALUES ( '74', '24', '25', 'Esposa', '2019-11-19 09:19:40', '2019-11-19 09:19:40');
INSERT INTO tb_membros_familias VALUES ( '75', '8', '85', 'Esposa', '2019-11-19 10:30:12', '2019-11-19 10:30:12');
INSERT INTO tb_membros_familias VALUES ( '76', '85', '8', 'Marido', '2019-11-19 10:30:12', '2019-11-19 10:30:12');
INSERT INTO tb_membros_familias VALUES ( '77', '8', '86', 'Filho(a)', '2019-11-19 10:30:23', '2019-11-19 10:30:23');
INSERT INTO tb_membros_familias VALUES ( '78', '86', '8', 'Pai', '2019-11-19 10:30:23', '2019-11-19 10:30:23');
INSERT INTO tb_membros_familias VALUES ( '79', '26', '89', 'Esposa', '2019-11-19 13:59:44', '2019-11-19 13:59:44');
INSERT INTO tb_membros_familias VALUES ( '80', '89', '26', 'Marido', '2019-11-19 13:59:44', '2019-11-19 13:59:44');
INSERT INTO tb_membros_familias VALUES ( '81', '26', '90', 'Filho(a)', '2019-11-19 13:59:55', '2019-11-19 13:59:55');
INSERT INTO tb_membros_familias VALUES ( '82', '90', '26', 'Pai', '2019-11-19 13:59:55', '2019-11-19 13:59:55');
INSERT INTO tb_membros_familias VALUES ( '83', '68', '78', 'Filho(a)', '2019-11-19 14:00:41', '2019-11-19 14:00:41');
INSERT INTO tb_membros_familias VALUES ( '84', '78', '68', 'Mãe', '2019-11-19 14:00:41', '2019-11-19 14:00:41');
INSERT INTO tb_membros_familias VALUES ( '85', '16', '87', 'Pai', '2019-11-19 14:01:24', '2019-11-19 14:01:24');
INSERT INTO tb_membros_familias VALUES ( '86', '87', '16', 'Filho(a)', '2019-11-19 14:01:25', '2019-11-19 14:01:25');
INSERT INTO tb_membros_familias VALUES ( '87', '16', '88', 'Mãe', '2019-11-19 14:01:38', '2019-11-19 14:01:38');
INSERT INTO tb_membros_familias VALUES ( '88', '88', '16', 'Filho(a)', '2019-11-19 14:01:38', '2019-11-19 14:01:38');
INSERT INTO tb_membros_familias VALUES ( '89', '16', '9', 'Irmão(a)', '2019-11-19 14:01:51', '2019-11-19 14:01:51');
INSERT INTO tb_membros_familias VALUES ( '90', '9', '16', 'Irmão(a)', '2019-11-19 14:01:51', '2019-11-19 14:01:51');
INSERT INTO tb_membros_familias VALUES ( '91', '58', '65', 'Mãe', '2019-11-19 14:02:35', '2019-11-19 14:02:35');
INSERT INTO tb_membros_familias VALUES ( '92', '65', '58', 'Filho(a)', '2019-11-19 14:02:35', '2019-11-19 14:02:35');
INSERT INTO tb_membros_familias VALUES ( '93', '52', '51', 'Esposa', '2019-11-19 14:03:30', '2019-11-19 14:03:30');
INSERT INTO tb_membros_familias VALUES ( '94', '51', '52', 'Marido', '2019-11-19 14:03:30', '2019-11-19 14:03:30');
INSERT INTO tb_membros_familias VALUES ( '95', '52', '50', 'Filho(a)', '2019-11-19 14:03:42', '2019-11-19 14:03:42');
INSERT INTO tb_membros_familias VALUES ( '96', '50', '52', 'Pai', '2019-11-19 14:03:42', '2019-11-19 14:03:42');
INSERT INTO tb_membros_familias VALUES ( '97', '52', '38', 'Filho(a)', '2019-11-19 14:04:10', '2019-11-19 14:04:10');
INSERT INTO tb_membros_familias VALUES ( '98', '38', '52', 'Pai', '2019-11-19 14:04:10', '2019-11-19 14:04:10');
INSERT INTO tb_membros_familias VALUES ( '99', '52', '44', 'Neto(a)', '2019-11-19 14:04:32', '2019-11-19 14:04:32');
INSERT INTO tb_membros_familias VALUES ( '100', '44', '52', 'Avô', '2019-11-19 14:04:32', '2019-11-19 14:04:32');
INSERT INTO tb_membros_familias VALUES ( '101', '0', '0', '', '2019-11-24 19:34:57', '2019-11-24 19:34:57');
INSERT INTO tb_membros_familias VALUES ( '102', '85', '86', 'Filho(a)', '2020-01-16 17:52:14', '2020-01-16 17:52:14');
INSERT INTO tb_membros_familias VALUES ( '103', '86', '85', 'Mãe', '2020-01-16 17:52:14', '2020-01-16 17:52:14');
INSERT INTO tb_membros_familias VALUES ( '104', '16', '69', 'Marido', '2020-01-16 17:53:18', '2020-01-16 17:53:18');
INSERT INTO tb_membros_familias VALUES ( '105', '69', '16', 'Esposa', '2020-01-16 17:53:18', '2020-01-16 17:53:18');
INSERT INTO tb_membros_familias VALUES ( '106', '71', '72', 'Filho(a)', '2020-01-16 17:53:50', '2020-01-16 17:53:50');
INSERT INTO tb_membros_familias VALUES ( '107', '72', '71', 'Pai', '2020-01-16 17:53:50', '2020-01-16 17:53:50');
INSERT INTO tb_membros_familias VALUES ( '108', '71', '74', 'Filho(a)', '2020-01-16 17:54:01', '2020-01-16 17:54:01');
INSERT INTO tb_membros_familias VALUES ( '109', '74', '71', 'Pai', '2020-01-16 17:54:01', '2020-01-16 17:54:01');
INSERT INTO tb_membros_familias VALUES ( '110', '95', '97', 'Mãe', '2020-01-16 17:54:54', '2020-01-16 17:54:54');
INSERT INTO tb_membros_familias VALUES ( '111', '97', '95', 'Filho(a)', '2020-01-16 17:54:54', '2020-01-16 17:54:54');
INSERT INTO tb_membros_familias VALUES ( '112', '0', '16', 'esposa', '2020-02-04 20:06:42', '2020-02-04 20:06:42');
INSERT INTO tb_membros_familias VALUES ( '113', '16', '0', 'esposa', '2020-02-04 20:06:42', '2020-02-04 20:06:42');

#
# Criação da Tabela : tb_membros_historico
#

CREATE TABLE `tb_membros_historico` (
  `id_historico` int(11) NOT NULL AUTO_INCREMENT,
  `id_membro` int(11) NOT NULL,
  `texto` varchar(250) NOT NULL,
  `data` date NOT NULL,
  `data_cadastro` datetime NOT NULL,
  `atualizacao` timestamp NULL DEFAULT CURRENT_TIMESTAMP ON UPDATE CURRENT_TIMESTAMP,
  PRIMARY KEY (`id_historico`)
) ENGINE=InnoDB AUTO_INCREMENT=3 DEFAULT CHARSET=latin1 ;

#
# Dados a serem incluídos na tabela
#

INSERT INTO tb_membros_historico VALUES ( '1', '73', 'Batismo:
Nome do Pai: Kurt Sonntag
Nome da Mãe: Iris Erna Sonntag
Padrinhos: Helmuth Hesse, Waltraud Hesse, Werner Sonntag, Lizete T. Sonntag
Oficiante: Walter Hesse', '1963-10-13', '2019-11-18 18:52:58', '2019-11-18 18:52:58');
INSERT INTO tb_membros_historico VALUES ( '2', '73', 'Confirmação:
Oficiante: Arno Elicker
Versículo: Eis que estou convosco todos os dias até a consumação do século. Mt 28.20', '1975-11-23', '2019-11-18 18:54:05', '2019-11-18 18:54:05');

#
# Criação da Tabela : tb_membros_ofertas
#

CREATE TABLE `tb_membros_ofertas` (
  `id_oferta` int(11) NOT NULL AUTO_INCREMENT,
  `id_membro` int(11) NOT NULL,
  `id_financeiro` int(11) NOT NULL,
  `id_centro_custo` int(11) NOT NULL,
  `valor` decimal(15,2) NOT NULL,
  `data_pagamento` date NOT NULL,
  `referencia` varchar(250) NOT NULL,
  `data_cadastro` date NOT NULL,
  `atualizacao` timestamp NOT NULL DEFAULT CURRENT_TIMESTAMP ON UPDATE CURRENT_TIMESTAMP,
  PRIMARY KEY (`id_oferta`)
) ENGINE=InnoDB AUTO_INCREMENT=161 DEFAULT CHARSET=latin1 ;

#
# Dados a serem incluídos na tabela
#

INSERT INTO tb_membros_ofertas VALUES ( '1', '0', '689', '59', '300.00', '2020-04-03', '', '2020-04-11', '2020-04-11 16:41:40');
INSERT INTO tb_membros_ofertas VALUES ( '2', '0', '690', '59', '10.00', '2020-04-06', '', '2020-04-11', '2020-04-11 16:42:52');
INSERT INTO tb_membros_ofertas VALUES ( '3', '74', '690', '59', '50.00', '2020-04-06', '', '2020-04-11', '2020-04-11 16:42:52');
INSERT INTO tb_membros_ofertas VALUES ( '4', '0', '690', '59', '200.00', '2020-04-06', '', '2020-04-11', '2020-04-11 16:42:52');
INSERT INTO tb_membros_ofertas VALUES ( '5', '80', '691', '59', '500.00', '2020-04-07', '', '2020-04-11', '2020-04-11 16:43:12');
INSERT INTO tb_membros_ofertas VALUES ( '6', '3', '692', '59', '400.00', '2020-04-09', '', '2020-04-11', '2020-04-11 16:43:40');
INSERT INTO tb_membros_ofertas VALUES ( '7', '0', '693', '59', '300.00', '2020-04-13', '', '2020-04-11', '2020-04-11 16:43:55');
INSERT INTO tb_membros_ofertas VALUES ( '8', '56', '697', '59', '500.00', '2020-04-13', '', '2020-04-14', '2020-04-14 21:50:24');
INSERT INTO tb_membros_ofertas VALUES ( '9', '71', '698', '59', '1000.00', '2020-04-13', '', '2020-04-14', '2020-04-14 21:51:25');
INSERT INTO tb_membros_ofertas VALUES ( '10', '8', '701', '59', '250.00', '2020-04-15', '', '2020-04-15', '2020-04-15 18:50:17');
INSERT INTO tb_membros_ofertas VALUES ( '11', '0', '702', '59', '300.00', '2020-04-20', '', '2020-04-21', '2020-04-21 20:45:37');
INSERT INTO tb_membros_ofertas VALUES ( '12', '63', '709', '59', '1500.00', '2020-04-28', '', '2020-04-29', '2020-04-29 15:53:58');
INSERT INTO tb_membros_ofertas VALUES ( '13', '0', '710', '59', '700.00', '2020-04-28', '', '2020-04-29', '2020-04-29 15:54:48');
INSERT INTO tb_membros_ofertas VALUES ( '14', '12', '716', '59', '300.00', '2020-04-30', '', '2020-05-01', '2020-05-01 17:48:00');
INSERT INTO tb_membros_ofertas VALUES ( '15', '0', '720', '59', '10.00', '2020-05-04', '', '2020-05-05', '2020-05-05 22:44:33');
INSERT INTO tb_membros_ofertas VALUES ( '16', '98', '719', '59', '500.00', '2020-05-04', '', '2020-05-05', '2020-05-05 22:44:59');
INSERT INTO tb_membros_ofertas VALUES ( '17', '0', '721', '59', '300.00', '2020-05-04', '', '2020-05-05', '2020-05-05 22:45:56');
INSERT INTO tb_membros_ofertas VALUES ( '18', '93', '722', '59', '300.00', '2020-05-04', '', '2020-05-05', '2020-05-05 22:46:40');
INSERT INTO tb_membros_ofertas VALUES ( '19', '74', '723', '59', '100.00', '2020-05-04', '', '2020-05-05', '2020-05-05 22:47:32');
INSERT INTO tb_membros_ofertas VALUES ( '20', '0', '724', '59', '300.00', '2020-05-05', '', '2020-05-05', '2020-05-05 22:48:29');
INSERT INTO tb_membros_ofertas VALUES ( '21', '101', '729', '59', '800.00', '2020-05-06', '', '2020-05-06', '2020-05-06 20:24:30');
INSERT INTO tb_membros_ofertas VALUES ( '22', '87', '730', '59', '1500.00', '2020-05-06', '', '2020-05-09', '2020-05-09 14:09:08');
INSERT INTO tb_membros_ofertas VALUES ( '23', '3', '731', '59', '500.00', '2020-05-08', '', '2020-05-09', '2020-05-09 14:09:50');
INSERT INTO tb_membros_ofertas VALUES ( '24', '9', '733', '59', '300.00', '2020-05-09', '', '2020-05-09', '2020-05-09 14:11:10');
INSERT INTO tb_membros_ofertas VALUES ( '25', '0', '735', '59', '20.00', '2020-05-11', '', '2020-05-15', '2020-05-15 15:56:32');
INSERT INTO tb_membros_ofertas VALUES ( '26', '0', '736', '59', '300.00', '2020-05-11', '', '2020-05-15', '2020-05-15 15:57:14');
INSERT INTO tb_membros_ofertas VALUES ( '27', '56', '737', '59', '500.00', '2020-05-12', '', '2020-05-15', '2020-05-15 15:57:45');
INSERT INTO tb_membros_ofertas VALUES ( '28', '80', '738', '59', '700.00', '2020-05-14', '', '2020-05-15', '2020-05-15 15:58:17');
INSERT INTO tb_membros_ofertas VALUES ( '29', '8', '739', '59', '250.00', '2020-05-11', '', '2020-05-15', '2020-05-15 16:03:30');
INSERT INTO tb_membros_ofertas VALUES ( '30', '0', '742', '59', '300.00', '2020-05-15', '', '2020-05-17', '2020-05-17 20:33:37');
INSERT INTO tb_membros_ofertas VALUES ( '31', '12', '743', '59', '300.00', '2020-05-15', '', '2020-05-17', '2020-05-17 20:34:19');
INSERT INTO tb_membros_ofertas VALUES ( '32', '71', '744', '59', '1000.00', '2020-05-18', '', '2020-05-20', '2020-05-20 21:44:05');
INSERT INTO tb_membros_ofertas VALUES ( '33', '69', '745', '59', '200.00', '2020-05-18', '', '2020-05-20', '2020-05-20 21:44:57');
INSERT INTO tb_membros_ofertas VALUES ( '34', '0', '746', '59', '20.00', '2020-05-20', '', '2020-05-20', '2020-05-20 21:45:47');
INSERT INTO tb_membros_ofertas VALUES ( '35', '0', '750', '59', '300.00', '2020-05-25', '', '2020-05-27', '2020-05-27 21:24:14');
INSERT INTO tb_membros_ofertas VALUES ( '36', '0', '751', '59', '550.00', '2020-05-27', '', '2020-05-27', '2020-05-27 21:25:08');
INSERT INTO tb_membros_ofertas VALUES ( '37', '12', '753', '59', '300.00', '2020-05-29', '', '2020-06-03', '2020-06-03 20:23:55');
INSERT INTO tb_membros_ofertas VALUES ( '38', '63', '754', '59', '1500.00', '2020-05-29', '', '2020-06-03', '2020-06-03 20:25:07');
INSERT INTO tb_membros_ofertas VALUES ( '40', '66', '756', '59', '150.00', '2020-06-01', '', '2020-06-14', '2020-06-14 22:22:50');
INSERT INTO tb_membros_ofertas VALUES ( '41', '61', '757', '59', '400.00', '2020-06-01', '', '2020-06-14', '2020-06-14 22:23:33');
INSERT INTO tb_membros_ofertas VALUES ( '42', '56', '762', '59', '500.00', '2020-06-02', '', '2020-06-14', '2020-06-14 22:30:21');
INSERT INTO tb_membros_ofertas VALUES ( '43', '30', '763', '59', '600.00', '2020-06-03', '', '2020-06-14', '2020-06-14 22:31:14');
INSERT INTO tb_membros_ofertas VALUES ( '44', '3', '764', '59', '500.00', '2020-06-04', '', '2020-06-14', '2020-06-14 22:32:00');
INSERT INTO tb_membros_ofertas VALUES ( '45', '80', '765', '59', '700.00', '2020-06-05', '', '2020-06-14', '2020-06-14 22:32:42');
INSERT INTO tb_membros_ofertas VALUES ( '46', '0', '766', '59', '50.00', '2020-06-05', '', '2020-06-14', '2020-06-14 22:33:36');
INSERT INTO tb_membros_ofertas VALUES ( '47', '0', '769', '59', '300.00', '2020-06-08', '', '2020-06-14', '2020-06-14 22:36:24');
INSERT INTO tb_membros_ofertas VALUES ( '48', '68', '770', '59', '60.00', '2020-06-08', '', '2020-06-14', '2020-06-14 22:37:06');
INSERT INTO tb_membros_ofertas VALUES ( '49', '101', '771', '59', '450.00', '2020-06-10', '', '2020-06-14', '2020-06-14 22:38:09');
INSERT INTO tb_membros_ofertas VALUES ( '50', '0', '772', '59', '250.00', '2020-06-14', '', '2020-06-14', '2020-06-14 22:38:56');
INSERT INTO tb_membros_ofertas VALUES ( '51', '98', '755', '59', '300.00', '2020-06-01', '', '2020-06-14', '2020-06-14 22:40:16');
INSERT INTO tb_membros_ofertas VALUES ( '52', '0', '773', '59', '300.00', '2020-06-01', '', '2020-06-14', '2020-06-14 22:41:39');
INSERT INTO tb_membros_ofertas VALUES ( '53', '12', '776', '59', '350.00', '2020-06-15', '', '2020-06-22', '2020-06-22 20:15:05');
INSERT INTO tb_membros_ofertas VALUES ( '54', '8', '780', '3', '1000.00', '2020-06-19', '', '2020-06-22', '2020-06-22 20:19:51');
INSERT INTO tb_membros_ofertas VALUES ( '55', '8', '781', '59', '500.00', '2020-06-19', '', '2020-06-22', '2020-06-22 20:20:30');
INSERT INTO tb_membros_ofertas VALUES ( '56', '93', '782', '59', '200.00', '2020-06-19', '', '2020-06-22', '2020-06-22 20:21:12');
INSERT INTO tb_membros_ofertas VALUES ( '57', '0', '785', '59', '300.00', '2020-06-22', '', '2020-06-22', '2020-06-22 20:23:52');
INSERT INTO tb_membros_ofertas VALUES ( '58', '71', '786', '59', '1000.00', '2020-06-22', '', '2020-06-22', '2020-06-22 20:24:31');
INSERT INTO tb_membros_ofertas VALUES ( '59', '0', '787', '59', '550.00', '2020-06-23', '', '2020-06-24', '2020-06-24 20:42:01');
INSERT INTO tb_membros_ofertas VALUES ( '60', '63', '792', '59', '1500.00', '2020-06-26', '', '2020-06-28', '2020-06-28 16:22:48');
INSERT INTO tb_membros_ofertas VALUES ( '61', '0', '796', '59', '300.00', '2020-06-28', '', '2020-06-28', '2020-06-28 16:27:24');
INSERT INTO tb_membros_ofertas VALUES ( '62', '12', '797', '59', '300.00', '2020-06-30', '', '2020-07-01', '2020-07-01 22:08:55');
INSERT INTO tb_membros_ofertas VALUES ( '63', '93', '800', '59', '300.00', '2020-07-02', '', '2020-07-10', '2020-07-10 17:02:10');
INSERT INTO tb_membros_ofertas VALUES ( '64', '0', '801', '3', '2500.00', '2020-07-02', '', '2020-07-10', '2020-07-10 17:03:02');
INSERT INTO tb_membros_ofertas VALUES ( '65', '0', '802', '59', '50.00', '2020-07-06', '', '2020-07-10', '2020-07-10 17:04:01');
INSERT INTO tb_membros_ofertas VALUES ( '66', '0', '803', '59', '300.00', '2020-07-06', '', '2020-07-10', '2020-07-10 17:05:51');
INSERT INTO tb_membros_ofertas VALUES ( '67', '80', '804', '59', '500.00', '2020-07-07', '', '2020-07-10', '2020-07-10 17:06:20');
INSERT INTO tb_membros_ofertas VALUES ( '68', '101', '808', '59', '400.00', '2020-07-08', '', '2020-07-10', '2020-07-10 17:09:00');
INSERT INTO tb_membros_ofertas VALUES ( '69', '30', '809', '59', '200.00', '2020-07-09', '', '2020-07-10', '2020-07-10 17:09:30');
INSERT INTO tb_membros_ofertas VALUES ( '70', '11', '810', '59', '500.00', '2020-07-10', '', '2020-07-10', '2020-07-10 17:10:01');
INSERT INTO tb_membros_ofertas VALUES ( '71', '74', '811', '59', '50.00', '2020-07-10', '', '2020-07-10', '2020-07-10 17:10:22');
INSERT INTO tb_membros_ofertas VALUES ( '72', '3', '818', '59', '750.00', '2020-07-15', '', '2020-07-18', '2020-07-18 15:19:19');
INSERT INTO tb_membros_ofertas VALUES ( '73', '12', '819', '59', '300.00', '2020-07-15', '', '2020-07-18', '2020-07-18 15:19:57');
INSERT INTO tb_membros_ofertas VALUES ( '74', '9', '821', '59', '1450.00', '2020-07-17', '', '2020-07-18', '2020-07-18 15:21:54');
INSERT INTO tb_membros_ofertas VALUES ( '75', '0', '823', '59', '200.00', '2020-07-20', '', '2020-07-23', '2020-07-23 00:17:01');
INSERT INTO tb_membros_ofertas VALUES ( '76', '12', '839', '59', '300.00', '2020-07-30', '', '2020-08-02', '2020-08-02 23:49:17');
INSERT INTO tb_membros_ofertas VALUES ( '77', '3', '846', '59', '500.00', '2020-08-04', '', '2020-08-07', '2020-08-07 00:37:58');
INSERT INTO tb_membros_ofertas VALUES ( '78', '101', '850', '59', '450.00', '2020-08-06', '', '2020-08-07', '2020-08-07 00:43:31');
INSERT INTO tb_membros_ofertas VALUES ( '79', '80', '852', '59', '550.00', '2020-08-07', '', '2020-08-11', '2020-08-11 00:07:19');
INSERT INTO tb_membros_ofertas VALUES ( '80', '98', '853', '59', '300.00', '2020-08-07', '', '2020-08-11', '2020-08-11 00:07:55');
INSERT INTO tb_membros_ofertas VALUES ( '81', '12', '861', '59', '300.00', '2020-08-14', '', '2020-08-19', '2020-08-19 00:52:05');
INSERT INTO tb_membros_ofertas VALUES ( '82', '75', '862', '59', '300.00', '2020-08-17', '', '2020-08-19', '2020-08-19 00:52:35');
INSERT INTO tb_membros_ofertas VALUES ( '83', '30', '863', '59', '300.00', '2020-08-18', '', '2020-08-19', '2020-08-19 00:53:09');
INSERT INTO tb_membros_ofertas VALUES ( '84', '63', '876', '59', '1500.00', '2020-08-26', '', '2020-09-02', '2020-09-02 00:50:29');
INSERT INTO tb_membros_ofertas VALUES ( '85', '104', '878', '59', '550.00', '2020-08-27', '', '2020-09-02', '2020-09-02 00:51:57');
INSERT INTO tb_membros_ofertas VALUES ( '86', '30', '879', '59', '200.00', '2020-08-28', '', '2020-09-02', '2020-09-02 00:52:33');
INSERT INTO tb_membros_ofertas VALUES ( '87', '12', '880', '59', '300.00', '2020-08-31', '', '2020-09-02', '2020-09-02 00:53:15');
INSERT INTO tb_membros_ofertas VALUES ( '88', '3', '883', '59', '500.00', '2020-09-02', '', '2020-09-14', '2020-09-14 23:42:03');
INSERT INTO tb_membros_ofertas VALUES ( '89', '0', '884', '59', '400.00', '2020-09-03', '', '2020-09-14', '2020-09-14 23:42:44');
INSERT INTO tb_membros_ofertas VALUES ( '90', '80', '885', '59', '600.00', '2020-09-04', '', '2020-09-14', '2020-09-14 23:43:19');
INSERT INTO tb_membros_ofertas VALUES ( '91', '75', '888', '59', '300.00', '2020-09-08', '', '2020-09-14', '2020-09-14 23:48:24');
INSERT INTO tb_membros_ofertas VALUES ( '92', '74', '889', '59', '50.00', '2020-09-08', '', '2020-09-14', '2020-09-14 23:48:57');
INSERT INTO tb_membros_ofertas VALUES ( '93', '56', '890', '59', '400.00', '2020-09-08', '', '2020-09-14', '2020-09-14 23:49:37');
INSERT INTO tb_membros_ofertas VALUES ( '94', '75', '893', '59', '600.00', '2020-09-14', '', '2020-09-14', '2020-09-14 23:51:32');
INSERT INTO tb_membros_ofertas VALUES ( '95', '93', '898', '59', '600.00', '2020-09-14', '', '2020-09-18', '2020-09-18 15:01:40');
INSERT INTO tb_membros_ofertas VALUES ( '96', '98', '899', '59', '200.00', '2020-09-15', '', '2020-09-18', '2020-09-18 15:02:08');
INSERT INTO tb_membros_ofertas VALUES ( '97', '12', '901', '59', '300.00', '2020-09-17', '', '2020-09-18', '2020-09-18 15:04:10');
INSERT INTO tb_membros_ofertas VALUES ( '98', '101', '906', '59', '450.00', '2020-09-18', '', '2020-09-23', '2020-09-23 00:47:55');
INSERT INTO tb_membros_ofertas VALUES ( '99', '104', '907', '59', '550.00', '2020-09-21', '', '2020-09-23', '2020-09-23 00:48:41');
INSERT INTO tb_membros_ofertas VALUES ( '100', '75', '908', '59', '250.00', '2020-09-22', '', '2020-09-23', '2020-09-23 00:49:21');
INSERT INTO tb_membros_ofertas VALUES ( '101', '87', '910', '2', '1500.00', '2020-09-19', '', '2020-09-23', '2020-09-23 00:52:59');
INSERT INTO tb_membros_ofertas VALUES ( '102', '15', '914', '59', '1000.00', '2020-09-28', '', '2020-09-28', '2020-09-28 23:46:45');
INSERT INTO tb_membros_ofertas VALUES ( '103', '80', '918', '3', '465.00', '2020-09-30', '', '2020-10-02', '2020-10-02 00:36:08');
INSERT INTO tb_membros_ofertas VALUES ( '104', '12', '919', '59', '300.00', '2020-09-30', '', '2020-10-02', '2020-10-02 00:36:49');
INSERT INTO tb_membros_ofertas VALUES ( '105', '103', '927', '59', '200.00', '2020-10-02', '', '2020-10-07', '2020-10-07 00:11:06');
INSERT INTO tb_membros_ofertas VALUES ( '106', '80', '928', '59', '50.00', '2020-10-03', '', '2020-10-07', '2020-10-07 00:11:46');
INSERT INTO tb_membros_ofertas VALUES ( '107', '75', '929', '59', '550.00', '2020-10-05', '', '2020-10-07', '2020-10-07 00:12:22');
INSERT INTO tb_membros_ofertas VALUES ( '108', '102', '930', '59', '350.00', '2020-10-05', '', '2020-10-07', '2020-10-07 00:13:06');
INSERT INTO tb_membros_ofertas VALUES ( '109', '107', '931', '59', '400.00', '2020-10-06', '', '2020-10-07', '2020-10-07 00:13:42');
INSERT INTO tb_membros_ofertas VALUES ( '110', '107', '932', '3', '200.00', '2020-10-06', '', '2020-10-07', '2020-10-07 00:14:23');
INSERT INTO tb_membros_ofertas VALUES ( '111', '80', '933', '59', '600.00', '2020-10-07', '', '2020-10-10', '2020-10-10 23:00:37');
INSERT INTO tb_membros_ofertas VALUES ( '112', '63', '937', '59', '1500.00', '2020-10-09', '', '2020-10-10', '2020-10-10 23:04:37');
INSERT INTO tb_membros_ofertas VALUES ( '113', '101', '938', '59', '450.00', '2020-10-09', '', '2020-10-10', '2020-10-10 23:05:24');
INSERT INTO tb_membros_ofertas VALUES ( '114', '75', '939', '59', '300.00', '2020-10-10', '', '2020-10-10', '2020-10-10 23:06:09');
INSERT INTO tb_membros_ofertas VALUES ( '115', '87', '942', '2', '1500.00', '2020-10-10', '', '2020-10-10', '2020-10-10 23:09:04');
INSERT INTO tb_membros_ofertas VALUES ( '116', '12', '946', '59', '300.00', '2020-10-15', '', '2020-10-16', '2020-10-16 00:21:19');
INSERT INTO tb_membros_ofertas VALUES ( '117', '30', '948', '59', '300.00', '2020-10-15', '', '2020-10-16', '2020-10-16 00:22:46');
INSERT INTO tb_membros_ofertas VALUES ( '118', '75', '950', '59', '300.00', '2020-10-19', '', '2020-10-23', '2020-10-23 00:05:06');
INSERT INTO tb_membros_ofertas VALUES ( '119', '3', '953', '59', '500.00', '2020-10-21', '', '2020-10-23', '2020-10-23 00:08:15');
INSERT INTO tb_membros_ofertas VALUES ( '120', '104', '959', '2', '650.00', '2020-10-24', '', '2020-10-28', '2020-10-28 01:03:00');
INSERT INTO tb_membros_ofertas VALUES ( '121', '63', '960', '59', '1500.00', '2020-10-30', '', '2020-11-04', '2020-11-04 01:05:41');
INSERT INTO tb_membros_ofertas VALUES ( '122', '12', '961', '59', '300.00', '2020-10-30', '', '2020-11-04', '2020-11-04 01:06:15');
INSERT INTO tb_membros_ofertas VALUES ( '123', '75', '969', '59', '800.00', '2020-11-04', '', '2020-11-08', '2020-11-08 16:41:41');
INSERT INTO tb_membros_ofertas VALUES ( '124', '103', '970', '59', '200.00', '2020-11-04', '', '2020-11-08', '2020-11-08 16:42:17');
INSERT INTO tb_membros_ofertas VALUES ( '125', '107', '971', '59', '400.00', '2020-11-05', '', '2020-11-08', '2020-11-08 16:42:51');
INSERT INTO tb_membros_ofertas VALUES ( '126', '102', '972', '59', '350.00', '2020-11-05', '', '2020-11-08', '2020-11-08 16:43:33');
INSERT INTO tb_membros_ofertas VALUES ( '127', '8', '979', '59', '150.00', '2020-11-09', '', '2020-11-12', '2020-11-12 00:05:25');
INSERT INTO tb_membros_ofertas VALUES ( '128', '71', '980', '59', '1000.00', '2020-11-09', '', '2020-11-12', '2020-11-12 00:05:58');
INSERT INTO tb_membros_ofertas VALUES ( '129', '101', '981', '59', '450.00', '2020-11-13', '', '2020-11-18', '2020-11-18 00:52:02');
INSERT INTO tb_membros_ofertas VALUES ( '130', '80', '982', '59', '550.00', '2020-11-14', '', '2020-11-18', '2020-11-18 00:52:45');
INSERT INTO tb_membros_ofertas VALUES ( '131', '12', '983', '59', '300.00', '2020-11-16', '', '2020-11-18', '2020-11-18 00:53:31');
INSERT INTO tb_membros_ofertas VALUES ( '132', '98', '990', '59', '200.00', '2020-11-18', '', '2020-11-22', '2020-11-22 12:23:02');
INSERT INTO tb_membros_ofertas VALUES ( '133', '75', '991', '59', '200.00', '2020-11-18', '', '2020-11-22', '2020-11-22 12:23:46');
INSERT INTO tb_membros_ofertas VALUES ( '134', '3', '992', '59', '500.00', '2020-11-18', '', '2020-11-22', '2020-11-22 12:24:20');
INSERT INTO tb_membros_ofertas VALUES ( '135', '104', '1005', '59', '550.00', '2020-11-27', '', '2020-11-30', '2020-11-30 16:33:22');
INSERT INTO tb_membros_ofertas VALUES ( '136', '93', '1006', '59', '800.00', '2020-11-30', '', '2020-11-30', '2020-11-30 16:34:06');
INSERT INTO tb_membros_ofertas VALUES ( '137', '74', '1007', '59', '50.00', '2020-11-30', '', '2020-11-30', '2020-11-30 16:34:42');
INSERT INTO tb_membros_ofertas VALUES ( '138', '63', '1008', '59', '1500.00', '2020-11-30', '', '2020-11-30', '2020-11-30 16:35:12');
INSERT INTO tb_membros_ofertas VALUES ( '139', '12', '1009', '59', '300.00', '2020-11-30', '', '2020-11-30', '2020-11-30 16:35:43');
INSERT INTO tb_membros_ofertas VALUES ( '140', '107', '1017', '59', '400.00', '2020-12-01', '', '2020-12-08', '2020-12-08 11:40:18');
INSERT INTO tb_membros_ofertas VALUES ( '141', '75', '1019', '59', '600.00', '2020-12-03', '', '2020-12-08', '2020-12-08 11:48:17');
INSERT INTO tb_membros_ofertas VALUES ( '142', '102', '1020', '59', '350.00', '2020-12-07', '', '2020-12-08', '2020-12-08 11:49:03');
INSERT INTO tb_membros_ofertas VALUES ( '143', '103', '1021', '59', '200.00', '2020-12-07', '', '2020-12-08', '2020-12-08 11:49:40');
INSERT INTO tb_membros_ofertas VALUES ( '144', '71', '1022', '59', '2000.00', '2020-12-07', '', '2020-12-08', '2020-12-08 11:50:20');
INSERT INTO tb_membros_ofertas VALUES ( '145', '87', '1024', '2', '1500.00', '2020-12-05', '', '2020-12-08', '2020-12-08 11:53:54');
INSERT INTO tb_membros_ofertas VALUES ( '146', '80', '1028', '59', '550.00', '2020-12-09', '', '2020-12-14', '2020-12-14 23:04:02');
INSERT INTO tb_membros_ofertas VALUES ( '147', '101', '1029', '59', '450.00', '2020-12-09', '', '2020-12-14', '2020-12-14 23:04:34');
INSERT INTO tb_membros_ofertas VALUES ( '148', '74', '1030', '59', '100.00', '2020-12-14', '', '2020-12-14', '2020-12-14 23:05:05');
INSERT INTO tb_membros_ofertas VALUES ( '149', '103', '1034', '3', '350.00', '2020-12-15', '', '2020-12-23', '2020-12-23 13:16:20');
INSERT INTO tb_membros_ofertas VALUES ( '150', '102', '1035', '3', '200.00', '2020-12-15', '', '2020-12-23', '2020-12-23 13:16:58');
INSERT INTO tb_membros_ofertas VALUES ( '151', '12', '1036', '59', '300.00', '2020-12-15', '', '2020-12-23', '2020-12-23 13:17:40');
INSERT INTO tb_membros_ofertas VALUES ( '152', '104', '1046', '59', '550.00', '2020-12-21', '', '2020-12-23', '2020-12-23 13:25:08');
INSERT INTO tb_membros_ofertas VALUES ( '153', '3', '1047', '59', '1000.00', '2020-12-21', '', '2020-12-23', '2020-12-23 13:25:39');
INSERT INTO tb_membros_ofertas VALUES ( '154', '0', '1048', '59', '300.00', '2020-12-22', '', '2020-12-23', '2020-12-23 13:26:18');
INSERT INTO tb_membros_ofertas VALUES ( '155', '12', '1049', '59', '350.00', '2020-12-22', '', '2020-12-23', '2020-12-23 13:26:53');
INSERT INTO tb_membros_ofertas VALUES ( '156', '101', '1050', '59', '250.00', '2020-12-23', '', '2020-12-23', '2020-12-23 13:27:24');
INSERT INTO tb_membros_ofertas VALUES ( '157', '80', '1051', '59', '1000.00', '2020-12-23', '', '2020-12-23', '2020-12-23 13:27:51');
INSERT INTO tb_membros_ofertas VALUES ( '158', '103', '1059', '59', '350.00', '2020-12-28', '', '2020-12-28', '2020-12-28 14:18:10');
INSERT INTO tb_membros_ofertas VALUES ( '159', '63', '1060', '59', '1500.00', '2020-12-28', '', '2020-12-28', '2020-12-28 14:18:39');
INSERT INTO tb_membros_ofertas VALUES ( '160', '102', '1062', '59', '200.00', '2020-12-28', '', '2020-12-29', '2020-12-29 10:02:15');

#
# Criação da Tabela : tb_membros_profissao_de_fe
#

CREATE TABLE `tb_membros_profissao_de_fe` (
  `id_profissao_de_fe` int(11) NOT NULL AUTO_INCREMENT,
  `id_membro` int(11) NOT NULL,
  `data_profissao_de_fe` date NOT NULL,
  `oficiante` varchar(250) NOT NULL,
  `versiculo` varchar(250) NOT NULL,
  `livro` varchar(250) NOT NULL,
  `data_cadastro` datetime NOT NULL,
  `atualizacao` timestamp NOT NULL DEFAULT CURRENT_TIMESTAMP ON UPDATE CURRENT_TIMESTAMP,
  PRIMARY KEY (`id_profissao_de_fe`)
) ENGINE=InnoDB AUTO_INCREMENT=16 DEFAULT CHARSET=latin1 ;

#
# Dados a serem incluídos na tabela
#

INSERT INTO tb_membros_profissao_de_fe VALUES ( '1', '4', '2010-10-31', 'Paulo Kuck', '', '', '2018-02-21 23:45:56', '2018-02-21 23:45:56');
INSERT INTO tb_membros_profissao_de_fe VALUES ( '2', '30', '2019-06-08', 'Dionatan Ferreira ~ Estagiário', 'Naquele dia, muitas nações se ajuntarão ao SENHOR e serão o meu povo; habitarei ao meio de ti, e saberás que o SENHOR dos Exércitos é quem me enviou a ti.  Zacarias 2.11', '', '2019-06-05 16:00:55', '2019-06-06 18:20:43');
INSERT INTO tb_membros_profissao_de_fe VALUES ( '3', '31', '2019-06-08', 'Dionatan Ferreira ~ Estagiário', 'Somente em Deus a minha alma espera silenciosa; dele vem a minha salvação.', 'Salmo 62.1', '2019-06-08 14:05:13', '2019-06-08 14:05:13');
INSERT INTO tb_membros_profissao_de_fe VALUES ( '4', '33', '2019-06-08', 'Dionatan Ferreira ~ Estagiário', '(...) porque todo o que é nascido de Deus vence o mundo; e esta é a vitória que vence o mundo: a nossa fé.', '1 Jo 5.4', '2019-06-08 14:09:15', '2019-06-08 14:09:15');
INSERT INTO tb_membros_profissao_de_fe VALUES ( '5', '34', '2019-06-08', 'Dionatan Ferreira ~ Estagiário', '', '', '2019-06-08 16:56:18', '2019-06-08 16:56:18');
INSERT INTO tb_membros_profissao_de_fe VALUES ( '6', '46', '2019-09-14', 'Dionatan Ferreira ~ Estagiário', 'O Senhor resgata a alma dos seus servos, e dos que nele confiam nenhum será condenado.', 'Salmo 34.22', '2019-09-14 15:55:42', '2019-09-14 15:55:42');
INSERT INTO tb_membros_profissao_de_fe VALUES ( '7', '47', '2019-09-14', 'Dionatan Ferreira ~ Estagiário', '', '', '2019-09-14 19:33:18', '2019-09-14 19:33:18');
INSERT INTO tb_membros_profissao_de_fe VALUES ( '8', '100', '2020-01-25', 'Dionatan Ferreira ~ Estagiário', '', '', '2020-01-24 20:29:16', '2020-01-24 20:29:16');
INSERT INTO tb_membros_profissao_de_fe VALUES ( '9', '102', '2020-08-29', 'Pr. Evandro Bündchen', '', '', '2020-08-29 12:25:47', '2020-08-29 12:25:47');
INSERT INTO tb_membros_profissao_de_fe VALUES ( '10', '103', '2020-08-29', 'Pr. Evandro Bündchen', '', '', '2020-08-29 12:30:46', '2020-08-29 12:30:46');
INSERT INTO tb_membros_profissao_de_fe VALUES ( '11', '109', '2020-10-03', 'Evandro Bündchen', '', '', '2020-10-03 17:39:43', '2020-10-03 17:39:43');
INSERT INTO tb_membros_profissao_de_fe VALUES ( '12', '110', '2020-10-03', 'Evandro Bündchen', '', '', '2020-10-03 17:42:39', '2020-10-03 17:42:39');
INSERT INTO tb_membros_profissao_de_fe VALUES ( '13', '112', '2020-12-19', 'Evandro J. Bündchen', '', '', '2020-12-19 10:27:40', '2020-12-19 10:27:40');
INSERT INTO tb_membros_profissao_de_fe VALUES ( '14', '113', '2020-12-19', 'Evandro J. Bündchen', '', '', '2020-12-19 10:53:46', '2020-12-19 10:53:46');
INSERT INTO tb_membros_profissao_de_fe VALUES ( '15', '114', '2020-12-19', 'Evandro J. Bündchen', '', '', '2020-12-19 11:41:44', '2020-12-19 11:41:44');

#
# Criação da Tabela : tb_membros_telefones
#

CREATE TABLE `tb_membros_telefones` (
  `id_telefone` int(11) NOT NULL AUTO_INCREMENT,
  `id_membro` int(11) NOT NULL,
  `numero` varchar(250) NOT NULL,
  `operadora` varchar(250) NOT NULL,
  `data_cadastro` datetime NOT NULL,
  `atualizacao` timestamp NOT NULL DEFAULT CURRENT_TIMESTAMP ON UPDATE CURRENT_TIMESTAMP,
  PRIMARY KEY (`id_telefone`)
) ENGINE=InnoDB AUTO_INCREMENT=55 DEFAULT CHARSET=latin1 ;

#
# Dados a serem incluídos na tabela
#

INSERT INTO tb_membros_telefones VALUES ( '1', '1', '(92) 9810.72323', 'Tim', '2018-02-20 21:11:42', '2018-02-20 21:11:42');
INSERT INTO tb_membros_telefones VALUES ( '2', '3', '(92) 9825.59533', 'Tim', '2018-02-20 21:16:21', '2018-02-20 21:16:21');
INSERT INTO tb_membros_telefones VALUES ( '4', '12', '(92) 9918.13083', 'Vivo', '2019-04-03 15:02:52', '2019-04-03 15:02:52');
INSERT INTO tb_membros_telefones VALUES ( '8', '20', '(92) 9912.84131', 'Vivo', '2019-04-04 09:39:43', '2019-04-04 09:39:43');
INSERT INTO tb_membros_telefones VALUES ( '10', '6', '(51) 9997.52633', 'Vivo', '2019-04-04 09:56:01', '2019-04-04 09:56:01');
INSERT INTO tb_membros_telefones VALUES ( '12', '24', '(92) 9813.61896', '', '2019-05-26 19:27:26', '2019-05-26 19:27:26');
INSERT INTO tb_membros_telefones VALUES ( '13', '30', '(92) 9933.76102', '', '2019-06-05 16:00:23', '2019-06-05 16:00:23');
INSERT INTO tb_membros_telefones VALUES ( '14', '31', '(92) 9939.66632', '', '2019-06-06 15:26:36', '2019-06-06 15:26:36');
INSERT INTO tb_membros_telefones VALUES ( '15', '35', '(92) 9919.88717', 'Vivo', '2019-07-17 11:59:41', '2019-07-17 11:59:41');
INSERT INTO tb_membros_telefones VALUES ( '19', '37', '(92) 9949.75012', 'Vivo', '2019-08-01 14:41:18', '2019-08-01 14:41:18');
INSERT INTO tb_membros_telefones VALUES ( '20', '38', '(92) 9829.58553', 'Vivo', '2019-08-01 14:52:10', '2019-08-01 14:52:10');
INSERT INTO tb_membros_telefones VALUES ( '21', '39', '(92) 9842.82003', 'Vivo', '2019-08-01 14:58:27', '2019-08-01 14:58:27');
INSERT INTO tb_membros_telefones VALUES ( '22', '42', '(92) 9917.24333', 'Vivo', '2019-08-01 15:52:58', '2019-08-01 15:52:58');
INSERT INTO tb_membros_telefones VALUES ( '23', '43', '(92) 9937.63555', 'Vivo', '2019-08-01 15:56:16', '2019-08-01 15:56:16');
INSERT INTO tb_membros_telefones VALUES ( '24', '59', '(92) 9811.90644', 'Vivo', '2019-11-18 13:00:18', '2019-11-18 13:00:18');
INSERT INTO tb_membros_telefones VALUES ( '25', '57', '(92) 9814.72420', 'Vivo', '2019-11-18 13:02:24', '2019-11-18 13:02:24');
INSERT INTO tb_membros_telefones VALUES ( '26', '66', '(92) 9816.57341', 'Vivo', '2019-11-18 16:23:37', '2019-11-18 16:23:37');
INSERT INTO tb_membros_telefones VALUES ( '27', '65', '(92) 9924.85801', '', '2019-11-18 16:25:02', '2019-11-18 16:25:02');
INSERT INTO tb_membros_telefones VALUES ( '28', '69', '(92) 9913.01025', '', '2019-11-18 17:05:02', '2019-11-18 17:05:02');
INSERT INTO tb_membros_telefones VALUES ( '29', '72', '(92) 9949.44366', '', '2019-11-18 18:42:07', '2019-11-18 18:42:07');
INSERT INTO tb_membros_telefones VALUES ( '30', '73', '(92) 9914.22782', '', '2019-11-18 18:49:44', '2019-11-18 18:49:44');
INSERT INTO tb_membros_telefones VALUES ( '31', '74', '(92) 9947.67271', '', '2019-11-18 18:58:26', '2019-11-18 18:58:26');
INSERT INTO tb_membros_telefones VALUES ( '33', '79', '(92) 9825.99198', '', '2019-11-19 09:42:21', '2019-11-19 09:42:21');
INSERT INTO tb_membros_telefones VALUES ( '34', '80', '(92) 9913.88188', '', '2019-11-19 09:51:15', '2019-11-19 09:51:15');
INSERT INTO tb_membros_telefones VALUES ( '35', '81', '(92) 9930.56161', '', '2019-11-19 09:57:19', '2019-11-19 09:57:19');
INSERT INTO tb_membros_telefones VALUES ( '36', '83', '(92) 9930.25127', '', '2019-11-19 10:03:31', '2019-11-19 10:03:31');
INSERT INTO tb_membros_telefones VALUES ( '37', '84', '(92) 9910.05593', '', '2019-11-19 10:18:42', '2019-11-19 10:18:42');
INSERT INTO tb_membros_telefones VALUES ( '38', '85', '(92) 9812.19737', '', '2019-11-19 10:28:02', '2019-11-19 10:28:02');
INSERT INTO tb_membros_telefones VALUES ( '39', '87', '(92) 9918.99739', '', '2019-11-19 10:34:59', '2019-11-19 10:34:59');
INSERT INTO tb_membros_telefones VALUES ( '40', '88', '(92) 9918.12057', '', '2019-11-19 10:42:54', '2019-11-19 10:42:54');
INSERT INTO tb_membros_telefones VALUES ( '41', '26', '(92) 9921.50775', '', '2019-11-19 11:07:03', '2019-11-19 11:07:03');
INSERT INTO tb_membros_telefones VALUES ( '42', '26', '(92) 9820.86766', '', '2019-11-19 11:07:03', '2019-11-19 11:07:03');
INSERT INTO tb_membros_telefones VALUES ( '43', '89', '(92) 9811.00905', '', '2019-11-19 11:11:53', '2019-11-19 11:11:53');
INSERT INTO tb_membros_telefones VALUES ( '44', '91', '(92) 9813.80593', '', '2019-12-10 10:33:52', '2019-12-10 10:33:52');
INSERT INTO tb_membros_telefones VALUES ( '45', '92', '(92) 9818.31235', '', '2019-12-10 10:39:43', '2019-12-10 10:39:43');
INSERT INTO tb_membros_telefones VALUES ( '46', '93', '(92) 9822.66255', '', '2019-12-10 12:48:47', '2019-12-10 12:48:47');
INSERT INTO tb_membros_telefones VALUES ( '47', '96', '(92) 9817.30684', '', '2020-01-14 22:40:36', '2020-01-14 22:40:36');
INSERT INTO tb_membros_telefones VALUES ( '48', '75', '(92) 9918.38989', '', '2020-01-16 17:50:08', '2020-01-16 17:50:08');
INSERT INTO tb_membros_telefones VALUES ( '49', '99', '(92) 9981.43273', '', '2020-01-21 14:55:51', '2020-01-21 14:55:51');
INSERT INTO tb_membros_telefones VALUES ( '50', '16', '(92) 9922.11287', 'Vivo', '2020-02-04 20:06:28', '2020-02-04 20:06:28');
INSERT INTO tb_membros_telefones VALUES ( '51', '8', '(92) 9812.15671', 'Tim', '2020-05-25 12:50:15', '2020-05-25 12:50:15');
INSERT INTO tb_membros_telefones VALUES ( '52', '102', '(92) 9918.65857', '', '2020-08-29 12:24:55', '2020-08-29 12:24:55');
INSERT INTO tb_membros_telefones VALUES ( '53', '107', '(42) 9912.72030', '', '2020-09-29 16:36:50', '2020-09-29 16:36:50');
INSERT INTO tb_membros_telefones VALUES ( '54', '112', '(92) 9947.99896', '', '2020-12-19 10:18:56', '2020-12-19 10:18:56');

#
# Criação da Tabela : tb_obreiros
#

CREATE TABLE `tb_obreiros` (
  `id_obreiro` int(11) NOT NULL AUTO_INCREMENT,
  `id_membro` int(11) NOT NULL,
  `tipo` varchar(250) NOT NULL,
  `vinculo` varchar(250) NOT NULL,
  `dedicacao` varchar(250) NOT NULL,
  `remuneracao` varchar(250) NOT NULL,
  `data_cadastro` datetime NOT NULL,
  `atualizacao` timestamp NOT NULL DEFAULT CURRENT_TIMESTAMP ON UPDATE CURRENT_TIMESTAMP,
  PRIMARY KEY (`id_obreiro`)
) ENGINE=InnoDB AUTO_INCREMENT=4 DEFAULT CHARSET=latin1 ;

#
# Dados a serem incluídos na tabela
#

INSERT INTO tb_obreiros VALUES ( '3', '101', 'Pastor', 'Chamado', 'Integral', 'Integral', '2020-02-28 00:19:47', '2020-02-28 00:19:47');

#
# Criação da Tabela : tb_paginas_site
#

CREATE TABLE `tb_paginas_site` (
  `id_pagina` int(11) NOT NULL AUTO_INCREMENT,
  `ativo` varchar(250) NOT NULL,
  `titulo` varchar(250) NOT NULL,
  `texto` text NOT NULL,
  `posicao_menu` int(11) NOT NULL,
  `data_cadastro` datetime NOT NULL,
  `atualizacao` timestamp NOT NULL DEFAULT CURRENT_TIMESTAMP ON UPDATE CURRENT_TIMESTAMP,
  PRIMARY KEY (`id_pagina`)
) ENGINE=InnoDB DEFAULT CHARSET=latin1 ;

#
# Dados a serem incluídos na tabela
#


#
# Criação da Tabela : tb_paginas_site_imagens
#

CREATE TABLE `tb_paginas_site_imagens` (
  `id_imagem` int(11) NOT NULL AUTO_INCREMENT,
  `id_paroquia` int(11) NOT NULL,
  `id_pagina` int(11) NOT NULL,
  `arquivo` varchar(250) NOT NULL,
  `nome` varchar(250) NOT NULL,
  `link` varchar(250) NOT NULL,
  `posicao` varchar(250) NOT NULL,
  `foto_destaque` int(11) NOT NULL,
  `data_cadastro` datetime NOT NULL,
  `atualizacao` timestamp NOT NULL DEFAULT CURRENT_TIMESTAMP ON UPDATE CURRENT_TIMESTAMP,
  PRIMARY KEY (`id_imagem`)
) ENGINE=InnoDB DEFAULT CHARSET=latin1 ;

#
# Dados a serem incluídos na tabela
#


#
# Criação da Tabela : tb_site
#

CREATE TABLE `tb_site` (
  `id_site` int(11) NOT NULL AUTO_INCREMENT,
  `ativo` varchar(250) NOT NULL,
  `aniversariantes` varchar(250) NOT NULL,
  `agenda_paroquia` varchar(250) NOT NULL,
  `id_layout` int(11) NOT NULL,
  `logotipo` varchar(250) NOT NULL,
  `data_cadastro` datetime NOT NULL,
  `atualizacao` timestamp NOT NULL DEFAULT CURRENT_TIMESTAMP ON UPDATE CURRENT_TIMESTAMP,
  PRIMARY KEY (`id_site`)
) ENGINE=InnoDB DEFAULT CHARSET=latin1 ;

#
# Dados a serem incluídos na tabela
#

