CREATE TABLE `tb_financeiro_recorrencia` (
  `id_recorrencia` int(11) NOT NULL AUTO_INCREMENT,
  `periodicidade` varchar(250) NOT NULL,
  `periodicidade_vencimento` date NOT NULL,
  `tipo` varchar(250) NOT NULL,
  `id_fornecedor` int(11) NOT NULL,
  `id_conta_bancaria` int(11) NOT NULL,
  `id_centro_custo` int(11) NOT NULL,
  `referencia` varchar(250) NOT NULL,
  `valor` decimal(15,2) NOT NULL,
  `observacoes` text NOT NULL,
  `data_cadastro` datetime NOT NULL,
  `atualizacao` timestamp NOT NULL DEFAULT CURRENT_TIMESTAMP ON UPDATE CURRENT_TIMESTAMP,
  PRIMARY KEY (`id_recorrencia`)
) ENGINE=InnoDB DEFAULT CHARSET=latin1 ;

#
# Dados a serem incluídos na tabela
#


#
# Criação da Tabela : tb_fornecedores
#

CREATE TABLE `tb_fornecedores` (
  `id_fornecedor` int(11) NOT NULL AUTO_INCREMENT,
  `ativo` varchar(250) NOT NULL,
  `tipo` varchar(250) NOT NULL,
  `nome_razao_social` varchar(250) NOT NULL,
  `rg_ie` varchar(250) NOT NULL,
  `cpf_cnpj` varchar(250) NOT NULL,
  `cep` varchar(250) NOT NULL,
  `endereco` varchar(250) NOT NULL,
  `numero` varchar(250) NOT NULL,
  `complemento` varchar(250) NOT NULL,
  `bairro` varchar(250) NOT NULL,
  `cidade` varchar(250) NOT NULL,
  `estado` varchar(250) NOT NULL,
  `observacoes` text NOT NULL,
  `data_cadastro` datetime NOT NULL,
  `atualizacao` timestamp NOT NULL DEFAULT CURRENT_TIMESTAMP ON UPDATE CURRENT_TIMESTAMP,
  PRIMARY KEY (`id_fornecedor`)
) ENGINE=InnoDB AUTO_INCREMENT=6 DEFAULT CHARSET=latin1 ;

#
# Dados a serem incluídos na tabela
#

INSERT INTO tb_fornecedores VALUES ( '1', 'sim', 'CNPJ', 'Eletropaulo', '206.165.226.110', '61.695.227/0001-93', '06460-040', 'AES Eletropaulo Av. Dr. Marcos Penteado de Ulhoa Rodrigues, 939 ', '939', '1º ao 7º and. - Torre II  Sítio Tamboré', 'Tamboré', 'Barueri', 'SP', '', '2018-04-08 11:06:32', '2018-04-08 11:06:32');
INSERT INTO tb_fornecedores VALUES ( '2', 'sim', 'CNPJ', 'Igreja Evangêlica Luterana do Brasil', 'Isento', '92.990.092/0001-12', '90440-010', 'Avenida Coronel Lucas de Oliveira', '894', '', 'Mont Serrat', 'Porto Alegrue', 'RS', '', '2018-04-08 11:10:18', '2018-04-08 11:10:45');
INSERT INTO tb_fornecedores VALUES ( '3', 'sim', 'CPF', 'Bruna Avanzini Vidal', 'Não há', '323.296.778-71', '', '', '', '', '', '', '', '', '2018-04-08 11:13:45', '2018-04-08 11:13:45');
INSERT INTO tb_fornecedores VALUES ( '4', 'sim', 'CNPJ', 'Sabesp', '185150', '43.776.517/0001-80', '05429-900', 'RUA COSTA CARVALHO', '300', '', 'Pinheiros', 'São Paulo', 'SP', '', '2018-04-08 11:23:24', '2018-04-08 11:23:24');
INSERT INTO tb_fornecedores VALUES ( '5', 'sim', 'CPF', 'Sergio Renato Flor', 'Isento', '504.691.189-20', '05141-040', 'Rua Frei Benvindo Destefani', '59', '', 'Pirituba', 'Osasco', 'SP', '', '2018-04-08 11:27:15', '2018-04-13 14:20:27');

#
# Criação da Tabela : tb_fornecedores_emails
#

CREATE TABLE `tb_fornecedores_emails` (
  `id_email` int(11) NOT NULL AUTO_INCREMENT,
  `id_fornecedor` int(11) NOT NULL,
  `email` varchar(250) NOT NULL,
  `data_cadastro` datetime NOT NULL,
  `atualizacao` timestamp NOT NULL DEFAULT CURRENT_TIMESTAMP ON UPDATE CURRENT_TIMESTAMP,
  PRIMARY KEY (`id_email`)
) ENGINE=InnoDB DEFAULT CHARSET=latin1 ;

#
# Dados a serem incluídos na tabela
#


#
# Criação da Tabela : tb_fornecedores_telefones
#

CREATE TABLE `tb_fornecedores_telefones` (
  `id_telefone` int(11) NOT NULL AUTO_INCREMENT,
  `id_fornecedor` int(11) NOT NULL,
  `numero` varchar(250) NOT NULL,
  `data_cadastro` datetime NOT NULL,
  `atualizacao` timestamp NOT NULL DEFAULT CURRENT_TIMESTAMP ON UPDATE CURRENT_TIMESTAMP,
  PRIMARY KEY (`id_telefone`)
) ENGINE=InnoDB DEFAULT CHARSET=latin1 ;

#
# Dados a serem incluídos na tabela
#


#
# Criação da Tabela : tb_grupos
#

CREATE TABLE `tb_grupos` (
  `id_grupo` int(11) NOT NULL AUTO_INCREMENT,
  `id_congregacao` int(11) NOT NULL,
  `id_departamento` int(11) NOT NULL,
  `nome` varchar(250) NOT NULL,
  `coordenador` int(11) NOT NULL,
  `descricao` text NOT NULL,
  `encontros` varchar(250) NOT NULL,
  `data_cadastro` datetime NOT NULL,
  `atualizacao` timestamp NOT NULL DEFAULT CURRENT_TIMESTAMP ON UPDATE CURRENT_TIMESTAMP,
  PRIMARY KEY (`id_grupo`)
) ENGINE=InnoDB DEFAULT CHARSET=latin1 ;

#
# Dados a serem incluídos na tabela
#


#
# Criação da Tabela : tb_grupos_encontros
#

CREATE TABLE `tb_grupos_encontros` (
  `id_encontro` int(11) NOT NULL AUTO_INCREMENT,
  `id_grupo` int(11) NOT NULL,
  `periodicidade` varchar(250) NOT NULL,
  `dia_semana` varchar(250) NOT NULL,
  `dia` date NOT NULL,
  `horario_inicial` time NOT NULL,
  `horario_final` time NOT NULL,
  `data_inicial` datetime NOT NULL,
  `data_final` datetime NOT NULL,
  `data_cadastro` datetime NOT NULL,
  `atualizacao` timestamp NOT NULL DEFAULT CURRENT_TIMESTAMP ON UPDATE CURRENT_TIMESTAMP,
  PRIMARY KEY (`id_encontro`)
) ENGINE=InnoDB DEFAULT CHARSET=latin1 ;

#
# Dados a serem incluídos na tabela
#


#
# Criação da Tabela : tb_grupos_participantes
#

CREATE TABLE `tb_grupos_participantes` (
  `id_participante` int(11) NOT NULL AUTO_INCREMENT,
  `id_membro` int(11) NOT NULL,
  `id_grupo` int(11) NOT NULL,
  `data_cadastro` datetime NOT NULL,
  `atualizacao` timestamp NOT NULL DEFAULT CURRENT_TIMESTAMP ON UPDATE CURRENT_TIMESTAMP,
  PRIMARY KEY (`id_participante`)
) ENGINE=InnoDB DEFAULT CHARSET=latin1 ;

#
# Dados a serem incluídos na tabela
#


#
# Criação da Tabela : tb_log_financeiro
#

CREATE TABLE `tb_log_financeiro` (
  `id_log` int(11) NOT NULL AUTO_INCREMENT,
  `id_conta_bancaria` int(11) NOT NULL,
  `id_lancamento` int(11) NOT NULL,
  `saldo_anterior` decimal(15,2) NOT NULL,
  `saldo_posterior` decimal(15,2) NOT NULL,
  `data_cadastro` datetime NOT NULL,
  `atualizacao` timestamp NOT NULL DEFAULT CURRENT_TIMESTAMP ON UPDATE CURRENT_TIMESTAMP,
  PRIMARY KEY (`id_log`)
) ENGINE=InnoDB AUTO_INCREMENT=622 DEFAULT CHARSET=latin1 ;

#
# Dados a serem incluídos na tabela
#

INSERT INTO tb_log_financeiro VALUES ( '1', '2', '1', '0.00', '0.00', '2017-11-21 18:33:26', '2017-11-21 18:33:26');
INSERT INTO tb_log_financeiro VALUES ( '2', '1', '4', '0.00', '-50.00', '2018-02-03 09:31:30', '2018-02-03 09:31:30');
INSERT INTO tb_log_financeiro VALUES ( '3', '1', '5', '-50.00', '-527.00', '2018-02-03 09:37:59', '2018-02-03 09:37:59');
INSERT INTO tb_log_financeiro VALUES ( '4', '2', '6', '0.00', '160.00', '2018-02-03 09:46:43', '2018-02-03 09:46:43');
INSERT INTO tb_log_financeiro VALUES ( '5', '2', '7', '160.00', '860.00', '2018-02-03 09:47:51', '2018-02-03 09:47:51');
INSERT INTO tb_log_financeiro VALUES ( '6', '2', '8', '860.00', '910.00', '2018-03-21 17:10:41', '2018-03-21 17:10:41');
INSERT INTO tb_log_financeiro VALUES ( '7', '2', '9', '910.00', '1110.00', '2018-03-21 17:11:49', '2018-03-21 17:11:49');
INSERT INTO tb_log_financeiro VALUES ( '8', '2', '10', '1110.00', '1210.00', '2018-03-21 17:12:25', '2018-03-21 17:12:25');
INSERT INTO tb_log_financeiro VALUES ( '9', '2', '11', '1210.00', '1360.00', '2018-03-21 17:13:27', '2018-03-21 17:13:27');
INSERT INTO tb_log_financeiro VALUES ( '10', '2', '12', '1360.00', '1510.00', '2018-03-21 17:14:48', '2018-03-21 17:14:48');
INSERT INTO tb_log_financeiro VALUES ( '11', '2', '13', '1510.00', '1850.00', '2018-03-21 17:15:13', '2018-03-21 17:15:13');
INSERT INTO tb_log_financeiro VALUES ( '12', '2', '14', '1850.00', '2000.00', '2018-03-21 17:15:41', '2018-03-21 17:15:41');
INSERT INTO tb_log_financeiro VALUES ( '13', '2', '15', '2000.00', '2050.00', '2018-03-21 17:16:07', '2018-03-21 17:16:07');
INSERT INTO tb_log_financeiro VALUES ( '14', '2', '16', '2050.00', '2250.00', '2018-03-21 17:16:33', '2018-03-21 17:16:33');
INSERT INTO tb_log_financeiro VALUES ( '15', '2', '17', '2250.00', '2750.00', '2018-03-21 17:17:18', '2018-03-21 17:17:18');
INSERT INTO tb_log_financeiro VALUES ( '16', '2', '18', '2750.00', '2850.00', '2018-03-21 17:17:54', '2018-03-21 17:17:54');
INSERT INTO tb_log_financeiro VALUES ( '17', '2', '19', '2850.00', '2940.00', '2018-03-21 17:18:33', '2018-03-21 17:18:33');
INSERT INTO tb_log_financeiro VALUES ( '18', '2', '20', '2940.00', '3090.00', '2018-03-21 17:19:23', '2018-03-21 17:19:23');
INSERT INTO tb_log_financeiro VALUES ( '19', '2', '21', '3090.00', '3240.00', '2018-03-21 17:19:53', '2018-03-21 17:19:53');
INSERT INTO tb_log_financeiro VALUES ( '20', '2', '22', '3240.00', '4140.00', '2018-03-21 17:24:19', '2018-03-21 17:24:19');
INSERT INTO tb_log_financeiro VALUES ( '21', '2', '23', '4140.00', '4240.00', '2018-03-21 17:25:11', '2018-03-21 17:25:11');
INSERT INTO tb_log_financeiro VALUES ( '22', '2', '24', '4240.00', '4280.00', '2018-03-21 17:25:36', '2018-03-21 17:25:36');
INSERT INTO tb_log_financeiro VALUES ( '23', '2', '25', '4280.00', '4320.00', '2018-03-21 17:26:22', '2018-03-21 17:26:22');
INSERT INTO tb_log_financeiro VALUES ( '24', '2', '26', '4320.00', '4370.00', '2018-03-21 17:26:54', '2018-03-21 17:26:54');
INSERT INTO tb_log_financeiro VALUES ( '25', '2', '27', '4370.00', '4570.00', '2018-03-21 17:27:23', '2018-03-21 17:27:23');
INSERT INTO tb_log_financeiro VALUES ( '26', '2', '28', '4570.00', '4690.00', '2018-03-21 17:27:54', '2018-03-21 17:27:54');
INSERT INTO tb_log_financeiro VALUES ( '27', '2', '29', '4690.00', '4840.00', '2018-03-21 17:28:26', '2018-03-21 17:28:26');
INSERT INTO tb_log_financeiro VALUES ( '28', '2', '30', '4840.00', '5440.00', '2018-03-21 17:29:12', '2018-03-21 17:29:12');
INSERT INTO tb_log_financeiro VALUES ( '29', '2', '31', '5440.00', '5540.00', '2018-03-21 17:29:50', '2018-03-21 17:29:50');
INSERT INTO tb_log_financeiro VALUES ( '30', '2', '32', '5540.00', '6740.00', '2018-03-21 17:30:17', '2018-03-21 17:30:17');
INSERT INTO tb_log_financeiro VALUES ( '31', '2', '33', '6740.00', '7020.00', '2018-03-21 17:30:45', '2018-03-21 17:30:45');
INSERT INTO tb_log_financeiro VALUES ( '32', '2', '34', '7020.00', '7120.00', '2018-03-21 17:31:11', '2018-03-21 17:31:11');
INSERT INTO tb_log_financeiro VALUES ( '33', '2', '35', '7120.00', '7220.00', '2018-03-21 17:31:41', '2018-03-21 17:31:41');
INSERT INTO tb_log_financeiro VALUES ( '34', '2', '36', '7220.00', '7620.00', '2018-03-21 17:32:17', '2018-03-21 17:32:17');
INSERT INTO tb_log_financeiro VALUES ( '35', '2', '37', '7620.00', '7820.00', '2018-03-21 17:32:39', '2018-03-21 17:32:39');
INSERT INTO tb_log_financeiro VALUES ( '36', '2', '38', '7820.00', '7970.00', '2018-03-21 17:33:11', '2018-03-21 17:33:11');
INSERT INTO tb_log_financeiro VALUES ( '37', '2', '39', '7970.00', '7990.00', '2018-03-21 17:33:40', '2018-03-21 17:33:40');
INSERT INTO tb_log_financeiro VALUES ( '38', '2', '40', '7990.00', '8150.00', '2018-03-21 17:34:14', '2018-03-21 17:34:14');
INSERT INTO tb_log_financeiro VALUES ( '39', '2', '41', '8150.00', '8300.00', '2018-03-21 17:34:43', '2018-03-21 17:34:43');
INSERT INTO tb_log_financeiro VALUES ( '40', '2', '42', '8300.00', '8700.00', '2018-03-21 17:37:51', '2018-03-21 17:37:51');
INSERT INTO tb_log_financeiro VALUES ( '41', '2', '43', '8700.00', '8713.00', '2018-03-21 17:47:27', '2018-03-21 17:47:27');
INSERT INTO tb_log_financeiro VALUES ( '42', '2', '44', '8713.00', '9222.00', '2018-03-21 17:49:23', '2018-03-21 17:49:23');
INSERT INTO tb_log_financeiro VALUES ( '43', '2', '45', '9222.00', '9773.00', '2018-03-21 17:51:13', '2018-03-21 17:51:13');
INSERT INTO tb_log_financeiro VALUES ( '44', '2', '46', '9773.00', '10418.00', '2018-03-21 17:52:20', '2018-03-21 17:52:20');
INSERT INTO tb_log_financeiro VALUES ( '45', '2', '47', '10418.00', '9918.00', '2018-03-21 18:07:09', '2018-03-21 18:07:09');
INSERT INTO tb_log_financeiro VALUES ( '46', '2', '48', '9918.00', '9858.00', '2018-03-21 18:09:00', '2018-03-21 18:09:00');
INSERT INTO tb_log_financeiro VALUES ( '47', '2', '49', '9858.00', '9381.00', '2018-03-21 18:11:30', '2018-03-21 18:11:30');
INSERT INTO tb_log_financeiro VALUES ( '48', '2', '58', '9381.00', '9331.00', '2018-03-21 18:12:49', '2018-03-21 18:12:49');
INSERT INTO tb_log_financeiro VALUES ( '49', '2', '59', '9331.00', '9031.00', '2018-03-21 18:14:38', '2018-03-21 18:14:38');
INSERT INTO tb_log_financeiro VALUES ( '50', '2', '60', '9031.00', '7977.65', '2018-03-21 18:17:36', '2018-03-21 18:17:36');
INSERT INTO tb_log_financeiro VALUES ( '51', '2', '61', '7977.65', '7872.65', '2018-03-21 18:18:48', '2018-03-21 18:18:48');
INSERT INTO tb_log_financeiro VALUES ( '52', '2', '47', '7872.65', '7372.65', '2018-03-21 18:19:43', '2018-03-21 18:19:43');
INSERT INTO tb_log_financeiro VALUES ( '53', '2', '48', '7372.65', '7312.65', '2018-03-21 18:20:13', '2018-03-21 18:20:13');
INSERT INTO tb_log_financeiro VALUES ( '54', '2', '49', '7312.65', '6835.65', '2018-03-21 18:20:35', '2018-03-21 18:20:35');
INSERT INTO tb_log_financeiro VALUES ( '55', '2', '50', '6835.65', '6785.65', '2018-03-21 18:21:00', '2018-03-21 18:21:00');
INSERT INTO tb_log_financeiro VALUES ( '56', '2', '59', '6785.65', '6485.65', '2018-03-21 18:21:19', '2018-03-21 18:21:19');
INSERT INTO tb_log_financeiro VALUES ( '57', '2', '62', '6485.65', '6685.65', '2018-03-24 08:15:23', '2018-03-24 08:15:23');
INSERT INTO tb_log_financeiro VALUES ( '58', '2', '63', '6685.65', '6885.65', '2018-03-24 08:15:57', '2018-03-24 08:15:57');
INSERT INTO tb_log_financeiro VALUES ( '59', '2', '64', '6885.65', '6985.65', '2018-03-24 08:16:31', '2018-03-24 08:16:31');
INSERT INTO tb_log_financeiro VALUES ( '60', '2', '65', '6985.65', '7045.65', '2018-03-24 08:17:16', '2018-03-24 08:17:16');
INSERT INTO tb_log_financeiro VALUES ( '61', '2', '66', '7045.65', '7125.65', '2018-03-24 08:19:06', '2018-03-24 08:19:06');
INSERT INTO tb_log_financeiro VALUES ( '62', '2', '67', '7125.65', '7127.65', '2018-03-24 08:20:32', '2018-03-24 08:20:32');
INSERT INTO tb_log_financeiro VALUES ( '63', '2', '68', '7127.65', '7419.65', '2018-03-24 08:21:48', '2018-03-24 08:21:48');
INSERT INTO tb_log_financeiro VALUES ( '64', '2', '69', '7419.65', '7421.65', '2018-03-24 08:23:05', '2018-03-24 08:23:05');
INSERT INTO tb_log_financeiro VALUES ( '65', '2', '70', '7421.65', '7935.65', '2018-03-24 08:24:28', '2018-03-24 08:24:28');
INSERT INTO tb_log_financeiro VALUES ( '66', '2', '71', '7935.65', '7965.65', '2018-03-24 08:25:53', '2018-03-24 08:25:53');
INSERT INTO tb_log_financeiro VALUES ( '67', '2', '72', '7965.65', '8465.65', '2018-03-24 08:26:49', '2018-03-24 08:26:49');
INSERT INTO tb_log_financeiro VALUES ( '68', '2', '73', '8465.65', '8485.65', '2018-03-24 08:27:40', '2018-03-24 08:27:40');
INSERT INTO tb_log_financeiro VALUES ( '69', '2', '74', '8485.65', '8685.65', '2018-03-24 08:28:22', '2018-03-24 08:28:22');
INSERT INTO tb_log_financeiro VALUES ( '70', '2', '75', '8685.65', '8691.65', '2018-03-24 08:29:14', '2018-03-24 08:29:14');
INSERT INTO tb_log_financeiro VALUES ( '71', '2', '76', '8691.65', '8935.65', '2018-03-24 08:30:03', '2018-03-24 08:30:03');
INSERT INTO tb_log_financeiro VALUES ( '72', '2', '77', '8935.65', '9185.65', '2018-03-24 08:30:37', '2018-03-24 08:30:37');
INSERT INTO tb_log_financeiro VALUES ( '73', '2', '78', '9185.65', '9385.65', '2018-03-24 08:31:22', '2018-03-24 08:31:22');
INSERT INTO tb_log_financeiro VALUES ( '74', '2', '79', '9385.65', '9785.65', '2018-03-24 08:31:56', '2018-03-24 08:31:56');
INSERT INTO tb_log_financeiro VALUES ( '75', '2', '80', '9785.65', '10185.65', '2018-03-24 08:33:17', '2018-03-24 08:33:17');
INSERT INTO tb_log_financeiro VALUES ( '76', '2', '81', '10185.65', '10207.65', '2018-03-24 08:34:38', '2018-03-24 08:34:38');
INSERT INTO tb_log_financeiro VALUES ( '77', '2', '82', '10207.65', '10385.65', '2018-03-24 08:35:23', '2018-03-24 08:35:23');
INSERT INTO tb_log_financeiro VALUES ( '78', '2', '83', '10385.65', '10585.65', '2018-03-24 08:36:14', '2018-03-24 08:36:14');
INSERT INTO tb_log_financeiro VALUES ( '79', '2', '84', '10585.65', '10855.65', '2018-03-24 08:37:01', '2018-03-24 08:37:01');
INSERT INTO tb_log_financeiro VALUES ( '80', '2', '85', '10855.65', '11005.65', '2018-03-24 08:37:45', '2018-03-24 08:37:45');
INSERT INTO tb_log_financeiro VALUES ( '81', '2', '86', '11005.65', '11105.65', '2018-03-24 08:38:30', '2018-03-24 08:38:30');
INSERT INTO tb_log_financeiro VALUES ( '82', '2', '87', '11105.65', '11205.65', '2018-03-24 08:39:09', '2018-03-24 08:39:09');
INSERT INTO tb_log_financeiro VALUES ( '83', '2', '88', '11205.65', '11305.65', '2018-03-24 08:39:49', '2018-03-24 08:39:49');
INSERT INTO tb_log_financeiro VALUES ( '84', '2', '89', '11305.65', '11805.65', '2018-03-24 08:40:34', '2018-03-24 08:40:34');
INSERT INTO tb_log_financeiro VALUES ( '85', '2', '90', '11805.65', '12055.65', '2018-03-24 08:41:15', '2018-03-24 08:41:15');
INSERT INTO tb_log_financeiro VALUES ( '86', '2', '91', '12055.65', '12505.65', '2018-03-24 08:41:50', '2018-03-24 08:41:50');
INSERT INTO tb_log_financeiro VALUES ( '87', '2', '92', '12505.65', '12665.65', '2018-03-24 08:42:24', '2018-03-24 08:42:24');
INSERT INTO tb_log_financeiro VALUES ( '88', '2', '93', '12665.65', '12825.65', '2018-03-24 08:43:02', '2018-03-24 08:43:02');
INSERT INTO tb_log_financeiro VALUES ( '89', '2', '94', '12825.65', '12853.00', '2018-03-24 08:47:32', '2018-03-24 08:47:32');
INSERT INTO tb_log_financeiro VALUES ( '90', '2', '95', '12853.00', '13310.00', '2018-03-24 08:48:02', '2018-03-24 08:48:02');
INSERT INTO tb_log_financeiro VALUES ( '91', '2', '96', '13310.00', '13330.00', '2018-03-24 08:48:48', '2018-03-24 08:48:48');
INSERT INTO tb_log_financeiro VALUES ( '92', '2', '97', '13330.00', '13674.35', '2018-03-24 08:49:27', '2018-03-24 08:49:27');
INSERT INTO tb_log_financeiro VALUES ( '93', '2', '98', '13674.35', '13689.60', '2018-03-24 08:50:10', '2018-03-24 08:50:10');
INSERT INTO tb_log_financeiro VALUES ( '94', '2', '99', '13689.60', '14355.60', '2018-03-24 08:50:49', '2018-03-24 08:50:49');
INSERT INTO tb_log_financeiro VALUES ( '95', '2', '100', '14355.60', '14375.60', '2018-03-24 08:51:45', '2018-03-24 08:51:45');
INSERT INTO tb_log_financeiro VALUES ( '96', '2', '101', '14375.60', '15056.60', '2018-03-24 08:52:37', '2018-03-24 08:52:37');
INSERT INTO tb_log_financeiro VALUES ( '97', '2', '102', '15056.60', '15256.60', '2018-03-24 08:53:51', '2018-03-24 08:53:51');
INSERT INTO tb_log_financeiro VALUES ( '98', '2', '103', '15256.60', '15646.60', '2018-03-24 08:54:43', '2018-03-24 08:54:43');
INSERT INTO tb_log_financeiro VALUES ( '99', '2', '104', '15646.60', '15746.60', '2018-03-24 08:55:23', '2018-03-24 08:55:23');
INSERT INTO tb_log_financeiro VALUES ( '100', '2', '105', '15746.60', '15896.60', '2018-03-24 08:55:52', '2018-03-24 08:55:52');
INSERT INTO tb_log_financeiro VALUES ( '101', '2', '106', '15896.60', '16046.60', '2018-03-24 08:56:29', '2018-03-24 08:56:29');
INSERT INTO tb_log_financeiro VALUES ( '102', '2', '107', '16046.60', '16146.60', '2018-03-24 08:57:03', '2018-03-24 08:57:03');
INSERT INTO tb_log_financeiro VALUES ( '103', '2', '108', '16146.60', '16646.60', '2018-03-24 08:57:33', '2018-03-24 08:57:33');
INSERT INTO tb_log_financeiro VALUES ( '104', '2', '109', '16646.60', '16846.60', '2018-03-24 08:58:36', '2018-03-24 08:58:36');
INSERT INTO tb_log_financeiro VALUES ( '105', '2', '110', '16846.60', '16966.60', '2018-03-24 08:59:19', '2018-03-24 08:59:19');
INSERT INTO tb_log_financeiro VALUES ( '106', '2', '111', '16966.60', '17566.60', '2018-03-24 08:59:56', '2018-03-24 08:59:56');
INSERT INTO tb_log_financeiro VALUES ( '107', '2', '112', '17566.60', '17766.60', '2018-03-24 09:00:39', '2018-03-24 09:00:39');
INSERT INTO tb_log_financeiro VALUES ( '108', '2', '113', '17766.60', '18216.60', '2018-03-24 09:01:12', '2018-03-24 09:01:12');
INSERT INTO tb_log_financeiro VALUES ( '109', '2', '114', '18216.60', '18316.60', '2018-03-24 09:01:51', '2018-03-24 09:01:51');
INSERT INTO tb_log_financeiro VALUES ( '110', '2', '115', '18316.60', '18486.60', '2018-03-24 09:04:08', '2018-03-24 09:04:08');
INSERT INTO tb_log_financeiro VALUES ( '111', '2', '116', '18486.60', '20886.60', '2018-03-25 09:44:05', '2018-03-25 09:44:05');
INSERT INTO tb_log_financeiro VALUES ( '112', '2', '117', '20886.60', '20986.60', '2018-03-25 09:44:48', '2018-03-25 09:44:48');
INSERT INTO tb_log_financeiro VALUES ( '113', '2', '118', '20986.60', '21026.60', '2018-03-25 09:45:31', '2018-03-25 09:45:31');
INSERT INTO tb_log_financeiro VALUES ( '114', '2', '119', '21026.60', '21226.60', '2018-03-25 09:46:08', '2018-03-25 09:46:08');
INSERT INTO tb_log_financeiro VALUES ( '115', '2', '120', '21226.60', '21526.60', '2018-03-25 09:46:41', '2018-03-25 09:46:41');
INSERT INTO tb_log_financeiro VALUES ( '116', '2', '121', '21526.60', '22226.60', '2018-03-25 09:47:24', '2018-03-25 09:47:24');
INSERT INTO tb_log_financeiro VALUES ( '117', '2', '122', '22226.60', '22381.60', '2018-03-25 09:48:15', '2018-03-25 09:48:15');
INSERT INTO tb_log_financeiro VALUES ( '118', '2', '123', '22381.60', '22481.60', '2018-03-25 09:48:47', '2018-03-25 09:48:47');
INSERT INTO tb_log_financeiro VALUES ( '119', '2', '124', '22481.60', '22581.60', '2018-03-25 09:53:56', '2018-03-25 09:53:56');
INSERT INTO tb_log_financeiro VALUES ( '120', '2', '125', '22581.60', '22671.60', '2018-03-25 09:54:36', '2018-03-25 09:54:36');
INSERT INTO tb_log_financeiro VALUES ( '121', '2', '126', '22671.60', '22821.60', '2018-03-25 09:55:22', '2018-03-25 09:55:22');
INSERT INTO tb_log_financeiro VALUES ( '122', '2', '127', '22821.60', '23021.60', '2018-03-25 09:56:35', '2018-03-25 09:56:35');
INSERT INTO tb_log_financeiro VALUES ( '123', '2', '128', '23021.60', '23221.60', '2018-03-25 09:57:17', '2018-03-25 09:57:17');
INSERT INTO tb_log_financeiro VALUES ( '124', '2', '129', '23221.60', '23371.60', '2018-03-25 09:57:49', '2018-03-25 09:57:49');
INSERT INTO tb_log_financeiro VALUES ( '125', '2', '130', '23371.60', '24071.60', '2018-03-25 09:58:25', '2018-03-25 09:58:25');
INSERT INTO tb_log_financeiro VALUES ( '126', '2', '131', '24071.60', '24121.60', '2018-03-25 09:59:02', '2018-03-25 09:59:02');
INSERT INTO tb_log_financeiro VALUES ( '127', '2', '132', '24121.60', '24271.60', '2018-03-25 09:59:35', '2018-03-25 09:59:35');
INSERT INTO tb_log_financeiro VALUES ( '128', '2', '133', '24271.60', '24421.60', '2018-03-25 10:00:27', '2018-03-25 10:00:27');
INSERT INTO tb_log_financeiro VALUES ( '129', '2', '134', '24421.60', '24571.60', '2018-03-25 10:01:07', '2018-03-25 10:01:07');
INSERT INTO tb_log_financeiro VALUES ( '130', '2', '135', '24571.60', '24871.60', '2018-03-25 10:01:41', '2018-03-25 10:01:41');
INSERT INTO tb_log_financeiro VALUES ( '131', '2', '136', '24871.60', '24951.60', '2018-03-25 10:02:15', '2018-03-25 10:02:15');
INSERT INTO tb_log_financeiro VALUES ( '132', '2', '137', '24951.60', '25201.60', '2018-03-25 10:02:45', '2018-03-25 10:02:45');
INSERT INTO tb_log_financeiro VALUES ( '133', '2', '138', '25201.60', '25401.60', '2018-03-25 10:03:16', '2018-03-25 10:03:16');
INSERT INTO tb_log_financeiro VALUES ( '134', '2', '139', '25401.60', '25501.60', '2018-03-25 10:03:56', '2018-03-25 10:03:56');
INSERT INTO tb_log_financeiro VALUES ( '135', '2', '140', '25501.60', '25601.60', '2018-03-25 10:04:36', '2018-03-25 10:04:36');
INSERT INTO tb_log_financeiro VALUES ( '136', '2', '141', '25601.60', '25851.60', '2018-03-25 10:05:29', '2018-03-25 10:05:29');
INSERT INTO tb_log_financeiro VALUES ( '137', '2', '142', '25851.60', '25871.60', '2018-03-25 10:06:00', '2018-03-25 10:06:00');
INSERT INTO tb_log_financeiro VALUES ( '138', '2', '143', '25871.60', '26071.60', '2018-03-25 10:06:36', '2018-03-25 10:06:36');
INSERT INTO tb_log_financeiro VALUES ( '139', '2', '144', '26071.60', '26271.60', '2018-03-25 10:07:07', '2018-03-25 10:07:07');
INSERT INTO tb_log_financeiro VALUES ( '140', '2', '145', '26271.60', '26321.91', '2018-03-25 10:21:14', '2018-03-25 10:21:14');
INSERT INTO tb_log_financeiro VALUES ( '141', '2', '146', '26321.91', '27421.91', '2018-03-25 10:30:04', '2018-03-25 10:30:04');
INSERT INTO tb_log_financeiro VALUES ( '142', '2', '147', '27421.91', '27726.42', '2018-03-25 10:31:33', '2018-03-25 10:31:33');
INSERT INTO tb_log_financeiro VALUES ( '143', '2', '148', '27726.42', '27810.42', '2018-03-25 10:32:38', '2018-03-25 10:32:38');
INSERT INTO tb_log_financeiro VALUES ( '144', '2', '149', '27810.42', '28310.42', '2018-03-25 10:36:06', '2018-03-25 10:36:06');
INSERT INTO tb_log_financeiro VALUES ( '145', '2', '150', '28310.42', '28490.42', '2018-03-25 10:36:41', '2018-03-25 10:36:41');
INSERT INTO tb_log_financeiro VALUES ( '146', '2', '151', '28490.42', '28545.42', '2018-03-25 10:39:35', '2018-03-25 10:39:35');
INSERT INTO tb_log_financeiro VALUES ( '147', '2', '152', '28545.42', '29645.42', '2018-03-25 10:48:51', '2018-03-25 10:48:51');
INSERT INTO tb_log_financeiro VALUES ( '148', '2', '153', '29645.42', '29815.42', '2018-03-25 10:49:48', '2018-03-25 10:49:48');
INSERT INTO tb_log_financeiro VALUES ( '149', '2', '154', '29815.42', '30236.17', '2018-03-25 10:57:49', '2018-03-25 10:57:49');
INSERT INTO tb_log_financeiro VALUES ( '150', '2', '155', '30236.17', '29921.48', '2018-03-29 09:25:33', '2018-03-29 09:25:33');
INSERT INTO tb_log_financeiro VALUES ( '151', '2', '156', '29921.48', '29788.98', '2018-03-29 09:31:06', '2018-03-29 09:31:06');
INSERT INTO tb_log_financeiro VALUES ( '152', '2', '157', '29788.98', '22332.98', '2018-03-31 13:01:12', '2018-03-31 13:01:12');
INSERT INTO tb_log_financeiro VALUES ( '153', '2', '158', '22332.98', '22186.95', '2018-03-31 13:02:09', '2018-03-31 13:02:09');
INSERT INTO tb_log_financeiro VALUES ( '154', '2', '159', '22186.95', '21615.28', '2018-03-31 13:03:16', '2018-03-31 13:03:16');
INSERT INTO tb_log_financeiro VALUES ( '155', '2', '160', '21615.28', '21437.11', '2018-03-31 13:05:46', '2018-03-31 13:05:46');
INSERT INTO tb_log_financeiro VALUES ( '156', '2', '161', '21437.11', '20956.11', '2018-03-31 13:08:33', '2018-03-31 13:08:33');
INSERT INTO tb_log_financeiro VALUES ( '157', '2', '162', '20956.11', '12385.61', '2018-03-31 13:10:51', '2018-03-31 13:10:51');
INSERT INTO tb_log_financeiro VALUES ( '158', '2', '163', '12385.61', '12056.11', '2018-03-31 13:13:56', '2018-03-31 13:13:56');
INSERT INTO tb_log_financeiro VALUES ( '159', '2', '164', '12056.11', '10960.51', '2018-03-31 13:15:46', '2018-03-31 13:15:46');
INSERT INTO tb_log_financeiro VALUES ( '160', '2', '165', '10960.51', '10910.51', '2018-03-31 13:16:42', '2018-03-31 13:16:42');
INSERT INTO tb_log_financeiro VALUES ( '161', '2', '166', '10910.51', '10610.51', '2018-03-31 13:17:37', '2018-03-31 13:17:37');
INSERT INTO tb_log_financeiro VALUES ( '162', '2', '167', '10610.51', '10410.51', '2018-03-31 13:18:20', '2018-03-31 13:18:20');
INSERT INTO tb_log_financeiro VALUES ( '163', '2', '168', '10410.51', '9910.51', '2018-03-31 13:19:48', '2018-03-31 13:19:48');
INSERT INTO tb_log_financeiro VALUES ( '164', '2', '169', '9910.51', '9764.48', '2018-03-31 13:20:49', '2018-03-31 13:20:49');
INSERT INTO tb_log_financeiro VALUES ( '165', '2', '170', '9764.48', '9220.14', '2018-03-31 13:21:48', '2018-03-31 13:21:48');
INSERT INTO tb_log_financeiro VALUES ( '166', '2', '171', '9220.14', '9061.33', '2018-03-31 13:23:18', '2018-03-31 13:23:18');
INSERT INTO tb_log_financeiro VALUES ( '167', '2', '172', '9061.33', '7062.66', '2018-03-31 13:24:37', '2018-03-31 13:24:37');
INSERT INTO tb_log_financeiro VALUES ( '168', '2', '173', '7062.66', '6930.16', '2018-03-31 13:25:35', '2018-03-31 13:25:35');
INSERT INTO tb_log_financeiro VALUES ( '169', '2', '174', '6930.16', '6870.16', '2018-03-31 13:26:53', '2018-03-31 13:26:53');
INSERT INTO tb_log_financeiro VALUES ( '170', '2', '175', '6870.16', '6556.93', '2018-03-31 13:30:04', '2018-03-31 13:30:04');
INSERT INTO tb_log_financeiro VALUES ( '171', '2', '176', '6556.93', '6086.93', '2018-03-31 13:31:17', '2018-03-31 13:31:17');
INSERT INTO tb_log_financeiro VALUES ( '172', '2', '177', '6086.93', '5609.93', '2018-03-31 13:34:33', '2018-03-31 13:34:33');
INSERT INTO tb_log_financeiro VALUES ( '173', '2', '178', '5609.93', '909.93', '2018-03-31 13:36:19', '2018-03-31 13:36:19');
INSERT INTO tb_log_financeiro VALUES ( '174', '2', '179', '909.93', '-621.54', '2018-03-31 13:38:32', '2018-03-31 13:38:32');
INSERT INTO tb_log_financeiro VALUES ( '175', '2', '180', '-621.54', '-786.74', '2018-03-31 13:40:06', '2018-03-31 13:40:06');
INSERT INTO tb_log_financeiro VALUES ( '176', '2', '181', '-786.74', '-1086.74', '2018-03-31 13:41:22', '2018-03-31 13:41:22');
INSERT INTO tb_log_financeiro VALUES ( '177', '2', '182', '-1086.74', '-1586.74', '2018-03-31 13:42:13', '2018-03-31 13:42:13');
INSERT INTO tb_log_financeiro VALUES ( '178', '2', '183', '-1586.74', '-1732.77', '2018-03-31 13:43:13', '2018-03-31 13:43:13');
INSERT INTO tb_log_financeiro VALUES ( '179', '2', '184', '-1732.77', '-2289.90', '2018-03-31 13:44:07', '2018-03-31 13:44:07');
INSERT INTO tb_log_financeiro VALUES ( '180', '2', '185', '-2289.90', '-2527.03', '2018-03-31 13:45:28', '2018-03-31 13:45:28');
INSERT INTO tb_log_financeiro VALUES ( '181', '2', '186', '-2527.03', '-2560.53', '2018-03-31 13:46:46', '2018-03-31 13:46:46');
INSERT INTO tb_log_financeiro VALUES ( '182', '2', '187', '-2560.53', '-2709.23', '2018-03-31 13:47:59', '2018-03-31 13:47:59');
INSERT INTO tb_log_financeiro VALUES ( '183', '2', '188', '-2709.23', '-2769.23', '2018-03-31 13:48:54', '2018-03-31 13:48:54');
INSERT INTO tb_log_financeiro VALUES ( '184', '2', '189', '-2769.23', '-3080.73', '2018-03-31 13:49:55', '2018-03-31 13:49:55');
INSERT INTO tb_log_financeiro VALUES ( '185', '2', '190', '-3080.73', '-3580.73', '2018-03-31 13:51:42', '2018-03-31 13:51:42');
INSERT INTO tb_log_financeiro VALUES ( '186', '2', '191', '-3580.73', '-3034.73', '2018-03-31 14:04:55', '2018-03-31 14:04:55');
INSERT INTO tb_log_financeiro VALUES ( '187', '2', '192', '-3034.73', '-2207.73', '2018-03-31 14:05:52', '2018-03-31 14:05:52');
INSERT INTO tb_log_financeiro VALUES ( '188', '2', '193', '-2207.73', '-1697.73', '2018-03-31 14:08:13', '2018-03-31 14:08:13');
INSERT INTO tb_log_financeiro VALUES ( '189', '2', '194', '-1697.73', '-1497.73', '2018-03-31 14:08:52', '2018-03-31 14:08:52');
INSERT INTO tb_log_financeiro VALUES ( '190', '2', '195', '-1497.73', '-1277.73', '2018-03-31 14:09:38', '2018-03-31 14:09:38');
INSERT INTO tb_log_financeiro VALUES ( '191', '2', '196', '-1277.73', '-1227.73', '2018-03-31 14:10:23', '2018-03-31 14:10:23');
INSERT INTO tb_log_financeiro VALUES ( '192', '2', '197', '-1227.73', '-1127.73', '2018-03-31 14:11:09', '2018-03-31 14:11:09');
INSERT INTO tb_log_financeiro VALUES ( '193', '2', '198', '-1127.73', '-1027.73', '2018-03-31 14:11:46', '2018-03-31 14:11:46');
INSERT INTO tb_log_financeiro VALUES ( '194', '2', '199', '-1027.73', '-727.73', '2018-03-31 14:12:32', '2018-03-31 14:12:32');
INSERT INTO tb_log_financeiro VALUES ( '195', '2', '200', '-727.73', '-627.73', '2018-03-31 14:13:10', '2018-03-31 14:13:10');
INSERT INTO tb_log_financeiro VALUES ( '196', '2', '201', '-627.73', '-427.73', '2018-03-31 14:14:17', '2018-03-31 14:14:17');
INSERT INTO tb_log_financeiro VALUES ( '197', '2', '202', '-427.73', '-227.73', '2018-03-31 14:14:58', '2018-03-31 14:14:58');
INSERT INTO tb_log_financeiro VALUES ( '198', '2', '203', '-227.73', '-27.73', '2018-03-31 14:15:19', '2018-03-31 14:15:19');
INSERT INTO tb_log_financeiro VALUES ( '199', '2', '204', '-27.73', '222.27', '2018-03-31 14:16:03', '2018-03-31 14:16:03');
INSERT INTO tb_log_financeiro VALUES ( '200', '2', '205', '222.27', '352.27', '2018-03-31 14:16:55', '2018-03-31 14:16:55');
INSERT INTO tb_log_financeiro VALUES ( '201', '2', '206', '352.27', '502.27', '2018-03-31 14:21:06', '2018-03-31 14:21:06');
INSERT INTO tb_log_financeiro VALUES ( '202', '2', '207', '502.27', '662.27', '2018-03-31 14:21:51', '2018-03-31 14:21:51');
INSERT INTO tb_log_financeiro VALUES ( '203', '2', '208', '662.27', '842.27', '2018-03-31 14:22:26', '2018-03-31 14:22:26');
INSERT INTO tb_log_financeiro VALUES ( '204', '2', '209', '842.27', '1342.27', '2018-03-31 14:23:05', '2018-03-31 14:23:05');
INSERT INTO tb_log_financeiro VALUES ( '205', '2', '210', '1342.27', '2442.27', '2018-03-31 14:25:24', '2018-03-31 14:25:24');
INSERT INTO tb_log_financeiro VALUES ( '206', '2', '211', '2442.27', '2463.27', '2018-05-31 12:18:11', '2018-05-31 12:18:11');
INSERT INTO tb_log_financeiro VALUES ( '207', '2', '212', '2463.27', '2474.27', '2018-05-31 12:18:57', '2018-05-31 12:18:57');
INSERT INTO tb_log_financeiro VALUES ( '208', '2', '213', '2474.27', '2975.27', '2018-05-31 12:19:43', '2018-05-31 12:19:43');
INSERT INTO tb_log_financeiro VALUES ( '209', '2', '214', '2975.27', '3330.27', '2018-05-31 12:20:20', '2018-05-31 12:20:20');
INSERT INTO tb_log_financeiro VALUES ( '210', '2', '215', '3330.27', '3685.27', '2018-05-31 12:20:48', '2018-05-31 12:20:48');
INSERT INTO tb_log_financeiro VALUES ( '211', '2', '216', '3685.27', '4083.27', '2018-05-31 12:21:31', '2018-05-31 12:21:31');
INSERT INTO tb_log_financeiro VALUES ( '212', '2', '217', '4083.27', '4357.27', '2018-05-31 12:22:02', '2018-05-31 12:22:02');
INSERT INTO tb_log_financeiro VALUES ( '213', '2', '218', '4357.27', '4507.27', '2018-05-31 12:23:07', '2018-05-31 12:23:07');
INSERT INTO tb_log_financeiro VALUES ( '214', '2', '219', '4507.27', '4607.27', '2018-05-31 12:23:41', '2018-05-31 12:23:41');
INSERT INTO tb_log_financeiro VALUES ( '215', '2', '220', '4607.27', '4757.27', '2018-05-31 12:24:10', '2018-05-31 12:24:10');
INSERT INTO tb_log_financeiro VALUES ( '216', '2', '221', '4757.27', '5457.27', '2018-05-31 12:24:51', '2018-05-31 12:24:51');
INSERT INTO tb_log_financeiro VALUES ( '217', '2', '222', '5457.27', '6457.27', '2018-05-31 12:25:24', '2018-05-31 12:25:24');
INSERT INTO tb_log_financeiro VALUES ( '218', '2', '223', '6457.27', '6697.27', '2018-05-31 12:26:11', '2018-05-31 12:26:11');
INSERT INTO tb_log_financeiro VALUES ( '219', '2', '224', '6697.27', '6737.27', '2018-05-31 12:27:15', '2018-05-31 12:27:15');
INSERT INTO tb_log_financeiro VALUES ( '220', '2', '225', '6737.27', '6837.27', '2018-05-31 12:27:45', '2018-05-31 12:27:45');
INSERT INTO tb_log_financeiro VALUES ( '221', '2', '226', '6837.27', '6887.27', '2018-05-31 12:28:15', '2018-05-31 12:28:15');
INSERT INTO tb_log_financeiro VALUES ( '222', '2', '227', '6887.27', '7007.27', '2018-05-31 12:28:43', '2018-05-31 12:28:43');
INSERT INTO tb_log_financeiro VALUES ( '223', '2', '228', '7007.27', '7457.27', '2018-05-31 12:29:26', '2018-05-31 12:29:26');
INSERT INTO tb_log_financeiro VALUES ( '224', '2', '229', '7457.27', '7557.27', '2018-05-31 12:30:06', '2018-05-31 12:30:06');
INSERT INTO tb_log_financeiro VALUES ( '225', '2', '230', '7557.27', '7657.27', '2018-05-31 12:30:43', '2018-05-31 12:30:43');
INSERT INTO tb_log_financeiro VALUES ( '226', '2', '231', '7657.27', '7957.27', '2018-05-31 12:31:36', '2018-05-31 12:31:36');
INSERT INTO tb_log_financeiro VALUES ( '227', '2', '232', '7957.27', '8107.27', '2018-05-31 12:32:09', '2018-05-31 12:32:09');
INSERT INTO tb_log_financeiro VALUES ( '228', '2', '233', '8107.27', '8167.27', '2018-05-31 12:32:40', '2018-05-31 12:32:40');
INSERT INTO tb_log_financeiro VALUES ( '229', '2', '234', '8167.27', '8242.27', '2018-05-31 12:33:11', '2018-05-31 12:33:11');
INSERT INTO tb_log_financeiro VALUES ( '230', '2', '235', '8242.27', '8317.27', '2018-05-31 12:33:42', '2018-05-31 12:33:42');
INSERT INTO tb_log_financeiro VALUES ( '231', '2', '236', '8317.27', '8517.27', '2018-05-31 12:34:21', '2018-05-31 12:34:21');
INSERT INTO tb_log_financeiro VALUES ( '232', '2', '237', '8517.27', '8717.27', '2018-05-31 12:34:53', '2018-05-31 12:34:53');
INSERT INTO tb_log_financeiro VALUES ( '233', '2', '238', '8717.27', '8917.27', '2018-05-31 12:35:19', '2018-05-31 12:35:19');
INSERT INTO tb_log_financeiro VALUES ( '234', '2', '239', '8917.27', '9117.27', '2018-05-31 12:36:20', '2018-05-31 12:36:20');
INSERT INTO tb_log_financeiro VALUES ( '235', '2', '240', '9117.27', '9567.27', '2018-05-31 12:36:49', '2018-05-31 12:36:49');
INSERT INTO tb_log_financeiro VALUES ( '236', '2', '241', '9567.27', '9767.27', '2018-05-31 12:37:24', '2018-05-31 12:37:24');
INSERT INTO tb_log_financeiro VALUES ( '237', '2', '242', '9767.27', '9932.27', '2018-05-31 12:37:59', '2018-05-31 12:37:59');
INSERT INTO tb_log_financeiro VALUES ( '238', '2', '243', '9932.27', '10097.27', '2018-05-31 12:38:17', '2018-05-31 12:38:17');
INSERT INTO tb_log_financeiro VALUES ( '239', '2', '244', '10097.27', '10137.27', '2018-05-31 12:38:54', '2018-05-31 12:38:54');
INSERT INTO tb_log_financeiro VALUES ( '240', '2', '245', '10137.27', '10337.27', '2018-05-31 12:39:28', '2018-05-31 12:39:28');
INSERT INTO tb_log_financeiro VALUES ( '241', '2', '246', '10337.27', '11537.27', '2018-05-31 12:40:07', '2018-05-31 12:40:07');
INSERT INTO tb_log_financeiro VALUES ( '242', '2', '247', '11537.27', '12237.27', '2018-05-31 12:40:47', '2018-05-31 12:40:47');
INSERT INTO tb_log_financeiro VALUES ( '243', '2', '248', '12237.27', '12487.27', '2018-05-31 12:41:15', '2018-05-31 12:41:15');
INSERT INTO tb_log_financeiro VALUES ( '244', '2', '249', '12487.27', '12657.27', '2018-05-31 12:41:41', '2018-05-31 12:41:41');
INSERT INTO tb_log_financeiro VALUES ( '245', '2', '250', '12657.27', '13057.27', '2018-05-31 12:42:44', '2018-05-31 12:42:44');
INSERT INTO tb_log_financeiro VALUES ( '246', '2', '251', '13057.27', '13088.09', '2018-05-31 12:43:13', '2018-05-31 12:43:13');
INSERT INTO tb_log_financeiro VALUES ( '247', '2', '252', '13088.09', '13788.09', '2018-05-31 12:46:34', '2018-05-31 12:46:34');
INSERT INTO tb_log_financeiro VALUES ( '248', '2', '253', '13788.09', '13868.09', '2018-05-31 12:47:07', '2018-05-31 12:47:07');
INSERT INTO tb_log_financeiro VALUES ( '249', '2', '254', '13868.09', '14368.09', '2018-05-31 12:47:42', '2018-05-31 12:47:42');
INSERT INTO tb_log_financeiro VALUES ( '250', '2', '255', '14368.09', '14868.09', '2018-05-31 12:48:26', '2018-05-31 12:48:26');
INSERT INTO tb_log_financeiro VALUES ( '251', '2', '256', '14868.09', '15048.09', '2018-05-31 12:49:10', '2018-05-31 12:49:10');
INSERT INTO tb_log_financeiro VALUES ( '252', '2', '257', '15048.09', '15298.09', '2018-05-31 12:49:59', '2018-05-31 12:49:59');
INSERT INTO tb_log_financeiro VALUES ( '253', '2', '258', '15298.09', '15548.09', '2018-05-31 12:50:26', '2018-05-31 12:50:26');
INSERT INTO tb_log_financeiro VALUES ( '254', '2', '259', '15548.09', '16148.09', '2018-05-31 12:51:04', '2018-05-31 12:51:04');
INSERT INTO tb_log_financeiro VALUES ( '255', '2', '260', '16148.09', '16448.09', '2018-05-31 12:51:49', '2018-05-31 12:51:49');
INSERT INTO tb_log_financeiro VALUES ( '256', '2', '261', '16448.09', '16608.09', '2018-05-31 12:52:49', '2018-05-31 12:52:49');
INSERT INTO tb_log_financeiro VALUES ( '257', '2', '262', '16608.09', '16826.73', '2018-05-31 12:55:03', '2018-05-31 12:55:03');
INSERT INTO tb_log_financeiro VALUES ( '258', '2', '263', '16826.73', '17952.73', '2018-05-31 12:57:23', '2018-05-31 12:57:23');
INSERT INTO tb_log_financeiro VALUES ( '259', '2', '264', '17952.73', '18952.73', '2018-05-31 13:01:50', '2018-05-31 13:01:50');
INSERT INTO tb_log_financeiro VALUES ( '260', '2', '265', '18952.73', '18952.73', '2018-05-31 13:23:04', '2018-05-31 13:23:04');
INSERT INTO tb_log_financeiro VALUES ( '261', '2', '266', '18952.73', '18952.73', '2018-05-31 13:25:52', '2018-05-31 13:25:52');
INSERT INTO tb_log_financeiro VALUES ( '262', '2', '267', '18952.73', '18952.73', '2018-05-31 13:27:55', '2018-05-31 13:27:55');
INSERT INTO tb_log_financeiro VALUES ( '263', '2', '268', '18952.73', '18952.73', '2018-05-31 13:29:18', '2018-05-31 13:29:18');
INSERT INTO tb_log_financeiro VALUES ( '264', '2', '269', '18952.73', '18902.73', '2018-05-31 13:30:28', '2018-05-31 13:30:28');
INSERT INTO tb_log_financeiro VALUES ( '265', '2', '270', '18902.73', '10513.58', '2018-05-31 13:40:38', '2018-05-31 13:40:38');
INSERT INTO tb_log_financeiro VALUES ( '266', '2', '271', '10513.58', '9322.73', '2018-05-31 13:42:29', '2018-05-31 13:42:29');
INSERT INTO tb_log_financeiro VALUES ( '267', '2', '272', '9322.73', '8985.53', '2018-05-31 13:43:47', '2018-05-31 13:43:47');
INSERT INTO tb_log_financeiro VALUES ( '268', '2', '273', '8985.53', '8435.53', '2018-05-31 13:44:59', '2018-05-31 13:44:59');
INSERT INTO tb_log_financeiro VALUES ( '269', '2', '274', '8435.53', '8035.53', '2018-05-31 13:47:24', '2018-05-31 13:47:24');
INSERT INTO tb_log_financeiro VALUES ( '270', '2', '275', '8035.53', '7889.50', '2018-05-31 13:48:38', '2018-05-31 13:48:38');
INSERT INTO tb_log_financeiro VALUES ( '271', '2', '276', '7889.50', '7303.16', '2018-05-31 13:50:03', '2018-05-31 13:50:03');
INSERT INTO tb_log_financeiro VALUES ( '272', '2', '277', '7303.16', '7144.91', '2018-05-31 13:51:21', '2018-05-31 13:51:21');
INSERT INTO tb_log_financeiro VALUES ( '273', '2', '278', '7144.91', '7100.01', '2018-05-31 13:52:46', '2018-05-31 13:52:46');
INSERT INTO tb_log_financeiro VALUES ( '274', '2', '279', '7100.01', '6964.71', '2018-05-31 13:54:01', '2018-05-31 13:54:01');
INSERT INTO tb_log_financeiro VALUES ( '275', '2', '280', '6964.71', '6904.71', '2018-05-31 13:55:41', '2018-05-31 13:55:41');
INSERT INTO tb_log_financeiro VALUES ( '276', '2', '281', '6904.71', '6427.71', '2018-05-31 13:57:14', '2018-05-31 13:57:14');
INSERT INTO tb_log_financeiro VALUES ( '277', '2', '282', '6427.71', '6111.34', '2018-05-31 13:59:06', '2018-05-31 13:59:06');
INSERT INTO tb_log_financeiro VALUES ( '278', '2', '283', '6111.34', '6125.59', '2018-07-09 09:14:25', '2018-07-09 09:14:25');
INSERT INTO tb_log_financeiro VALUES ( '279', '2', '284', '6125.59', '7330.59', '2018-07-09 09:16:30', '2018-07-09 09:16:30');
INSERT INTO tb_log_financeiro VALUES ( '280', '2', '285', '7330.59', '7610.59', '2018-07-09 09:18:02', '2018-07-09 09:18:02');
INSERT INTO tb_log_financeiro VALUES ( '281', '2', '286', '7610.59', '7710.59', '2018-07-09 09:19:07', '2018-07-09 09:19:07');
INSERT INTO tb_log_financeiro VALUES ( '282', '2', '287', '7710.59', '7830.59', '2018-07-09 09:19:49', '2018-07-09 09:19:49');
INSERT INTO tb_log_financeiro VALUES ( '283', '2', '288', '7830.59', '8130.59', '2018-07-09 09:20:25', '2018-07-09 09:20:25');
INSERT INTO tb_log_financeiro VALUES ( '284', '2', '289', '8130.59', '8580.59', '2018-07-09 09:21:00', '2018-07-09 09:21:00');
INSERT INTO tb_log_financeiro VALUES ( '285', '2', '290', '8580.59', '8680.59', '2018-07-09 09:21:43', '2018-07-09 09:21:43');
INSERT INTO tb_log_financeiro VALUES ( '286', '2', '291', '8680.59', '8730.59', '2018-07-09 09:22:24', '2018-07-09 09:22:24');
INSERT INTO tb_log_financeiro VALUES ( '287', '2', '292', '8730.59', '8830.59', '2018-07-09 09:23:03', '2018-07-09 09:23:03');
INSERT INTO tb_log_financeiro VALUES ( '288', '2', '293', '8830.59', '9030.59', '2018-07-09 09:23:39', '2018-07-09 09:23:39');
INSERT INTO tb_log_financeiro VALUES ( '289', '2', '294', '9030.59', '9130.59', '2018-07-09 09:24:18', '2018-07-09 09:24:18');
INSERT INTO tb_log_financeiro VALUES ( '290', '2', '295', '9130.59', '9170.59', '2018-07-09 09:24:56', '2018-07-09 09:24:56');
INSERT INTO tb_log_financeiro VALUES ( '291', '2', '296', '9170.59', '9210.59', '2018-07-09 09:25:38', '2018-07-09 09:25:38');
INSERT INTO tb_log_financeiro VALUES ( '292', '2', '297', '9210.59', '9270.59', '2018-07-09 09:26:32', '2018-07-09 09:26:32');
INSERT INTO tb_log_financeiro VALUES ( '293', '2', '298', '9270.59', '9470.59', '2018-07-09 09:27:21', '2018-07-09 09:27:21');
INSERT INTO tb_log_financeiro VALUES ( '294', '2', '299', '9470.59', '9750.59', '2018-07-09 09:28:08', '2018-07-09 09:28:08');
INSERT INTO tb_log_financeiro VALUES ( '295', '2', '300', '9750.59', '10950.59', '2018-07-09 09:29:00', '2018-07-09 09:29:00');
INSERT INTO tb_log_financeiro VALUES ( '296', '2', '301', '10950.59', '11100.59', '2018-07-09 09:29:40', '2018-07-09 09:29:40');
INSERT INTO tb_log_financeiro VALUES ( '297', '2', '302', '11100.59', '11700.59', '2018-07-09 09:30:39', '2018-07-09 09:30:39');
INSERT INTO tb_log_financeiro VALUES ( '298', '2', '303', '11700.59', '11900.59', '2018-07-09 09:31:22', '2018-07-09 09:31:22');
INSERT INTO tb_log_financeiro VALUES ( '299', '2', '304', '11900.59', '12100.59', '2018-07-09 09:32:00', '2018-07-09 09:32:00');
INSERT INTO tb_log_financeiro VALUES ( '300', '2', '305', '12100.59', '12175.59', '2018-07-09 09:32:48', '2018-07-09 09:32:48');
INSERT INTO tb_log_financeiro VALUES ( '301', '2', '306', '12175.59', '12250.59', '2018-07-09 09:33:13', '2018-07-09 09:33:13');
INSERT INTO tb_log_financeiro VALUES ( '302', '2', '307', '12250.59', '12550.59', '2018-07-09 09:34:20', '2018-07-09 09:34:20');
INSERT INTO tb_log_financeiro VALUES ( '303', '2', '308', '12550.59', '12750.59', '2018-07-09 09:34:55', '2018-07-09 09:34:55');
INSERT INTO tb_log_financeiro VALUES ( '304', '2', '309', '12750.59', '12900.59', '2018-07-09 09:35:45', '2018-07-09 09:35:45');
INSERT INTO tb_log_financeiro VALUES ( '305', '2', '310', '12900.59', '13080.59', '2018-07-09 09:36:18', '2018-07-09 09:36:18');
INSERT INTO tb_log_financeiro VALUES ( '306', '2', '311', '13080.59', '13280.59', '2018-07-09 09:36:55', '2018-07-09 09:36:55');
INSERT INTO tb_log_financeiro VALUES ( '307', '2', '312', '13280.59', '13480.59', '2018-07-09 09:38:40', '2018-07-09 09:38:40');
INSERT INTO tb_log_financeiro VALUES ( '308', '2', '313', '13480.59', '13980.59', '2018-07-09 09:39:28', '2018-07-09 09:39:28');
INSERT INTO tb_log_financeiro VALUES ( '309', '2', '314', '13980.59', '14018.59', '2018-07-09 09:40:13', '2018-07-09 09:40:13');
INSERT INTO tb_log_financeiro VALUES ( '310', '2', '315', '14018.59', '14198.59', '2018-07-09 09:41:04', '2018-07-09 09:41:04');
INSERT INTO tb_log_financeiro VALUES ( '311', '2', '316', '14198.59', '14388.59', '2018-07-09 09:41:45', '2018-07-09 09:41:45');
INSERT INTO tb_log_financeiro VALUES ( '312', '2', '317', '14388.59', '14888.59', '2018-07-09 09:42:29', '2018-07-09 09:42:29');
INSERT INTO tb_log_financeiro VALUES ( '313', '2', '318', '14888.59', '15488.59', '2018-07-09 09:43:47', '2018-07-09 09:43:47');
INSERT INTO tb_log_financeiro VALUES ( '314', '2', '319', '15488.59', '15738.59', '2018-07-09 09:44:43', '2018-07-09 09:44:43');
INSERT INTO tb_log_financeiro VALUES ( '315', '2', '320', '15738.59', '15898.59', '2018-07-09 09:45:29', '2018-07-09 09:45:29');
INSERT INTO tb_log_financeiro VALUES ( '316', '2', '321', '15898.59', '16148.59', '2018-07-09 09:46:38', '2018-07-09 09:46:38');
INSERT INTO tb_log_financeiro VALUES ( '317', '2', '322', '16148.59', '16185.84', '2018-07-09 09:48:52', '2018-07-09 09:48:52');
INSERT INTO tb_log_financeiro VALUES ( '318', '2', '323', '16185.84', '16741.99', '2018-07-09 09:50:10', '2018-07-09 09:50:10');
INSERT INTO tb_log_financeiro VALUES ( '319', '2', '324', '16741.99', '16752.99', '2018-07-09 09:52:07', '2018-07-09 09:52:07');
INSERT INTO tb_log_financeiro VALUES ( '320', '2', '325', '16752.99', '17087.99', '2018-07-09 09:53:37', '2018-07-09 09:53:37');
INSERT INTO tb_log_financeiro VALUES ( '321', '2', '326', '17087.99', '17091.99', '2018-07-09 09:57:01', '2018-07-09 09:57:01');
INSERT INTO tb_log_financeiro VALUES ( '322', '2', '327', '17091.99', '17518.99', '2018-07-09 09:58:24', '2018-07-09 09:58:24');
INSERT INTO tb_log_financeiro VALUES ( '323', '2', '328', '17518.99', '17758.99', '2018-07-09 09:59:57', '2018-07-09 09:59:57');
INSERT INTO tb_log_financeiro VALUES ( '324', '2', '329', '17758.99', '18858.99', '2018-07-09 10:01:46', '2018-07-09 10:01:46');
INSERT INTO tb_log_financeiro VALUES ( '325', '2', '330', '18858.99', '20458.99', '2018-07-09 10:03:20', '2018-07-09 10:03:20');
INSERT INTO tb_log_financeiro VALUES ( '326', '2', '331', '20458.99', '21608.99', '2018-07-09 10:04:53', '2018-07-09 10:04:53');
INSERT INTO tb_log_financeiro VALUES ( '327', '2', '332', '21608.99', '21709.67', '2018-07-09 10:06:48', '2018-07-09 10:06:48');
INSERT INTO tb_log_financeiro VALUES ( '328', '2', '333', '21709.67', '21730.27', '2018-07-09 10:25:46', '2018-07-09 10:25:46');
INSERT INTO tb_log_financeiro VALUES ( '329', '2', '334', '21730.27', '22352.27', '2018-07-09 10:27:54', '2018-07-09 10:27:54');
INSERT INTO tb_log_financeiro VALUES ( '330', '2', '335', '22352.27', '22406.37', '2018-07-09 10:29:42', '2018-07-09 10:29:42');
INSERT INTO tb_log_financeiro VALUES ( '331', '2', '336', '22406.37', '22936.37', '2018-07-09 10:32:27', '2018-07-09 10:32:27');
INSERT INTO tb_log_financeiro VALUES ( '332', '2', '337', '22936.37', '22938.37', '2018-07-09 10:35:18', '2018-07-09 10:35:18');
INSERT INTO tb_log_financeiro VALUES ( '333', '2', '338', '22938.37', '23478.62', '2018-07-09 10:37:28', '2018-07-09 10:37:28');
INSERT INTO tb_log_financeiro VALUES ( '334', '2', '339', '23478.62', '23497.12', '2018-07-09 10:38:52', '2018-07-09 10:38:52');
INSERT INTO tb_log_financeiro VALUES ( '335', '2', '340', '23497.12', '23942.12', '2018-07-09 10:40:24', '2018-07-09 10:40:24');
INSERT INTO tb_log_financeiro VALUES ( '336', '2', '341', '23942.12', '25042.12', '2018-07-09 10:42:21', '2018-07-09 10:42:21');
INSERT INTO tb_log_financeiro VALUES ( '337', '2', '342', '25042.12', '25842.12', '2018-07-09 10:43:54', '2018-07-09 10:43:54');
INSERT INTO tb_log_financeiro VALUES ( '338', '2', '343', '25842.12', '26042.12', '2018-07-09 10:45:38', '2018-07-09 10:45:38');
INSERT INTO tb_log_financeiro VALUES ( '339', '2', '344', '26042.12', '26809.62', '2018-07-09 10:47:33', '2018-07-09 10:47:33');
INSERT INTO tb_log_financeiro VALUES ( '340', '2', '345', '26809.62', '26969.62', '2018-07-09 10:50:40', '2018-07-09 10:50:40');
INSERT INTO tb_log_financeiro VALUES ( '341', '2', '346', '26969.62', '29029.62', '2018-07-09 10:54:05', '2018-07-09 10:54:05');
INSERT INTO tb_log_financeiro VALUES ( '342', '2', '347', '29029.62', '29029.63', '2018-07-09 11:05:24', '2018-07-09 11:05:24');
INSERT INTO tb_log_financeiro VALUES ( '343', '2', '348', '29029.63', '29309.63', '2018-07-09 11:09:49', '2018-07-09 11:09:49');
INSERT INTO tb_log_financeiro VALUES ( '344', '2', '349', '29309.63', '29389.63', '2018-07-09 11:10:34', '2018-07-09 11:10:34');
INSERT INTO tb_log_financeiro VALUES ( '345', '2', '350', '29389.63', '29439.63', '2018-07-09 11:11:15', '2018-07-09 11:11:15');
INSERT INTO tb_log_financeiro VALUES ( '346', '2', '351', '29439.63', '29499.63', '2018-07-09 11:11:47', '2018-07-09 11:11:47');
INSERT INTO tb_log_financeiro VALUES ( '347', '2', '352', '29499.63', '29574.63', '2018-07-09 11:12:31', '2018-07-09 11:12:31');
INSERT INTO tb_log_financeiro VALUES ( '348', '2', '353', '29574.63', '29649.63', '2018-07-09 11:13:00', '2018-07-09 11:13:00');
INSERT INTO tb_log_financeiro VALUES ( '349', '2', '354', '29649.63', '29814.63', '2018-07-09 11:13:44', '2018-07-09 11:13:44');
INSERT INTO tb_log_financeiro VALUES ( '350', '2', '355', '29814.63', '29979.63', '2018-07-09 11:14:08', '2018-07-09 11:14:08');
INSERT INTO tb_log_financeiro VALUES ( '351', '2', '356', '29979.63', '30379.63', '2018-07-09 11:18:06', '2018-07-09 11:18:06');
INSERT INTO tb_log_financeiro VALUES ( '352', '2', '357', '30379.63', '30479.63', '2018-07-09 11:19:03', '2018-07-09 11:19:03');
INSERT INTO tb_log_financeiro VALUES ( '353', '2', '358', '30479.63', '30519.63', '2018-07-09 11:19:55', '2018-07-09 11:19:55');
INSERT INTO tb_log_financeiro VALUES ( '354', '2', '359', '30519.63', '31019.63', '2018-07-09 11:20:27', '2018-07-09 11:20:27');
INSERT INTO tb_log_financeiro VALUES ( '355', '2', '360', '31019.63', '31219.63', '2018-07-09 11:20:59', '2018-07-09 11:20:59');
INSERT INTO tb_log_financeiro VALUES ( '356', '2', '361', '31219.63', '31339.63', '2018-07-09 11:21:32', '2018-07-09 11:21:32');
INSERT INTO tb_log_financeiro VALUES ( '357', '2', '362', '31339.63', '31439.63', '2018-07-09 11:22:00', '2018-07-09 11:22:00');
INSERT INTO tb_log_financeiro VALUES ( '358', '2', '363', '31439.63', '32139.63', '2018-07-09 11:22:35', '2018-07-09 11:22:35');
INSERT INTO tb_log_financeiro VALUES ( '359', '2', '364', '32139.63', '32289.63', '2018-07-09 11:23:51', '2018-07-09 11:23:51');
INSERT INTO tb_log_financeiro VALUES ( '360', '2', '365', '32289.63', '32499.63', '2018-07-09 11:24:28', '2018-07-09 11:24:28');
INSERT INTO tb_log_financeiro VALUES ( '361', '2', '366', '32499.63', '32649.63', '2018-07-09 11:25:07', '2018-07-09 11:25:07');
INSERT INTO tb_log_financeiro VALUES ( '362', '2', '367', '32649.63', '32729.63', '2018-07-09 11:25:39', '2018-07-09 11:25:39');
INSERT INTO tb_log_financeiro VALUES ( '363', '2', '368', '32729.63', '32879.63', '2018-07-09 11:27:45', '2018-07-09 11:27:45');
INSERT INTO tb_log_financeiro VALUES ( '364', '2', '369', '32879.63', '33079.63', '2018-07-09 11:28:18', '2018-07-09 11:28:18');
INSERT INTO tb_log_financeiro VALUES ( '365', '2', '370', '33079.63', '33279.63', '2018-07-09 11:28:41', '2018-07-09 11:28:41');
INSERT INTO tb_log_financeiro VALUES ( '366', '2', '371', '33279.63', '33479.63', '2018-07-09 11:29:39', '2018-07-09 11:29:39');
INSERT INTO tb_log_financeiro VALUES ( '367', '2', '372', '33479.63', '33979.63', '2018-07-09 11:30:19', '2018-07-09 11:30:19');
INSERT INTO tb_log_financeiro VALUES ( '368', '2', '373', '33979.63', '34079.63', '2018-07-09 11:31:04', '2018-07-09 11:31:04');
INSERT INTO tb_log_financeiro VALUES ( '369', '2', '374', '34079.63', '34279.63', '2018-07-09 11:32:08', '2018-07-09 11:32:08');
INSERT INTO tb_log_financeiro VALUES ( '370', '2', '375', '34279.63', '34479.63', '2018-07-09 11:32:43', '2018-07-09 11:32:43');
INSERT INTO tb_log_financeiro VALUES ( '371', '2', '376', '34479.63', '35079.63', '2018-07-09 11:33:17', '2018-07-09 11:33:17');
INSERT INTO tb_log_financeiro VALUES ( '372', '2', '377', '35079.63', '35279.63', '2018-07-09 11:33:53', '2018-07-09 11:33:53');
INSERT INTO tb_log_financeiro VALUES ( '373', '2', '378', '35279.63', '35469.63', '2018-07-09 11:34:44', '2018-07-09 11:34:44');
INSERT INTO tb_log_financeiro VALUES ( '374', '2', '379', '35469.63', '35669.63', '2018-07-09 11:35:44', '2018-07-09 11:35:44');
INSERT INTO tb_log_financeiro VALUES ( '375', '2', '380', '35669.63', '35707.63', '2018-07-09 11:36:40', '2018-07-09 11:36:40');
INSERT INTO tb_log_financeiro VALUES ( '376', '2', '381', '35707.63', '35787.63', '2018-07-09 11:37:43', '2018-07-09 11:37:43');
INSERT INTO tb_log_financeiro VALUES ( '377', '2', '382', '35787.63', '36287.63', '2018-07-09 11:39:23', '2018-07-09 11:39:23');
INSERT INTO tb_log_financeiro VALUES ( '378', '2', '383', '36287.63', '36437.63', '2018-07-09 11:40:22', '2018-07-09 11:40:22');
INSERT INTO tb_log_financeiro VALUES ( '379', '2', '384', '36437.63', '37037.63', '2018-07-09 11:41:14', '2018-07-09 11:41:14');
INSERT INTO tb_log_financeiro VALUES ( '380', '2', '385', '37037.63', '37097.63', '2018-07-09 11:42:54', '2018-07-09 11:42:54');
INSERT INTO tb_log_financeiro VALUES ( '381', '2', '386', '37097.63', '37397.63', '2018-07-09 11:43:33', '2018-07-09 11:43:33');
INSERT INTO tb_log_financeiro VALUES ( '382', '2', '387', '37397.63', '37577.63', '2018-07-09 11:44:10', '2018-07-09 11:44:10');
INSERT INTO tb_log_financeiro VALUES ( '383', '2', '388', '37577.63', '37827.63', '2018-07-09 11:45:06', '2018-07-09 11:45:06');
INSERT INTO tb_log_financeiro VALUES ( '384', '2', '389', '37827.63', '38387.63', '2018-07-09 11:46:12', '2018-07-09 11:46:12');
INSERT INTO tb_log_financeiro VALUES ( '385', '2', '52', '38387.63', '38337.63', '2018-07-09 12:05:30', '2018-07-09 12:05:30');
INSERT INTO tb_log_financeiro VALUES ( '386', '2', '390', '38337.63', '29219.13', '2018-07-09 12:07:44', '2018-07-09 12:07:44');
INSERT INTO tb_log_financeiro VALUES ( '387', '2', '391', '29219.13', '27808.28', '2018-07-09 12:12:27', '2018-07-09 12:12:27');
INSERT INTO tb_log_financeiro VALUES ( '388', '2', '392', '27808.28', '27208.28', '2018-07-09 12:14:33', '2018-07-09 12:14:33');
INSERT INTO tb_log_financeiro VALUES ( '389', '2', '393', '27208.28', '26758.28', '2018-07-09 12:16:12', '2018-07-09 12:16:12');
INSERT INTO tb_log_financeiro VALUES ( '390', '2', '394', '26758.28', '26548.28', '2018-07-09 12:17:21', '2018-07-09 12:17:21');
INSERT INTO tb_log_financeiro VALUES ( '391', '2', '395', '26548.28', '26405.22', '2018-07-09 12:19:18', '2018-07-09 12:19:18');
INSERT INTO tb_log_financeiro VALUES ( '392', '2', '396', '26405.22', '25862.32', '2018-07-09 12:24:52', '2018-07-09 12:24:52');
INSERT INTO tb_log_financeiro VALUES ( '393', '2', '397', '25862.32', '25587.98', '2018-07-09 12:26:02', '2018-07-09 12:26:02');
INSERT INTO tb_log_financeiro VALUES ( '394', '2', '398', '25587.98', '23992.39', '2018-07-09 12:27:55', '2018-07-09 12:27:55');
INSERT INTO tb_log_financeiro VALUES ( '395', '2', '399', '23992.39', '23515.39', '2018-07-09 12:30:30', '2018-07-09 12:30:30');
INSERT INTO tb_log_financeiro VALUES ( '396', '2', '400', '23515.39', '23374.49', '2018-07-09 12:32:30', '2018-07-09 12:32:30');
INSERT INTO tb_log_financeiro VALUES ( '397', '2', '401', '23374.49', '23314.49', '2018-07-09 12:33:53', '2018-07-09 12:33:53');
INSERT INTO tb_log_financeiro VALUES ( '398', '2', '402', '23314.49', '22639.41', '2018-07-09 12:36:27', '2018-07-09 12:36:27');
INSERT INTO tb_log_financeiro VALUES ( '399', '2', '53', '22639.41', '22589.41', '2018-07-09 12:38:31', '2018-07-09 12:38:31');
INSERT INTO tb_log_financeiro VALUES ( '400', '2', '408', '22589.41', '22112.41', '2018-07-09 12:40:31', '2018-07-09 12:40:31');
INSERT INTO tb_log_financeiro VALUES ( '401', '2', '403', '22112.41', '21635.41', '2018-07-09 12:41:00', '2018-07-09 12:41:00');
INSERT INTO tb_log_financeiro VALUES ( '402', '2', '416', '21635.41', '21530.36', '2018-07-09 13:18:54', '2018-07-09 13:18:54');
INSERT INTO tb_log_financeiro VALUES ( '403', '2', '416', '21530.36', '21635.36', '2018-07-09 13:19:36', '2018-07-09 13:19:36');
INSERT INTO tb_log_financeiro VALUES ( '404', '2', '416', '21635.41', '21530.41', '2018-07-09 13:20:17', '2018-07-09 13:20:17');
INSERT INTO tb_log_financeiro VALUES ( '405', '2', '429', '21530.41', '10127.86', '2018-07-09 13:22:32', '2018-07-09 13:22:32');
INSERT INTO tb_log_financeiro VALUES ( '406', '2', '423', '10127.86', '-1274.69', '2018-07-09 13:22:59', '2018-07-09 13:22:59');
INSERT INTO tb_log_financeiro VALUES ( '407', '2', '436', '-1274.69', '-1335.69', '2018-07-09 13:24:41', '2018-07-09 13:24:41');
INSERT INTO tb_log_financeiro VALUES ( '408', '2', '430', '-1335.69', '-1395.69', '2018-07-09 13:25:17', '2018-07-09 13:25:17');
INSERT INTO tb_log_financeiro VALUES ( '409', '2', '430', '-1395.69', '-1333.69', '2018-07-09 13:25:45', '2018-07-09 13:25:45');
INSERT INTO tb_log_financeiro VALUES ( '410', '2', '430', '-1335.69', '-1395.69', '2018-07-09 13:26:30', '2018-07-09 13:26:30');
INSERT INTO tb_log_financeiro VALUES ( '411', '2', '443', '-1395.69', '-3083.19', '2018-07-09 13:28:03', '2018-07-09 13:28:03');
INSERT INTO tb_log_financeiro VALUES ( '412', '2', '437', '-3083.19', '-4770.69', '2018-07-09 13:28:57', '2018-07-09 13:28:57');
INSERT INTO tb_log_financeiro VALUES ( '413', '2', '450', '-4770.69', '-5220.69', '2018-07-09 13:30:31', '2018-07-09 13:30:31');
INSERT INTO tb_log_financeiro VALUES ( '414', '2', '444', '-5220.69', '-5670.69', '2018-07-09 13:30:49', '2018-07-09 13:30:49');
INSERT INTO tb_log_financeiro VALUES ( '415', '2', '457', '-5670.69', '-6120.69', '2018-07-09 13:32:26', '2018-07-09 13:32:26');
INSERT INTO tb_log_financeiro VALUES ( '416', '2', '464', '-6120.69', '-6268.09', '2018-07-09 13:33:46', '2018-07-09 13:33:46');
INSERT INTO tb_log_financeiro VALUES ( '417', '2', '465', '-6268.09', '-6667.60', '2018-07-09 13:35:16', '2018-07-09 13:35:16');
INSERT INTO tb_log_financeiro VALUES ( '418', '2', '451', '-6667.60', '-7117.60', '2018-07-09 13:37:22', '2018-07-09 13:37:22');
INSERT INTO tb_log_financeiro VALUES ( '419', '2', '458', '-7117.60', '-7265.00', '2018-07-09 13:38:04', '2018-07-09 13:38:04');
INSERT INTO tb_log_financeiro VALUES ( '420', '2', '472', '-7265.00', '-7469.78', '2018-07-09 13:40:33', '2018-07-09 13:40:33');
INSERT INTO tb_log_financeiro VALUES ( '421', '2', '466', '-7469.78', '-7674.56', '2018-07-09 13:41:08', '2018-07-09 13:41:08');
INSERT INTO tb_log_financeiro VALUES ( '422', '2', '479', '-7674.56', '-7815.46', '2018-07-09 13:42:37', '2018-07-09 13:42:37');
INSERT INTO tb_log_financeiro VALUES ( '423', '2', '473', '-7815.46', '-7956.36', '2018-07-09 13:43:51', '2018-07-09 13:43:51');
INSERT INTO tb_log_financeiro VALUES ( '424', '2', '480', '-7956.36', '-9353.42', '2018-07-09 13:46:00', '2018-07-09 13:46:00');
INSERT INTO tb_log_financeiro VALUES ( '425', '2', '480', '-9353.42', '-7956.36', '2018-07-09 13:47:03', '2018-07-09 13:47:03');
INSERT INTO tb_log_financeiro VALUES ( '426', '2', '487', '-7956.36', '-9353.42', '2018-07-09 13:49:15', '2018-07-09 13:49:15');
INSERT INTO tb_log_financeiro VALUES ( '427', '2', '481', '-9353.42', '-10750.48', '2018-07-09 13:49:49', '2018-07-09 13:49:49');
INSERT INTO tb_log_financeiro VALUES ( '428', '2', '347', '-10750.48', '-10750.49', '2018-07-09 13:57:46', '2018-07-09 13:57:46');
INSERT INTO tb_log_financeiro VALUES ( '429', '2', '340', '-10750.49', '-11195.49', '2018-07-09 14:01:16', '2018-07-09 14:01:16');
INSERT INTO tb_log_financeiro VALUES ( '430', '2', '340', '-11195.49', '-10757.76', '2018-07-09 14:02:18', '2018-07-09 14:02:18');
INSERT INTO tb_log_financeiro VALUES ( '431', '2', '489', '-10757.76', '-20016.91', '2019-01-10 17:31:30', '2019-01-10 17:31:30');
INSERT INTO tb_log_financeiro VALUES ( '432', '2', '445', '-20016.91', '-20466.91', '2019-01-10 17:34:15', '2019-01-10 17:34:15');
INSERT INTO tb_log_financeiro VALUES ( '433', '2', '438', '-20466.91', '-23020.66', '2019-01-10 17:35:54', '2019-01-10 17:35:54');
INSERT INTO tb_log_financeiro VALUES ( '434', '2', '424', '-23020.66', '-32279.81', '2019-01-10 17:37:03', '2019-01-10 17:37:03');
INSERT INTO tb_log_financeiro VALUES ( '435', '2', '474', '-32279.81', '-32426.31', '2019-01-10 17:39:27', '2019-01-10 17:39:27');
INSERT INTO tb_log_financeiro VALUES ( '436', '2', '54', '-32426.31', '-32476.31', '2019-01-10 17:40:01', '2019-01-10 17:40:01');
INSERT INTO tb_log_financeiro VALUES ( '437', '2', '445', '-32476.31', '-32026.31', '2019-01-10 17:43:53', '2019-01-10 17:43:53');
INSERT INTO tb_log_financeiro VALUES ( '438', '2', '445', '-32026.31', '-32974.31', '2019-01-10 17:51:55', '2019-01-10 17:51:55');
INSERT INTO tb_log_financeiro VALUES ( '439', '2', '431', '-32974.31', '-33034.31', '2019-01-10 17:53:10', '2019-01-10 17:53:10');
INSERT INTO tb_log_financeiro VALUES ( '440', '2', '417', '-33034.31', '-33034.31', '2019-01-10 17:54:01', '2019-01-10 17:54:01');
INSERT INTO tb_log_financeiro VALUES ( '441', '2', '410', '-33034.31', '-33034.31', '2019-01-10 17:54:54', '2019-01-10 17:54:54');
INSERT INTO tb_log_financeiro VALUES ( '442', '2', '404', '-33034.31', '-33511.31', '2019-01-10 17:55:28', '2019-01-10 17:55:28');
INSERT INTO tb_log_financeiro VALUES ( '443', '2', '452', '-33511.31', '-33961.31', '2019-01-10 17:56:06', '2019-01-10 17:56:06');
INSERT INTO tb_log_financeiro VALUES ( '444', '2', '459', '-33961.31', '-34112.46', '2019-01-10 17:56:47', '2019-01-10 17:56:47');
INSERT INTO tb_log_financeiro VALUES ( '445', '2', '467', '-34112.46', '-48961.46', '2019-01-10 17:58:05', '2019-01-10 17:58:05');
INSERT INTO tb_log_financeiro VALUES ( '446', '2', '467', '-48961.46', '-34112.46', '2019-01-10 17:58:34', '2019-01-10 17:58:34');
INSERT INTO tb_log_financeiro VALUES ( '447', '2', '467', '-34112.46', '-34260.95', '2019-01-10 17:59:15', '2019-01-10 17:59:15');
INSERT INTO tb_log_financeiro VALUES ( '448', '2', '482', '-34260.95', '-34428.15', '2019-01-10 18:00:34', '2019-01-10 18:00:34');
INSERT INTO tb_log_financeiro VALUES ( '449', '2', '495', '-34428.15', '-34985.44', '2019-01-10 18:02:36', '2019-01-10 18:02:36');
INSERT INTO tb_log_financeiro VALUES ( '450', '2', '490', '-34985.44', '-35542.73', '2019-01-10 18:03:09', '2019-01-10 18:03:09');
INSERT INTO tb_log_financeiro VALUES ( '451', '2', '501', '-35542.73', '-35578.63', '2019-01-10 18:08:36', '2019-01-10 18:08:36');
INSERT INTO tb_log_financeiro VALUES ( '452', '2', '502', '-35578.63', '-44837.78', '2019-01-11 15:43:36', '2019-01-11 15:43:36');
INSERT INTO tb_log_financeiro VALUES ( '453', '2', '503', '-44837.78', '-47391.53', '2019-01-11 15:46:44', '2019-01-11 15:46:44');
INSERT INTO tb_log_financeiro VALUES ( '454', '2', '504', '-47391.53', '-47475.83', '2019-01-11 15:53:25', '2019-01-11 15:53:25');
INSERT INTO tb_log_financeiro VALUES ( '455', '2', '505', '-47475.83', '-47525.83', '2019-01-11 15:54:19', '2019-01-11 15:54:19');
INSERT INTO tb_log_financeiro VALUES ( '456', '2', '506', '-47525.83', '-47975.83', '2019-01-11 15:56:22', '2019-01-11 15:56:22');
INSERT INTO tb_log_financeiro VALUES ( '457', '2', '507', '-47975.83', '-48011.73', '2019-01-11 15:58:05', '2019-01-11 15:58:05');
INSERT INTO tb_log_financeiro VALUES ( '458', '2', '508', '-48011.73', '-48158.23', '2019-01-11 15:59:11', '2019-01-11 15:59:11');
INSERT INTO tb_log_financeiro VALUES ( '459', '2', '509', '-48158.23', '-48635.23', '2019-01-11 16:00:01', '2019-01-11 16:00:01');
INSERT INTO tb_log_financeiro VALUES ( '460', '2', '510', '-48635.23', '-48695.23', '2019-01-11 16:02:04', '2019-01-11 16:02:04');
INSERT INTO tb_log_financeiro VALUES ( '461', '2', '511', '-48695.23', '-49052.29', '2019-01-11 16:03:57', '2019-01-11 16:03:57');
INSERT INTO tb_log_financeiro VALUES ( '462', '2', '512', '-49052.29', '-49680.36', '2019-01-11 16:06:18', '2019-01-11 16:06:18');
INSERT INTO tb_log_financeiro VALUES ( '463', '2', '513', '-49680.36', '-50157.36', '2019-01-11 16:18:40', '2019-01-11 16:18:40');
INSERT INTO tb_log_financeiro VALUES ( '464', '2', '514', '-50157.36', '-50634.36', '2019-01-11 16:19:28', '2019-01-11 16:19:28');
INSERT INTO tb_log_financeiro VALUES ( '465', '2', '515', '-50634.36', '-51111.36', '2019-01-11 16:20:55', '2019-01-11 16:20:55');
INSERT INTO tb_log_financeiro VALUES ( '466', '2', '516', '-51111.36', '-51588.36', '2019-01-11 16:21:42', '2019-01-11 16:21:42');
INSERT INTO tb_log_financeiro VALUES ( '467', '2', '517', '-51588.36', '-52592.36', '2019-01-11 16:22:43', '2019-01-11 16:22:43');
INSERT INTO tb_log_financeiro VALUES ( '468', '2', '518', '-52592.36', '-61172.64', '2019-01-11 16:26:23', '2019-01-11 16:26:23');
INSERT INTO tb_log_financeiro VALUES ( '469', '2', '519', '-61172.64', '-67172.64', '2019-01-11 16:27:30', '2019-01-11 16:27:30');
INSERT INTO tb_log_financeiro VALUES ( '470', '2', '520', '-67172.64', '-78282.66', '2019-01-11 16:29:08', '2019-01-11 16:29:08');
INSERT INTO tb_log_financeiro VALUES ( '471', '2', '521', '-78282.66', '-87071.73', '2019-01-11 16:30:32', '2019-01-11 16:30:32');
INSERT INTO tb_log_financeiro VALUES ( '472', '2', '522', '-87071.73', '-99430.64', '2019-01-11 16:31:47', '2019-01-11 16:31:47');
INSERT INTO tb_log_financeiro VALUES ( '473', '2', '523', '-99430.64', '-99780.64', '2019-01-11 16:34:08', '2019-01-11 16:34:08');
INSERT INTO tb_log_financeiro VALUES ( '474', '2', '524', '-99780.64', '-100753.70', '2019-01-11 16:36:32', '2019-01-11 16:36:32');
INSERT INTO tb_log_financeiro VALUES ( '475', '2', '525', '-100753.70', '-102494.55', '2019-01-11 16:38:13', '2019-01-11 16:38:13');
INSERT INTO tb_log_financeiro VALUES ( '476', '2', '526', '-102494.55', '-103977.90', '2019-01-11 16:39:35', '2019-01-11 16:39:35');
INSERT INTO tb_log_financeiro VALUES ( '477', '2', '527', '-103977.90', '-105443.75', '2019-01-11 16:40:48', '2019-01-11 16:40:48');
INSERT INTO tb_log_financeiro VALUES ( '478', '2', '528', '-105443.75', '-106965.86', '2019-01-11 16:42:15', '2019-01-11 16:42:15');
INSERT INTO tb_log_financeiro VALUES ( '479', '2', '529', '-106965.86', '-108487.97', '2019-01-11 16:43:10', '2019-01-11 16:43:10');
INSERT INTO tb_log_financeiro VALUES ( '480', '2', '530', '-108487.97', '-108537.97', '2019-01-11 16:45:21', '2019-01-11 16:45:21');
INSERT INTO tb_log_financeiro VALUES ( '481', '2', '531', '-108537.97', '-110409.45', '2019-01-11 16:48:42', '2019-01-11 16:48:42');
INSERT INTO tb_log_financeiro VALUES ( '482', '2', '532', '-110409.45', '-112299.43', '2019-01-11 16:49:40', '2019-01-11 16:49:40');
INSERT INTO tb_log_financeiro VALUES ( '483', '2', '533', '-112299.43', '-112509.43', '2019-01-11 16:51:25', '2019-01-11 16:51:25');
INSERT INTO tb_log_financeiro VALUES ( '484', '2', '534', '-112509.43', '-112824.43', '2019-01-11 16:52:18', '2019-01-11 16:52:18');
INSERT INTO tb_log_financeiro VALUES ( '485', '2', '535', '-112824.43', '-112929.43', '2019-01-11 16:53:07', '2019-01-11 16:53:07');
INSERT INTO tb_log_financeiro VALUES ( '486', '2', '536', '-112929.43', '-113229.43', '2019-01-11 16:55:44', '2019-01-11 16:55:44');
INSERT INTO tb_log_financeiro VALUES ( '487', '2', '537', '-113229.43', '-113861.43', '2019-01-11 16:57:06', '2019-01-11 16:57:06');
INSERT INTO tb_log_financeiro VALUES ( '488', '2', '538', '-113861.43', '-114177.43', '2019-01-11 16:59:42', '2019-01-11 16:59:42');
INSERT INTO tb_log_financeiro VALUES ( '489', '2', '539', '-114177.43', '-114777.43', '2019-01-11 17:00:45', '2019-01-11 17:00:45');
INSERT INTO tb_log_financeiro VALUES ( '490', '2', '540', '-114777.43', '-115527.43', '2019-01-11 17:02:07', '2019-01-11 17:02:07');
INSERT INTO tb_log_financeiro VALUES ( '491', '2', '541', '-115527.43', '-115577.43', '2019-01-11 17:03:39', '2019-01-11 17:03:39');
INSERT INTO tb_log_financeiro VALUES ( '492', '2', '542', '-115577.43', '-115627.43', '2019-01-11 17:04:39', '2019-01-11 17:04:39');
INSERT INTO tb_log_financeiro VALUES ( '493', '2', '543', '-115627.43', '-115677.43', '2019-01-11 17:05:52', '2019-01-11 17:05:52');
INSERT INTO tb_log_financeiro VALUES ( '494', '2', '544', '-115677.43', '-115727.43', '2019-01-11 17:06:49', '2019-01-11 17:06:49');
INSERT INTO tb_log_financeiro VALUES ( '495', '2', '545', '-115727.43', '-116727.43', '2019-01-11 17:08:10', '2019-01-11 17:08:10');
INSERT INTO tb_log_financeiro VALUES ( '496', '2', '546', '-116727.43', '-117727.43', '2019-01-11 17:08:54', '2019-01-11 17:08:54');
INSERT INTO tb_log_financeiro VALUES ( '497', '2', '547', '-117727.43', '-118727.43', '2019-01-11 17:09:51', '2019-01-11 17:09:51');
INSERT INTO tb_log_financeiro VALUES ( '498', '2', '548', '-118727.43', '-119727.43', '2019-01-11 17:10:35', '2019-01-11 17:10:35');
INSERT INTO tb_log_financeiro VALUES ( '499', '2', '549', '-119727.43', '-120727.43', '2019-01-11 17:11:35', '2019-01-11 17:11:35');
INSERT INTO tb_log_financeiro VALUES ( '500', '2', '550', '-120727.43', '-120878.58', '2019-01-11 17:12:56', '2019-01-11 17:12:56');
INSERT INTO tb_log_financeiro VALUES ( '501', '2', '551', '-120878.58', '-121029.73', '2019-01-11 17:13:42', '2019-01-11 17:13:42');
INSERT INTO tb_log_financeiro VALUES ( '502', '2', '552', '-121029.73', '-121180.88', '2019-01-11 17:14:49', '2019-01-11 17:14:49');
INSERT INTO tb_log_financeiro VALUES ( '503', '2', '553', '-121180.88', '-121400.79', '2019-01-11 17:15:35', '2019-01-11 17:15:35');
INSERT INTO tb_log_financeiro VALUES ( '504', '2', '554', '-121400.79', '-121551.94', '2019-01-11 17:16:25', '2019-01-11 17:16:25');
INSERT INTO tb_log_financeiro VALUES ( '505', '2', '555', '-121551.94', '-122041.47', '2019-01-11 17:17:59', '2019-01-11 17:17:59');
INSERT INTO tb_log_financeiro VALUES ( '506', '2', '556', '-122041.47', '-122582.90', '2019-01-11 17:18:50', '2019-01-11 17:18:50');
INSERT INTO tb_log_financeiro VALUES ( '507', '2', '557', '-122582.90', '-123136.00', '2019-01-11 17:20:19', '2019-01-11 17:20:19');
INSERT INTO tb_log_financeiro VALUES ( '508', '2', '558', '-123136.00', '-123806.49', '2019-01-11 17:21:10', '2019-01-11 17:21:10');
INSERT INTO tb_log_financeiro VALUES ( '509', '2', '559', '-123806.49', '-124440.00', '2019-01-11 17:22:10', '2019-01-11 17:22:10');
INSERT INTO tb_log_financeiro VALUES ( '510', '2', '560', '-124440.00', '-124647.25', '2019-01-11 17:23:30', '2019-01-11 17:23:30');
INSERT INTO tb_log_financeiro VALUES ( '511', '2', '561', '-124647.25', '-124815.07', '2019-01-11 17:24:12', '2019-01-11 17:24:12');
INSERT INTO tb_log_financeiro VALUES ( '512', '2', '562', '-124815.07', '-124972.48', '2019-01-11 17:24:58', '2019-01-11 17:24:58');
INSERT INTO tb_log_financeiro VALUES ( '513', '2', '563', '-124972.48', '-125170.78', '2019-01-11 17:25:46', '2019-01-11 17:25:46');
INSERT INTO tb_log_financeiro VALUES ( '514', '2', '564', '-125170.78', '-125339.70', '2019-01-11 17:26:55', '2019-01-11 17:26:55');
INSERT INTO tb_log_financeiro VALUES ( '515', '2', '565', '-125339.70', '-125359.70', '2019-01-11 17:28:06', '2019-01-11 17:28:06');
INSERT INTO tb_log_financeiro VALUES ( '516', '2', '566', '-125359.70', '-125397.60', '2019-01-11 17:29:30', '2019-01-11 17:29:30');
INSERT INTO tb_log_financeiro VALUES ( '517', '2', '567', '-125397.60', '-125536.05', '2019-01-11 17:30:36', '2019-01-11 17:30:36');
INSERT INTO tb_log_financeiro VALUES ( '518', '2', '568', '-125536.05', '-125586.03', '2019-01-11 17:32:02', '2019-01-11 17:32:02');
INSERT INTO tb_log_financeiro VALUES ( '519', '2', '569', '-125586.03', '-125724.13', '2019-01-11 17:33:36', '2019-01-11 17:33:36');
INSERT INTO tb_log_financeiro VALUES ( '520', '2', '570', '-125724.13', '-125862.23', '2019-01-11 17:34:49', '2019-01-11 17:34:49');
INSERT INTO tb_log_financeiro VALUES ( '521', '2', '571', '-125862.23', '-126001.53', '2019-01-11 17:35:45', '2019-01-11 17:35:45');
INSERT INTO tb_log_financeiro VALUES ( '522', '2', '572', '-126001.53', '-126083.43', '2019-01-11 17:36:36', '2019-01-11 17:36:36');
INSERT INTO tb_log_financeiro VALUES ( '523', '2', '573', '-126083.43', '-126306.93', '2019-01-11 17:37:38', '2019-01-11 17:37:38');
INSERT INTO tb_log_financeiro VALUES ( '524', '2', '574', '-126306.93', '-126366.93', '2019-01-11 17:45:09', '2019-01-11 17:45:09');
INSERT INTO tb_log_financeiro VALUES ( '525', '2', '575', '-126366.93', '-126426.93', '2019-01-11 17:46:01', '2019-01-11 17:46:01');
INSERT INTO tb_log_financeiro VALUES ( '526', '2', '576', '-126426.93', '-126916.43', '2019-01-11 17:47:14', '2019-01-11 17:47:14');
INSERT INTO tb_log_financeiro VALUES ( '527', '2', '577', '-126916.43', '-127585.93', '2019-01-11 17:48:18', '2019-01-11 17:48:18');
INSERT INTO tb_log_financeiro VALUES ( '528', '2', '578', '-127585.93', '-128268.92', '2019-01-11 17:50:18', '2019-01-11 17:50:18');
INSERT INTO tb_log_financeiro VALUES ( '529', '2', '579', '-128268.92', '-128593.75', '2019-01-11 17:51:26', '2019-01-11 17:51:26');
INSERT INTO tb_log_financeiro VALUES ( '530', '2', '580', '-128593.75', '-128920.10', '2019-01-11 17:52:30', '2019-01-11 17:52:30');
INSERT INTO tb_log_financeiro VALUES ( '531', '2', '581', '-128920.10', '-129080.10', '2019-01-11 17:53:51', '2019-01-11 17:53:51');
INSERT INTO tb_log_financeiro VALUES ( '532', '2', '582', '-129080.10', '-128652.89', '2019-01-12 15:06:38', '2019-01-12 15:06:38');
INSERT INTO tb_log_financeiro VALUES ( '533', '2', '583', '-128652.89', '-128596.89', '2019-01-12 15:09:37', '2019-01-12 15:09:37');
INSERT INTO tb_log_financeiro VALUES ( '534', '2', '584', '-128596.89', '-128416.89', '2019-01-12 15:10:53', '2019-01-12 15:10:53');
INSERT INTO tb_log_financeiro VALUES ( '535', '2', '585', '-128416.89', '-128056.89', '2019-01-12 15:12:26', '2019-01-12 15:12:26');
INSERT INTO tb_log_financeiro VALUES ( '536', '2', '586', '-128056.89', '-126056.89', '2019-01-12 15:15:10', '2019-01-12 15:15:10');
INSERT INTO tb_log_financeiro VALUES ( '537', '2', '587', '-126056.89', '-122633.44', '2019-01-12 15:17:31', '2019-01-12 15:17:31');
INSERT INTO tb_log_financeiro VALUES ( '538', '2', '588', '-122633.44', '-122163.44', '2019-01-12 15:18:26', '2019-01-12 15:18:26');
INSERT INTO tb_log_financeiro VALUES ( '539', '2', '589', '-122163.44', '-121738.44', '2019-01-12 15:22:22', '2019-01-12 15:22:22');
INSERT INTO tb_log_financeiro VALUES ( '540', '2', '590', '-121738.44', '-121452.44', '2019-01-12 15:23:35', '2019-01-12 15:23:35');
INSERT INTO tb_log_financeiro VALUES ( '541', '2', '591', '-121452.44', '-121062.44', '2019-01-12 15:24:43', '2019-01-12 15:24:43');
INSERT INTO tb_log_financeiro VALUES ( '542', '2', '592', '-121062.44', '-120902.44', '2019-01-12 15:26:10', '2019-01-12 15:26:10');
INSERT INTO tb_log_financeiro VALUES ( '543', '2', '593', '-120902.44', '-120752.44', '2019-01-12 15:27:16', '2019-01-12 15:27:16');
INSERT INTO tb_log_financeiro VALUES ( '544', '2', '594', '-120752.44', '-120732.44', '2019-01-12 15:28:16', '2019-01-12 15:28:16');
INSERT INTO tb_log_financeiro VALUES ( '545', '2', '595', '-120732.44', '-120671.44', '2019-01-12 15:29:28', '2019-01-12 15:29:28');
INSERT INTO tb_log_financeiro VALUES ( '546', '2', '596', '-120671.44', '-120621.44', '2019-01-12 15:30:23', '2019-01-12 15:30:23');
INSERT INTO tb_log_financeiro VALUES ( '547', '2', '597', '-120621.44', '-118721.44', '2019-01-12 15:31:46', '2019-01-12 15:31:46');
INSERT INTO tb_log_financeiro VALUES ( '548', '2', '598', '-118721.44', '-116821.44', '2019-01-12 15:32:44', '2019-01-12 15:32:44');
INSERT INTO tb_log_financeiro VALUES ( '549', '2', '599', '-116821.44', '-116021.44', '2019-01-12 15:35:17', '2019-01-12 15:35:17');
INSERT INTO tb_log_financeiro VALUES ( '550', '2', '600', '-116021.44', '-113021.44', '2019-01-12 15:36:16', '2019-01-12 15:36:16');
INSERT INTO tb_log_financeiro VALUES ( '551', '2', '601', '-113021.44', '-111121.44', '2019-01-12 15:37:26', '2019-01-12 15:37:26');
INSERT INTO tb_log_financeiro VALUES ( '552', '2', '602', '-111121.44', '-109221.44', '2019-01-12 15:38:49', '2019-01-12 15:38:49');
INSERT INTO tb_log_financeiro VALUES ( '553', '2', '603', '-109221.44', '-107282.29', '2019-01-12 15:43:39', '2019-01-12 15:43:39');
INSERT INTO tb_log_financeiro VALUES ( '554', '2', '604', '-107282.29', '-105753.19', '2019-01-12 15:44:37', '2019-01-12 15:44:37');
INSERT INTO tb_log_financeiro VALUES ( '555', '2', '605', '-105753.19', '-103306.19', '2019-01-12 15:46:00', '2019-01-12 15:46:00');
INSERT INTO tb_log_financeiro VALUES ( '556', '2', '606', '-103306.19', '-102442.94', '2019-01-12 15:47:05', '2019-01-12 15:47:05');
INSERT INTO tb_log_financeiro VALUES ( '557', '2', '607', '-102442.94', '-101195.14', '2019-01-12 15:48:10', '2019-01-12 15:48:10');
INSERT INTO tb_log_financeiro VALUES ( '558', '2', '608', '-101195.14', '-96882.89', '2019-01-12 15:49:24', '2019-01-12 15:49:24');
INSERT INTO tb_log_financeiro VALUES ( '559', '2', '609', '-96882.89', '-96801.89', '2019-01-12 15:51:34', '2019-01-12 15:51:34');
INSERT INTO tb_log_financeiro VALUES ( '560', '2', '610', '-96801.89', '-96762.89', '2019-01-12 15:52:20', '2019-01-12 15:52:20');
INSERT INTO tb_log_financeiro VALUES ( '561', '2', '611', '-96762.89', '-96701.69', '2019-01-12 15:53:07', '2019-01-12 15:53:07');
INSERT INTO tb_log_financeiro VALUES ( '562', '2', '612', '-96701.69', '-96611.69', '2019-01-12 15:54:10', '2019-01-12 15:54:10');
INSERT INTO tb_log_financeiro VALUES ( '563', '2', '613', '-96611.69', '-96528.59', '2019-01-12 15:55:09', '2019-01-12 15:55:09');
INSERT INTO tb_log_financeiro VALUES ( '564', '2', '614', '-96528.59', '-96488.69', '2019-01-12 15:55:57', '2019-01-12 15:55:57');
INSERT INTO tb_log_financeiro VALUES ( '565', '2', '615', '-96488.69', '-83990.89', '2019-01-12 15:57:49', '2019-01-12 15:57:49');
INSERT INTO tb_log_financeiro VALUES ( '566', '2', '616', '-83990.89', '-75636.93', '2019-01-12 16:00:57', '2019-01-12 16:00:57');
INSERT INTO tb_log_financeiro VALUES ( '567', '2', '617', '-75636.93', '-64146.93', '2019-01-12 16:02:01', '2019-01-12 16:02:01');
INSERT INTO tb_log_financeiro VALUES ( '568', '2', '618', '-64146.93', '-54128.93', '2019-01-12 16:03:10', '2019-01-12 16:03:10');
INSERT INTO tb_log_financeiro VALUES ( '569', '2', '619', '-54128.93', '-45103.93', '2019-01-12 16:04:29', '2019-01-12 16:04:29');
INSERT INTO tb_log_financeiro VALUES ( '570', '2', '620', '-45103.93', '-32183.93', '2019-01-12 16:05:30', '2019-01-12 16:05:30');
INSERT INTO tb_log_financeiro VALUES ( '571', '2', '621', '-32183.93', '-32033.93', '2019-01-12 16:18:53', '2019-01-12 16:18:53');
INSERT INTO tb_log_financeiro VALUES ( '572', '2', '622', '-32033.93', '-31883.93', '2019-01-12 16:19:58', '2019-01-12 16:19:58');
INSERT INTO tb_log_financeiro VALUES ( '573', '2', '623', '-31883.93', '-31483.93', '2019-01-12 16:20:50', '2019-01-12 16:20:50');
INSERT INTO tb_log_financeiro VALUES ( '574', '2', '624', '-31483.93', '-30783.93', '2019-01-12 16:22:21', '2019-01-12 16:22:21');
INSERT INTO tb_log_financeiro VALUES ( '575', '2', '598', '-30783.93', '-32683.93', '2019-01-12 16:33:25', '2019-01-12 16:33:25');
INSERT INTO tb_log_financeiro VALUES ( '576', '2', '598', '-32683.93', '-31883.93', '2019-01-12 16:34:10', '2019-01-12 16:34:10');
INSERT INTO tb_log_financeiro VALUES ( '577', '2', '598', '-31883.93', '-32683.93', '2019-01-12 16:36:26', '2019-01-12 16:36:26');
INSERT INTO tb_log_financeiro VALUES ( '578', '2', '598', '-32683.93', '-30783.93', '2019-01-12 16:37:03', '2019-01-12 16:37:03');
INSERT INTO tb_log_financeiro VALUES ( '579', '2', '598', '-30783.93', '-32683.93', '2019-01-12 16:38:17', '2019-01-12 16:38:17');
INSERT INTO tb_log_financeiro VALUES ( '580', '2', '598', '-32683.93', '-31883.93', '2019-01-12 16:38:47', '2019-01-12 16:38:47');
INSERT INTO tb_log_financeiro VALUES ( '581', '2', '599', '-31883.93', '-31883.93', '2019-01-12 16:42:38', '2019-01-12 16:42:38');
INSERT INTO tb_log_financeiro VALUES ( '582', '2', '625', '-32683.93', '-30783.93', '2019-01-12 16:46:22', '2019-01-12 16:46:22');
INSERT INTO tb_log_financeiro VALUES ( '583', '2', '626', '-30783.93', '-30733.93', '2019-03-16 11:31:14', '2019-03-16 11:31:14');
INSERT INTO tb_log_financeiro VALUES ( '584', '2', '627', '-30733.93', '-30633.93', '2019-03-16 11:39:08', '2019-03-16 11:39:08');
INSERT INTO tb_log_financeiro VALUES ( '585', '2', '630', '-30633.93', '-30633.93', '2019-03-31 18:35:49', '2019-03-31 18:35:49');
INSERT INTO tb_log_financeiro VALUES ( '586', '2', '631', '-30633.93', '-30533.93', '2019-03-31 18:37:50', '2019-03-31 18:37:50');
INSERT INTO tb_log_financeiro VALUES ( '587', '2', '632', '-30533.93', '-30433.93', '2019-04-02 11:15:54', '2019-04-02 11:15:54');
INSERT INTO tb_log_financeiro VALUES ( '588', '2', '633', '-30433.93', '-30413.93', '2019-04-03 10:42:54', '2019-04-03 10:42:54');
INSERT INTO tb_log_financeiro VALUES ( '589', '2', '634', '-30413.93', '-30363.93', '2019-04-03 10:46:26', '2019-04-03 10:46:26');
INSERT INTO tb_log_financeiro VALUES ( '590', '2', '635', '-30363.93', '-30213.93', '2019-05-10 21:53:14', '2019-05-10 21:53:14');
INSERT INTO tb_log_financeiro VALUES ( '591', '2', '636', '-30213.93', '-30188.93', '2019-05-10 21:54:05', '2019-05-10 21:54:05');
INSERT INTO tb_log_financeiro VALUES ( '592', '2', '637', '-30188.93', '-30163.93', '2019-05-10 21:54:33', '2019-05-10 21:54:33');
INSERT INTO tb_log_financeiro VALUES ( '593', '2', '638', '-30163.93', '-30143.93', '2019-05-10 21:55:23', '2019-05-10 21:55:23');
INSERT INTO tb_log_financeiro VALUES ( '594', '2', '639', '-30143.93', '-30043.93', '2019-05-10 21:55:58', '2019-05-10 21:55:58');
INSERT INTO tb_log_financeiro VALUES ( '595', '2', '640', '-30043.93', '-29893.93', '2019-05-10 21:56:56', '2019-05-10 21:56:56');
INSERT INTO tb_log_financeiro VALUES ( '596', '2', '641', '-29893.93', '-29893.93', '2019-06-18 21:55:33', '2019-06-18 21:55:33');
INSERT INTO tb_log_financeiro VALUES ( '597', '2', '644', '-29893.93', '-29293.93', '2019-07-06 11:41:51', '2019-07-06 11:41:51');
INSERT INTO tb_log_financeiro VALUES ( '598', '2', '645', '-29293.93', '-29293.93', '2019-07-06 11:49:08', '2019-07-06 11:49:08');
INSERT INTO tb_log_financeiro VALUES ( '599', '2', '646', '-29293.93', '-29293.93', '2019-08-01 22:15:06', '2019-08-01 22:15:06');
INSERT INTO tb_log_financeiro VALUES ( '600', '2', '647', '-29293.93', '-29293.93', '2019-08-01 22:25:30', '2019-08-01 22:25:30');
INSERT INTO tb_log_financeiro VALUES ( '601', '2', '648', '-29293.93', '-29293.93', '2019-08-05 10:28:01', '2019-08-05 10:28:01');
INSERT INTO tb_log_financeiro VALUES ( '602', '2', '649', '-29293.93', '-29293.93', '2019-08-05 10:34:41', '2019-08-05 10:34:41');
INSERT INTO tb_log_financeiro VALUES ( '603', '2', '650', '-29293.93', '-29293.93', '2019-08-05 10:54:44', '2019-08-05 10:54:44');
INSERT INTO tb_log_financeiro VALUES ( '604', '2', '651', '-29293.93', '-29293.93', '2019-08-05 10:59:05', '2019-08-05 10:59:05');
INSERT INTO tb_log_financeiro VALUES ( '605', '2', '652', '-29293.93', '-29293.93', '2019-08-05 11:02:16', '2019-08-05 11:02:16');
INSERT INTO tb_log_financeiro VALUES ( '606', '2', '653', '-29293.93', '-29293.93', '2019-08-05 11:08:47', '2019-08-05 11:08:47');
INSERT INTO tb_log_financeiro VALUES ( '607', '2', '654', '-29293.93', '-29293.93', '2019-08-05 11:15:39', '2019-08-05 11:15:39');
INSERT INTO tb_log_financeiro VALUES ( '608', '2', '655', '-29293.93', '-29293.93', '2019-08-05 11:20:03', '2019-08-05 11:20:03');
INSERT INTO tb_log_financeiro VALUES ( '609', '2', '656', '-29293.93', '-29293.93', '2019-08-05 11:23:50', '2019-08-05 11:23:50');
INSERT INTO tb_log_financeiro VALUES ( '610', '2', '657', '-29293.93', '-29293.93', '2019-08-05 21:37:30', '2019-08-05 21:37:30');
INSERT INTO tb_log_financeiro VALUES ( '611', '2', '658', '-29293.93', '-29293.93', '2019-08-05 21:40:25', '2019-08-05 21:40:25');
INSERT INTO tb_log_financeiro VALUES ( '612', '2', '659', '-29293.93', '-29293.93', '2019-08-05 21:46:47', '2019-08-05 21:46:47');
INSERT INTO tb_log_financeiro VALUES ( '613', '2', '660', '-29293.93', '-29293.93', '2019-08-05 21:52:11', '2019-08-05 21:52:11');
INSERT INTO tb_log_financeiro VALUES ( '614', '2', '661', '-29293.93', '-29293.93', '2019-08-05 21:57:59', '2019-08-05 21:57:59');
INSERT INTO tb_log_financeiro VALUES ( '615', '2', '662', '-29293.93', '-29293.93', '2019-08-05 22:04:30', '2019-08-05 22:04:30');
INSERT INTO tb_log_financeiro VALUES ( '616', '2', '663', '-29293.93', '-29293.93', '2019-08-05 22:10:10', '2019-08-05 22:10:10');
INSERT INTO tb_log_financeiro VALUES ( '617', '2', '664', '-29293.93', '-29293.93', '2019-08-05 22:16:30', '2019-08-05 22:16:30');
INSERT INTO tb_log_financeiro VALUES ( '618', '2', '665', '-29293.93', '-29293.93', '2019-08-05 22:19:19', '2019-08-05 22:19:19');
INSERT INTO tb_log_financeiro VALUES ( '619', '2', '666', '-29293.93', '-29293.93', '2019-08-05 22:21:48', '2019-08-05 22:21:48');
INSERT INTO tb_log_financeiro VALUES ( '620', '2', '667', '-29293.93', '-29293.93', '2019-08-06 10:53:33', '2019-08-06 10:53:33');
INSERT INTO tb_log_financeiro VALUES ( '621', '2', '668', '-29293.93', '-29293.93', '2019-08-06 11:09:51', '2019-08-06 11:09:51');

#
# Criação da Tabela : tb_membros
#

CREATE TABLE `tb_membros` (
  `id_membro` int(11) NOT NULL AUTO_INCREMENT,
  `forma_entrada` varchar(250) NOT NULL,
  `id_congregacao` int(11) NOT NULL,
  `tipo` varchar(250) NOT NULL,
  `ativo` char(3) NOT NULL,
  `afastado` varchar(250) NOT NULL,
  `sexo` char(1) NOT NULL,
  `pastor` varchar(250) NOT NULL,
  `nome` varchar(250) NOT NULL,
  `rg` varchar(250) NOT NULL,
  `cpf` varchar(250) NOT NULL,
  `data_nascimento` date NOT NULL,
  `cidade_nascimento` varchar(250) NOT NULL,
  `estado_nascimento` varchar(250) NOT NULL,
  `foto` varchar(250) NOT NULL,
  `tipo_sanguineo` varchar(250) NOT NULL,
  `doador` varchar(250) NOT NULL,
  `profissao` varchar(250) NOT NULL,
  `estado_civil` varchar(250) NOT NULL,
  `cep` varchar(250) NOT NULL,
  `endereco` varchar(250) NOT NULL,
  `numero` varchar(250) NOT NULL,
  `complemento` varchar(250) NOT NULL,
  `bairro` varchar(250) NOT NULL,
  `cidade` varchar(250) NOT NULL,
  `estado` varchar(250) NOT NULL,
  `comungante` varchar(250) NOT NULL,
  `votante` varchar(30) NOT NULL,
  `envelope_oferta` varchar(30) NOT NULL,
  `horario_visita` varchar(250) NOT NULL,
  `enfermo` varchar(30) NOT NULL,
  `observacoes` text NOT NULL,
  `latitude` varchar(250) NOT NULL,
  `longitude` varchar(250) NOT NULL,
  `data_cadastro` datetime NOT NULL,
  `atualizacao` timestamp NOT NULL DEFAULT CURRENT_TIMESTAMP ON UPDATE CURRENT_TIMESTAMP,
  PRIMARY KEY (`id_membro`)
) ENGINE=InnoDB AUTO_INCREMENT=356 DEFAULT CHARSET=latin1 ;

#
# Dados a serem incluídos na tabela
#

INSERT INTO tb_membros VALUES ( '1', 'Profissão de fé', '1', 'membro', 'sim', 'nao', 'm', 'nao', 'Hermano Soares da Silva', '129747233', '011.997.568-81', '1960-04-01', 'Serra Talhada', 'PE', '75d35a8fc8a76aeb6eefc95a2d6c16b6.jpg', '', 'sim', 'CORRETOR DE SEGUROS', 'casado', '05122-080', 'Rua Luís Filgueira Souto', '29', '', 'Parque São Domingos', 'São Paulo', 'SP', 'sim', 'sim', 'sim', '', 'nao', '', '-23.5039708', '-46.7335820', '1993-04-01 00:00:00', '2017-11-21 11:18:43');
INSERT INTO tb_membros VALUES ( '2', 'Batismo', '1', 'membro', 'sim', 'nao', 'f', 'nao', 'Neli Alves de Oliveira Silva', '99883613', '030.172.898-42', '1960-03-09', 'COLATINA', 'ES', '', '', 'sim', 'CORRETORA DE SEGUROS', 'casado', '05122-080', 'Rua Luís Filgueira Souto', '29', '', 'Parque São Domingos', 'São Paulo', 'SP', 'sim', 'sim', 'sim', '20', 'nao', '', '-23.5039708', '-46.7335820', '1960-05-01 00:00:00', '2017-11-21 11:17:30');
INSERT INTO tb_membros VALUES ( '3', 'Batismo', '1', 'membro', 'sim', 'nao', 'm', 'nao', 'Rodolfo Alves de Oliveira e Silva', '495436227', '409.893.498-10', '1993-05-31', 'SAO PAULO', 'SP', '', '', 'sim', 'corretor de seguros', 'solteiro', '05122-080', 'Rua Luís Filgueira Souto', '29', '', 'Parque São Domingos', 'São Paulo', 'SP', 'sim', 'sim', 'nao', '20', 'nao', '', '-23.5039708', '-46.7335820', '1993-07-01 00:00:00', '2017-11-22 15:25:37');
INSERT INTO tb_membros VALUES ( '4', 'Transferência', '1', 'membro', 'sim', 'nao', 'm', 'nao', 'Ademar  Rubens Schade', '36.968.341-9 SSP-SP', '299.152.609-20', '1956-01-18', 'Marechal Cândido Rondon', 'PR', '', '', 'nao', 'Aposentado', 'casado', '06050-170', 'Rua Sebastião de Mello Dias', '63', 'Casa', 'Jaguaribe', 'Osasco', 'SP', 'sim', 'sim', 'sim', '', 'nao', '', '-23.5567108', '-46.7860349', '1991-04-01 00:00:00', '2017-08-21 19:08:56');
INSERT INTO tb_membros VALUES ( '5', 'Transferência', '1', 'membro', 'sim', 'nao', 'f', 'nao', 'Maria Cleonice da Silva Schade', '', '293.232.658-96', '1957-08-25', 'Colorado', 'PR', '', '', 'nao', 'Professora de Educação Infantil', 'casado', '06050-170', 'Rua Sebastião de Mello Dias', '63', 'Casa', 'Jaguaribe', 'Osasco', 'SP', 'sim', 'sim', 'nao', '', 'nao', '', '-23.5567108', '-46.7860349', '1991-04-01 00:00:00', '2017-08-21 19:18:48');
INSERT INTO tb_membros VALUES ( '6', 'Transferência', '1', 'membro', 'sim', 'nao', 'f', 'nao', 'Ana Caroline Schade', '', '', '1985-07-31', 'Porto Velho', 'RO', '', '', 'nao', 'Bancario', 'solteiro', '06050-170', 'Rua Sebastião de Mello Dias', '63', 'casa', 'Jaguaribe', 'Osasco', 'SP', 'sim', 'sim', 'sim', '', 'nao', '', '-23.5567108', '-46.7860349', '1991-04-01 00:00:00', '2017-10-15 16:46:33');
INSERT INTO tb_membros VALUES ( '7', 'Transferência', '1', 'membro', 'sim', 'nao', 'f', 'nao', 'Márcia Cristina Schade Alberti', '', '', '1982-08-15', 'Porto Velho', 'RO', '', '', 'nao', 'Bancaria', 'casado', '06636-260', 'Rua Nelson Ruile', '55', 'Casa', 'Parque Nova Jandira', 'Jandira', 'SP', 'sim', 'sim', 'sim', '', 'nao', 'Residencial Nova Paulista', '-23.5384559', '-46.9034378', '1991-04-01 00:00:00', '2018-05-09 10:24:49');
INSERT INTO tb_membros VALUES ( '9', '', '1', 'simpatizante', 'sim', 'nao', 'm', 'nao', 'Leandro Angelo Alberti', '', '177.551.188-00', '1977-04-25', '', '', '', '', 'nao', 'Professor', 'casado', '06636-260', 'Rua Nelson Ruile', '55', 'Casa', 'Parque Nova Jandira', 'Jandira', 'SP', 'nao', 'nao', 'nao', '', 'nao', 'Residencial Nova Paulista', '-23.5529897', '-46.8963989', '2010-01-15 00:00:00', '2017-10-11 15:02:21');
INSERT INTO tb_membros VALUES ( '10', 'Batismo', '1', 'membro', 'sim', 'nao', 'm', 'nao', 'Arthur Schade Alberti', '58.286.688-1', '', '2012-11-23', 'São Paulo', 'SP', '', '', 'nao', 'Infantil', 'solteiro', '06636-260', 'Rua Nelson Ruile', '55', 'Casa', 'Parque Nova Jandira', 'Jandira', 'SP', 'nao', 'nao', 'nao', '', 'nao', 'Residencial Nova Paulista', '-23.5529897', '-46.8963989', '2013-04-21 00:00:00', '2017-10-31 19:03:50');
INSERT INTO tb_membros VALUES ( '11', 'Transferência', '1', 'membro', 'sim', 'nao', 'm', 'nao', 'Odair Albrecht', '', '', '1993-04-22', '', '', '', '', 'nao', '', 'casado', '02945-090', 'Rua Antônio Benedito Machado Florence', '98', '', 'Jardim Cidade Pirituba', 'São Paulo', 'SP', 'sim', 'sim', 'sim', '', 'nao', '', '-23.4834176', '-46.7267693', '2017-01-01 00:00:00', '2019-02-04 09:55:32');
INSERT INTO tb_membros VALUES ( '12', 'Transferência', '1', 'membro', 'sim', 'nao', 'm', 'nao', 'Vanildo Alves', '', '', '1980-02-23', '', '', '', '', 'nao', '', 'casado', '', 'Av. Otaviano Alves de Lima', '3600', '', 'Freguesia do Ó', 'São Paulo', 'SP', 'sim', 'sim', 'nao', '', 'nao', '', '-23.5072616', '-46.6923888', '2017-01-01 00:00:00', '2017-11-22 15:33:13');
INSERT INTO tb_membros VALUES ( '13', 'Transferência', '1', 'membro', 'sim', 'nao', 'f', 'nao', 'Marlene Puttlitz Alves', '', '', '1980-01-24', '', '', '', '', 'nao', '', 'casado', '', 'Av. Otaviano Alves de Lima', '3600', '', 'Freguesia do Ó', 'São Paulo', 'SP', 'sim', 'sim', 'sim', '', 'nao', '', '-23.5072616', '-46.6923888', '2017-01-01 00:00:00', '2017-08-29 17:06:11');
INSERT INTO tb_membros VALUES ( '14', 'Transferência', '1', 'membro', 'sim', 'nao', 'f', 'nao', 'Yngrid Puttlitz Alves', '', '', '2014-02-18', '', '', '', '', 'nao', '', 'solteiro', '', 'Av. Otaviano Alves de Lima', '3600', '', 'Freguesia do Ó', 'São Paulo', 'SP', 'nao', 'nao', 'nao', '', 'nao', '', '-23.5072616', '-46.6923888', '2017-01-01 00:00:00', '2017-08-29 17:09:42');
INSERT INTO tb_membros VALUES ( '15', 'Transferência', '1', 'membro', 'sim', 'nao', 'm', 'nao', 'Marco Antônio André', '', '', '1949-01-08', '', '', '', '', 'nao', '', 'casado', '', 'Av. Sarah Veloso', '881', '', 'Jardim Paulista', 'Osasco', 'SP', 'sim', 'sim', 'sim', '', 'nao', '', '-23.5667002', '-46.8058372', '2017-01-01 00:00:00', '2017-08-29 17:14:19');
INSERT INTO tb_membros VALUES ( '16', 'Transferência', '1', 'membro', 'sim', 'nao', 'f', 'nao', 'Bertha Luisa André', '', '', '1948-10-05', '', '', '', '', '', '', 'casado', '', 'Av. Sarah Veloso', '881', '', 'Jardim Paulista', 'Osasco', 'sp', 'sim', 'sim', 'sim', '', 'nao', '', '-23.5667101', '-46.8058356', '2017-01-01 00:00:00', '2017-11-22 09:26:51');
INSERT INTO tb_membros VALUES ( '17', 'Transferência', '1', 'membro', 'sim', 'nao', 'm', 'nao', 'Carlos Alberto André', '', '', '1986-12-09', '', '', '', '', 'nao', '', 'solteiro', '', 'Av. Sarah Veloso', '881', '', 'Jardim Paulista', 'Osasco', 'SP', 'sim', 'sim', 'nao', '', 'nao', '', '-23.5667101', '-46.8058356', '2017-01-01 00:00:00', '2017-11-22 09:29:01');
INSERT INTO tb_membros VALUES ( '18', 'Transferência', '1', 'membro', 'sim', 'nao', 'm', 'nao', 'Renato Waclawovsky', '', '', '1942-01-25', '', '', '', '', 'nao', '', 'casado', '13233-500', 'Estrada das Palmeiras', '779', '', 'Estância Figueira Branca', 'Campo Limpo Paulista', 'SP', 'sim', 'sim', 'sim', '', 'sim', '', '-23.1849289', '-46.7587160', '2017-01-01 00:00:00', '2017-12-19 14:52:15');
INSERT INTO tb_membros VALUES ( '19', 'Transferência', '1', 'membro', 'sim', 'nao', 'f', 'nao', 'Regina Célia Domenech Waclawovsky', '', '', '1944-04-18', '', '', '', '', 'nao', '', 'casado', '13233-500', 'Estrada das Palmeiras', '779', '', 'Estância Figueira Branca', 'Campo Limpo Paulista', 'SP', 'sim', 'sim', 'sim', '', 'nao', '', '-23.1849289', '-46.7587160', '2017-01-01 00:00:00', '2017-10-15 16:25:25');
INSERT INTO tb_membros VALUES ( '20', 'Transferência', '1', 'membro', 'sim', 'nao', 'm', 'nao', 'Daniel Domenech Waclawovsky', '', '', '1981-01-25', '', '', '', '', 'nao', '', 'solteiro', '13233-500', 'Estrada das Palmeiras', '779', '', 'Estância Figueira Branca', 'Campo Limpo Paulista', 'SP', 'sim', 'sim', 'nao', '', 'nao', '', '-23.1849289', '-46.7587160', '2017-01-01 00:00:00', '2017-10-15 16:22:32');
INSERT INTO tb_membros VALUES ( '21', 'Transferência', '1', 'membro', 'nao', 'nao', 'm', 'nao', 'Carlos Alberto Leão', '556370132', '046.992.336-94', '1980-07-13', 'Arcos', 'Minas Gerais', '', 'O+', 'nao', 'Médico', 'casado', '06086-120', 'Rua Adolpho Bozzi', '257', 'Apto 11', 'Vila Osasco', 'Osasco', 'SP', 'sim', 'sim', 'sim', '', 'nao', '', '-23.5360476', '-46.7856113', '2017-01-01 00:00:00', '2018-08-02 18:53:37');
INSERT INTO tb_membros VALUES ( '23', 'Transferência', '1', 'membro', 'sim', 'nao', 'm', 'nao', 'Sérgio Maingue Bastos', '', '', '1937-09-03', '', '', '', '', 'nao', '', 'solteiro', '02802-041', 'Rua Alberto Zandoni', '143', '', 'Vila Primavera', 'São Paulo', 'SP', 'sim', 'sim', 'sim', '', 'sim', '', '-23.4875120', '-46.6943313', '2017-01-01 00:00:00', '2017-10-10 15:38:53');
INSERT INTO tb_membros VALUES ( '24', 'Transferência', '1', 'membro', 'sim', 'nao', 'm', 'nao', 'Luis Antônio André', '', '', '1979-07-06', '', '', '', '', 'nao', '', 'solteiro', '', 'Av. Sarah Veloso', '881', '', 'Jardim Paulista', 'Osasco', 'SP', 'sim', 'sim', 'nao', '', 'nao', '', '-23.5667002', '-46.8058372', '2017-01-01 00:00:00', '2017-08-30 14:17:03');
INSERT INTO tb_membros VALUES ( '25', 'Transferência', '1', 'membro', 'sim', 'nao', 'm', 'nao', 'Paulo Augusto André', '', '', '1983-03-18', '', '', '', '', 'nao', '', 'casado', '', '', '', '', '', '', '', 'sim', 'sim', 'nao', '', 'nao', '', '-14.2350040', '-51.9252800', '2017-01-01 00:00:00', '2019-02-24 17:44:48');
INSERT INTO tb_membros VALUES ( '26', 'Transferência', '1', 'simpatizante', 'sim', 'nao', 'f', 'nao', 'Ísis Martinho André', '', '', '1981-04-17', '', '', '', '', 'nao', '', 'casado', '', '', '', '', '', '', '', 'nao', 'sim', 'nao', '', 'nao', '', '-14.2350040', '-51.9252800', '2017-01-01 00:00:00', '2018-05-09 10:40:11');
INSERT INTO tb_membros VALUES ( '27', 'Transferência', '1', 'membro', 'sim', 'nao', 'm', 'nao', 'Henrique Martinho André', '', '', '2011-06-29', '', '', '', '', 'nao', '', 'solteiro', '', '', '', '', '', '', '', 'nao', 'nao', 'nao', '', 'nao', '', '-14.2350040', '-51.9252800', '2017-01-01 00:00:00', '2017-08-30 14:29:37');
INSERT INTO tb_membros VALUES ( '28', 'Transferência', '1', 'membro', 'sim', 'nao', 'f', 'nao', 'Anete Holzapfel Benvenutti', '667.764-1', '899.087.328-20', '1954-03-26', 'Irineópolis', 'SC', '', '', 'nao', '', 'casado', '05051-000', 'Rua Tito', '535', 'Apto 101 Edifício Fiori', 'Vila Romana', 'São Paulo', 'SP', 'sim', 'sim', 'sim', '', 'nao', '', '-23.5282347', '-46.6970347', '1964-01-05 00:00:00', '2018-03-05 10:32:12');
INSERT INTO tb_membros VALUES ( '29', 'Transferência', '1', 'membro', 'sim', 'nao', 'm', 'nao', 'Carlos Alberto Benvenutti', '', '', '1952-11-16', '', '', '', '', 'nao', '', 'casado', '05051-000', 'Rua Tito', '535', 'Apto 101 Edifício Fiori', 'Vila Romana', 'São Paulo', 'SP', 'sim', 'sim', 'sim', '', 'nao', '', '-23.5282347', '-46.6970347', '2000-01-02 00:00:00', '2018-03-05 10:34:19');
INSERT INTO tb_membros VALUES ( '30', 'Transferência', '1', 'membro', 'sim', 'nao', 'f', 'nao', 'Gilceide Barbieri', '', '', '1973-12-26', '', '', '', '', 'nao', '', 'solteiro', '', 'Rua Brasílio Del Porto', '206', '', 'Laranjeiras', 'Caieiras', 'SP', 'sim', 'sim', 'sim', '', 'nao', '', '-23.3951560', '-46.7135097', '2017-01-01 00:00:00', '2017-08-30 14:58:27');
INSERT INTO tb_membros VALUES ( '31', 'Transferência', '1', 'membro', 'sim', 'nao', 'm', 'nao', 'Guilherme Barbieri Máximo', '', '', '1999-03-09', '', '', '', '', 'nao', '', 'solteiro', '', 'Rua Brasílio Del Porto', '206', '', 'Laranjeiras', 'Caieiras', 'SP', 'sim', 'sim', 'sim', '', 'nao', '', '-23.3951560', '-46.7135097', '2017-01-01 00:00:00', '2017-11-22 11:00:45');
INSERT INTO tb_membros VALUES ( '32', 'Transferência', '1', 'membro', 'sim', 'nao', 'f', 'nao', 'Rejane Maria Silva Camargo ', '', '', '1957-06-19', '', '', '', '', 'nao', '', 'casado', '05331-020', 'Rua Parnamirim', '213', '', 'Jaguaré', 'São Paulo', 'SP', 'sim', 'sim', 'nao', '', 'nao', '', '-23.5439235', '-46.7493277', '2017-01-01 00:00:00', '2017-11-22 15:24:36');
INSERT INTO tb_membros VALUES ( '33', 'Transferência', '1', 'membro', 'sim', 'nao', 'm', 'nao', 'Claudeci Kipper', '', '', '1968-07-14', '', '', '', '', 'nao', '', 'casado', '06230-150', 'Avenida Edmundo Amaral', '3935', 'Apto 31 - Bloco 10', 'Piratininga', 'Osasco', 'SP', 'sim', 'sim', 'sim', '', 'nao', '', '-23.5141485', '-46.8041505', '2017-01-01 00:00:00', '2017-08-31 08:59:47');
INSERT INTO tb_membros VALUES ( '34', 'Transferência', '1', 'membro', 'sim', 'nao', 'm', 'nao', 'Rômulo Guedes Batista', '', '', '1965-05-18', '', '', '', '', 'nao', '', 'solteiro', '02374-050', 'Rua Josefina Arnoni', '115', 'Apto 64 Bloco 02', 'Vila Irmãos Arnoni', 'São Paulo', 'SP', 'sim', 'sim', 'sim', '', 'nao', '', '-23.4572828', '-46.6208532', '2017-01-01 00:00:00', '2017-08-31 09:07:00');
INSERT INTO tb_membros VALUES ( '35', 'Transferência', '1', 'membro', 'sim', 'nao', 'f', 'nao', 'Ducinalda Binow', '', '', '1966-02-12', '', '', '', '', 'nao', '', 'casado', '06230-150', 'Avenida Edmundo Amaral', '3935', 'Apto 31 - Bloco 10', 'Piratininga', 'Osasco', 'SP', 'sim', 'sim', 'sim', '', 'nao', '', '-23.5141485', '-46.8041505', '2017-01-01 00:00:00', '2017-11-21 10:38:14');
INSERT INTO tb_membros VALUES ( '36', 'Transferência', '1', 'membro', 'sim', 'nao', 'm', 'nao', 'Marcelo Tadeu Barbosa', '', '', '1970-07-22', '', '', '', '', 'nao', '', 'casado', '02473-070', 'Rua Soares dos Reis', '97', 'Casa 2', 'Vila Roque', 'São Paulo', 'SP', 'sim', 'sim', 'nao', '', 'nao', '', '-23.4767465', '-46.6514216', '2017-01-01 00:00:00', '2017-11-22 15:11:03');
INSERT INTO tb_membros VALUES ( '37', 'Transferência', '1', 'membro', 'sim', 'nao', 'f', 'nao', 'Márcia Cristine Osterlein Barbosa', '', '', '1973-08-06', '', '', '', '', 'nao', '', 'casado', '02473-070', 'Rua Soares dos Reis', '97', 'Casa 2', 'Vila Roque', 'São Paulo', 'SP', 'sim', 'sim', 'nao', '', 'nao', '', '-23.4767465', '-46.6514216', '2017-01-01 00:00:00', '2017-11-22 15:12:05');
INSERT INTO tb_membros VALUES ( '38', 'Batismo', '1', 'membro', 'sim', 'nao', 'f', 'nao', 'Kátia Benvenutti', '', '', '1981-02-21', 'São Paulo', 'SP', '', '', 'nao', '', 'separado', '13245-626', 'Rua Angela Gasparine Simione', '412', '', '', 'Itatiba', 'SP', 'sim', 'sim', 'sim', '', 'nao', '', '-23.0179086', '-46.8147939', '1981-07-19 00:00:00', '2018-03-05 10:37:18');
INSERT INTO tb_membros VALUES ( '39', 'Batismo', '1', 'membro', 'sim', 'nao', 'm', 'nao', 'Daniel Benvenutti Orellana', '', '', '2010-02-15', 'São Paulo', 'SP', '', '', 'nao', '', 'solteiro', '13245-626', 'Rua Angela Gasparine Simione', '412', '', '', 'Itatiba', 'SP', 'nao', 'nao', 'nao', '', 'nao', '', '-23.0179086', '-46.8147939', '2017-01-01 00:00:00', '2018-03-05 10:40:43');
INSERT INTO tb_membros VALUES ( '40', 'Transferência', '1', 'membro', 'sim', 'nao', 'm', 'nao', 'Geraldo Francisco Bernardo', '', '', '1953-06-06', '', '', '', '', 'nao', '', 'solteiro', '03951-060', 'Rua Pacheco Gato', '115', '', 'Jardim Nove de Julho', 'São Paulo', 'SP', 'sim', 'sim', 'nao', '', 'nao', '', '-23.5869434', '-46.4877756', '2017-01-01 00:00:00', '2017-11-22 10:59:02');
INSERT INTO tb_membros VALUES ( '41', 'Transferência', '1', 'membro', 'sim', 'nao', 'm', 'nao', 'Izaltino Binow', '340.446', '575.397.827-49', '1953-09-26', 'São Gabriel da Palha', 'ES', '', '', 'nao', '', 'casado', '07230-000', 'Estrada Velha Guarulhos-São Miguel', '997', '', 'Jardim Santa Helena', 'Guarulhos', 'SP', 'sim', 'sim', 'sim', '', 'nao', '', '-23.4529251', '-46.4538195', '2017-01-01 00:00:00', '2019-02-28 11:09:40');
INSERT INTO tb_membros VALUES ( '42', 'Transferência', '1', 'membro', 'sim', 'nao', 'f', 'nao', 'Benilda Marlene Ahnert Binow', '64.888.108-8', '784.551.707-00', '1956-08-09', 'Baixo Guandu', '', '', '', 'nao', '', 'casado', '07230-000', 'Estrada Velha Guarulhos-São Miguel', '997', '', 'Jardim Santa Helena', 'Guarulhos', 'SP', 'sim', 'sim', 'nao', '', 'nao', '', '-23.4529251', '-46.4538195', '2013-01-01 00:00:00', '2019-02-28 11:13:14');
INSERT INTO tb_membros VALUES ( '43', 'Profissão de fé', '1', 'membro', 'sim', 'nao', 'm', 'nao', 'Paulo Ubiratã Bastianello Cezar', '900.822.326-6', '184.923.471-04', '1957-04-01', 'Santa Maria', 'RS', '', 'A+', 'nao', 'Funcionário Publico', 'casado', '06230-150', 'Avenida Edmundo Amaral', '3935', 'Apto 112 - Bloco 15', 'Piratininga', 'Osasco', 'SP', 'sim', 'sim', 'sim', '', 'nao', '', '-23.5141485', '-46.8041505', '1996-01-07 00:00:00', '2018-02-24 17:41:28');
INSERT INTO tb_membros VALUES ( '44', 'Transferência', '1', 'membro', 'sim', 'nao', 'f', 'nao', 'Lisiane Cezar', '800.988.627-9 SSP RS', '331.234.200-78', '1960-12-27', 'Santo Angelo', 'RS', '', 'O+', 'nao', 'Cirurgiã Dentista', 'casado', '06230-150', 'Avenida Edmundo Amaral', '3935', 'Apto 112 - Bloco 15', 'Piratininga', 'Osasco', 'SP', 'sim', 'sim', 'sim', '', 'nao', '', '-23.5141485', '-46.8041505', '1989-01-01 00:00:00', '2018-02-24 17:17:26');
INSERT INTO tb_membros VALUES ( '45', 'Transferência', '1', 'membro', 'sim', 'nao', 'm', 'nao', 'Fernando Sakis Cezar', '47.882.246-7', '409.153.658-12', '1991-01-10', 'Santo Angelo', 'RS', '', 'A+', 'nao', 'Estudante', 'solteiro', '06230-150', 'Avenida Edmundo Amaral', '3935', 'Apto 112 - Bloco 15', 'Piratininga', 'Osasco', 'SP', 'sim', 'sim', 'nao', '', 'nao', '', '-23.5141485', '-46.8041505', '1991-01-19 00:00:00', '2018-02-24 17:47:40');
INSERT INTO tb_membros VALUES ( '46', 'Batismo', '1', 'membro', 'sim', 'nao', 'f', 'nao', 'Isabela Sakis Cezar', '54.127.071-0', '447.680.058-02', '2002-11-03', 'São Paulo', 'SP', '', 'O+', 'nao', 'Estudante', 'solteiro', '06230-150', 'Avenida Edmundo Amaral', '3935', 'Apto 112 - Bloco 15', 'Piratininga', 'Osasco', 'SP', 'sim', 'nao', 'nao', '', 'nao', '', '-23.5141485', '-46.8041505', '2002-12-08 00:00:00', '2018-02-24 15:51:31');
INSERT INTO tb_membros VALUES ( '47', 'Transferência', '1', 'membro', 'sim', 'nao', 'm', 'nao', 'Carlos Clauhs', '', '', '1939-11-12', '', '', '', '', 'nao', '', 'solteiro', '02129-001', 'Rua Sargento Agostinho Ferreira', '832', '', 'Vila Maria', 'São Paulo', 'SP', 'sim', 'sim', 'nao', '', 'nao', '', '-23.5046452', '-46.5864060', '2017-01-01 00:00:00', '2017-10-17 15:25:59');
INSERT INTO tb_membros VALUES ( '48', 'Transferência', '1', 'membro', 'sim', 'nao', 'm', 'nao', 'Roni Clauhs', '', '', '1972-08-14', '', '', '', '', 'nao', '', 'solteiro', '02129-001', 'Rua Sargento Agostinho Ferreira', '832', '', 'Vila Maria', 'São Paulo', 'SP', 'sim', 'sim', 'nao', '', 'nao', '', '-23.5046452', '-46.5864060', '2017-01-01 00:00:00', '2017-08-31 21:34:12');
INSERT INTO tb_membros VALUES ( '49', 'Transferência', '1', 'membro', 'sim', 'nao', 'm', 'sim', 'Sergio Renato Flor', '', '', '1962-10-08', '', '', '', '', 'nao', 'Pastor', 'casado', '05141-040', 'Rua Frei Benvindo Destefani', '59', '', 'Chácara Inglesa', 'São Paulo', 'SP', 'sim', 'sim', 'sim', '', 'nao', '', '-23.4915695', '-46.7312676', '2017-01-01 00:00:00', '2017-08-31 21:40:45');
INSERT INTO tb_membros VALUES ( '50', 'Transferência', '1', 'membro', 'sim', 'nao', 'f', 'nao', 'Célia Maria Flor', '', '', '1963-06-15', '', '', '', '', 'nao', '', 'casado', '05141-040', 'Rua Frei Benvindo Destefani', '59', '', 'Chácara Inglesa', 'São Paulo', 'SP', 'sim', 'sim', 'nao', '', 'nao', '', '-23.4915695', '-46.7312676', '2017-01-01 00:00:00', '2017-11-21 10:37:20');
INSERT INTO tb_membros VALUES ( '51', 'Transferência', '1', 'membro', 'sim', 'nao', 'm', 'nao', 'Arthur Petry Flor', '', '', '1996-06-15', 'Cascavel', 'PR', '', '', 'nao', '', 'solteiro', '05141-040', 'Rua Frei Benvindo Destefani', '59', '', 'Chácara Inglesa', 'São Paulo', 'SP', 'sim', 'sim', 'sim', '', 'nao', '', '-23.4923205', '-46.7309518', '2017-01-01 00:00:00', '2017-11-22 09:25:53');
INSERT INTO tb_membros VALUES ( '52', 'Transferência', '1', 'membro', 'sim', 'nao', 'm', 'nao', 'João Ademir Favali', '', '', '1965-03-20', '', '', '', '', 'nao', '', 'casado', '02945-010', 'Rua Coração de Bugre', '358', '', 'Jardim Cidade Pirituba', 'São Paulo', 'SP', 'sim', 'sim', 'sim', '', 'nao', '', '-23.4830982', '-46.7238524', '2017-01-01 00:00:00', '2017-11-21 10:51:02');
INSERT INTO tb_membros VALUES ( '53', 'Transferência', '1', 'membro', 'sim', 'nao', 'f', 'nao', 'Milena Cristina de Oliveira Favali', '', '', '1977-12-12', '', '', '', '', 'nao', '', 'casado', '02945-010', 'Rua Coração de Bugre', '358', '', 'Jardim Cidade Pirituba', 'São Paulo', 'SP', 'sim', 'sim', 'sim', '', 'nao', '', '-23.4830982', '-46.7238524', '2017-01-01 00:00:00', '2017-11-22 11:11:05');
INSERT INTO tb_membros VALUES ( '54', 'Transferência', '1', 'membro', 'sim', 'nao', 'f', 'nao', 'Carla Cristina Uhlig Fernandes', '', '', '1956-04-07', '', '', '', '', 'nao', '', 'viuvo', '05004-020', 'Rua Capitão Messias', '64', 'Apto 124', 'Perdizes', 'São Paulo', 'SP', 'sim', 'sim', 'sim', '', 'nao', '', '-23.5337833', '-46.6641904', '2017-01-01 00:00:00', '2019-04-02 10:37:49');
INSERT INTO tb_membros VALUES ( '55', 'Transferência', '1', 'membro', 'sim', 'nao', 'm', 'nao', 'Breno Carlos Hesse', '7.456.603-9', '', '1949-01-22', 'Barros Cassal', 'RS', '', 'O+', 'nao', 'Aposentado', 'casado', '02920-140', 'Rua Doutor Luís Barreto Filho', '142', 'Casa', 'Vila Pereira Barreto', 'São Paulo', 'SP', 'sim', 'sim', 'nao', '', 'nao', '', '-23.4894297', '-46.7222216', '1969-02-02 00:00:00', '2018-02-19 17:33:25');
INSERT INTO tb_membros VALUES ( '56', 'Transferência', '1', 'membro', 'sim', 'nao', 'f', 'nao', 'Irene Hasse Hesse', '4.984.229 SSP-SP', '193.800.598-84', '1948-01-13', 'Rio de Janeiro', 'RJ', '', 'O+', 'nao', 'Aposentada', 'casado', '02920-140', 'Rua Doutor Luís Barreto Filho', '142', 'Casa', 'Vila Pereira Barreto', 'São Paulo', 'SP', 'sim', 'sim', 'nao', '', 'nao', 'Transferencia 02/06/1963. Oficialmente já era membro durante a missão, antes da fundação da CEL Bom Pastor', '-23.4894297', '-46.7222216', '1963-06-02 00:00:00', '2018-02-20 09:40:38');
INSERT INTO tb_membros VALUES ( '57', 'Transferência', '1', 'membro', 'sim', 'nao', 'm', 'nao', 'Carlos Fernando Hesse', '', '', '1975-02-14', '', '', '', '', 'nao', '', 'solteiro', '02920-140', 'Rua Doutor Luís Barreto Filho', '142', '', 'Vila Pereira Barreto', 'São Paulo', 'SP', 'sim', 'nao', 'sim', '', 'nao', '', '-23.4894770', '-46.7222504', '2017-01-01 00:00:00', '2017-11-22 09:31:26');
INSERT INTO tb_membros VALUES ( '58', 'Transferência', '1', 'membro', 'sim', 'nao', 'm', 'nao', 'Rony Griesang', '', '', '1974-05-29', '', '', '', '', 'nao', '', 'casado', '05208-030', 'Rua Jesuíno Cássia de Lustosa', '30', '', 'Vila Perus', 'São Paulo', 'SP', 'sim', 'sim', 'sim', '', 'nao', '', '-23.4127649', '-46.7539881', '2017-01-01 00:00:00', '2017-11-21 11:08:48');
INSERT INTO tb_membros VALUES ( '59', 'Transferência', '1', 'membro', 'sim', 'nao', 'f', 'nao', 'Inês Rodrigues dos Santos Griesang', '', '', '1965-04-23', '', '', '', '', 'nao', '', 'casado', '05208-030', 'Rua Jesuíno Cássia de Lustosa', '30', '', 'Vila Perus', 'São Paulo', 'SP', 'sim', 'sim', 'sim', '', 'nao', '', '-23.4127649', '-46.7539881', '2017-01-01 00:00:00', '2017-11-22 11:01:54');
INSERT INTO tb_membros VALUES ( '60', 'Transferência', '1', 'membro', 'sim', 'nao', 'm', 'nao', 'Matheus Rodrigues Griesang', '', '', '2000-04-14', '', '', '', '', 'nao', '', 'solteiro', '05208-030', 'Rua Jesuíno Cássia de Lustosa', '30', '', 'Vila Perus', 'São Paulo', 'SP', 'sim', 'nao', 'nao', '', 'nao', '', '-23.4127649', '-46.7539881', '2017-01-01 00:00:00', '2017-09-08 11:24:59');
INSERT INTO tb_membros VALUES ( '61', 'Transferência', '1', 'membro', 'sim', 'nao', 'f', 'nao', 'Giovana Aparecida Griesang', '', '', '2006-07-01', '', '', '', '', 'nao', '', 'solteiro', '05208-030', 'Rua Jesuíno Cássia de Lustosa', '30', '', 'Vila Perus', 'São Paulo', 'SP', 'nao', 'nao', 'nao', '', 'nao', '', '-23.4127649', '-46.7539881', '2017-01-01 00:00:00', '2017-09-08 11:28:26');
INSERT INTO tb_membros VALUES ( '62', 'Transferência', '1', 'membro', 'sim', 'nao', 'f', 'nao', 'Márcia Griesang', '', '', '1900-08-19', '', '', '', '', 'nao', '', 'solteiro', '05089-000', 'Rua Guaipá', '778', 'Bloco 3/112', 'Vila Leopoldina', 'São Paulo', 'SP', 'sim', 'sim', 'nao', '', 'nao', '', '-23.5209631', '-46.7296077', '2017-01-01 00:00:00', '2017-11-22 15:13:07');
INSERT INTO tb_membros VALUES ( '63', 'Transferência', '1', 'membro', 'sim', 'nao', 'f', 'nao', 'Rafaela Griesang', '', '', '2009-09-15', '', '', '', '', 'nao', '', 'solteiro', '05089-000', 'Rua Guaipá', '778', 'Bloco 3/112', 'Vila Leopoldina', 'São Paulo', 'SP', 'nao', 'nao', 'nao', '', 'nao', '', '-23.5209631', '-46.7296077', '2017-01-01 00:00:00', '2017-09-08 11:51:14');
INSERT INTO tb_membros VALUES ( '64', 'Profissão de fé', '1', 'membro', 'sim', 'nao', 'm', 'nao', 'Wolfgang Rickert', 'RNE: W317000-F', '913.408.298-00', '1945-02-02', 'Hamburgo - Alemanha', 'Alemanha', '', 'A+', 'nao', 'Aposentado(a)', 'casado', '02558-090', 'Rua Padre Moura', '81', 'Apto 84', 'Vila Prado', 'São Paulo', 'SP', 'sim', 'sim', 'sim', '', 'nao', '', '-23.4982322', '-46.6750588', '1989-04-02 00:00:00', '2018-01-01 16:57:29');
INSERT INTO tb_membros VALUES ( '65', 'Profissão de fé', '1', 'membro', 'sim', 'nao', 'f', 'nao', 'Alzenir Rickert', '', '', '1953-07-12', 'Limoeiro', 'CE', '', '', 'nao', 'Do Lar', 'casado', '02558-090', 'Rua Padre Moura', '81', 'Apto 84', 'Vila Prado', 'São Paulo', 'SP', 'sim', 'sim', 'sim', '', 'nao', '', '-23.4982322', '-46.6750588', '1989-04-02 00:00:00', '2018-01-01 16:49:56');
INSERT INTO tb_membros VALUES ( '66', 'Transferência', '1', 'membro', 'sim', 'nao', 'm', 'nao', 'José Andrew Rickert', '', '', '1977-02-15', '', '', '', '', 'nao', '', 'casado', '02722-030', 'Avenida Clavásio Alves da Silva', '374', '', 'Vila Siqueira (Zona Norte)', 'São Paulo', 'SP', 'sim', 'sim', 'nao', '', 'nao', '', '-23.5002980', '-46.6779350', '2017-01-01 00:00:00', '2019-02-04 09:50:31');
INSERT INTO tb_membros VALUES ( '67', 'Transferência', '1', 'membro', 'sim', 'nao', 'f', 'nao', 'Carina Taisa Osterlein Rickert', '', '', '1980-02-21', '', '', '', '', 'nao', '', 'casado', '02722-030', 'Avenida Clavásio Alves da Silva', '374', '', 'Vila Siqueira (Zona Norte)', 'São Paulo', 'SP', 'sim', 'sim', 'nao', '', 'nao', '', '-23.5003143', '-46.6779766', '2017-01-01 00:00:00', '2017-10-17 15:21:51');
INSERT INTO tb_membros VALUES ( '68', 'Transferência', '1', 'membro', 'nao', 'nao', 'm', 'nao', 'Vanderlei Sperb', '', '', '1980-02-17', '', '', '', '', 'nao', '', 'casado', '', '', '', '', '', '', '', 'sim', 'sim', 'sim', '', 'nao', '', '-14.2350040', '-51.9252800', '2017-01-01 00:00:00', '2019-07-04 12:04:12');
INSERT INTO tb_membros VALUES ( '69', 'Transferência', '1', 'membro', 'nao', 'nao', 'f', 'nao', 'Lourdes Galvão Sperb', '', '', '1988-05-09', '', '', '', '', 'nao', '', 'casado', '', '', '', '', '', '', '', 'sim', 'sim', 'sim', '', 'nao', '', '-14.2350040', '-51.9252800', '2017-01-01 00:00:00', '2019-07-04 12:04:12');
INSERT INTO tb_membros VALUES ( '70', 'Transferência', '1', 'membro', 'nao', 'nao', 'm', 'nao', 'Ezequiel Sperb', '', '', '2009-07-12', '', '', '', '', 'nao', '', 'solteiro', '', '', '', '', '', '', '', 'nao', 'nao', 'nao', '', 'nao', '', '-14.2350040', '-51.9252800', '2017-01-01 00:00:00', '2019-07-04 12:04:12');
INSERT INTO tb_membros VALUES ( '71', 'Transferência', '1', 'membro', 'nao', 'nao', 'm', 'nao', 'Eliezer Sperb', '', '', '2012-01-28', '', '', '', '', 'nao', '', 'solteiro', '', '', '', '', '', '', '', 'nao', 'nao', 'nao', '', 'nao', '', '-14.2350040', '-51.9252800', '2017-01-01 00:00:00', '2019-07-04 12:04:12');
INSERT INTO tb_membros VALUES ( '72', 'Transferência', '1', 'membro', 'sim', 'nao', 'f', 'nao', 'Elza Batista Strelow', '2.585.190', '991.245.568-15', '1934-12-10', 'Ribeirão Bonito', 'SP', '', '', 'nao', '', 'viuvo', '05015-000', 'Rua Ministro Godói', '195', 'Apto 83', 'Perdizes', 'São Paulo', 'SP', 'sim', 'sim', 'nao', '', 'nao', '', '-23.5315701', '-46.6681672', '2017-01-01 00:00:00', '2018-02-20 10:03:02');
INSERT INTO tb_membros VALUES ( '73', 'Transferência', '1', 'membro', 'sim', 'nao', 'f', 'nao', 'Patrícia Strelow', '19.609.448-3', '126.742.428-17', '1970-06-02', 'São Paulo', 'SP', '', '', 'nao', '', 'solteiro', '05015-000', 'Rua Ministro Godói', '195', 'Apto 83', 'Perdizes', 'São Paulo', 'SP', 'sim', 'sim', 'nao', '', 'nao', '', '-23.5315701', '-46.6681672', '2017-01-01 00:00:00', '2018-02-20 09:54:04');
INSERT INTO tb_membros VALUES ( '74', 'Transferência', '1', 'membro', 'sim', 'nao', 'm', 'nao', 'Paulo de Piratininga Barbosa Vianna', '', '', '1954-01-28', '', '', '', '', 'nao', '', 'casado', '01202-002', 'Alameda Barão de Limeira', '1283', 'Apto 51', 'Campos Elíseos', 'São Paulo', 'SP', 'sim', 'sim', 'nao', '', 'nao', '', '-23.5309528', '-46.6504816', '2017-01-01 00:00:00', '2017-09-08 16:22:38');
INSERT INTO tb_membros VALUES ( '75', 'Transferência', '1', 'membro', 'sim', 'nao', 'f', 'nao', 'Sandra Bernardete de Lara Vianna', '', '', '1957-08-03', '', '', '', '', 'nao', '', 'casado', '01202-002', 'Alameda Barão de Limeira', '1283', 'Apto 51', 'Campos Elíseos', 'São Paulo', 'SP', 'sim', 'sim', 'nao', '', 'nao', '', '-23.5309528', '-46.6504816', '2017-01-01 00:00:00', '2017-09-08 16:26:21');
INSERT INTO tb_membros VALUES ( '76', 'Transferência', '1', 'membro', 'sim', 'nao', 'f', 'nao', 'Isadora de Lara Vianna', '', '', '1990-04-16', '', '', '', '', 'nao', '', 'solteiro', '01202-002', 'Alameda Barão de Limeira', '1283', 'Apto 51', 'Campos Elíseos', 'São Paulo', 'SP', 'sim', 'sim', 'nao', '', 'nao', '', '-23.5309528', '-46.6504816', '2017-01-01 00:00:00', '2017-09-08 16:29:37');
INSERT INTO tb_membros VALUES ( '77', 'Transferência', '1', 'membro', 'sim', 'nao', 'f', 'nao', 'Amália Holzapfel', '', '', '1925-05-30', 'Irineópolis', 'SC', '', '', 'nao', '', 'viuvo', '05051-000', 'Rua Tito', '535', 'Apto 101 - Edifício Fiori', 'Vila Romana', 'São Paulo', 'SP', 'sim', 'sim', 'sim', '', 'nao', '', '-23.5283041', '-46.6978093', '1964-01-05 00:00:00', '2018-06-03 16:34:27');
INSERT INTO tb_membros VALUES ( '78', '', '1', 'simpatizante', 'sim', 'nao', 'm', 'nao', 'João Giovanelli', '', '', '2017-01-01', '', '', '', '', '', '', 'casado', '05209-330', 'Travessa das Hortênsias', '14', '', 'Conjunto Habitacional Recanto dos Humildes', 'São Paulo', 'SP', 'nao', 'nao', 'nao', '', 'nao', '', '-23.4109087', '-46.7507125', '2017-01-01 00:00:00', '2017-09-08 17:31:05');
INSERT INTO tb_membros VALUES ( '79', 'Transferência', '1', 'membro', 'sim', 'nao', 'f', 'nao', 'Maria R. Paulino Giovanelli', '', '', '1959-07-19', '', '', '', '', 'nao', '', 'casado', '05209-330', 'Travessa das Hortênsias', '14', '', 'Conjunto Habitacional Recanto dos Humildes', 'São Paulo', 'SP', 'sim', 'sim', 'nao', '', 'nao', '', '-23.4109087', '-46.7507125', '2017-01-01 00:00:00', '2017-11-22 11:10:12');
INSERT INTO tb_membros VALUES ( '80', 'Transferência', '1', 'membro', 'sim', 'nao', 'f', 'nao', 'Vanessa Giovanelli', '', '', '1993-10-01', '', '', '', '', 'nao', '', 'solteiro', '05209-330', 'Travessa das Hortênsias', '14', '', 'Conjunto Habitacional Recanto dos Humildes', 'São Paulo', 'SP', 'sim', 'sim', 'nao', '', 'nao', '', '-23.4109087', '-46.7507125', '2017-01-01 00:00:00', '2017-09-08 17:37:23');
INSERT INTO tb_membros VALUES ( '81', 'Transferência', '1', 'membro', 'sim', 'nao', 'm', 'nao', 'Rodrigo Paulino Giovanelli', '', '', '1996-03-13', '', '', '', '', 'nao', '', 'solteiro', '05209-330', 'Travessa das Hortênsias', '14', '', 'Conjunto Habitacional Recanto dos Humildes', 'São Paulo', 'SP', 'sim', 'sim', 'nao', '', 'nao', '', '-23.4109087', '-46.7507125', '2017-01-01 00:00:00', '2017-09-08 17:40:21');
INSERT INTO tb_membros VALUES ( '82', 'Transferência', '1', 'membro', 'sim', 'nao', 'm', 'nao', 'Nilson Alves de Oliveira', '', '', '1962-06-23', '', '', '', '', 'nao', '', 'solteiro', '02846-010', 'Estrada Lázaro Amâncio de Barros', '239', '', 'Vila Itaberaba', 'São Paulo', 'SP', 'sim', 'sim', 'nao', '', 'nao', '', '-23.4669928', '-46.6948517', '2017-01-01 00:00:00', '2017-11-22 15:16:04');
INSERT INTO tb_membros VALUES ( '83', 'Transferência', '1', 'membro', 'sim', 'nao', 'f', 'nao', 'Maria Aparecida Orgado', '', '', '1941-09-08', '', '', '', '', 'nao', '', 'solteiro', '05038-010', 'Praça Jácomo Zanela', '873', 'Apto 25', 'Água Branca', 'São Paulo', 'SP', 'sim', 'sim', 'sim', '', 'nao', '', '-23.5157576', '-46.6976153', '2017-01-01 00:00:00', '2017-09-10 18:11:49');
INSERT INTO tb_membros VALUES ( '84', 'Transferência', '1', 'membro', 'sim', 'nao', 'f', 'nao', 'Bertha Hildegard Pudell', '', '', '1930-07-05', '', '', '', '', 'nao', 'Aposentada', 'viuvo', '03718-020', 'Rua Juriti-Piranga', '103', '', 'Jardim São Francisco (Zona Leste)', 'São Paulo', 'SP', 'sim', 'sim', 'sim', '', 'nao', '', '-23.4984987', '-46.5300428', '2017-01-01 00:00:00', '2017-09-10 18:16:27');
INSERT INTO tb_membros VALUES ( '85', 'Transferência', '1', 'membro', 'sim', 'nao', 'f', 'nao', 'Erna Pudell Vieira de Sena', '', '', '1953-10-29', '', '', '', '', 'nao', '', 'viuvo', '03731-040', 'Rua Liverpool', '5', '', 'Vila Londrina', 'São Paulo', 'SP', 'sim', 'sim', 'sim', '', 'nao', '', '-23.5102914', '-46.5361974', '2017-01-01 00:00:00', '2017-09-10 18:21:37');
INSERT INTO tb_membros VALUES ( '86', 'Transferência', '1', 'membro', 'sim', 'nao', 'm', 'nao', 'Gilvanildo Silva', '17.996.674-1', '090.049.118-39', '1967-05-10', 'São Paulo', 'SP', '', 'O+', 'nao', 'Professor', 'separado', '06186-130', 'Rua Luiz Henrique de Oliveira', '111', 'Apto 92', 'Quitaúna', 'Osasco', 'SP', 'sim', 'sim', 'nao', '', 'nao', '', '-23.5257026', '-46.8149144', '2012-06-10 00:00:00', '2018-02-25 15:34:54');
INSERT INTO tb_membros VALUES ( '87', 'Transferência', '1', 'membro', 'sim', 'nao', 'f', 'nao', 'Cristiane Uhlig Fernandes Barreiros', '', '', '1980-09-22', '', '', '', '', 'nao', '', 'casado', '05018-010', 'Rua Aimberê', '466', 'Apto 131', 'Perdizes', 'São Paulo', 'SP', 'sim', 'sim', 'nao', '', 'nao', '', '-23.5346235', '-46.6796381', '2017-01-01 00:00:00', '2017-11-22 10:48:52');
INSERT INTO tb_membros VALUES ( '88', 'Transferência', '1', 'membro', 'sim', 'nao', 'm', 'nao', 'Guilherme Fernandes Barreiros', '', '', '2008-11-14', '', '', '', '', 'nao', '', 'solteiro', '05018-010', 'Rua Aimberê', '466', 'Apto 131', 'Perdizes', 'São Paulo', 'SP', 'nao', 'nao', 'nao', '', 'nao', '', '-23.5346235', '-46.6796381', '2017-01-01 00:00:00', '2017-09-10 18:36:10');
INSERT INTO tb_membros VALUES ( '89', 'Transferência', '1', 'membro', 'sim', 'nao', 'f', 'nao', 'Larissa Hanke Batista', '', '', '1991-10-22', '', '', '', '', 'nao', '', 'solteiro', '05135-320', 'Rua Clodoaldo Goyanna', '209', '', 'Jardim Santo Elias', 'São Paulo', 'SP', 'sim', 'sim', 'nao', '', 'nao', '', '-23.4953142', '-46.7486065', '2017-01-01 00:00:00', '2017-11-22 15:05:21');
INSERT INTO tb_membros VALUES ( '90', '', '1', 'simpatizante', 'sim', 'nao', 'm', 'nao', 'Marco Aurélio Camargo', '', '', '0000-00-00', '', '', '', '', 'nao', '', 'casado', '05331-020', 'Rua Parnamirim', '213', '', 'Jaguaré', 'São Paulo', 'SP', 'nao', 'nao', 'nao', '', 'nao', '', '-23.5439235', '-46.7493277', '2017-01-01 00:00:00', '2017-09-11 17:40:41');
INSERT INTO tb_membros VALUES ( '91', 'Transferência', '1', 'membro', 'sim', 'nao', 'f', 'nao', 'Maria de Lourdes Damm', '', '', '1965-02-19', '', '', '', '', 'nao', '', 'casado', '05462-050', 'Avenida Antônio Batuira', '383', '', 'Alto de Pinheiros', 'São Paulo', 'SP', 'sim', 'sim', 'sim', '', 'nao', '', '-23.5557619', '-46.7082410', '2017-01-01 00:00:00', '2017-11-21 10:57:08');
INSERT INTO tb_membros VALUES ( '92', 'Transferência', '1', 'membro', 'sim', 'nao', 'm', 'nao', 'Eduardo Pasche', '', '', '1982-12-21', '', '', '', '', 'nao', '', 'solteiro', '05462-050', 'Avenida Antônio Batuira', '383', '', 'Alto de Pinheiros', 'São Paulo', 'SP', 'sim', 'sim', 'sim', '', 'nao', '', '-23.5557619', '-46.7082410', '2017-01-01 00:00:00', '2017-11-21 10:39:27');
INSERT INTO tb_membros VALUES ( '93', 'Transferência', '1', 'membro', 'sim', 'nao', 'f', 'nao', 'Eliani Pasche', '', '', '1983-05-01', '', '', '', '', 'nao', '', 'solteiro', '05462-050', 'Avenida Antônio Batuira', '383', '', 'Alto de Pinheiros', 'São Paulo', 'SP', 'sim', 'sim', 'sim', '', 'nao', '', '-23.5557619', '-46.7082410', '2017-01-01 00:00:00', '2017-11-21 10:40:26');
INSERT INTO tb_membros VALUES ( '94', 'Transferência', '1', 'membro', 'sim', 'nao', 'f', 'nao', 'Fabrina Diehl', '', '', '1986-09-17', '', '', '', '', 'nao', '', 'solteiro', '01228-000', 'Avenida Angélica', '382', 'Apto 15', 'Santa Cecília', 'São Paulo', 'SP', 'sim', 'sim', 'sim', '', 'nao', '', '-23.5362468', '-46.6542951', '2017-01-01 00:00:00', '2017-09-11 22:58:12');
INSERT INTO tb_membros VALUES ( '95', '', '1', 'simpatizante', 'sim', 'nao', 'm', 'nao', 'Ronaldo Correa', '', '', '0000-00-00', '', '', '', '', 'nao', '', 'casado', '06764-040', 'Rua José Maciel Neto', '215', 'Apto 144-B', 'Jardim Maria Rosa', 'Taboão da Serra', 'SP', 'nao', 'nao', 'nao', '', 'nao', '', '', '', '2017-01-01 00:00:00', '2017-09-11 18:08:51');
INSERT INTO tb_membros VALUES ( '96', 'Transferência', '1', 'membro', 'sim', 'nao', 'f', 'nao', 'Fernanda Uhlig Fernandes Correa', '', '', '1984-07-06', '', '', '', '', 'nao', '', 'casado', '06764-040', 'Rua José Maciel Neto', '215', 'Apto 144-B', 'Jardim Maria Rosa', 'Taboão da Serra', 'SP', 'sim', 'sim', 'sim', '', 'nao', '', '-23.6128003', '-46.7668871', '2017-01-01 00:00:00', '2017-09-11 18:12:53');
INSERT INTO tb_membros VALUES ( '97', 'Transferência', '1', 'membro', 'sim', 'nao', 'm', 'nao', 'Walisson Pereira Fernandes', '', '', '1985-06-16', '', '', '', '', 'nao', '', 'casado', '02730-060', 'Rua Barnabé Coutinho', '574', '', 'Vila Albertina', 'São Paulo', 'SP', 'sim', 'sim', 'nao', '', 'nao', '', '-23.4957964', '-46.6901050', '2017-01-01 00:00:00', '2017-11-22 15:34:23');
INSERT INTO tb_membros VALUES ( '98', '', '1', 'simpatizante', 'sim', 'nao', 'f', 'nao', 'Patrícia Martins de Novais Fernandes', '', '', '0000-00-00', '', '', '', '', 'nao', '', 'casado', '02730-060', 'Rua Barnabé Coutinho', '574', '', 'Vila Albertina', 'São Paulo', 'SP', 'nao', 'nao', 'nao', '', 'nao', '', '', '', '2017-01-01 00:00:00', '2017-09-11 18:23:06');
INSERT INTO tb_membros VALUES ( '99', 'Transferência', '1', 'membro', 'sim', 'nao', 'm', 'nao', 'Herbert Laier', '', '', '1945-07-05', '', '', '', '', 'nao', 'Aposentado(a)', 'viuvo', '05051-001', 'Rua Tito', '1502', '', 'Vila Romana', 'São Paulo', 'SP', 'sim', 'sim', 'sim', '', 'nao', '', '-23.5275930', '-46.7063319', '2017-01-01 00:00:00', '2017-09-11 18:29:14');
INSERT INTO tb_membros VALUES ( '100', '', '1', 'simpatizante', 'sim', 'nao', 'm', 'nao', 'Leandro Dalcin', '', '', '0000-00-00', '', '', '', '', 'nao', '', 'casado', '05311-000', 'Avenida Mofarrej', '1500', 'Apto 114-E', 'Vila Leopoldina', 'São Paulo', 'SP', 'sim', 'nao', 'nao', '', 'nao', '', '-23.5342272', '-46.7437917', '2017-01-01 00:00:00', '2017-09-11 19:06:12');
INSERT INTO tb_membros VALUES ( '101', 'Transferência', '1', 'membro', 'sim', 'nao', 'f', 'nao', 'Iliane Grass', '', '', '1973-04-04', '', '', '', '', 'nao', '', 'casado', '05311-000', 'Avenida Mofarrej', '1500', 'Apto 114-E', 'Vila Leopoldina', 'São Paulo', 'SP', 'sim', 'sim', 'sim', '', 'nao', '', '-23.5342272', '-46.7437917', '2017-01-01 00:00:00', '2017-09-11 19:09:49');
INSERT INTO tb_membros VALUES ( '102', 'Transferência', '1', 'membro', 'sim', 'nao', 'm', 'nao', 'Bernardo Grass Dalcin', '', '', '2013-10-22', '', '', '', '', 'nao', '', 'solteiro', '05311-000', 'Avenida Mofarrej', '1500', '', 'Vila Leopoldina', 'São Paulo', 'SP', 'nao', 'nao', 'nao', '', 'nao', '', '-23.5342272', '-46.7437917', '2017-01-01 00:00:00', '2017-09-11 19:13:02');
INSERT INTO tb_membros VALUES ( '103', 'Profissão de fé', '1', 'membro', 'sim', 'nao', 'f', 'nao', 'Iradem Maroz', '13.135.392', '272.191.328-08', '1952-08-23', 'Jacarézinho', 'PR', '', 'A+', 'nao', 'Aposentado(a)', 'viuvo', '02942-000', 'Avenida Comendador Feiz Zarzur', '1428', 'Casa 1', 'Jardim Cidade Pirituba', 'São Paulo', 'SP', 'sim', 'sim', 'nao', '', 'nao', '', '-23.4727820', '-46.7250131', '2011-12-04 00:00:00', '2018-03-10 21:23:38');
INSERT INTO tb_membros VALUES ( '104', 'Profissão de fé', '1', 'membro', 'sim', 'nao', 'm', 'nao', 'Rogério Migotto', '16.344.657', '136.295.988-03', '1971-09-05', 'São Paulo', 'SP', '', 'A+', 'nao', 'Professor', 'casado', '02942-000', 'Avenida Comendador Feiz Zarzur', '1428', 'Casa 1', 'Jardim Cidade Pirituba', 'São Paulo', 'SP', 'sim', 'sim', 'nao', '', 'nao', '', '-23.4727820', '-46.7250131', '2011-12-04 00:00:00', '2018-03-12 11:42:57');
INSERT INTO tb_membros VALUES ( '105', 'Profissão de fé', '1', 'membro', 'sim', 'nao', 'f', 'nao', 'Keli de Moraes Maroz Migotto', '20.197.487-3', '141.990.108-74', '1972-01-30', 'São Paulo', 'SP', '', 'A+', 'sim', 'Telefonista', 'casado', '02942-000', 'Avenida Comendador Feiz Zarzur', '1428', 'Casa 1', 'Jardim Cidade Pirituba', 'São Paulo', 'SP', 'sim', 'sim', 'nao', '', 'nao', '', '-23.4727820', '-46.7250131', '2011-12-04 00:00:00', '2018-03-12 11:33:27');
INSERT INTO tb_membros VALUES ( '106', 'Confirmação', '1', 'membro', 'sim', 'nao', 'f', 'nao', 'Nathália Maroz Migotto', '', '376.172.078-59', '2001-04-14', 'São Paulo', 'SP', '', 'A+', 'nao', 'Estudante', 'solteiro', '02942-000', 'Avenida Comendador Feiz Zarzur', '1428', 'Casa 1', 'Jardim Cidade Pirituba', 'São Paulo', 'SP', 'sim', 'nao', 'nao', '', 'nao', '', '-23.4727820', '-46.7250131', '2015-05-24 00:00:00', '2018-03-10 21:32:05');
INSERT INTO tb_membros VALUES ( '107', '', '1', 'simpatizante', 'sim', 'nao', 'm', 'nao', 'Luis Carlos Nicola', '', '', '0000-00-00', '', '', '', '', 'nao', '', 'casado', '02933-100', 'Rua Tacoativa', '190', '', 'Vila Palmeiras', 'São Paulo', 'SP', 'nao', 'nao', 'nao', '', 'nao', '', '-23.4932789', '-46.7129715', '2017-01-01 00:00:00', '2017-09-11 21:47:32');
INSERT INTO tb_membros VALUES ( '108', 'Transferência', '1', 'membro', 'sim', 'nao', 'f', 'nao', 'Iraci Frank', '', '', '1972-01-23', '', '', '', '', 'nao', '', 'casado', '02933-100', 'Rua Tacoativa', '190', '', 'Vila Palmeiras', 'São Paulo', 'SP', 'sim', 'sim', 'sim', '', 'nao', '', '-23.4932789', '-46.7129715', '2017-01-01 00:00:00', '2017-11-21 10:47:39');
INSERT INTO tb_membros VALUES ( '109', '', '1', 'simpatizante', 'sim', 'nao', 'm', 'nao', 'Antônio Carlos de Andrade Jr', '', '', '0000-00-00', '', '', '', '', 'nao', '', 'casado', '02280-000', 'Rua Edgard Gordilho', '244', '', 'Vila Nova Galvão', 'São Paulo', 'SP', 'nao', 'nao', 'nao', '', 'nao', '', '-23.4576735', '-46.5748260', '2017-01-01 00:00:00', '2017-09-11 21:55:18');
INSERT INTO tb_membros VALUES ( '110', 'Transferência', '1', 'membro', 'sim', 'nao', 'f', 'nao', 'Elizabeth Elaine Grein', '', '', '1988-05-12', '', '', '', '', 'nao', '', 'casado', '02280-000', 'Rua Edgard Gordilho', '244', '', 'Vila Nova Galvão', 'São Paulo', 'SP', 'sim', 'sim', 'nao', '', 'nao', '', '-23.4576735', '-46.5748260', '2017-01-01 00:00:00', '2017-11-21 10:43:32');
INSERT INTO tb_membros VALUES ( '111', 'Transferência', '1', 'membro', 'sim', 'nao', 'm', 'nao', 'Lucas Grein de Andrade', '', '', '2010-10-22', '', '', '', '', 'nao', '', 'solteiro', '02280-000', 'Rua Edgard Gordilho', '244', '', 'Vila Nova Galvão', 'São Paulo', 'SP', 'nao', 'nao', 'nao', '', 'nao', '', '-23.4576735', '-46.5748260', '2017-01-01 00:00:00', '2017-09-11 22:02:00');
INSERT INTO tb_membros VALUES ( '112', 'Transferência', '1', 'membro', 'sim', 'nao', 'm', 'nao', 'Diego Grein de Andrade', '', '', '2014-07-09', '', '', '', '', 'nao', '', 'solteiro', '02280-000', 'Rua Edgard Gordilho', '244', '', 'Vila Nova Galvão', 'São Paulo', 'SP', 'nao', 'nao', 'nao', '', 'nao', '', '-23.4576735', '-46.5748260', '2017-01-01 00:00:00', '2017-09-11 22:04:38');
INSERT INTO tb_membros VALUES ( '113', 'Transferência', '1', 'membro', 'sim', 'nao', 'f', 'nao', 'Maria Elizabeth Gregório', '', '', '1900-10-21', '', '', '', '', 'nao', '', 'solteiro', '', '', '', '', '', '', '', 'sim', 'sim', 'sim', '', 'nao', '', '-14.2350040', '-51.9252800', '2017-01-01 00:00:00', '2017-09-11 22:17:58');
INSERT INTO tb_membros VALUES ( '114', 'Transferência', '1', 'membro', 'sim', 'nao', 'f', 'nao', 'Patrícia Carolina Gregório', '', '', '1996-05-28', '', '', '', '', 'nao', '', 'solteiro', '', '', '', '', '', '', '', 'sim', 'sim', 'sim', '', 'nao', '', '-14.2350040', '-51.9252800', '2017-01-01 00:00:00', '2017-09-11 22:20:31');
INSERT INTO tb_membros VALUES ( '115', 'Transferência', '1', 'membro', 'sim', 'nao', 'f', 'nao', 'Rosane Hanke', '', '', '1900-04-02', '', '', '', '', 'nao', '', 'casado', '05135-320', 'Rua Clodoaldo Goyanna', '209', '', 'Jardim Santo Elias', 'São Paulo', 'SP', 'sim', 'sim', 'sim', '', 'nao', '', '-23.4953142', '-46.7486065', '2017-01-01 00:00:00', '2017-09-11 22:26:52');
INSERT INTO tb_membros VALUES ( '116', 'Transferência', '1', 'membro', 'sim', 'nao', 'm', 'nao', 'Lucas Hanke', '', '', '2001-04-30', '', '', '', '', 'nao', '', 'solteiro', '05135-320', 'Rua Clodoaldo Goyanna', '209', '', 'Jardim Santo Elias', 'São Paulo', 'SP', 'sim', 'nao', 'nao', '', 'nao', '', '-23.4953142', '-46.7486065', '2017-01-01 00:00:00', '2017-11-21 10:54:07');
INSERT INTO tb_membros VALUES ( '117', 'Transferência', '1', 'membro', 'sim', 'nao', 'f', 'nao', 'Gabrieli Hanke de Souza', '', '', '2003-11-17', '', '', '', '', 'nao', '', 'solteiro', '05135-320', 'Rua Clodoaldo Goyanna', '209', '', 'Jardim Santo Elias', 'São Paulo', 'SP', 'sim', 'nao', 'nao', '', 'nao', '', '-23.4953142', '-46.7486065', '2017-01-01 00:00:00', '2018-05-05 22:33:46');
INSERT INTO tb_membros VALUES ( '118', 'Transferência', '1', 'membro', 'sim', 'nao', 'f', 'nao', 'Norma Hofmann', '', '', '1900-10-21', '', '', '', '', 'nao', '', 'solteiro', '05044-050', 'Rua Vespasiano', '1014', 'Apto 02', 'Vila Romana', 'São Paulo', 'SP', 'sim', 'sim', 'sim', '', 'nao', '', '-23.5317673', '-46.6956114', '2017-01-01 00:00:00', '2017-11-21 11:03:57');
INSERT INTO tb_membros VALUES ( '119', 'Transferência', '1', 'membro', 'sim', 'nao', 'm', 'nao', 'Oscar Koller', '5.888.254', '535.510.798-20', '1949-03-02', 'Peritiba', 'SC', '', 'O+', 'nao', 'Aposentado', 'casado', '03543-080', 'Rua São Donato', '290', '', 'Vila Guilhermina', 'São Paulo', 'SP', 'sim', 'sim', 'sim', '', 'nao', 'Telefone Comercial 2791-7636', '-23.5354707', '-46.5121363', '1970-03-01 00:00:00', '2018-12-23 17:56:29');
INSERT INTO tb_membros VALUES ( '120', 'Transferência', '1', 'membro', 'sim', 'nao', 'f', 'nao', 'Sônia Aparecida Balsanelli Koller', '4.440.905', '587.042.808-49', '1948-04-15', 'São Paulo', 'SP', '', 'A-', 'nao', 'Aposentada', 'casado', '03543-080', 'Rua São Donato', '290', '', 'Vila Guilhermina', 'São Paulo', 'SP', 'sim', 'sim', 'nao', '', 'nao', '', '-23.5354707', '-46.5121363', '2017-01-01 00:00:00', '2018-12-23 17:46:53');
INSERT INTO tb_membros VALUES ( '121', 'Transferência', '1', 'membro', 'nao', 'nao', 'm', 'nao', 'Carlos Eduardo Laguna', '', '', '1982-06-10', '', '', '', '', 'nao', '', 'solteiro', '02733-100', 'Rua Tucunduva', '146', '', 'Vila São Vicente', 'São Paulo', 'SP', 'sim', 'sim', 'nao', '', 'nao', '', '-23.4957361', '-46.6946079', '2017-01-01 00:00:00', '2018-12-09 17:30:11');
INSERT INTO tb_membros VALUES ( '122', 'Transferência', '1', 'membro', 'sim', 'nao', 'm', 'nao', 'Carlos Phillip Lemes', '', '', '1985-04-09', '', '', '', '', 'nao', '', 'casado', '13210-705', 'Rua João Carbonari Júnior', '267', 'Apto 01 - Bloco 13', 'Vila Nova Jundiainópolis', 'Jundiaí', 'SP', 'sim', 'sim', 'nao', '', 'nao', 'Residencial Anchieta', '-23.2131643', '-46.8912790', '2017-01-01 00:00:00', '2017-11-22 10:48:07');
INSERT INTO tb_membros VALUES ( '123', 'Transferência', '1', 'membro', 'sim', 'nao', 'f', 'nao', 'Giselle Cotrim Pita Lemes', '', '', '1963-03-17', '', '', '', '', 'nao', '', 'casado', '13210-705', 'Rua João Carbonari Júnior', '267', 'Apto 01 - Bloco 13', 'Vila Nova Jundiainópolis', 'Jundiaí', 'SP', 'sim', 'sim', 'sim', '', 'nao', 'Residencial Anchieta', '-23.2131643', '-46.8912790', '2017-01-01 00:00:00', '2017-09-12 14:13:45');
INSERT INTO tb_membros VALUES ( '124', 'Transferência', '1', 'membro', 'sim', 'nao', 'm', 'nao', 'Aramis Lopes', '', '', '1959-10-28', '', '', '', '', 'nao', '', 'casado', '02926-030', 'Rua Anastácio de Souza Pinto', '297', 'Apto 53', 'Nossa Senhora do Ó', 'São Paulo', 'SP', 'sim', 'sim', 'sim', '', 'nao', '', '-23.4995327', '-46.7004444', '2017-01-01 00:00:00', '2017-11-22 09:24:44');
INSERT INTO tb_membros VALUES ( '125', 'Transferência', '1', 'membro', 'sim', 'nao', 'f', 'nao', 'Jane Aparecida Lemos Lopes', '', '', '1963-01-28', '', '', '', '', 'nao', '', 'casado', '02926-030', 'Rua Anastácio de Souza Pinto', '297', 'Apto 53', 'Nossa Senhora do Ó', 'São Paulo', 'SP', 'sim', 'sim', 'sim', '', 'nao', '', '-23.4995327', '-46.7004444', '2017-01-01 00:00:00', '2017-09-12 14:20:29');
INSERT INTO tb_membros VALUES ( '128', 'Transferência', '1', 'membro', 'sim', 'nao', 'f', 'nao', 'Carla Cristina Romais Ribeiro', '', '', '1976-02-11', '', '', '', '', 'nao', '', 'solteiro', '07856-110', 'Rua Lourenço Marques', '216', '', 'Parque Vitória', 'Franco da Rocha', 'SP', 'sim', 'sim', 'nao', '', 'nao', '', '-23.3270007', '-46.7013414', '2017-01-01 00:00:00', '2017-10-17 15:23:11');
INSERT INTO tb_membros VALUES ( '129', 'Transferência', '1', 'membro', 'sim', 'nao', 'f', 'nao', 'Hadija Ribeiro Ferreira', '', '', '2003-03-13', '', '', '', '', 'nao', '', 'solteiro', '07856-110', 'Rua Lourenço Marques', '216', '', 'Parque Vitória', 'Franco da Rocha', 'SP', 'sim', 'nao', 'nao', '', 'nao', '', '-23.3270165', '-46.7013344', '2017-01-01 00:00:00', '2018-05-05 22:32:37');
INSERT INTO tb_membros VALUES ( '130', 'Transferência', '1', 'membro', 'sim', 'nao', 'm', 'nao', 'Severino Batista Ribeiro', '', '', '1945-07-09', '', '', '', '', 'nao', '', 'casado', '07856-110', 'Rua Lourenço Marques', '216', '', 'Parque Vitória', 'Franco da Rocha', 'SP', 'sim', 'sim', 'nao', '', 'nao', '', '-23.3270007', '-46.7013414', '2017-01-01 00:00:00', '2017-11-22 15:30:53');
INSERT INTO tb_membros VALUES ( '131', 'Transferência', '1', 'membro', 'sim', 'nao', 'f', 'nao', 'Otília Romais Ribeiro', '', '', '1949-02-03', '', '', '', '', 'nao', '', 'casado', '07856-110', 'Rua Lourenço Marques', '216', '', 'Parque Vitória', 'Franco da Rocha', 'SP', 'sim', 'sim', 'nao', '', 'nao', '', '-23.3270007', '-46.7013414', '2017-01-01 00:00:00', '2017-11-22 15:19:37');
INSERT INTO tb_membros VALUES ( '132', 'Transferência', '1', 'membro', 'sim', 'nao', 'm', 'nao', 'Carlos Ernesto Romais Ribeiro', '', '', '1984-03-22', '', '', '', '', 'nao', '', 'solteiro', '07856-110', 'Rua Lourenço Marques', '216', '', 'Parque Vitória', 'Franco da Rocha', 'SP', 'sim', 'sim', 'nao', '', 'nao', '', '-23.3270007', '-46.7013414', '2017-01-01 00:00:00', '2017-10-17 15:27:50');
INSERT INTO tb_membros VALUES ( '133', 'Profissão de fé', '1', 'membro', 'sim', 'nao', 'm', 'nao', 'Rui Maia', '', '', '1900-01-04', '', '', '', '', 'nao', '', 'casado', '01259-010', 'Rua Capital Federal', '208', 'Apto 52', 'Sumaré', 'São Paulo', 'SP', 'sim', 'sim', 'nao', '', 'nao', '', '-23.5420577', '-46.6829858', '2017-10-22 00:00:00', '2018-12-23 17:40:35');
INSERT INTO tb_membros VALUES ( '134', 'Transferência', '1', 'membro', 'sim', 'nao', 'f', 'nao', 'Adriana Schaurich', '', '', '1900-07-23', '', '', '', '', 'nao', '', 'casado', '01259-010', 'Rua Capital Federal', '208', 'Apto 52', 'Sumaré', 'São Paulo', 'SP', 'sim', 'sim', 'sim', '', 'nao', '', '-23.5420577', '-46.6829858', '2017-01-01 00:00:00', '2017-09-21 15:24:16');
INSERT INTO tb_membros VALUES ( '135', 'Transferência', '1', 'membro', 'sim', 'nao', 'm', 'nao', 'Pedro Schaurich Maia', '', '', '2004-10-30', '', '', '', '', 'nao', '', 'solteiro', '01259-010', 'Rua Capital Federal', '208', 'Apto 52', 'Sumaré', 'São Paulo', 'SP', 'sim', 'nao', 'nao', '', 'nao', '', '-23.5420577', '-46.6829858', '2017-01-01 00:00:00', '2018-05-08 09:28:15');
INSERT INTO tb_membros VALUES ( '136', 'Transferência', '1', 'membro', 'sim', 'nao', 'm', 'nao', 'César Schneider', '', '', '1971-01-12', '', '', '', '', 'nao', '', 'casado', '01228-000', 'Avenida Angélica', '696', 'Apto 142', 'Santa Cecília', 'São Paulo', 'SP', 'sim', 'sim', 'nao', '', 'nao', '', '-23.5390205', '-46.6550605', '2017-01-01 00:00:00', '2018-10-07 18:27:20');
INSERT INTO tb_membros VALUES ( '137', '', '1', 'simpatizante', 'sim', 'nao', 'm', 'nao', 'Tomy Teles', '', '', '1950-09-08', '', '', '', '', 'nao', '', 'casado', '04457-090', 'Rua Marino Pinto', '48', '', 'Jardim Palmares (Zona Sul)', 'São Paulo', 'SP', 'nao', 'nao', 'nao', '', 'nao', '', '-23.6891600', '-46.6785997', '2017-01-01 00:00:00', '2017-09-21 15:39:16');
INSERT INTO tb_membros VALUES ( '138', 'Transferência', '1', 'membro', 'sim', 'nao', 'f', 'nao', 'Simone Schwegler ', '', '', '1960-01-13', '', '', '', '', 'nao', '', 'casado', '04457-090', 'Rua Marino Pinto', '48', '', 'Jardim Palmares (Zona Sul)', 'São Paulo', 'SP', 'sim', 'sim', 'sim', '', 'nao', '', '-23.6891600', '-46.6785997', '2017-01-01 00:00:00', '2017-09-21 15:41:42');
INSERT INTO tb_membros VALUES ( '139', 'Transferência', '1', 'membro', 'sim', 'nao', 'm', 'nao', 'Carlos Silva', '', '', '1976-09-16', '', '', '', '', 'nao', '', 'casado', '04930-240', 'Rua Guilherme de Poitiers', '117', '', 'Jardim Santa Margarida', 'São Paulo', 'SP', 'sim', 'sim', 'sim', '', 'nao', '', '-23.6843425', '-46.7543480', '2017-01-01 00:00:00', '2017-09-21 15:45:49');
INSERT INTO tb_membros VALUES ( '140', 'Transferência', '1', 'membro', 'sim', 'nao', 'f', 'nao', 'Sirlene Silva', '', '', '1977-04-21', '', '', '', '', 'nao', '', 'casado', '04930-240', 'Rua Guilherme de Poitiers', '117', '', 'Jardim Santa Margarida', 'São Paulo', 'SP', 'sim', 'sim', 'sim', '', 'nao', '', '-23.6843425', '-46.7543480', '2017-01-01 00:00:00', '2017-09-21 15:48:49');
INSERT INTO tb_membros VALUES ( '141', 'Transferência', '1', 'membro', 'sim', 'nao', 'm', 'nao', 'Vitor Silva', '', '', '2010-10-05', '', '', '', '', 'nao', '', 'solteiro', '04930-240', 'Rua Guilherme de Poitiers', '117', '', 'Jardim Santa Margarida', 'São Paulo', 'SP', 'nao', 'nao', 'nao', '', 'nao', '', '-23.6843425', '-46.7543480', '2017-01-01 00:00:00', '2017-09-21 15:51:21');
INSERT INTO tb_membros VALUES ( '142', 'Transferência', '1', 'membro', 'nao', 'nao', 'm', 'nao', 'José Luiz da Costa Junior', '', '', '1965-09-02', '', '', '', '', 'nao', '', '', '05051-030', 'Rua Fábia', '123', 'Apto 81', 'Vila Romana', 'São Paulo', 'SP', 'sim', 'sim', 'nao', '', 'nao', '', '-23.5271662', '-46.6925213', '2017-01-01 00:00:00', '2018-12-09 17:31:51');
INSERT INTO tb_membros VALUES ( '143', 'Transferência', '1', 'membro', 'nao', 'nao', 'f', 'nao', 'Valéria Lourenço da Costa', '', '', '1966-08-12', '', '', '', '', 'nao', '', 'casado', '05051-030', 'Rua Fábia', '123', 'Apto 81', 'Vila Romana', 'São Paulo', 'SP', 'sim', 'sim', 'nao', '', 'nao', '', '-23.5271662', '-46.6925213', '2017-01-01 00:00:00', '2018-12-09 17:31:01');
INSERT INTO tb_membros VALUES ( '144', 'Transferência', '1', 'membro', 'nao', 'nao', 'f', 'nao', 'Mariana Lourenço da Costa', '', '', '1995-06-01', '', '', '', '', 'nao', '', 'solteiro', '05051-030', 'Rua Fábia', '123', 'Apto 81', 'Vila Romana', 'São Paulo', 'SP', 'sim', 'sim', 'nao', '', 'nao', '', '-23.5271662', '-46.6925213', '2017-01-01 00:00:00', '2018-12-09 17:33:31');
INSERT INTO tb_membros VALUES ( '145', 'Transferência', '1', 'membro', 'nao', 'nao', 'm', 'nao', 'Lucas Lourenço da Costa', '', '', '2000-12-15', '', '', '', '', 'nao', '', 'solteiro', '05051-030', 'Rua Fábia', '123', 'Apto 81', 'Vila Romana', 'São Paulo', 'SP', 'sim', 'nao', 'nao', '', 'nao', '', '-23.5271662', '-46.6925213', '2017-01-01 00:00:00', '2018-12-09 17:32:44');
INSERT INTO tb_membros VALUES ( '146', 'Transferência', '1', 'membro', 'sim', 'nao', 'm', 'nao', 'Sérgio Figueiredo Gimenez', '', '', '1955-11-26', '', '', '', '', '', '', 'solteiro', '05092-020', 'Rua dos Coroados', '113', '', 'Vila Anastácio', 'São Paulo', 'SP', 'sim', 'sim', 'nao', '', 'nao', '', '-23.5166576', '-46.7181893', '2017-01-01 00:00:00', '2017-09-21 18:12:03');
INSERT INTO tb_membros VALUES ( '147', 'Transferência', '1', 'membro', 'sim', 'nao', 'f', 'nao', 'Magda Idalina Kuwer Gimenez', '', '', '1956-12-16', '', '', '', '', 'nao', '', 'casado', '05092-020', 'Rua dos Coroados', '113', '', 'Vila Anastácio', 'São Paulo', 'SP', 'sim', 'sim', 'nao', '', 'nao', '', '-23.5166576', '-46.7181893', '2017-01-01 00:00:00', '2017-09-21 18:15:42');
INSERT INTO tb_membros VALUES ( '148', '', '1', 'simpatizante', 'sim', 'nao', 'm', 'nao', 'Marcelo Sousa', '', '', '0000-00-00', '', '', '', '', 'nao', '', 'casado', '', '', '57', 'Residencial Recanto da Colina', '', '', '', 'nao', 'nao', 'nao', '', 'nao', '', '-18.9107781', '-48.2595328', '2017-01-01 00:00:00', '2018-06-27 22:01:33');
INSERT INTO tb_membros VALUES ( '149', 'Transferência', '1', 'membro', 'sim', 'nao', 'f', 'nao', 'Fabiana Hesse', '', '', '1982-12-17', '', '', '', '', 'nao', '', 'casado', '', '', '57', 'Residencial Recanto da Colina', '', '', '', 'sim', 'sim', 'nao', '', 'nao', '', '-3.7544949', '-38.4891604', '2017-01-01 00:00:00', '2017-11-22 10:55:23');
INSERT INTO tb_membros VALUES ( '150', 'Transferência', '1', 'membro', 'sim', 'nao', 'm', 'nao', 'Renato Hesse Anversa de Sousa', '', '', '2008-12-20', 'São Paulo', 'SP', '', '', 'nao', '', 'solteiro', '', '', '57', 'Residencial Recanto da Colina', '', '', '', 'nao', 'nao', 'nao', '', 'nao', '', '-23.6553074', '-47.1124424', '2017-01-01 00:00:00', '2018-07-07 16:00:59');
INSERT INTO tb_membros VALUES ( '151', 'Transferência', '1', 'membro', 'sim', 'nao', 'f', 'nao', 'Beatriz Hesse Anversa de Sousa', '', '', '2013-04-12', 'São Paulo', 'SP', '', '', 'nao', '', 'solteiro', '', '', '57', 'Residencial Recanto da Colina', '', '', '', 'nao', 'nao', 'nao', '', 'nao', '', '-23.6553074', '-47.1124424', '2017-01-01 00:00:00', '2018-07-07 15:57:28');
INSERT INTO tb_membros VALUES ( '152', 'Transferência', '1', 'membro', 'sim', 'nao', 'm', 'nao', 'Sandro Kurrle', '', '', '1969-08-31', '', '', '', '', 'nao', '', 'casado', '', 'Avenida Bras Leme', '3046', 'Apto 101 Bloco 12 Vila Militar', '', '', '', 'sim', 'sim', 'nao', '', 'nao', '', '-23.5041752', '-46.6304649', '2017-01-01 00:00:00', '2017-11-22 15:29:54');
INSERT INTO tb_membros VALUES ( '153', 'Transferência', '1', 'membro', 'sim', 'nao', 'f', 'nao', 'Roberta Aparecida Vicente', '', '', '1984-08-07', '', '', '', '', 'nao', '', 'casado', '', 'Avenida Bras Leme', '3046', 'Apto 101 Bloco 12 Vila Militar', '', '', '', 'sim', 'sim', 'nao', '', 'nao', '', '-23.5041752', '-46.6304649', '2017-01-01 00:00:00', '2017-09-23 15:54:32');
INSERT INTO tb_membros VALUES ( '154', 'Transferência', '1', 'membro', 'sim', 'nao', 'f', 'nao', 'Thaynara Vicente', '', '', '2000-03-06', '', '', '', '', 'nao', '', 'solteiro', '', 'Avenida Bras Leme', '3046', 'Apto 101 Bloco 12 Vila Militar', '', '', '', 'sim', 'nao', 'nao', '', 'nao', '', '-23.5041752', '-46.6304649', '2017-01-01 00:00:00', '2017-11-21 11:13:16');
INSERT INTO tb_membros VALUES ( '155', 'Transferência', '1', 'membro', 'sim', 'nao', 'f', 'nao', 'Jennyfer Vicente', '', '', '2003-09-03', '', '', '', '', 'nao', '', 'solteiro', '', 'Avenida Bras Leme', '3046', 'Apto 101 Bloco 12 Vila Militar', '', '', '', 'sim', 'nao', 'nao', '', 'nao', '', '-23.5041752', '-46.6304649', '2017-01-01 00:00:00', '2017-11-21 10:49:56');
INSERT INTO tb_membros VALUES ( '156', 'Transferência', '1', 'membro', 'sim', 'nao', 'f', 'nao', 'Carla Lohmann', '', '', '1981-11-09', '', '', '', '', 'nao', '', 'casado', '07191-230', 'Rua Lagoa Vermelha', '83', '', 'Vila Planalto', 'Guarulhos', 'SP', 'sim', 'sim', 'nao', '', 'nao', '', '-23.4607332', '-46.5108021', '2017-01-01 00:00:00', '2017-09-23 16:11:16');
INSERT INTO tb_membros VALUES ( '157', 'Transferência', '1', 'membro', 'sim', 'nao', 'f', 'nao', 'Mariana Lohmann', '', '', '2013-01-28', '', '', '', '', 'nao', '', 'solteiro', '07191-230', 'Rua Lagoa Vermelha', '83', '', 'Vila Planalto', 'Guarulhos', 'SP', 'nao', 'nao', 'nao', '', 'nao', '', '-23.4607332', '-46.5108021', '2017-01-01 00:00:00', '2017-09-23 16:20:07');
INSERT INTO tb_membros VALUES ( '158', 'Transferência', '1', 'membro', 'sim', 'nao', 'm', 'nao', 'Davi Lohmann', '', '', '0000-00-00', '', '', '', '', 'nao', '', 'solteiro', '07191-230', 'Rua Lagoa Vermelha', '83', '', 'Vila Planalto', 'Guarulhos', 'SP', 'nao', 'nao', 'nao', '', 'nao', '', '-23.4607332', '-46.5108021', '2017-01-01 00:00:00', '2017-09-23 16:16:57');
INSERT INTO tb_membros VALUES ( '159', 'Transferência', '1', 'membro', 'sim', 'nao', 'f', 'nao', 'Eila Valentina Lehto', '', '', '1944-08-22', '', '', '', '', 'nao', '', 'solteiro', '06160-040', 'Rua João Guimarães Rosa', '200', 'Apto 73 - Bloco 12', 'Bandeiras', 'Osasco', 'SP', 'sim', 'sim', 'nao', '', 'nao', '', '-23.5597440', '-46.8079577', '2017-01-01 00:00:00', '2017-11-22 10:52:15');
INSERT INTO tb_membros VALUES ( '160', 'Transferência', '1', 'membro', 'sim', 'nao', 'm', 'nao', 'Delson Lohmann', '', '', '1952-01-20', '', '', '', '', 'nao', '', 'casado', '07191-230', 'Rua Lagoa Vermelha', '83', '', 'Vila Planalto', 'Guarulhos', 'SP', 'sim', 'sim', 'nao', '', 'nao', '', '-23.4607332', '-46.5108021', '2017-01-01 00:00:00', '2017-11-22 10:49:51');
INSERT INTO tb_membros VALUES ( '161', 'Transferência', '1', 'membro', 'sim', 'nao', 'f', 'nao', 'Neuza Lohmann', '', '', '1962-01-20', '', '', '', '', 'nao', '', 'casado', '07191-230', 'Rua Lagoa Vermelha', '83', '', 'Vila Planalto', 'Guarulhos', 'SP', 'sim', 'sim', 'nao', '', 'nao', '', '-23.4607332', '-46.5108021', '2017-01-01 00:00:00', '2017-09-23 17:37:11');
INSERT INTO tb_membros VALUES ( '162', 'Transferência', '1', 'membro', 'sim', 'nao', 'm', 'nao', 'Vinicius Lohmann', '', '', '1984-03-30', '', '', '', '', 'nao', '', 'solteiro', '07191-230', 'Rua Lagoa Vermelha', '83', '', 'Vila Planalto', 'Guarulhos', 'SP', 'sim', 'sim', 'nao', '', 'nao', '', '-23.4607332', '-46.5108021', '2017-01-01 00:00:00', '2019-02-24 17:46:07');
INSERT INTO tb_membros VALUES ( '163', 'Transferência', '1', 'membro', 'sim', 'nao', 'f', 'nao', 'Ketliyn Lohmann', '', '', '1989-10-30', '', '', '', '', 'nao', '', 'casado', '07191-230', 'Rua Lagoa Vermelha', '83', '', 'Vila Planalto', 'Guarulhos', 'SP', 'sim', 'sim', 'nao', '', 'nao', '', '-23.4607332', '-46.5108021', '2017-01-01 00:00:00', '2017-09-23 17:45:57');
INSERT INTO tb_membros VALUES ( '164', 'Transferência', '1', 'membro', 'sim', 'nao', 'm', 'nao', 'Enzo Lohmann', '', '', '2011-08-19', '', '', '', '', 'nao', '', 'solteiro', '07191-230', 'Rua Lagoa Vermelha', '83', '', 'Vila Planalto', 'Guarulhos', 'SP', 'nao', 'nao', 'nao', '', 'nao', '', '-23.4607332', '-46.5108021', '2017-01-01 00:00:00', '2017-09-23 17:48:48');
INSERT INTO tb_membros VALUES ( '165', '', '1', 'simpatizante', 'sim', 'nao', 'm', 'nao', 'Claudio Marassi ', '', '', '0000-00-00', '', '', '', '', 'nao', '', 'casado', '03317-001', 'Rua Serra de Botucatu', '1860', 'casa', 'Vila Gomes Cardim', 'São Paulo', 'SP', 'nao', 'nao', 'nao', '', 'nao', 'Tatuapé', '-23.5410901', '-46.5537403', '2017-01-01 00:00:00', '2018-08-07 15:33:44');
INSERT INTO tb_membros VALUES ( '166', 'Transferência', '1', 'membro', 'sim', 'nao', 'f', 'nao', 'Cristiane Glória Moraes Marassi', '23.926.861-1', '163.391.818-13', '1974-12-04', 'São Paulo', 'SP', '', 'B+', 'nao', 'Gerente Operações', 'casado', '03317-001', 'Rua Serra de Botucatu', '1860', 'casa', 'Vila Gomes Cardim', 'São Paulo', 'SP', 'sim', 'sim', 'sim', '', 'nao', 'Tatuapé', '-23.5410901', '-46.5537403', '2017-01-01 00:00:00', '2018-08-07 15:29:17');
INSERT INTO tb_membros VALUES ( '167', 'Transferência', '1', 'membro', 'sim', 'nao', 'f', 'nao', 'Beatriz Moraes Marassi', '', '', '2007-01-22', 'São Paulo', 'SP', '', '', 'nao', '', 'solteiro', '03317-001', 'Rua Serra de Botucatu', '1860', 'casa', 'Vila Gomes Cardim', 'São Paulo', 'SP', 'nao', 'nao', 'nao', '', 'nao', 'Tatuapé', '-23.5410901', '-46.5537403', '2017-01-01 00:00:00', '2018-08-07 15:32:06');
INSERT INTO tb_membros VALUES ( '168', 'Transferência', '1', 'membro', 'sim', 'nao', 'm', 'nao', 'Leandro André Martins', '', '', '1980-07-08', '', '', '', '', 'nao', '', 'casado', '02072-002', 'Avenida Conceição', '2064', '', 'Vila Paiva', 'São Paulo', 'SP', 'sim', 'nao', 'nao', '', 'nao', '', '-23.4988068', '-46.5951860', '2017-01-01 00:00:00', '2017-09-25 10:44:15');
INSERT INTO tb_membros VALUES ( '169', '', '1', 'simpatizante', 'sim', 'nao', 'f', 'nao', 'Luciana Ribeiro Martins', '', '', '1900-06-24', '', '', '', '', 'nao', '', 'casado', '02072-002', 'Avenida Conceição', '2064', '', 'Vila Paiva', 'São Paulo', 'SP', 'nao', 'nao', 'nao', '', 'nao', '', '-23.4988068', '-46.5951860', '2017-01-01 00:00:00', '2018-06-03 16:54:04');
INSERT INTO tb_membros VALUES ( '170', 'Transferência', '1', 'membro', 'sim', 'nao', 'f', 'nao', 'Alice Canullo Martins', '', '', '2013-07-26', '', '', '', '', 'nao', '', 'solteiro', '02072-002', 'Avenida Conceição', '2064', '', 'Vila Paiva', 'São Paulo', 'SP', 'nao', 'nao', 'nao', '', 'nao', '', '-23.4988068', '-46.5951860', '2017-01-01 00:00:00', '2017-09-25 10:49:32');
INSERT INTO tb_membros VALUES ( '171', 'Transferência', '1', 'membro', 'sim', 'nao', 'm', 'nao', 'Ladair Martins', '', '', '0000-00-00', '', '', '', '', 'nao', '', 'casado', '02072-002', 'Avenida Conceição', '2064', '', 'Vila Paiva', 'São Paulo', 'SP', 'sim', 'sim', 'nao', '', 'nao', '', '-23.4988068', '-46.5951860', '2017-01-01 00:00:00', '2017-09-25 10:54:43');
INSERT INTO tb_membros VALUES ( '172', '', '1', 'simpatizante', 'sim', 'nao', 'f', 'nao', 'Renita Stelle Martins', '', '', '1900-10-29', '', '', '', '', 'nao', '', 'casado', '02072-002', 'Avenida Conceição', '2064', '', 'Vila Paiva', 'São Paulo', 'SP', 'nao', 'nao', 'nao', '', 'nao', '', '-23.4988068', '-46.5951860', '2017-01-01 00:00:00', '2017-09-25 11:06:10');
INSERT INTO tb_membros VALUES ( '173', 'Transferência', '1', 'membro', 'sim', 'nao', 'f', 'nao', 'Ana Sheila Stelle Martins', '', '', '1900-07-06', '', '', '', '', 'nao', '', 'solteiro', '02072-002', 'Avenida Conceição', '2064', '', 'Vila Paiva', 'São Paulo', 'SP', 'nao', 'nao', 'nao', '', 'nao', '', '-23.4988068', '-46.5951860', '2017-01-01 00:00:00', '2017-09-25 11:50:41');
INSERT INTO tb_membros VALUES ( '174', 'Batismo', '1', 'membro', 'sim', 'nao', 'm', 'nao', 'Murilo Alves de OLiveira e Siva', '', '', '1993-05-31', '', '', '', '', 'nao', '', 'solteiro', '05122-080', 'Rua Luís Filgueira Souto', '29', '', 'Parque São Domingos', 'São Paulo', 'SP', 'sim', 'sim', 'nao', '', 'nao', 'Tel comercial 3868-4337', '-23.5039708', '-46.7335820', '1993-07-01 00:00:00', '2017-11-22 11:11:46');
INSERT INTO tb_membros VALUES ( '175', 'Transferência', '1', 'membro', 'sim', 'nao', 'f', 'nao', 'Magna Pereira Nunes', '', '', '1973-01-07', '', '', '', '', 'nao', '', 'casado', '', '', '', '', '', '', '', 'sim', 'sim', 'sim', '', 'nao', '', '-14.2350040', '-51.9252800', '2017-01-01 00:00:00', '2018-10-31 21:02:58');
INSERT INTO tb_membros VALUES ( '176', 'Transferência', '1', 'membro', 'sim', 'nao', 'm', 'nao', 'Noiracil Oliveira', '', '', '1958-06-30', '', '', '', '', 'nao', '', 'solteiro', '02846-010', 'Estrada Lázaro Amâncio de Barros', '239', '', 'Vila Itaberaba', 'São Paulo', 'SP', 'sim', 'sim', 'nao', '', 'nao', '', '-23.4669928', '-46.6948517', '2017-01-01 00:00:00', '2017-11-22 15:17:18');
INSERT INTO tb_membros VALUES ( '177', 'Transferência', '1', 'membro', 'sim', 'nao', 'm', 'nao', 'Renan Victor A. de Oliveira', '', '', '1994-11-08', '', '', '', '', 'nao', '', 'solteiro', '02846-010', 'Estrada Lázaro Amâncio de Barros', '239', '', 'Vila Itaberaba', 'São Paulo', 'SP', 'sim', 'sim', 'nao', '', 'nao', '', '-23.4669928', '-46.6948517', '2017-01-01 00:00:00', '2017-11-21 11:07:41');
INSERT INTO tb_membros VALUES ( '178', 'Transferência', '1', 'membro', 'sim', 'nao', 'f', 'nao', 'Rafaela Eduarda A. de Oliveira', '', '', '2002-04-06', '', '', '', '', 'nao', '', 'solteiro', '02846-010', 'Estrada Lázaro Amâncio de Barros', '239', '', 'Vila Itaberaba', 'São Paulo', 'SP', 'sim', 'nao', 'nao', '', 'nao', '', '-23.4669928', '-46.6948517', '2017-01-01 00:00:00', '2017-11-21 11:06:21');
INSERT INTO tb_membros VALUES ( '179', 'Transferência', '1', 'membro', 'sim', 'nao', 'f', 'nao', 'Maria José Souza', '', '', '1966-06-26', '', '', '', '', 'nao', '', 'solteiro', '', '', '', '', '', '', '', 'sim', 'sim', 'sim', '', 'sim', '', '-14.2350040', '-51.9252800', '2017-01-01 00:00:00', '2018-06-06 09:51:08');
INSERT INTO tb_membros VALUES ( '180', 'Transferência', '1', 'membro', 'sim', 'nao', 'm', 'nao', 'Valdir Lima da Silva', '', '', '1900-09-02', '', '', '', '', 'nao', '', 'solteiro', '02981-080', 'Rua Oito', '17', '', 'Jardim Sydney', 'São Paulo', 'SP', 'sim', 'sim', 'nao', '', 'nao', '', '-23.5844582', '-46.4029167', '2017-01-01 00:00:00', '2017-10-15 17:08:34');
INSERT INTO tb_membros VALUES ( '181', 'Transferência', '1', 'membro', 'sim', 'nao', 'f', 'nao', 'Desiree Esther Jakobsen Valkinir', '', '', '1989-06-29', '', '', '', '', 'nao', '', 'solteiro', '05406-000', 'Rua Teodoro Sampaio', '282', 'Apto 50', 'Pinheiros', 'São Paulo', 'SP', 'sim', 'sim', 'nao', '', 'nao', '', '-23.5551798', '-46.6738099', '2017-01-01 00:00:00', '2017-11-22 10:51:05');
INSERT INTO tb_membros VALUES ( '182', 'Transferência', '1', 'membro', 'sim', 'nao', 'm', 'nao', 'Rodrigo Petry', '', '', '1900-02-02', '', '', '', '', 'nao', '', 'casado', '05038-040', 'Rua Corcovado', '119', 'Apto 33 Ed.Cond.Corcovado', 'Parque Residencial da Lapa', 'São Paulo', 'SP', 'sim', 'sim', 'nao', '', 'nao', '', '-23.5163788', '-46.6971723', '2017-01-01 00:00:00', '2017-11-22 15:27:39');
INSERT INTO tb_membros VALUES ( '183', 'Transferência', '1', 'membro', 'sim', 'nao', 'f', 'nao', 'Lídia Regina Braun Petry', '', '', '1900-04-28', '', '', '', '', 'nao', '', 'casado', '05038-040', 'Rua Corcovado', '119', 'Apto 33 Ed.Cond.Corcovado', 'Parque Residencial da Lapa', 'São Paulo', 'SP', 'sim', 'sim', 'nao', '', 'nao', '', '-23.5163788', '-46.6971723', '2017-01-01 00:00:00', '2017-11-20 15:16:17');
INSERT INTO tb_membros VALUES ( '184', 'Transferência', '1', 'membro', 'sim', 'nao', 'f', 'nao', 'Alexcia Camila Braun Petry', '', '', '1900-06-07', '', '', '', '', 'nao', '', 'solteiro', '05038-040', 'Rua Corcovado', '119', 'Apto 33 Ed.Cond.Corcovado', 'Parque Residencial da Lapa', 'São Paulo', 'SP', 'sim', 'nao', 'nao', '', 'nao', '', '-23.5163788', '-46.6971723', '2017-01-01 00:00:00', '2017-09-30 18:02:20');
INSERT INTO tb_membros VALUES ( '185', 'Transferência', '1', 'membro', 'sim', 'nao', 'f', 'nao', 'Gabriela Petry', '', '', '1900-07-04', '', '', '', '', 'nao', '', 'solteiro', '05038-040', 'Rua Corcovado', '119', 'Apto 33 Ed.Cond.Corcovado', 'Parque Residencial da Lapa', 'São Paulo', 'SP', 'sim', 'sim', 'nao', '', 'nao', '', '-23.5163788', '-46.6971723', '2017-01-01 00:00:00', '2017-11-20 15:13:43');
INSERT INTO tb_membros VALUES ( '186', 'Transferência', '1', 'membro', 'sim', 'nao', 'm', 'nao', 'Marcelo Venske', '', '', '1967-01-04', '', '', '', '', 'nao', '', 'casado', '', '304', '', 'Apto 63-A', '', '', '', 'sim', 'sim', 'sim', '', 'nao', '', '-23.5408792', '-46.4713623', '2017-01-01 00:00:00', '2017-09-30 18:16:24');
INSERT INTO tb_membros VALUES ( '187', 'Transferência', '1', 'membro', 'sim', 'nao', 'f', 'nao', 'Ana Marisa Pacheco Venske', '', '', '1976-02-25', '', '', '', '', 'nao', '', 'casado', '', '', '304', 'Apto 63-A', '', '', '', 'sim', 'sim', 'sim', '', 'nao', '', '-27.5960344', '-48.5497595', '2017-01-01 00:00:00', '2017-11-22 09:23:57');
INSERT INTO tb_membros VALUES ( '188', 'Transferência', '1', 'membro', 'sim', 'nao', 'm', 'nao', 'Leonardo Bruno Venske', '', '', '2002-01-10', '', '', '', '', 'nao', '', 'solteiro', '', '', '304', 'Apto 63-A', '', '', '', 'sim', 'nao', 'nao', '', 'nao', '', '-22.9977192', '-43.3510951', '2017-01-01 00:00:00', '2017-11-21 10:53:03');
INSERT INTO tb_membros VALUES ( '189', 'Transferência', '1', 'membro', 'sim', 'nao', 'm', 'nao', 'Pedro Henrique Venske', '', '', '2007-02-24', '', '', '', '', 'nao', '', 'solteiro', '', '', '304', 'Apto 63-A', '', '', '', 'nao', 'nao', 'nao', '', 'nao', '', '-23.5408792', '-46.4713623', '2017-01-01 00:00:00', '2017-09-30 18:26:31');
INSERT INTO tb_membros VALUES ( '190', 'Transferência', '1', 'membro', 'sim', 'nao', 'f', 'nao', 'Edeltraut Redel do Nascimento', '', '', '1935-07-30', '', '', '', '', 'nao', '', 'casado', '02276-100', 'Rua Ângelo Aloísio', '168', 'Apto 58', 'Guapira', 'São Paulo', 'SP', 'sim', 'sim', 'nao', '', 'nao', '', '-23.4600089', '-46.5838919', '2017-01-01 00:00:00', '2017-10-02 15:05:22');
INSERT INTO tb_membros VALUES ( '191', 'Transferência', '1', 'membro', 'sim', 'nao', 'm', 'nao', 'José Dílson do Nascimento Jr', '', '', '1975-07-09', '', '', '', '', 'nao', '', 'casado', '02276-100', 'Rua Ângelo Aloísio', '168', 'Apto 58', 'Guapira', 'São Paulo', 'SP', 'sim', 'sim', 'nao', '', 'nao', '', '-23.4600089', '-46.5838919', '2017-01-01 00:00:00', '2017-10-02 15:08:49');
INSERT INTO tb_membros VALUES ( '192', '', '1', 'simpatizante', 'sim', 'nao', 'f', 'nao', 'Valeska Nascimento', '', '', '0000-00-00', '', '', '', '', 'nao', '', 'casado', '02276-100', 'Rua Ângelo Aloísio', '168', 'Apto 58', 'Guapira', 'São Paulo', 'SP', 'nao', 'nao', 'nao', '', 'nao', '', '-23.4600089', '-46.5838919', '2017-01-01 00:00:00', '2017-10-02 15:11:36');
INSERT INTO tb_membros VALUES ( '193', '', '1', 'simpatizante', 'sim', 'nao', 'f', 'nao', 'Angélica Bessa de Oliveira do Nascimento', '', '', '0000-00-00', '', '', '', '', 'nao', '', 'casado', '02631-000', 'Avenida Santa Inês', '1969', '', 'Jardim Peri', 'São Paulo', 'SP', 'nao', 'nao', 'nao', '', 'nao', '', '-23.4654011', '-46.6343783', '2017-01-01 00:00:00', '2017-10-02 15:17:50');
INSERT INTO tb_membros VALUES ( '194', 'Transferência', '1', 'membro', 'sim', 'nao', 'm', 'nao', 'Otto Alexandrino do Nascimento', '', '', '1972-04-18', '', '', '', '', 'nao', '', 'casado', '02631-000', 'Avenida Santa Inês', '1969', '', 'Jardim Peri', 'São Paulo', 'SP', 'sim', 'sim', 'nao', '', 'nao', '', '-23.4653378', '-46.6344654', '2017-01-01 00:00:00', '2019-04-08 11:38:00');
INSERT INTO tb_membros VALUES ( '195', 'Transferência', '1', 'membro', 'sim', 'nao', 'f', 'nao', 'Pietra de Oliveira Redel do Nascimento', '', '', '2008-11-10', '', '', '', '', 'nao', '', 'solteiro', '02631-000', 'Avenida Santa Inês', '1969', '', 'Jardim Peri', 'São Paulo', 'SP', 'nao', 'nao', 'nao', '', 'nao', '', '-23.4653378', '-46.6344654', '2017-01-01 00:00:00', '2018-10-31 21:08:25');
INSERT INTO tb_membros VALUES ( '196', 'Transferência', '1', 'membro', 'sim', 'nao', 'f', 'nao', 'Rafaella Redel de Oliveira do Nascimento', '', '', '2011-11-09', '', '', '', '', 'nao', '', 'solteiro', '02631-000', '...', '1969', '', '...', '...', '...', 'nao', 'nao', 'nao', '', 'nao', '', '-22.9332270', '-52.1474114', '2017-01-01 00:00:00', '2017-10-02 15:26:52');
INSERT INTO tb_membros VALUES ( '197', 'Transferência', '1', 'membro', 'sim', 'nao', 'f', 'nao', 'Tânia Mara Andrade do Nascimento', '', '', '1958-07-05', '', '', '', '', 'nao', '', 'casado', '02518-120', '...', '', 'Apto 42 - Bloco 01', '...', '...', '...', 'sim', 'sim', 'nao', '', 'nao', '', '-14.2350040', '-51.9252800', '2017-01-01 00:00:00', '2017-10-02 18:21:40');
INSERT INTO tb_membros VALUES ( '198', 'Transferência', '1', 'membro', 'sim', 'nao', 'm', 'nao', 'Elton Sidiney Andrade do Nascimento', '', '', '1985-02-06', '', '', '', '', 'nao', '', 'solteiro', '02518-120', '...', '', 'Apto 42 - Bloco 01', '...', '...', '...', 'sim', 'sim', 'nao', '', 'nao', '', '-14.2350040', '-51.9252800', '2017-01-01 00:00:00', '2017-10-02 18:24:23');
INSERT INTO tb_membros VALUES ( '199', 'Transferência', '1', 'membro', 'sim', 'nao', 'm', 'nao', 'Cleverton Aragão de Oliveira', '', '', '1976-02-27', '', '', '', '', 'nao', '', 'casado', '', '', '5388', 'Bloco J – casa 4', '', '', '', 'sim', 'sim', 'nao', '', 'nao', '', '-22.8454067', '-43.3785229', '2017-01-01 00:00:00', '2017-10-02 18:29:46');
INSERT INTO tb_membros VALUES ( '200', 'Transferência', '1', 'membro', 'sim', 'nao', 'f', 'nao', 'Luciane Silva Aragão de Oliveira', '', '', '1974-12-28', '', '', '', '', 'nao', '', 'casado', '', '', '5388', 'Bloco J – casa 4', '', '', '', 'sim', 'sim', 'nao', '', 'nao', '', '-22.8454067', '-43.3785229', '2017-01-01 00:00:00', '2017-11-21 10:56:08');
INSERT INTO tb_membros VALUES ( '201', 'Transferência', '1', 'membro', 'sim', 'nao', 'm', 'nao', 'Gabriel Redel Aragão de Oliveira', '', '', '1997-11-17', '', '', '', '', 'nao', '', 'solteiro', '', '', '5388', 'Bloco J – casa 4', '', '', '', 'sim', 'sim', 'nao', '', 'nao', '', '-22.8454067', '-43.3785229', '2017-01-01 00:00:00', '2017-10-02 18:35:50');
INSERT INTO tb_membros VALUES ( '202', 'Transferência', '1', 'membro', 'sim', 'nao', 'f', 'nao', 'Gabriely Redel Aragão de Oliveira', '', '', '2000-01-31', '', '', '', '', 'nao', '', 'solteiro', '', '', '5388', 'Bloco J – casa 4', '', '', '', 'sim', 'sim', 'nao', '', 'nao', '', '-22.8454067', '-43.3785229', '2017-01-01 00:00:00', '2017-10-02 18:43:03');
INSERT INTO tb_membros VALUES ( '203', 'Transferência', '1', 'membro', 'sim', 'nao', 'f', 'nao', 'Caroline Silva Suatte Oliveira', '', '', '2002-03-08', '', '', '', '', 'nao', '', 'solteiro', '', '', '5388', 'Bloco J – casa 4', '', '', '', 'sim', 'nao', 'nao', '', 'nao', '', '-22.8454067', '-43.3785229', '2017-01-01 00:00:00', '2017-10-02 18:46:01');
INSERT INTO tb_membros VALUES ( '204', 'Transferência', '1', 'membro', 'sim', 'nao', 'm', 'nao', 'Caio Oliveira', '', '', '2014-05-09', '', '', '', '', 'nao', '', 'solteiro', '', '', '5388', 'Bloco J – casa 4', '', '', '', 'nao', 'nao', 'nao', '', 'nao', '', '-22.8454067', '-43.3785229', '2017-01-01 00:00:00', '2017-10-02 18:48:39');
INSERT INTO tb_membros VALUES ( '205', 'Transferência', '1', 'membro', 'sim', 'nao', 'f', 'nao', 'Fernanda Pereira', '', '', '1900-03-18', '', '', '', '', 'nao', '', 'casado', '05187-360', 'Rua Matilde Moreno', '30', '', 'Jardim Ipanema (Zona Oeste)', 'São Paulo', 'SP', 'sim', 'sim', 'nao', '', 'nao', '', '-23.4474236', '-46.7503483', '2017-01-01 00:00:00', '2017-10-03 14:54:32');
INSERT INTO tb_membros VALUES ( '206', 'Transferência', '1', 'membro', 'sim', 'nao', 'm', 'nao', 'Gustavo Dariane Pereira', '', '', '2000-06-24', '', '', '', '', 'nao', '', 'solteiro', '05187-360', 'Rua Matilde Moreno', '30', '', 'Jardim Ipanema (Zona Oeste)', 'São Paulo', 'SP', 'sim', 'nao', 'nao', '', 'nao', '', '-23.4474236', '-46.7503483', '2017-01-01 00:00:00', '2017-11-21 10:45:11');
INSERT INTO tb_membros VALUES ( '207', 'Transferência', '1', 'membro', 'sim', 'nao', 'f', 'nao', 'Flávia Pereira', '', '', '1900-03-18', '', '', '', '', 'nao', '', 'casado', '05187-360', 'Rua Matilde Moreno', '30', '', 'Jardim Ipanema (Zona Oeste)', 'São Paulo', 'SP', 'sim', 'sim', 'nao', '', 'nao', '', '-23.4474236', '-46.7503483', '2017-01-01 00:00:00', '2017-10-03 15:01:08');
INSERT INTO tb_membros VALUES ( '208', 'Transferência', '1', 'membro', 'sim', 'nao', 'f', 'nao', 'Beatriz Ferreira Pereira', '', '', '1995-03-02', '', '', '', '', 'nao', '', 'solteiro', '05187-360', 'Rua Matilde Moreno', '30', '', 'Jardim Ipanema (Zona Oeste)', 'São Paulo', 'SP', 'sim', 'sim', 'nao', '', 'nao', '', '-23.4474236', '-46.7503483', '2017-01-01 00:00:00', '2017-10-03 15:03:56');
INSERT INTO tb_membros VALUES ( '209', '', '1', 'simpatizante', 'sim', 'nao', 'm', 'nao', 'Davidson Wallace Pereira', '', '', '0000-00-00', '', '', '', '', 'nao', '', 'casado', '05315-030', 'Rua Nagel', '33', 'Apto 22- Torre 4 Araroaba', 'Vila Leopoldina', 'São Paulo', 'SP', 'nao', 'nao', 'nao', '', 'nao', '', '-23.5330254', '-46.7314227', '2017-01-01 00:00:00', '2017-10-03 15:08:22');
INSERT INTO tb_membros VALUES ( '210', 'Transferência', '1', 'membro', 'sim', 'nao', 'f', 'nao', 'Vanessa Kirschner Pereira', '', '', '0000-00-00', '', '', '', '', 'nao', '', 'casado', '05315-030', 'Rua Nagel', '33', 'Apto 22- Torre 4 Araroaba', 'Vila Leopoldina', 'São Paulo', 'SP', 'sim', 'sim', 'nao', '', 'nao', '', '-23.5330254', '-46.7314227', '2017-01-01 00:00:00', '2017-10-03 15:11:57');
INSERT INTO tb_membros VALUES ( '211', 'Transferência', '1', 'membro', 'sim', 'nao', 'f', 'nao', 'Alice Kirschner Pereira', '', '', '2013-03-11', '', '', '', '', 'nao', '', 'solteiro', '05315-030', 'Rua Nagel', '33', 'Apto 22- Torre 4 Araroaba', 'Vila Leopoldina', 'São Paulo', 'SP', 'nao', 'nao', 'nao', '', 'nao', '', '-23.5330254', '-46.7314227', '2017-01-01 00:00:00', '2017-10-03 15:14:52');
INSERT INTO tb_membros VALUES ( '212', '', '1', 'simpatizante', 'nao', 'nao', 'm', 'nao', 'Wilson Pereira', '', '', '0000-00-00', '', '', '', '', 'nao', '', 'casado', '05187-360', 'Rua Matilde Moreno', '30', '', 'Jardim Ipanema (Zona Oeste)', 'São Paulo', 'SP', 'nao', 'nao', 'nao', '', 'nao', '', '-23.4474236', '-46.7503483', '2017-01-01 00:00:00', '2019-08-04 18:16:57');
INSERT INTO tb_membros VALUES ( '213', 'Transferência', '1', 'membro', 'sim', 'nao', 'f', 'nao', 'Wilma Aparecida Pereira', '', '', '1957-06-28', '', '', '', '', 'nao', '', 'viuvo', '05187-360', 'Rua Matilde Moreno', '30', '', 'Jardim Ipanema (Zona Oeste)', 'São Paulo', 'SP', 'sim', 'sim', 'sim', '', 'nao', '', '-23.4474236', '-46.7503483', '2017-01-01 00:00:00', '2019-08-04 18:20:06');
INSERT INTO tb_membros VALUES ( '214', 'Transferência', '1', 'membro', 'sim', 'nao', 'm', 'nao', 'Ediel Gehring Pimentel', '', '', '1987-09-05', '', '', '', '', 'nao', '', 'casado', '', '', '', 'Rua José Martiniano de Alencar, 149 Barueri', '', '', '', 'sim', 'sim', 'nao', '', 'nao', '', '-14.2350040', '-51.9252800', '2017-01-01 00:00:00', '2017-10-03 15:32:56');
INSERT INTO tb_membros VALUES ( '215', 'Transferência', '1', 'membro', 'sim', 'nao', 'm', 'nao', 'Fábio Yamamoto', '', '', '1962-02-08', '', '', '', '', 'nao', '', 'solteiro', '', '', '', 'Rua Lucila Bueno, 40 - Perus', '', '', '', 'sim', 'sim', 'nao', '', 'nao', '', '-14.2350040', '-51.9252800', '2017-01-01 00:00:00', '2017-10-03 15:43:28');
INSERT INTO tb_membros VALUES ( '216', 'Transferência', '1', 'membro', 'sim', 'nao', 'f', 'nao', 'Lucélia Pimentel', '', '', '1979-02-07', '', '', '', '', 'nao', '', 'casado', '', '', '', 'Rua José Martiniano de Alencar, 149 Barueri', '', '', '', 'sim', 'sim', 'nao', '', 'nao', '', '-14.2350040', '-51.9252800', '2017-01-01 00:00:00', '2017-10-06 11:25:42');
INSERT INTO tb_membros VALUES ( '217', 'Transferência', '1', 'membro', 'sim', 'nao', 'f', 'nao', 'Giovana Pimentel', '', '', '2009-07-08', '', '', '', '', 'nao', '', 'solteiro', '', '', '', 'Rua José Martiniano de Alencar, 149 Barueri', '', '', '', 'nao', 'nao', 'nao', '', 'nao', '', '-14.2350040', '-51.9252800', '2017-01-01 00:00:00', '2017-10-06 11:32:56');
INSERT INTO tb_membros VALUES ( '218', 'Transferência', '1', 'membro', 'sim', 'nao', 'f', 'nao', 'Sônia Pimentel', '', '', '1969-08-21', '', '', '', '', 'nao', '', 'solteiro', '', '', '', 'Rua José Martiniano de Alencar, 149', '', '', '', 'sim', 'sim', 'nao', '', 'nao', '', '-14.2350040', '-51.9252800', '2017-01-01 00:00:00', '2017-10-06 11:31:17');
INSERT INTO tb_membros VALUES ( '219', '', '1', 'simpatizante', 'sim', 'nao', 'm', 'nao', 'Sandro Luis da Silva', '', '', '0000-00-00', '', '', '', '', 'nao', '', 'casado', '06278-080', 'Rua Serra do Mar', '125', '', 'Três Montanhas', 'Osasco', 'SP', 'nao', 'nao', 'nao', '', 'nao', '', '-23.4786538', '-46.7860110', '2017-01-01 00:00:00', '2018-08-07 16:17:07');
INSERT INTO tb_membros VALUES ( '220', 'Transferência', '1', 'membro', 'sim', 'nao', 'f', 'nao', 'Irene Grass da Silva', '57.703.001-2', '484.542.650-15', '1963-09-06', 'Erebango', 'RS', '', 'A+', 'nao', 'Fisioterapeuta', 'casado', '06278-080', 'Rua Serra do Mar', '125', 'Casa', 'Três Montanhas', 'Osasco', 'SP', 'sim', 'sim', 'sim', '', 'nao', '', '-23.4786538', '-46.7860110', '2017-01-01 00:00:00', '2018-08-07 15:37:41');
INSERT INTO tb_membros VALUES ( '221', 'Transferência', '1', 'membro', 'sim', 'nao', 'f', 'nao', 'Jéssica L. da Silva', '49.177.835-1', '420.553.018-88', '1992-10-03', 'Erechim', 'RS', '', 'A+', 'nao', '', 'solteiro', '06278-080', 'Rua Serra do Mar', '125', 'Casa', 'Três Montanhas', 'Osasco', 'SP', 'sim', 'sim', 'nao', '', 'nao', '', '-23.4786538', '-46.7860110', '2017-01-01 00:00:00', '2018-08-07 15:50:12');
INSERT INTO tb_membros VALUES ( '222', 'Transferência', '1', 'membro', 'sim', 'nao', 'f', 'nao', 'Emily Talita da Silva', '', '470.263.268-05', '1996-12-20', 'Erechim', 'RS', '', 'A-', 'nao', 'Estudante', 'solteiro', '06278-080', 'Rua Serra do Mar', '125', 'Casa', 'Três Montanhas', 'Osasco', 'SP', 'sim', 'sim', 'nao', '', 'nao', '', '-23.4786538', '-46.7860110', '2017-01-01 00:00:00', '2018-08-07 15:58:05');
INSERT INTO tb_membros VALUES ( '224', 'Reconhecimento de batismo', '1', 'membro', 'sim', 'nao', 'm', 'nao', 'José Aragão da Silva', '', '', '0000-00-00', '', '', '', '', 'nao', '', 'solteiro', '07178-001', 'Avenida Carmela Thomeu', '836', '', 'Vila Carmela I', 'Guarulhos', 'SP', 'sim', 'sim', 'nao', '', 'nao', '', '-23.3991771', '-46.3911394', '2017-01-01 00:00:00', '2017-10-06 12:05:25');
INSERT INTO tb_membros VALUES ( '226', 'Transferência', '1', 'membro', 'sim', 'nao', 'm', 'nao', 'Luiz Antônio da Silva', '', '', '1951-08-07', '', '', '', '', 'nao', '', 'casado', '02553-020', 'Rua Noel Rosa', '45', 'nr 45 A', 'Sítio do Morro', 'São Paulo', 'SP', 'sim', 'sim', 'nao', '', 'nao', '', '-23.4990265', '-46.6662545', '2017-01-01 00:00:00', '2017-10-06 12:14:07');
INSERT INTO tb_membros VALUES ( '227', 'Transferência', '1', 'membro', 'sim', 'nao', 'f', 'nao', 'Zilda Aparecida Pereira da Silva', '', '', '1954-12-27', '', '', '', '', 'nao', '', 'casado', '02553-020', 'Rua Noel Rosa', '45', 'nr 45 A', 'Sítio do Morro', 'São Paulo', 'SP', 'sim', 'sim', 'nao', '', 'nao', '', '-23.4990265', '-46.6662545', '2017-01-01 00:00:00', '2017-10-06 12:19:45');
INSERT INTO tb_membros VALUES ( '228', 'Transferência', '1', 'membro', 'sim', 'nao', 'f', 'nao', 'Lúcia Roxo', '', '', '1960-02-04', '', '', '', '', 'nao', '', 'casado', '', '', '', 'Rua Tempo Reverso, 119', '', '', '', 'sim', 'sim', 'nao', '', 'nao', '', '-14.2350040', '-51.9252800', '2017-01-01 00:00:00', '2017-10-06 15:41:15');
INSERT INTO tb_membros VALUES ( '229', 'Transferência', '1', 'membro', 'sim', 'nao', 'f', 'nao', 'Samanta Victória Roxo', '', '', '1989-03-07', '', '', '', '', 'nao', '', 'solteiro', '', '', '', 'Rua Tempo Reverso, 119', '', '', '', 'sim', 'sim', 'nao', '', 'nao', '', '-14.2350040', '-51.9252800', '2017-01-01 00:00:00', '2017-11-21 11:11:03');
INSERT INTO tb_membros VALUES ( '230', 'Transferência', '1', 'membro', 'sim', 'nao', 'f', 'nao', 'Jéssica Elizabete Roxo', '', '', '1990-06-11', '', '', '', '', 'nao', '', 'solteiro', '', '', '', 'Rua Tempo Reverso, 119', '', '', '', 'sim', 'sim', 'nao', '', 'nao', '', '-14.2350040', '-51.9252800', '2017-01-01 00:00:00', '2017-10-06 15:46:36');
INSERT INTO tb_membros VALUES ( '231', 'Transferência', '1', 'membro', 'sim', 'nao', 'm', 'nao', 'Pedro Henrique Roxo', '', '', '1994-11-10', '', '', '', '', 'nao', '', 'solteiro', '', '', '', 'Rua Tempo Reverso, 119', '', '', '', 'nao', 'nao', 'nao', '', 'nao', '', '-14.2350040', '-51.9252800', '2017-01-01 00:00:00', '2017-10-06 15:49:26');
INSERT INTO tb_membros VALUES ( '232', 'Transferência', '1', 'membro', 'sim', 'nao', 'f', 'nao', 'Valentina Katirene Roxo', '', '', '1999-01-18', '', '', '', '', 'nao', '', 'solteiro', '', '', '', 'Rua Tempo Reverso, 119', '', '', '', 'nao', 'sim', 'nao', '', 'nao', '', '-14.2350040', '-51.9252800', '2017-01-01 00:00:00', '2017-11-21 11:14:14');
INSERT INTO tb_membros VALUES ( '233', 'Transferência', '1', 'membro', 'sim', 'nao', 'm', 'nao', 'Rodrigo Alves de Oliveira da Silva', '', '', '1989-04-05', '', '', '', '', 'nao', '', 'casado', '02722-000', 'Rua Dona Estela Borges Morato', '160', 'Apto 163 – Torre 3', 'Vila Siqueira (Zona Norte)', 'São Paulo', 'SP', 'sim', 'sim', 'nao', '', 'nao', '', '-23.5031222', '-46.6829718', '2017-01-01 00:00:00', '2017-11-22 15:26:32');
INSERT INTO tb_membros VALUES ( '234', '', '1', 'simpatizante', 'sim', 'nao', 'f', 'nao', 'Tallita Barros da Silva', '', '', '1900-09-21', '', '', '', '', '', '', 'casado', '02722-000', 'Rua Dona Estela Borges Morato', '160', 'Apto 163 – Torre 3', 'Vila Siqueira (Zona Norte)', 'São Paulo', 'SP', 'nao', 'nao', 'nao', '', 'nao', '', '-23.5030629', '-46.6836148', '2017-01-01 00:00:00', '2018-09-03 15:32:15');
INSERT INTO tb_membros VALUES ( '235', 'Transferência', '1', 'membro', 'sim', 'nao', 'f', 'nao', 'Fátima Vianna', '', '', '1900-04-23', '', '', '', '', 'nao', '', 'solteiro', '01151-000', 'Rua Brigadeiro Galvão', '458', 'Apto 45', 'Barra Funda', 'São Paulo', 'SP', 'sim', 'sim', 'nao', '', 'nao', '', '-23.5313449', '-46.6562663', '2017-01-01 00:00:00', '2017-10-06 16:09:38');
INSERT INTO tb_membros VALUES ( '236', '', '1', 'simpatizante', 'sim', 'nao', 'm', 'nao', 'Rodrigo Marques', '', '', '0000-00-00', '', '', '', '', 'nao', '', 'casado', '02513-020', 'Rua João Rudge', '275', 'Apto 62 - Bloco A', 'Casa Verde', 'São Paulo', 'SP', 'nao', 'nao', 'nao', '', 'nao', '', '-23.5141722', '-46.6558262', '2017-01-01 00:00:00', '2017-10-06 16:12:57');
INSERT INTO tb_membros VALUES ( '237', 'Transferência', '1', 'membro', 'sim', 'nao', 'f', 'nao', 'Paula Caroline de Lara Vianna Marques', '', '', '1982-04-07', '', '', '', '', 'nao', '', 'casado', '02513-020', 'Rua João Rudge', '275', 'Apto 62 - Bloco A', 'Casa Verde', 'São Paulo', 'SP', 'sim', 'sim', 'nao', '', 'nao', '', '-23.5141722', '-46.6558262', '2017-01-01 00:00:00', '2017-10-06 16:16:21');
INSERT INTO tb_membros VALUES ( '238', 'Transferência', '1', 'membro', 'sim', 'nao', 'f', 'nao', 'Clara Vianna Marques', '', '', '2012-02-27', '', '', '', '', 'nao', '', 'solteiro', '02513-020', 'Rua João Rudge', '275', 'Apto 62 - Bloco A', 'Casa Verde', 'São Paulo', 'SP', 'nao', 'nao', 'nao', '', 'nao', '', '-23.5139490', '-46.6558465', '2017-01-01 00:00:00', '2019-02-04 09:54:10');
INSERT INTO tb_membros VALUES ( '239', '', '1', 'simpatizante', 'sim', 'nao', 'm', 'nao', 'Felipe Cunha', '', '', '1900-06-06', '', '', '', '', 'nao', '', 'casado', '04677-020', 'Rua Huitacá', '96', 'Apto 62 - Cidade Ademar', 'Jardim da Campina', 'São Paulo', 'SP', 'nao', 'nao', 'nao', '', 'nao', '', '-23.6656811', '-46.6819824', '2017-01-01 00:00:00', '2017-10-06 16:25:38');
INSERT INTO tb_membros VALUES ( '240', 'Transferência', '1', 'membro', 'sim', 'nao', 'f', 'nao', 'Luciana Domenech Waclawovsky Cunha', '', '', '1982-02-05', '', '', '', '', 'nao', '', 'casado', '04677-020', 'Rua Huitacá', '96', 'Apto 62 - Cidade Ademar', 'Jardim da Campina', 'São Paulo', 'SP', 'sim', 'sim', 'nao', '', 'nao', '', '-23.6656811', '-46.6819824', '2017-01-01 00:00:00', '2017-11-22 15:09:52');
INSERT INTO tb_membros VALUES ( '241', 'Transferência', '1', 'membro', 'sim', 'nao', 'm', 'nao', 'Gabriel Waclawovsky Cunha', '', '', '2011-05-02', '', '', '', '', 'nao', '', 'solteiro', '04677-020', 'Rua Huitacá', '96', 'Apto 62 - Cidade Ademar', 'Jardim da Campina', 'São Paulo', 'SP', 'nao', 'nao', 'nao', '', 'nao', '', '-23.6656811', '-46.6819824', '2017-01-01 00:00:00', '2017-10-15 16:23:29');
INSERT INTO tb_membros VALUES ( '242', 'Transferência', '1', 'membro', 'sim', 'nao', 'f', 'nao', 'Regiane Roseney Zimpel', '', '', '1975-01-05', '', '', '', '', 'nao', '', 'casado', '05038-040', 'Rua Corcovado', '', 'Passeio 3, Entrada 20', 'Parque Residencial da Lapa', 'São Paulo', 'SP', 'sim', 'sim', 'nao', '', 'nao', '', '-23.5165278', '-46.6975140', '2017-01-01 00:00:00', '2017-10-06 16:40:22');
INSERT INTO tb_membros VALUES ( '243', 'Transferência', '1', 'membro', 'sim', 'nao', 'm', 'nao', 'Helói Zimpel', '', '', '2009-04-16', '', '', '', '', 'nao', '', 'solteiro', '05038-040', 'Rua Corcovado', '', 'Passeio 3, Entrada 20', 'Parque Residencial da Lapa', 'São Paulo', 'SP', 'nao', 'nao', 'nao', '', 'nao', '', '-23.5165278', '-46.6975140', '2017-01-01 00:00:00', '2017-10-06 16:43:16');
INSERT INTO tb_membros VALUES ( '244', 'Transferência', '1', 'membro', 'sim', 'nao', 'f', 'nao', 'Juliana Migotto', '', '', '1900-05-02', '', '', '', '', 'nao', '', 'solteiro', '02931-070', 'Rua Visconde Cavalcanti', '134', '', 'Vila Pereira Cerca', 'São Paulo', 'SP', 'sim', 'sim', 'nao', '', 'nao', '', '-23.4997762', '-46.7075192', '2017-01-01 00:00:00', '2017-10-09 10:15:13');
INSERT INTO tb_membros VALUES ( '245', 'Transferência', '1', 'membro', 'sim', 'nao', 'f', 'nao', 'Lusinete Bastos dos Santos', '', '', '1900-03-02', '', '', '', '', 'nao', '', 'separado', '06040-270', 'Rua Lídia Thomaz', '697', '', 'City Bussocaba', 'Osasco', 'SP', 'sim', 'sim', 'sim', '', 'nao', '', '-23.5734953', '-46.7820905', '2012-06-10 00:00:00', '2018-02-25 15:33:48');
INSERT INTO tb_membros VALUES ( '246', 'Batismo', '1', 'membro', 'sim', 'nao', 'm', 'nao', 'Arthur Luis Guimarães Bastos Silva', '', '', '2001-09-14', '', '', '', '', 'nao', '', 'solteiro', '06040-270', 'Rua Lídia Thomaz', '697', '', 'City Bussocaba', 'Osasco', 'SP', 'nao', 'nao', 'nao', '', 'nao', '', '-23.5734953', '-46.7820905', '2010-09-14 00:00:00', '2018-02-25 15:36:32');
INSERT INTO tb_membros VALUES ( '247', 'Transferência', '1', 'membro', 'sim', 'nao', 'f', 'nao', 'Kathleem Vilela', '', '', '1995-09-10', '', '', '', '', 'nao', '', 'solteiro', '', '', '', 'Rua Sargento Agostinho Ferreira, 832 - Vila Maria Alta', '', '', '', 'sim', 'sim', 'nao', '', 'nao', '', '-14.2350040', '-51.9252800', '2017-01-01 00:00:00', '2017-10-09 10:31:57');
INSERT INTO tb_membros VALUES ( '248', 'Transferência', '1', 'membro', 'sim', 'nao', 'f', 'nao', 'Evelyn Vilela', '', '', '1999-12-12', '', '', '', '', 'nao', '', 'solteiro', '', '', '', 'Rua Sargento Agostinho Ferreira, 832 - Vila Maria Alta', '', '', '', 'sim', 'sim', 'nao', '', 'nao', '', '-14.2350040', '-51.9252800', '2017-01-01 00:00:00', '2017-10-09 10:34:47');
INSERT INTO tb_membros VALUES ( '249', 'Transferência', '1', 'membro', 'sim', 'nao', 'm', 'nao', 'Régis Lino', '', '', '1966-07-03', '', '', '', '', 'nao', '', 'casado', '', '', '', '', '', '', '', 'sim', 'sim', 'nao', '', 'nao', '', '-14.2350040', '-51.9252800', '2017-01-01 00:00:00', '2017-10-09 10:38:57');
INSERT INTO tb_membros VALUES ( '250', 'Transferência', '1', 'membro', 'sim', 'nao', 'f', 'nao', 'Rosemarier Lino', '', '', '1975-07-25', '', '', '', '', 'nao', '', 'casado', '', '', '', '', '', '', '', 'sim', 'sim', 'nao', '', 'nao', '', '-14.2350040', '-51.9252800', '2017-01-01 00:00:00', '2017-11-21 11:09:58');
INSERT INTO tb_membros VALUES ( '251', 'Transferência', '1', 'membro', 'sim', 'nao', 'f', 'nao', 'Beatriz Lino', '', '', '1998-09-09', '', '', '', '', 'nao', '', 'solteiro', '', '', '', '', '', '', '', 'sim', 'sim', 'nao', '', 'nao', '', '-14.2350040', '-51.9252800', '2017-01-01 00:00:00', '2017-11-22 16:01:17');
INSERT INTO tb_membros VALUES ( '252', 'Transferência', '1', 'membro', 'sim', 'nao', 'm', 'nao', 'Ely Bandeira', '', '', '1958-11-23', '', '', '', '', 'nao', '', 'casado', '02404-030', 'Rua Alphonsus de Guimaraens', '181', 'Apto 101', 'Santana', 'São Paulo', 'SP', 'sim', 'sim', 'nao', '', 'nao', '', '-23.4918434', '-46.6275483', '2017-01-01 00:00:00', '2017-11-22 10:53:07');
INSERT INTO tb_membros VALUES ( '253', 'Transferência', '1', 'membro', 'sim', 'nao', 'f', 'nao', 'Fátima Cabral Bandeira', '', '', '1962-03-28', '', '', '', '', 'nao', '', 'casado', '02404-030', 'Rua Alphonsus de Guimaraens', '181', 'Apto 101', 'Santana', 'São Paulo', 'SP', 'sim', 'sim', 'nao', '', 'nao', '', '-23.4918434', '-46.6275483', '2017-01-01 00:00:00', '2017-10-09 10:56:09');
INSERT INTO tb_membros VALUES ( '254', 'Transferência', '1', 'membro', 'sim', 'nao', 'm', 'nao', 'Felipe Cabral Bandeira', '', '', '1986-08-22', '', '', '', '', 'nao', '', 'solteiro', '02404-030', 'Rua Alphonsus de Guimaraens', '181', 'Apto 101', 'Santana', 'São Paulo', 'SP', 'sim', 'sim', 'nao', '', 'nao', '', '-23.4918434', '-46.6275483', '2017-01-01 00:00:00', '2017-10-09 10:59:10');
INSERT INTO tb_membros VALUES ( '255', 'Transferência', '1', 'membro', 'sim', 'nao', 'm', 'nao', 'Moysés Bandeira', '', '', '1967-03-18', '', '', '', '', 'nao', '', 'casado', '03161-080', 'Rua Val de Palmas', '179', 'Apto 12', 'Vila Santa Clara', 'São Paulo', 'SP', 'sim', 'sim', 'nao', '', 'nao', '', '-23.5759931', '-46.5649945', '2017-01-01 00:00:00', '2017-10-09 11:04:51');
INSERT INTO tb_membros VALUES ( '256', 'Transferência', '1', 'membro', 'sim', 'nao', 'f', 'nao', 'Rosali Aparecida Pelegrini Bandeira', '', '', '1970-10-19', '', '', '', '', 'nao', '', 'casado', '03161-080', 'Rua Val de Palmas', '179', 'Apto 12', 'Vila Santa Clara', 'São Paulo', 'SP', 'sim', 'sim', 'nao', '', 'nao', '', '-23.5759931', '-46.5649945', '2017-01-01 00:00:00', '2017-10-09 11:08:31');
INSERT INTO tb_membros VALUES ( '257', 'Transferência', '1', 'membro', 'sim', 'nao', 'm', 'nao', 'Moysés Bandeira Júnior', '', '', '1995-06-15', '', '', '', '', 'nao', '', 'solteiro', '03161-080', 'Rua Val de Palmas', '179', 'Apto 12', 'Vila Santa Clara', 'São Paulo', 'SP', 'sim', 'sim', 'nao', '', 'nao', '', '-23.5759931', '-46.5649945', '2017-01-01 00:00:00', '2017-10-09 11:11:18');
INSERT INTO tb_membros VALUES ( '258', 'Transferência', '1', 'membro', 'sim', 'nao', 'm', 'nao', 'João Pedro Bandeira', '', '', '2002-01-08', '', '', '', '', 'nao', '', 'solteiro', '03161-080', 'Rua Val de Palmas', '179', 'Apto 12', 'Vila Santa Clara', 'São Paulo', 'SP', 'nao', 'nao', 'nao', '', 'nao', '', '-23.5759931', '-46.5649945', '2017-01-01 00:00:00', '2017-10-09 11:13:53');
INSERT INTO tb_membros VALUES ( '259', '', '1', 'simpatizante', 'sim', 'nao', 'm', 'nao', 'Samuel Bandeira', '', '', '0000-00-00', '', '', '', '', 'nao', '', 'casado', '02420-001', 'Avenida Zumkeller', '792', 'Apto 71', 'Parque Mandaqui', 'São Paulo', 'SP', 'nao', 'nao', 'nao', '', 'nao', '', '-23.4731996', '-46.6373108', '2017-01-01 00:00:00', '2017-10-09 14:11:50');
INSERT INTO tb_membros VALUES ( '260', 'Transferência', '1', 'membro', 'sim', 'nao', 'f', 'nao', 'Caroline Alice Cabral Bandeira', '', '', '1985-04-27', '', '', '', '', 'nao', '', 'casado', '02420-001', 'Avenida Zumkeller', '792', 'Apto 71', 'Parque Mandaqui', 'São Paulo', 'SP', 'sim', 'sim', 'nao', '', 'nao', '', '-23.4731996', '-46.6373108', '2017-01-01 00:00:00', '2017-10-09 14:14:18');
INSERT INTO tb_membros VALUES ( '261', 'Batismo', '1', 'membro', 'sim', 'nao', 'f', 'nao', 'Júlia Bandeira', '', '', '2014-11-17', '', '', '', '', 'nao', '', 'solteiro', '02420-001', 'Avenida Zumkeller', '792', 'Apto 71', 'Parque Mandaqui', 'São Paulo', 'SP', 'nao', 'nao', 'nao', '', 'nao', '', '-23.4731996', '-46.6373108', '2017-01-01 00:00:00', '2017-10-09 14:17:12');
INSERT INTO tb_membros VALUES ( '262', 'Transferência', '1', 'membro', 'sim', 'nao', 'm', 'nao', 'Carlos Bandeira', '', '', '1900-08-24', '', '', '', '', 'nao', '', 'casado', '08071-180', 'Rua Serra da Juruoca', '799', 'Apto 75', 'Jardim Lapena', 'São Paulo', 'SP', 'sim', 'sim', 'nao', '', 'nao', '', '-23.4880714', '-46.4484038', '2017-01-01 00:00:00', '2017-12-19 14:23:36');
INSERT INTO tb_membros VALUES ( '263', 'Transferência', '1', 'membro', 'sim', 'nao', 'f', 'nao', 'Maria Aparecida Prado Bandeira', '', '', '1940-09-22', '', '', '', '', 'nao', '', 'casado', '08071-180', 'Rua Serra da Juruoca', '799', 'Apto 75', 'Jardim Lapena', 'São Paulo', 'SP', 'sim', 'sim', 'nao', '', 'nao', '', '-23.4880714', '-46.4484038', '2017-01-01 00:00:00', '2017-10-09 14:35:46');
INSERT INTO tb_membros VALUES ( '264', 'Transferência', '1', 'membro', 'sim', 'nao', 'm', 'nao', 'Osmar Eloir Rauch', '', '', '1965-08-03', '', '', '', '', 'nao', '', 'casado', '06717-285', 'Rua Serra da Lage', '10', '', 'Recanto dos Victor\'s', 'Cotia', 'SP', 'sim', 'sim', 'nao', '', 'nao', '', '-23.6130819', '-46.9129690', '2017-01-01 00:00:00', '2017-11-22 15:18:15');
INSERT INTO tb_membros VALUES ( '265', 'Transferência', '1', 'membro', 'sim', 'nao', 'f', 'nao', 'Jaqueline Ângela Sandri Rauch', '', '', '1965-05-14', '', '', '', '', '', '', 'casado', '06717-285', 'Rua Serra da Lage', '10', '', 'Recanto dos Victor\'s', 'Cotia', 'SP', 'sim', 'sim', 'nao', '', 'nao', '', '-23.6130819', '-46.9129690', '2017-01-01 00:00:00', '2017-10-25 15:20:26');
INSERT INTO tb_membros VALUES ( '266', 'Transferência', '1', 'membro', 'sim', 'nao', 'f', 'nao', 'Ana Carolina Rauch', '', '', '2001-01-06', '', '', '', '', 'nao', '', 'solteiro', '06717-285', 'Rua Serra da Lage', '12', '', 'Recanto dos Victor\'s', 'Cotia', 'SP', 'sim', 'nao', 'nao', '', 'nao', '', '-23.6130589', '-46.9129285', '2001-01-06 00:00:00', '2017-11-21 10:30:49');
INSERT INTO tb_membros VALUES ( '267', 'Profissão de fé', '1', 'membro', 'sim', 'nao', 'm', 'nao', 'Tiago Torres', '', '', '0000-00-00', '', '', '', '', 'nao', '', 'solteiro', '', '', '', '', '', '', '', 'sim', 'sim', 'nao', '', 'nao', '', '-14.2350040', '-51.9252800', '2017-10-22 00:00:00', '2017-11-13 15:59:17');
INSERT INTO tb_membros VALUES ( '268', 'Profissão de fé', '1', 'membro', 'sim', 'nao', 'f', 'nao', 'Maria Fernanda Torres', '', '', '1900-04-08', '', '', '', '', 'nao', '', 'solteiro', '', '', '', '', '', '', '', 'sim', 'sim', 'nao', '', 'nao', '', '-14.2350040', '-51.9252800', '2017-10-22 00:00:00', '2019-04-08 09:06:04');
INSERT INTO tb_membros VALUES ( '269', 'Profissão de fé', '1', 'membro', 'sim', 'nao', 'f', 'nao', 'Ruth Torres', '', '', '0000-00-00', '', '', '', '', 'nao', '', 'solteiro', '', '', '', '', '', '', '', 'sim', 'sim', 'nao', '', 'nao', '', '-14.2350040', '-51.9252800', '2017-10-22 00:00:00', '2017-11-13 16:07:10');
INSERT INTO tb_membros VALUES ( '270', 'Profissão de fé', '1', 'membro', 'sim', 'nao', 'm', 'nao', 'Jorio Jadjiski', '', '', '1900-02-19', '', '', '', '', 'nao', '', 'solteiro', '', '', '', '', '', '', '', 'sim', 'sim', 'sim', '', 'nao', '', '-14.2350040', '-51.9252800', '2017-10-22 00:00:00', '2019-02-04 09:51:48');
INSERT INTO tb_membros VALUES ( '271', 'Transferência', '1', 'membro', 'sim', 'nao', 'f', 'nao', 'Thalia Fischer', '', '', '0000-00-00', '', '', '', '', '', '', 'solteiro', '', '', '', '', '', '', '', 'sim', 'sim', 'nao', '', 'nao', '', '-14.2350040', '-51.9252800', '2017-10-22 00:00:00', '2017-11-13 16:10:54');
INSERT INTO tb_membros VALUES ( '272', 'Transferência', '1', 'membro', 'sim', 'nao', 'm', 'nao', 'Dário Jahnke', '', '', '1900-02-24', '', '', '', '', 'nao', '', 'casado', '', '', '', '', '', '', '', 'sim', 'sim', 'sim', '', 'nao', '', '-14.2350040', '-51.9252800', '2017-01-01 00:00:00', '2019-02-04 09:52:48');
INSERT INTO tb_membros VALUES ( '273', 'Transferência', '1', 'membro', 'sim', 'nao', 'f', 'nao', 'Celina Jahnke', '', '', '0000-00-00', '', '', '', '', 'nao', '', 'casado', '', '', '', '', '', '', '', 'sim', 'sim', 'sim', '', 'nao', '', '-14.2350040', '-51.9252800', '2017-01-01 00:00:00', '2017-11-22 15:40:31');
INSERT INTO tb_membros VALUES ( '274', 'Transferência', '1', 'membro', 'sim', 'nao', 'f', 'nao', 'Patricia Fernanda Krey', '', '', '1900-04-10', '', '', '', '', 'nao', '', 'casado', '02241-010', 'Rua Tomé Portes', '292', '', 'Vila Dom Pedro II', 'São Paulo', 'SP', 'sim', 'sim', 'sim', '', 'nao', '', '-23.6368430', '-46.6745512', '2017-01-01 00:00:00', '2019-04-08 11:38:56');
INSERT INTO tb_membros VALUES ( '275', 'Transferência', '1', 'membro', 'sim', 'nao', 'f', 'nao', 'Divani Martins', '', '', '0000-00-00', '', '', '', '', 'nao', '', 'solteiro', '', '', '', '', '', '', '', 'sim', 'sim', 'sim', '', 'nao', '', '-14.2350040', '-51.9252800', '2017-01-01 00:00:00', '2017-11-22 15:45:44');
INSERT INTO tb_membros VALUES ( '276', 'Transferência', '1', 'membro', 'sim', 'nao', 'm', 'nao', 'Anderson Pudell Vieira Sena', '', '', '0000-00-00', '', '', '', '', 'nao', '', 'solteiro', '', '', '', '', '', '', '', 'sim', 'sim', 'sim', '', 'nao', '', '-14.2350040', '-51.9252800', '2017-01-01 00:00:00', '2017-11-22 15:51:56');
INSERT INTO tb_membros VALUES ( '277', 'Profissão de fé', '1', 'membro', 'sim', 'nao', 'f', 'nao', 'Zuleika Natalina Vianna', '4.494.093-2', '538.166.178-91', '1946-11-19', '', '', '', 'O+', 'nao', 'Aposentado(a)', 'casado', '05065-010', 'Rua William Speers', '590', 'Apto 102-A', 'Lapa de Baixo', 'São Paulo', 'SP', 'sim', 'sim', 'sim', '', 'nao', 'Professora Aposentada', '-23.5187578', '-46.7005362', '2018-06-10 00:00:00', '2018-08-18 10:47:17');
INSERT INTO tb_membros VALUES ( '278', '', '1', 'simpatizante', 'sim', 'nao', 'm', 'nao', 'Abel Lohmann', '', '', '0000-00-00', '', '', '', '', 'nao', '', 'casado', '07191-230', 'Rua Lagoa Vermelha', '83', '', 'Vila Planalto', 'Guarulhos', 'SP', 'nao', 'nao', 'nao', '', 'nao', '', '-23.4607332', '-46.5108021', '2017-01-01 00:00:00', '2017-11-29 21:51:38');
INSERT INTO tb_membros VALUES ( '279', 'Transferência', '1', 'membro', 'sim', 'nao', 'm', 'nao', 'Daniel Pereira da Silva', '', '', '1961-12-14', '', '', '', '', 'nao', '', 'casado', '07934-165', 'Rua José de Siqueira', '107', '', 'Jardim São João', 'Francisco Morato', 'SP', 'sim', 'sim', 'nao', '', 'nao', '', '-23.3125142', '-46.7329468', '2017-01-01 00:00:00', '2017-11-30 09:55:09');
INSERT INTO tb_membros VALUES ( '280', 'Transferência', '1', 'membro', 'sim', 'nao', 'f', 'nao', 'Eliane Eller da Silva', '', '', '1966-07-11', '', '', '', '', 'nao', '', 'casado', '07934-165', 'Rua José de Siqueira', '107', '', 'Jardim São João', 'Francisco Morato', 'SP', 'sim', 'sim', 'nao', '', 'nao', '', '-23.3125142', '-46.7329468', '2017-01-01 00:00:00', '2017-11-30 10:01:00');
INSERT INTO tb_membros VALUES ( '281', 'Transferência', '1', 'membro', 'sim', 'nao', 'm', 'nao', 'Victor André da Silva', '', '', '1988-01-07', '', '', '', '', 'nao', '', 'solteiro', '07934-165', 'Rua José de Siqueira', '107', '', 'Jardim São João', 'Francisco Morato', 'SP', 'sim', 'sim', 'nao', '', 'nao', '', '-23.3125142', '-46.7329468', '2017-01-01 00:00:00', '2017-11-30 10:04:49');
INSERT INTO tb_membros VALUES ( '282', 'Transferência', '1', 'membro', 'sim', 'nao', 'm', 'nao', 'Michel Júlio da Silva', '', '', '1984-09-21', '', '', '', '', 'nao', '', 'solteiro', '07934-165', 'Rua José de Siqueira', '107', '', 'Jardim São João', 'Francisco Morato', 'SP', 'sim', 'sim', 'nao', '', 'nao', '', '-23.3125142', '-46.7329468', '2017-01-01 00:00:00', '2017-11-30 11:12:50');
INSERT INTO tb_membros VALUES ( '283', 'Transferência', '1', 'membro', 'sim', 'nao', 'f', 'nao', 'Luana da Silva', '', '', '1997-05-21', '', '', '', '', 'nao', '', 'solteiro', '07934-165', 'Rua José de Siqueira', '107', '', 'Jardim São João', 'Francisco Morato', 'SP', 'sim', 'sim', 'nao', '', 'nao', '', '-23.3125142', '-46.7329468', '2017-01-01 00:00:00', '2017-11-30 11:15:45');
INSERT INTO tb_membros VALUES ( '284', 'Profissão de fé', '1', 'membro', 'sim', 'nao', 'm', 'nao', 'Ramon Zimerer', '28.683.134 - X', '285.283.468-54', '1978-02-06', 'São Paulo', 'SP', '', '', 'nao', '', 'solteiro', '02735-080', 'Rua Antônio Blasques', '44', 'Casa', 'Vila Primavera', 'São Paulo', 'SP', 'sim', 'sim', 'nao', '', 'nao', '', '-23.4923696', '-46.6933774', '2018-06-10 00:00:00', '2018-12-09 17:39:58');
INSERT INTO tb_membros VALUES ( '285', 'Transferência', '1', 'membro', 'nao', 'nao', 'm', 'nao', 'Denys Gomes dos Santos', '', '', '1900-01-07', '', '', '', '', 'nao', '', 'casado', '', '', '', '', '', '', '', 'sim', 'sim', 'nao', '', 'nao', '', '-14.2350040', '-51.9252800', '2017-01-01 00:00:00', '2019-07-04 12:00:07');
INSERT INTO tb_membros VALUES ( '286', '', '1', 'simpatizante', 'sim', 'nao', 'm', 'nao', 'Francisco Roxo', '', '', '0000-00-00', '', '', '', '', '', '', 'casado', '', '', '', '', '', '', '', 'nao', 'nao', 'nao', '', 'nao', '', '-14.2350040', '-51.9252800', '2017-01-01 00:00:00', '2017-12-19 15:08:22');
INSERT INTO tb_membros VALUES ( '287', 'Batismo', '1', 'membro', 'sim', 'nao', 'm', 'nao', 'Bryan Krey Mata', '', '', '2017-10-03', 'São Paulo', 'SP', '', '', '', '', '', '02241-010', 'Rua Tomé Portes', '292', '', 'Vila Dom Pedro II', 'São Paulo', 'SP', 'nao', 'nao', 'sim', '', 'nao', '', '-23.4883639', '-46.6085787', '2018-02-18 00:00:00', '2018-02-18 07:56:54');
INSERT INTO tb_membros VALUES ( '288', '', '1', 'simpatizante', 'sim', 'nao', 'm', 'nao', 'Agnaldo Rodolfo Mata', '', '', '0000-00-00', '', '', '', '', 'nao', '', 'casado', '02241-010', 'Rua Tomé Portes', '292', '', 'Vila Dom Pedro II', 'São Paulo', 'SP', 'nao', 'nao', 'nao', '', 'nao', '', '-23.4883639', '-46.6085787', '2017-01-01 00:00:00', '2018-02-24 15:25:44');
INSERT INTO tb_membros VALUES ( '289', 'Transferência', '1', 'membro', 'sim', 'nao', 'f', 'nao', 'Gizela Katia Scheffel Gomes', '', '', '0000-00-00', '', '', '', '', 'nao', '', 'casado', '', '', '', '', '', '', '', 'sim', 'sim', 'sim', '', 'nao', '', '-14.2350040', '-51.9252800', '2018-05-01 00:00:00', '2018-06-03 17:11:36');
INSERT INTO tb_membros VALUES ( '290', 'Transferência', '1', 'membro', 'sim', 'nao', 'f', 'nao', 'Maria José Aragão', '', '', '1900-06-24', '', '', '', '', 'nao', '', 'solteiro', '', '', '', '', '', '', '', 'sim', 'sim', 'nao', '', 'nao', '', '-14.2350040', '-51.9252800', '2017-01-01 00:00:00', '2018-06-03 16:56:38');
INSERT INTO tb_membros VALUES ( '293', 'Confirmação', '1', 'membro', 'sim', 'nao', 'f', 'nao', 'Larissa Pisck', '', '', '1900-02-24', '', '', '', '', '', '', 'solteiro', '', '', '', '', '', '', '', 'sim', 'nao', 'nao', '', 'nao', '', '-14.2350040', '-51.9252800', '2018-05-06 00:00:00', '2019-02-24 16:34:24');
INSERT INTO tb_membros VALUES ( '294', 'Confirmação', '1', 'membro', 'sim', 'nao', 'm', 'nao', 'Breno Scheffel Gomes', '', '', '2003-09-10', '', '', '', '', '', '', 'solteiro', '', '', '', '', '', '', '', 'sim', 'nao', 'nao', '', 'nao', '', '-14.2350040', '-51.9252800', '2018-05-06 00:00:00', '2018-05-06 17:09:48');
INSERT INTO tb_membros VALUES ( '296', '', '1', 'simpatizante', 'sim', 'nao', 'f', 'nao', 'Francielle Mathias Albrecht ', '', '', '1900-04-07', '', '', '', '', 'nao', '', 'casado', '02945-090', 'Rua Antônio Benedito Machado Florence', '98', '', 'Jardim Cidade Pirituba', 'São Paulo', 'SP', 'sim', 'nao', 'sim', '', 'nao', '', '-23.4834176', '-46.7267693', '2017-01-01 00:00:00', '2019-04-07 18:19:02');
INSERT INTO tb_membros VALUES ( '297', '', '1', 'simpatizante', 'sim', 'nao', 'm', 'nao', 'Marcelo Gomes', '', '', '0000-00-00', '', '', '', '', 'nao', '', 'casado', '', '', '', '', '', '', '', 'nao', 'nao', 'nao', '', 'nao', '', '-14.2350040', '-51.9252800', '2017-01-01 00:00:00', '2018-05-09 10:53:48');
INSERT INTO tb_membros VALUES ( '298', 'Transferência', '1', 'membro', 'nao', 'nao', 'f', 'nao', 'Jakeline Kuster Santos', '', '', '1900-10-20', '', '', '', '', 'nao', '', 'casado', '', '', '', '', '', '', '', 'sim', 'sim', 'nao', '', 'nao', '', '-14.2350040', '-51.9252800', '2017-01-01 00:00:00', '2019-07-04 12:01:48');
INSERT INTO tb_membros VALUES ( '299', '', '1', 'simpatizante', 'sim', 'nao', 'm', 'nao', 'Thiago Uhlig Dahmer', '', '', '1900-06-01', '', '', '', '', '', '', '', '', '', '', '', '', '', '', 'nao', 'nao', 'nao', '', 'nao', '', '-14.2350040', '-51.9252800', '2018-01-01 00:00:00', '2018-06-03 17:00:05');
INSERT INTO tb_membros VALUES ( '300', '', '1', 'simpatizante', 'sim', 'nao', 'm', 'nao', 'Marines Motta', '', '', '2018-06-05', '', '', '', '', 'nao', '', '', '', '', '', '', '', '', '', 'nao', 'nao', 'nao', '', 'nao', '', '-14.2350040', '-51.9252800', '2017-01-01 00:00:00', '2018-06-03 17:06:50');
INSERT INTO tb_membros VALUES ( '301', 'Transferência', '1', 'membro', 'sim', 'nao', 'f', 'nao', 'Tamy Cristina Pisck', '', '', '1900-09-25', '', '', '', '', '', '', '', '', '', '', '', '', '', '', 'sim', 'nao', 'nao', '', 'nao', '', '-14.2350040', '-51.9252800', '2018-05-01 00:00:00', '2018-09-03 15:30:27');
INSERT INTO tb_membros VALUES ( '302', 'Transferência', '1', 'membro', 'sim', 'nao', 'f', 'nao', 'Adriana Mourão Pisck', '', '', '1900-08-16', '', '', '', '', 'nao', '', '', '', '', '', '', '', '', '', 'sim', 'nao', 'nao', '', 'nao', '', '-14.2350040', '-51.9252800', '2018-05-01 00:00:00', '2018-08-07 18:18:02');
INSERT INTO tb_membros VALUES ( '303', 'Transferência', '1', 'membro', 'sim', 'nao', 'm', 'nao', 'Lucas Augusto da Silva Santos', '', '', '0000-00-00', '', '', '', '', 'nao', '', '', '', '', '', '', '', '', '', 'sim', 'sim', 'nao', '', 'nao', '', '-14.2350040', '-51.9252800', '2018-05-01 00:00:00', '2018-06-03 17:18:44');
INSERT INTO tb_membros VALUES ( '304', 'Transferência', '1', 'membro', 'sim', 'nao', 'f', 'nao', 'Betina Mielke', '', '', '0000-00-00', '', '', '', '', 'nao', '', '', '', '', '', '', '', '', '', 'sim', 'sim', 'nao', '', 'nao', '', '-14.2350040', '-51.9252800', '2018-07-22 00:00:00', '2018-07-26 15:36:26');
INSERT INTO tb_membros VALUES ( '305', 'Profissão de fé', '1', 'membro', 'sim', 'nao', 'm', 'nao', 'Roberto Waldir de Souza', '', '', '0000-00-00', '', '', '', '', '', '', 'casado', '', '', '', '', '', '', '', 'sim', 'sim', 'nao', '', 'nao', '', '-14.2350040', '-51.9252800', '2018-07-29 00:00:00', '2018-10-31 21:02:04');
INSERT INTO tb_membros VALUES ( '306', 'Batismo', '1', 'membro', 'sim', 'nao', 'f', 'nao', 'Júlia Regina da Silva', '60.370.185-1', '', '2008-01-22', 'Osasco', 'SP', '', 'A+', 'nao', 'Estudante', 'solteiro', '06278-080', 'Rua Serra do Mar', '125', 'Casa', 'Três Montanhas', 'Osasco', 'SP', 'nao', 'nao', 'nao', '', 'nao', '', '-23.4786538', '-46.7860110', '2008-02-03 00:00:00', '2018-08-07 16:09:29');
INSERT INTO tb_membros VALUES ( '307', 'Batismo', '1', 'membro', 'sim', 'nao', 'm', 'nao', 'João Pedro Lemes', '', '', '2016-11-12', '', '', '', '', 'nao', '', 'solteiro', '', '', '', '', '', '', '', 'nao', 'nao', 'nao', '', 'nao', '', '-14.2350040', '-51.9252800', '2017-01-01 00:00:00', '2018-10-31 20:15:06');
INSERT INTO tb_membros VALUES ( '308', 'Transferência', '1', 'membro', 'sim', 'nao', 'f', 'nao', 'Fernanda Jahnke', '', '', '1900-01-09', '', '', '', '', 'nao', '', 'solteiro', '', '', '', '', '', '', '', 'sim', 'nao', 'nao', '', 'nao', '', '-14.2350040', '-51.9252800', '2017-01-01 00:00:00', '2018-12-23 17:41:39');
INSERT INTO tb_membros VALUES ( '310', 'Batismo', '1', 'membro', 'sim', 'nao', 'm', 'nao', 'Pietro Venâncio Lohmann', '', '', '2018-05-28', 'Guarulhos', 'SP', '', '', 'nao', '', 'solteiro', '07191-230', 'Rua Lagoa Vermelha', '83', 'casa', 'Vila Planalto', 'Guarulhos', 'SP', 'nao', 'nao', 'nao', '', 'nao', '', '-23.4607332', '-46.5108021', '2018-09-16 00:00:00', '2018-10-08 18:41:05');
INSERT INTO tb_membros VALUES ( '311', '', '1', 'simpatizante', 'nao', 'nao', 'm', 'nao', 'Osvaldo Caner', '6.845.069-2', '664.235.208-44', '1952-03-24', '', '', '', '', '', '', 'separado', '02759-090', 'Rua Iramar', '95', 'Casa', 'Vila Bancária Munhoz', 'São Paulo', 'SP', 'sim', 'nao', 'sim', '', 'nao', '', '-23.4822623', '-46.6846911', '2018-09-01 00:00:00', '2019-08-04 18:15:43');
INSERT INTO tb_membros VALUES ( '312', 'Batismo', '1', 'membro', 'sim', 'nao', 'm', 'nao', 'Vitor Schade Alberti', '', '', '2018-07-10', 'São Paulo', 'SP', '', '', 'nao', '', 'solteiro', '06636-260', 'Rua Nelson Ruile', '55', 'casa', 'Parque Nova Jandira', 'Jandira', 'SP', 'nao', 'nao', 'nao', '', 'nao', 'Residencial Nova Paulista', '-23.5384178', '-46.9034806', '2018-11-04 00:00:00', '2019-07-04 11:40:11');
INSERT INTO tb_membros VALUES ( '313', 'Batismo', '1', 'membro', 'sim', 'nao', 'f', 'nao', 'Ana Beatriz da Custódia Camargo', '63.639.993-X', '546.410.768-12', '2007-12-22', 'São Paulo', 'SP', '', 'A-', 'nao', 'Estudante', 'solteiro', '02979-140', 'Rua Vila Progresso', '255', '', 'Vila Progresso (Zona Norte)', 'São Paulo', 'SP', 'nao', 'nao', 'nao', '', 'nao', '', '-23.4767283', '-46.7068039', '2018-11-11 00:00:00', '2019-01-30 15:22:32');
INSERT INTO tb_membros VALUES ( '314', 'Batismo', '1', 'membro', 'sim', 'nao', 'f', 'nao', 'Fernanda da Custódia Camargo', '63.639.944-8', '546.411.628-16', '2015-12-10', 'São Paulo', 'SP', '', 'A-', 'nao', '', 'solteiro', '02979-140', 'Rua Vila Progresso', '295', '', 'Vila Progresso (Zona Norte)', 'São Paulo', 'SP', 'nao', 'nao', 'nao', '', 'nao', '', '-23.4764180', '-46.7068960', '2018-11-11 00:00:00', '2019-01-30 15:08:58');
INSERT INTO tb_membros VALUES ( '315', 'Profissão de fé', '1', 'membro', 'sim', 'nao', 'f', 'nao', 'Ângela Maria da Custódia Camargo', '29.529.848-0', '262.799.128-09', '1977-06-13', 'Santos', 'SP', '', 'A-', 'nao', '', 'casado', '02979-140', 'Rua Vila Progresso', '255', '', 'Vila Progresso (Zona Norte)', 'São Paulo', 'SP', 'sim', 'sim', 'nao', '', 'nao', '', '-23.4767283', '-46.7068039', '2018-12-02 00:00:00', '2019-01-30 15:51:42');
INSERT INTO tb_membros VALUES ( '316', 'Profissão de fé', '1', 'membro', 'sim', 'nao', 'm', 'nao', 'Mauro Sérgio Camargo', '20.394.437-9', '151.927.738-57', '1971-03-31', 'São Paulo', 'SP', '', 'A+', 'nao', 'Militar Estadual', 'casado', '02979-140', 'Rua Vila Progresso', '255', '', 'Vila Progresso (Zona Norte)', 'São Paulo', 'SP', 'sim', 'sim', 'sim', '', 'nao', '', '-23.4767283', '-46.7068039', '2018-12-02 00:00:00', '2019-01-30 15:42:14');
INSERT INTO tb_membros VALUES ( '317', 'Profissão de fé', '1', 'membro', 'sim', 'nao', 'm', 'nao', 'Fábio Gomes', '', '', '0000-00-00', '', '', '', '', 'nao', '', 'solteiro', '', '', '', '', '', '', '', 'sim', 'sim', 'nao', '', 'nao', '', '-14.2350040', '-51.9252800', '2018-12-02 00:00:00', '2018-12-05 11:48:59');
INSERT INTO tb_membros VALUES ( '318', 'Profissão de fé', '1', 'membro', 'sim', 'nao', 'f', 'nao', 'Gislene dos Santos', '', '', '0000-00-00', '', '', '', '', 'nao', '', 'solteiro', '', '', '', '', '', '', '', 'sim', 'sim', 'nao', '', 'nao', '', '-14.2350040', '-51.9252800', '2018-12-02 00:00:00', '2018-12-05 11:50:11');
INSERT INTO tb_membros VALUES ( '319', '', '1', 'simpatizante', 'sim', 'nao', 'f', 'nao', 'Caroline Fernanda Gallas', '', '', '0000-00-00', '', '', '', '', '', '', 'solteiro', '05265-120', 'Rua Albert Jansen', '156', 'Casa', 'Jardim Jaraguá', 'São Paulo', 'SP', 'sim', 'nao', 'nao', '', 'nao', '', '-23.4476873', '-46.7888751', '2018-07-01 00:00:00', '2018-12-05 18:36:52');
INSERT INTO tb_membros VALUES ( '320', 'Profissão de fé', '1', 'membro', 'sim', 'nao', 'm', 'nao', 'Rosevaldo de Araújo Argolo', '04.424.378-20', '499.292.915-04', '1968-11-28', '', '', '', '', 'nao', '', 'solteiro', '05038-010', 'Praça Jácomo Zanela', '20', 'Apto', 'Água Branca', 'São Paulo', 'SP', 'sim', 'sim', 'sim', '', 'nao', '', '-23.5167271', '-46.6989288', '2019-06-09 00:00:00', '2019-06-08 18:17:06');
INSERT INTO tb_membros VALUES ( '321', '', '1', 'simpatizante', 'sim', 'nao', 'm', 'nao', 'Franscisco Vanildo Alves', '8.030.369-6', '903.745.768-15', '1948-12-06', '', '', '', '', 'nao', '', 'casado', '02760-010', 'Rua Almirante Matoso Maia', '81', 'Casa 3', 'Vila Ramos', 'São Paulo', 'SP', 'sim', 'nao', 'nao', '', 'nao', '', '-23.4795098', '-46.6804371', '2018-12-01 00:00:00', '2019-01-06 16:43:09');
INSERT INTO tb_membros VALUES ( '322', '', '1', 'simpatizante', 'sim', 'nao', 'f', 'nao', 'Marines Alves Ribeiro', '20.218.764-0', '100.018.078-62', '1966-10-10', '', '', '', '', 'nao', '', 'casado', '02760-010', 'Rua Almirante Matoso Maia', '81', 'Casa 3', 'Vila Ramos', 'São Paulo', 'SP', 'sim', 'nao', 'nao', '', 'nao', '', '-23.4795098', '-46.6804371', '2018-12-01 00:00:00', '2019-01-06 16:47:44');
INSERT INTO tb_membros VALUES ( '323', 'Transferência', '2', 'membro', 'sim', 'nao', 'm', 'nao', 'Nelson Lacerda Pereira', '11.818.919-0', '006.874.668-73', '1958-03-24', 'Candido Sales', 'BA', '', '', 'nao', '', 'casado', '05273-150', 'Rua Carlos Lamarca', '3', '', 'Vila dos Palmares', 'São Paulo', 'SP', 'sim', 'sim', 'nao', '', 'nao', '', '-23.4626527', '-46.6808627', '2018-01-01 00:00:00', '2019-02-09 18:51:54');
INSERT INTO tb_membros VALUES ( '324', 'Transferência', '2', 'membro', 'sim', 'nao', 'f', 'nao', 'Raquel Rosa Pereira', '58.555.713-5', '', '2007-04-09', 'São Paulo', 'SP', '', '', 'nao', '', 'solteiro', '05273-150', 'Rua Carlos Lamarca', '3', '', 'Vila dos Palmares', 'São Paulo', 'SP', 'nao', 'nao', 'nao', '', 'nao', '', '-23.4626527', '-46.6808627', '2018-01-01 00:00:00', '2019-02-09 19:01:06');
INSERT INTO tb_membros VALUES ( '325', 'Transferência', '2', 'membro', 'sim', 'nao', 'f', 'nao', 'Fabiana Rosa Pereira', '43.360.231-4', '336.533.938-84', '1985-08-01', 'Itanhaem', 'SP', '', '', 'nao', '', 'casado', '05273-150', 'Rua Carlos Lamarca', '3', '', 'Vila dos Palmares', 'São Paulo', 'SP', 'sim', 'sim', 'nao', '', 'nao', '', '-23.4626527', '-46.6808627', '2018-01-01 00:00:00', '2019-02-09 19:03:27');
INSERT INTO tb_membros VALUES ( '326', 'Transferência', '2', 'membro', 'sim', 'nao', 'f', 'nao', 'Lucimeire Lacerda Pereira do Nascimento', '4292596813', '228.705.358-13', '1986-07-28', 'São Paulo', 'SP', '', '', 'nao', '', 'casado', '05267-030', 'Rua Alberto Callix', '87', 'Casa 3', 'Jardim Anhangüera', 'São Paulo', 'SP', 'sim', 'sim', 'nao', '', 'nao', '', '-23.4421171', '-46.7951185', '2018-01-01 00:00:00', '2019-02-09 19:16:28');
INSERT INTO tb_membros VALUES ( '327', 'Transferência', '2', 'membro', 'sim', 'nao', 'm', 'nao', 'Tiago Alves do Nascimento', '42.201.072-8', '329.163.958-81', '1986-01-26', 'São Paulo', 'SP', '', '', 'nao', '', 'casado', '05267-030', 'Rua Alberto Callix', '87', 'Casa 3', 'Jardim Anhangüera', 'São Paulo', 'SP', 'sim', 'sim', 'nao', '', 'nao', '', '-23.4421171', '-46.7951185', '2018-01-01 00:00:00', '2019-02-10 17:17:06');
INSERT INTO tb_membros VALUES ( '328', 'Transferência', '2', 'membro', 'sim', 'nao', 'm', 'nao', 'José Henrique Filho', '20.070.704.834', '002.022.523-70', '1951-01-30', 'Farias Brito', 'CE', '', '', 'nao', '', 'casado', '05273-000', 'Rua Zumbi dos Palmares', '87', '', 'Vila dos Palmares', 'São Paulo', 'SP', 'sim', 'sim', 'nao', '', 'nao', '', '-23.4425727', '-46.8047035', '2018-01-01 00:00:00', '2019-02-10 17:26:14');
INSERT INTO tb_membros VALUES ( '329', 'Transferência', '2', 'membro', 'sim', 'nao', 'f', 'nao', 'Francisca M. dos Santos Henrique', '320.6027-9', '899.364.173-34', '1953-05-14', 'Cart. de Várzea Alegre', 'CE', '', '', 'nao', '', 'casado', '05273-000', 'Rua Zumbi dos Palmares', '87', '', 'Vila dos Palmares', 'São Paulo', 'SP', 'sim', 'sim', 'nao', '', 'nao', '', '-23.4425727', '-46.8047035', '2018-01-01 00:00:00', '2019-02-10 17:31:57');
INSERT INTO tb_membros VALUES ( '330', 'Transferência', '2', 'membro', 'sim', 'nao', 'm', 'nao', 'Antonio Silvestre dos Santos', '19.647.942-3', '118.791.428-21', '1970-01-24', 'Farias Brito', 'CE', '', '', 'nao', '', 'casado', '05273-000', 'Rua Zumbi dos Palmares', '87', '', 'Vila dos Palmares', 'São Paulo', 'SP', 'sim', 'sim', 'nao', '', 'nao', '', '-23.4425727', '-46.8047035', '2018-01-01 00:00:00', '2019-02-10 17:36:22');
INSERT INTO tb_membros VALUES ( '331', 'Transferência', '2', 'membro', 'sim', 'nao', 'f', 'nao', 'Maria Leide dos Santos Silvestre', '46.792.739-x', '216.087.878-95', '1978-04-30', 'Farias Brito', 'CE', '', '', 'nao', '', 'casado', '05273-000', 'Rua Zumbi dos Palmares', '87', '', 'Vila dos Palmares', 'São Paulo', 'SP', 'sim', 'sim', 'nao', '', 'nao', '', '-23.4425727', '-46.8047035', '2018-01-01 00:00:00', '2019-02-11 10:45:35');
INSERT INTO tb_membros VALUES ( '332', 'Transferência', '2', 'membro', 'sim', 'nao', 'f', 'nao', 'Leticia Silvestre dos Santos', '39.120.913-9', '502.994.348-00', '2001-07-23', 'São Paulo', 'SP', '', '', 'nao', '', 'solteiro', '05273-000', 'Rua Zumbi dos Palmares', '87', '', 'Vila dos Palmares', 'São Paulo', 'SP', 'sim', 'sim', 'nao', '', 'nao', '', '-23.4425727', '-46.8047035', '2018-01-01 00:00:00', '2019-02-10 17:44:56');
INSERT INTO tb_membros VALUES ( '333', 'Transferência', '2', 'membro', 'sim', 'nao', 'f', 'nao', 'Jessica Silvestre dos Santos', '53.266.437-1', '', '2008-04-07', 'São Paulo', 'SP', '', '', 'nao', '', 'solteiro', '05273-000', 'Rua Zumbi dos Palmares', '87', '', 'Vila dos Palmares', 'São Paulo', 'SP', 'nao', 'nao', 'nao', '', 'nao', '', '-23.4425727', '-46.8047035', '2018-01-01 00:00:00', '2019-02-10 17:48:08');
INSERT INTO tb_membros VALUES ( '334', 'Transferência', '2', 'membro', 'sim', 'nao', 'f', 'nao', 'Luciana Lacerda Pereira Santos', '34.368.055-5', '295.646.718-25', '1981-05-10', 'São Paulo', 'SP', '', '', 'nao', '', 'casado', '05267-030', 'Rua Alberto Callix', '87', '', 'Jardim Anhangüera', 'São Paulo', 'SP', 'sim', 'sim', 'nao', '', 'nao', '', '-23.4421171', '-46.7951185', '2018-01-01 00:00:00', '2019-02-11 10:34:06');
INSERT INTO tb_membros VALUES ( '335', 'Transferência', '1', 'membro', 'sim', 'nao', 'f', 'nao', 'Graciana Maria de Jesus', '', '', '1961-07-04', 'Candido Sales', 'BA', '', '', 'nao', '', 'solteiro', '05267-030', 'Rua Alberto Callix', '87', '', 'Jardim Anhangüera', 'São Paulo', 'SP', 'sim', 'sim', 'nao', '', 'nao', '', '-23.4421171', '-46.7951185', '2018-01-01 00:00:00', '2019-02-11 10:36:47');
INSERT INTO tb_membros VALUES ( '336', 'Transferência', '2', 'membro', 'sim', 'nao', 'f', 'nao', 'Cristiane Batista Ferreira', '29.903.337-5', '262.193.818-31', '1977-03-25', 'Assis', 'SP', '', '', 'nao', '', 'solteiro', '05267-030', 'Rua Alberto Callix', '120', '', 'Jardim Anhangüera', 'São Paulo', 'SP', 'sim', 'sim', 'nao', '', 'nao', '', '-23.4411047', '-46.7949475', '2018-01-01 00:00:00', '2019-02-11 10:40:54');
INSERT INTO tb_membros VALUES ( '337', 'Batismo', '1', 'membro', 'sim', 'nao', 'm', 'nao', 'Luis Vorpagel Silva', '', '', '2019-01-10', 'São Paulo', 'SP', '', '', 'nao', '', 'solteiro', '04930-240', 'Rua Guilherme de Poitiers', '117', '', 'Jardim Santa Margarida', 'São Paulo', 'SP', 'nao', 'nao', 'nao', '', 'nao', '', '-23.6843425', '-46.7543480', '2019-03-03 00:00:00', '2019-03-04 15:06:37');
INSERT INTO tb_membros VALUES ( '338', 'Transferência', '1', 'membro', 'sim', 'nao', 'm', 'nao', 'Bernardo Pimentel', '', '', '0000-00-00', '', '', '', '', 'nao', '', 'solteiro', '', 'Rua José Martiniano de Alencar, 149', '', '', '', 'Barueri', 'SP', 'nao', 'nao', 'nao', '', 'nao', '', '-23.5090535', '-46.8972721', '2017-01-01 00:00:00', '2019-03-04 16:03:59');
INSERT INTO tb_membros VALUES ( '339', 'Transferência', '1', 'membro', 'sim', 'nao', 'f', 'nao', 'Kelly Seide', '', '', '0000-00-00', '', '', '', '', 'nao', '', 'solteiro', '', '', '', '', '', '', '', 'sim', 'sim', 'sim', '', 'nao', '', '-14.2350040', '-51.9252800', '2017-01-01 00:00:00', '2019-03-16 11:28:45');
INSERT INTO tb_membros VALUES ( '340', '', '1', 'simpatizante', 'sim', 'nao', 'm', 'nao', 'Marli Vieira da Silva do Nascimento', '', '', '0000-00-00', '', '', '', '', '', '', '', '', '', '', '', '', '', '', 'sim', 'nao', 'sim', '', 'nao', '', '-14.2350040', '-51.9252800', '1987-04-11 00:00:00', '2019-03-31 06:52:49');
INSERT INTO tb_membros VALUES ( '341', 'Batismo', '1', 'membro', 'sim', 'nao', 'm', 'nao', 'Marli Vieira da Silva do Nascimento', '', '', '1967-03-10', 'São Paulo', 'SP', '', '', '', '', 'casado', '05038-010', 'Praça Jácomo Zanela', '20', '', 'Água Branca', 'São Paulo', 'SP', 'sim', 'nao', 'sim', '', 'nao', '', '-23.5167271', '-46.6989288', '1967-04-11 00:00:00', '2019-03-31 06:59:29');
INSERT INTO tb_membros VALUES ( '342', 'Batismo', '1', 'membro', 'sim', 'nao', 'm', 'nao', 'Francisco Pereira do Nascimento', '', '', '1967-01-01', 'São Paulo', 'SP', '', '', '', '', 'casado', '05038-010', 'Praça Jácomo Zanela', '20', '', 'Água Branca', 'São Paulo', 'SP', 'sim', 'nao', 'sim', '', 'nao', '', '-23.5167271', '-46.6989288', '1967-03-03 00:00:00', '2019-03-31 07:06:29');
INSERT INTO tb_membros VALUES ( '343', 'Batismo', '1', 'membro', 'sim', 'nao', 'f', 'nao', 'Marli Vieira da Silva do Nascimento', '', '', '1967-01-02', 'São Paulo', 'Casado(a)', '', '', '', '', 'casado', '05038-010', 'Praça Jácomo Zanela', '20', '', 'Água Branca', 'São Paulo', 'SP', 'sim', 'nao', 'sim', '', 'nao', '', '-23.5167271', '-46.6989288', '1967-03-03 00:00:00', '2019-03-31 07:11:43');
INSERT INTO tb_membros VALUES ( '344', 'Profissão de fé', '1', 'membro', 'sim', 'nao', 'm', 'nao', 'Marcos Wilker Marinho de Morais', '42.373.581-0', '289.481.518-27', '1981-12-24', 'Apodi', 'RN', '', '', 'nao', '', 'casado', '06654-740', 'Via dos Abreus', '31', '', 'Jardim Hokkaido', 'Itapevi', 'SP', 'sim', 'sim', 'nao', '', 'nao', '', '-23.5367846', '-46.9193060', '2019-04-07 00:00:00', '2019-04-07 18:24:28');
INSERT INTO tb_membros VALUES ( '345', 'Profissão de fé', '1', 'membro', 'sim', 'nao', 'f', 'nao', 'Michelle Faustino Ferreira', '34.306.572-1', '312.680.048-39', '1983-01-03', 'Osasco', 'SP', '', '', 'nao', '', 'casado', '06654-740', 'Via dos Abreus', '31', '', 'Jardim Hokkaido', 'Itapevi', 'SP', 'sim', 'sim', 'nao', '', 'nao', '', '-23.5367846', '-46.9193060', '2019-04-07 00:00:00', '2019-04-07 18:29:12');
INSERT INTO tb_membros VALUES ( '346', 'Batismo', '1', 'membro', 'sim', 'nao', 'm', 'nao', 'Samuel Wilker Faustino Marinho', '', '', '2019-01-19', 'Itapevi', 'SP', '', '', 'nao', '', 'solteiro', '06654-740', 'Via dos Abreus', '31', '', 'Jardim Hokkaido', 'Itapevi', 'SP', 'nao', 'nao', 'nao', '', 'nao', '', '-23.5367846', '-46.9193060', '2019-04-07 00:00:00', '2019-04-07 18:33:12');
INSERT INTO tb_membros VALUES ( '347', 'Transferência', '1', 'membro', 'sim', 'nao', 'f', 'nao', 'Fernanda de Almeida Lima', '', '', '0000-00-00', '', '', '', '', 'nao', '', 'casado', '', '', '', '', '', '', '', 'sim', 'sim', 'sim', '', 'nao', '', '-14.2350040', '-51.9252800', '2019-06-09 00:00:00', '2019-07-04 11:45:12');
INSERT INTO tb_membros VALUES ( '348', 'Transferência', '1', 'membro', 'sim', 'nao', 'm', 'nao', 'Rafael de Souza Pereira', '', '', '0000-00-00', '', '', '', '', 'nao', '', 'casado', '', '', '', '', '', '', '', 'sim', 'sim', 'sim', '', 'nao', '', '-14.2350040', '-51.9252800', '2019-06-09 00:00:00', '2019-07-04 11:47:30');
INSERT INTO tb_membros VALUES ( '349', 'Transferência', '1', 'membro', 'sim', 'nao', 'f', 'nao', 'Leotides Jassira Ahnert', '', '', '0000-00-00', '', '', '', '', '', '', '', '', '', '', '', '', '', '', 'sim', 'sim', 'sim', '', 'nao', '', '-14.2350040', '-51.9252800', '2019-06-09 00:00:00', '2019-07-04 11:51:10');
INSERT INTO tb_membros VALUES ( '350', 'Transferência', '1', 'membro', 'sim', 'nao', 'm', 'nao', 'Juliano Eberhardt Flor', '', '', '0000-00-00', '', '', '', '', 'nao', '', 'solteiro', '', '', '', '', '', '', '', 'sim', 'sim', 'sim', '', 'nao', '', '-14.2350040', '-51.9252800', '2019-06-09 00:00:00', '2019-07-04 11:54:51');
INSERT INTO tb_membros VALUES ( '351', 'Transferência', '1', 'membro', 'sim', 'nao', 'f', 'nao', 'Marianna Luisa Dauernheimer', '', '', '0000-00-00', '', '', '', '', '', '', 'solteiro', '', '', '', '', '', '', '', 'sim', 'sim', 'sim', '', 'nao', '', '-14.2350040', '-51.9252800', '2019-06-09 00:00:00', '2019-07-04 11:57:23');
INSERT INTO tb_membros VALUES ( '352', 'Batismo', '1', 'membro', 'sim', 'nao', 'f', 'nao', 'Helena Barbosa Stein', '', '', '0000-00-00', '', '', '', '', 'nao', '', 'solteiro', '', '', '', '', '', '', '', 'nao', 'nao', 'nao', '', 'nao', '', '-14.2350040', '-51.9252800', '2019-06-30 00:00:00', '2019-07-30 10:58:27');
INSERT INTO tb_membros VALUES ( '353', 'Transferência', '1', 'membro', 'sim', 'nao', 'f', 'nao', 'Clarice Simone Stein', '', '', '0000-00-00', '', '', '', '', 'nao', '', 'casado', '', '', '', '', '', '', '', 'sim', 'sim', 'nao', '', 'nao', '', '-14.2350040', '-51.9252800', '2019-06-30 00:00:00', '2019-07-30 11:03:34');
INSERT INTO tb_membros VALUES ( '354', 'Transferência', '1', 'membro', 'sim', 'nao', 'f', 'nao', 'Camila Stein', '', '', '0000-00-00', '', '', '', '', 'nao', '', '', '', '', '', '', '', '', '', 'nao', 'nao', 'nao', '', 'nao', '', '-14.2350040', '-51.9252800', '2019-06-30 00:00:00', '2019-07-30 11:05:16');
INSERT INTO tb_membros VALUES ( '355', 'Batismo', '1', 'membro', 'sim', 'nao', 'f', 'nao', 'Júlia Uhlig Dahmer', '', '', '0000-00-00', '', '', '', '', 'nao', '', 'solteiro', '', '', '', '', '', '', '', 'nao', 'nao', 'nao', '', 'nao', '', '-14.2350040', '-51.9252800', '2019-07-14 00:00:00', '2019-07-30 11:07:34');

#
# Criação da Tabela : tb_membros_batismo
#

CREATE TABLE `tb_membros_batismo` (
  `id_batismo` int(11) NOT NULL AUTO_INCREMENT,
  `id_membro` int(11) NOT NULL,
  `data_batismo` date NOT NULL,
  `pai` varchar(250) NOT NULL,
  `mae` varchar(250) NOT NULL,
  `congregacao` varchar(250) NOT NULL,
  `oficiante` varchar(250) NOT NULL,
  `data_cadastro` datetime NOT NULL,
  `atualizacao` timestamp NOT NULL DEFAULT CURRENT_TIMESTAMP ON UPDATE CURRENT_TIMESTAMP,
  PRIMARY KEY (`id_batismo`)
) ENGINE=InnoDB AUTO_INCREMENT=50 DEFAULT CHARSET=latin1 ;

#
# Dados a serem incluídos na tabela
#

INSERT INTO tb_membros_batismo VALUES ( '1', '3', '1993-07-01', '1', '2', 'COMUNIDADE EVANGELICA LUTERANA BOM PASTOR', 'ALDO ZILKI', '2017-08-18 17:31:21', '2017-08-18 17:31:21');
INSERT INTO tb_membros_batismo VALUES ( '2', '10', '2013-04-21', 'Leandro Angelo Alberti', 'Márcia Cristina Schade Alberti', 'Comunidade Evangélica Luterana Bom Pastor - São Paulo - SP', 'Rev. Sérgio Renato Flor', '2017-08-22 19:28:32', '2018-10-09 10:52:53');
INSERT INTO tb_membros_batismo VALUES ( '3', '4', '1956-03-10', 'Hartwig Schade', 'Hertha Mariana Schade', 'IECLB - Comunidade Martin Luther - M.C.Rondon - PR', 'Pastor Joachin Pawelke', '2017-08-31 15:01:52', '2017-08-31 15:01:52');
INSERT INTO tb_membros_batismo VALUES ( '4', '174', '1993-07-01', '1', '2', 'CEL Bom Pastor - Lapa - São Paulo - SP', 'Aldo Zilki', '2017-09-25 12:07:53', '2017-09-25 12:07:53');
INSERT INTO tb_membros_batismo VALUES ( '5', '261', '2017-01-01', 'Samuel Bandeira', '260', 'CEL Bom Pastor - Lapa - São Paulo - SP', 'Pastor Sérgio Renato Flor', '2017-10-09 14:18:44', '2017-10-09 14:18:44');
INSERT INTO tb_membros_batismo VALUES ( '6', '64', '1945-06-03', 'Max Richard Rickert', 'Irmgard Rickert', '', '', '2018-01-01 13:02:26', '2018-01-01 17:02:26');
INSERT INTO tb_membros_batismo VALUES ( '7', '287', '2018-02-18', 'Agnaldo Rodolfo Mata', 'Patrícia Fernanda Krey', 'Comunidade Evangélica Luterana Bom Pastor - São Paulo - SP', 'Rev. Sergio Renato Flor', '2018-02-18 07:59:00', '2018-02-18 08:03:34');
INSERT INTO tb_membros_batismo VALUES ( '8', '55', '1949-03-04', 'Walter Hesse', 'Maria Müller Hesse', '', 'Rev. Walter Klaudat', '2018-02-19 17:23:05', '2018-02-19 17:23:05');
INSERT INTO tb_membros_batismo VALUES ( '9', '56', '1948-02-15', 'Paulo Hasse', 'Herta Henkel Hasse', '', 'Rev. Rodolpho Frederico Hasse', '2018-02-19 17:37:27', '2018-02-19 17:37:27');
INSERT INTO tb_membros_batismo VALUES ( '10', '73', '1970-06-21', 'Ottomar Strelow', '72', '', 'Pastor Nilo F. Strelow', '2018-02-20 09:58:09', '2018-02-20 09:58:09');
INSERT INTO tb_membros_batismo VALUES ( '11', '46', '2002-12-08', '43', '44', 'CEL Bom Pastor - Lapa - São Paulo - SP', 'Pastor Aldo Julio Zilki', '2018-02-24 15:45:35', '2018-02-24 15:45:35');
INSERT INTO tb_membros_batismo VALUES ( '12', '44', '1961-02-26', 'Waldi Sakis', 'Lilian Ruth Sakis', 'C.E.L. Sião - Santo Angelo - RS', 'Pastor A. J. Schmidt', '2018-02-24 17:26:34', '2018-02-24 17:26:34');
INSERT INTO tb_membros_batismo VALUES ( '13', '45', '1991-01-19', '43', '44', 'C.E.L. Sião - Santo Angelo - RS', 'Pastor Mario Hesse', '2018-02-24 17:35:11', '2018-02-24 17:35:11');
INSERT INTO tb_membros_batismo VALUES ( '14', '43', '1957-07-07', 'João Carlos Cezar', 'Maria Bastianello Cezar', '', 'Padre', '2018-02-24 17:44:08', '2018-02-24 17:44:08');
INSERT INTO tb_membros_batismo VALUES ( '15', '246', '2010-11-14', '86', '245', 'CEL Bom Pastor - Lapa - São Paulo - SP', 'Pastor Sérgio Renato Flor', '2018-02-25 15:38:12', '2018-02-25 15:38:12');
INSERT INTO tb_membros_batismo VALUES ( '16', '38', '1981-07-19', '29', '28', 'CEL Bom Pastor - Lapa - São Paulo - SP', 'Pastor Paulo Hasse', '2018-03-05 10:39:22', '2018-03-05 10:39:22');
INSERT INTO tb_membros_batismo VALUES ( '17', '103', '0000-00-00', 'Odilon Ferreira de Moraes', 'Ana de Melo Moraes', '', '', '2018-03-10 21:26:44', '2018-03-10 21:26:44');
INSERT INTO tb_membros_batismo VALUES ( '18', '106', '2001-09-23', '104', '105', '', 'Padre Antônio Mechango Antunes', '2018-03-10 21:39:41', '2018-03-10 21:39:41');
INSERT INTO tb_membros_batismo VALUES ( '19', '105', '1974-04-14', 'Abilio Maroz', '103', '', '', '2018-03-12 11:38:48', '2018-03-12 11:38:48');
INSERT INTO tb_membros_batismo VALUES ( '20', '104', '0000-00-00', 'Virginio Ambrósio Migotto', 'Neusa Hernandes Migotto', '', '', '2018-03-12 11:47:09', '2018-03-12 11:47:09');
INSERT INTO tb_membros_batismo VALUES ( '21', '291', '2004-12-25', '', '', '', '', '2018-05-05 21:57:25', '2018-05-05 21:57:25');
INSERT INTO tb_membros_batismo VALUES ( '22', '292', '2004-12-25', '', '', '', '', '2018-05-05 22:08:25', '2018-05-05 22:08:25');
INSERT INTO tb_membros_batismo VALUES ( '23', '293', '2004-04-11', '', '', '', '', '2018-05-05 22:14:43', '2018-05-05 22:14:43');
INSERT INTO tb_membros_batismo VALUES ( '24', '135', '2004-12-25', 'Rui Maia', 'Adriana Schaurich', '', '', '2018-05-05 22:20:04', '2018-05-08 09:58:32');
INSERT INTO tb_membros_batismo VALUES ( '25', '294', '2004-02-08', '', '', '', '', '2018-05-05 22:24:24', '2018-05-05 22:24:24');
INSERT INTO tb_membros_batismo VALUES ( '26', '117', '2008-02-03', '', '115', '', '', '2018-05-05 22:34:43', '2018-05-05 22:34:43');
INSERT INTO tb_membros_batismo VALUES ( '27', '295', '2004-04-11', '', '', '', '', '2018-05-05 22:36:07', '2018-05-05 22:36:07');
INSERT INTO tb_membros_batismo VALUES ( '28', '129', '2003-08-31', '', '128', '', '', '2018-05-05 22:41:47', '2018-05-05 22:41:47');
INSERT INTO tb_membros_batismo VALUES ( '29', '7', '1983-08-07', 'Ademar Rubens Schade', 'Maria Cleonice da Silva Schade', 'C.E.L. Cristo - Porto Velho - RO', 'Pastor Benjamim Glienke', '2018-05-09 10:08:24', '2018-05-09 10:08:24');
INSERT INTO tb_membros_batismo VALUES ( '30', '6', '1985-12-01', 'Ademar Rubens Schade', 'Maria Cleonice da Silva Schade', 'C.E.L. Cristo - Porto Velho - RO', 'Pastor Benjamim Glienke', '2018-05-09 10:19:14', '2018-05-09 10:19:14');
INSERT INTO tb_membros_batismo VALUES ( '31', '150', '2009-01-11', 'Marcelo Anversa Barthas de Sousa', 'Fabiana Hesse', 'Comunidade Evangélica Luterana Bom Pastor - São Paulo - SP', 'Rev. Sergio Renato Flor', '2018-06-27 22:10:40', '2018-06-27 22:28:50');
INSERT INTO tb_membros_batismo VALUES ( '32', '151', '2013-04-28', 'Marcelo Anversa Barthas de Sousa', 'Fabiana Hesse', 'Comunidade Evangélica Luterana Bom Pastor - São Paulo - SP', 'Pastor-Estagiário Walterson Júnior Siewert Lang', '2018-06-27 22:35:06', '2018-06-27 22:39:32');
INSERT INTO tb_membros_batismo VALUES ( '33', '220', '1963-10-06', 'Bernardo Grass', 'Elga Grass', '', '', '2018-08-07 15:44:47', '2018-08-07 15:44:47');
INSERT INTO tb_membros_batismo VALUES ( '34', '221', '1992-10-04', 'Sandro Luis da Silva', 'Irene Grass da Silva', '', 'Rev. Benjamin Jant', '2018-08-07 15:53:15', '2018-08-07 15:53:15');
INSERT INTO tb_membros_batismo VALUES ( '35', '222', '0000-00-00', 'Sandro Luis da Silva', 'Irene Grass da Silva', '', 'Rev. Benjamin Jant', '2018-08-07 16:02:04', '2018-08-07 16:02:04');
INSERT INTO tb_membros_batismo VALUES ( '36', '306', '2008-02-03', 'Sandro Luis da Silva', 'Irene Grass da Silva', 'CEL Bom Pastor - Lapa - São Paulo - SP', 'Rev. Sérgio Renato Flor', '2018-08-07 16:11:42', '2018-08-07 16:11:42');
INSERT INTO tb_membros_batismo VALUES ( '37', '307', '2017-01-01', 'Carlos Phillip Lemes', 'Giselle Cotrim Pita Lemes', 'CEL Bom Pastor - Lapa - São Paulo - SP', 'Rev. Sérgio Renato Flor', '2018-08-07 17:44:00', '2018-08-07 17:44:00');
INSERT INTO tb_membros_batismo VALUES ( '38', '310', '2018-09-16', 'Vinícius Delson Lohmann', 'Beatriz Helena Venâncio Soares', 'Comunidade Evangélica Luterana Bom Pastor - São Paulo - SP', 'Rev. Sergio Renato Flor', '2018-09-15 22:07:44', '2018-09-15 22:07:44');
INSERT INTO tb_membros_batismo VALUES ( '39', '312', '2018-11-04', 'Leandro Angelo Alberti', 'Márcia Cristina Schade Alberti', 'Comunidade Evangélica Luterana Bom Pastor - São Paulo - SP', 'Rev. Sérgio Renato Flor', '2018-10-09 10:16:17', '2019-03-04 16:11:33');
INSERT INTO tb_membros_batismo VALUES ( '40', '314', '2018-11-11', 'Mauro Sérgio Camargo', 'Ângela Maria da Custódia Camargo', 'Comunidade Evangélica Luterana Bom Pastor - São Paulo - SP', 'Rev. Sérgio Renato Flor', '2018-12-05 10:57:13', '2019-01-30 15:12:35');
INSERT INTO tb_membros_batismo VALUES ( '41', '313', '2018-11-11', 'Mauro Sérgio Camargo', 'Ângela Maria da Custódia Camargo', 'Comunidade Evangélica Luterana Bom Pastor - São Paulo - SP', 'Rev. Sérgio Renato Flor', '2018-12-05 10:58:52', '2018-12-05 12:04:53');
INSERT INTO tb_membros_batismo VALUES ( '42', '120', '0000-00-00', 'Rodolfo Balsanelli', 'Dulcidia de Carvalho Balsanelli', '', '', '2018-12-23 17:49:18', '2018-12-23 17:49:18');
INSERT INTO tb_membros_batismo VALUES ( '43', '119', '0000-00-00', 'Ervino Roberto Koller', 'Elmira Koller', '', '', '2018-12-23 17:59:13', '2018-12-23 17:59:13');
INSERT INTO tb_membros_batismo VALUES ( '44', '316', '1985-03-31', 'Rozenil Camargo', 'Ad Rodrigues Camargoelina', 'Igreja Evangélica Assembléia de Deus - Ministério Madureira', '', '2019-01-30 15:47:25', '2019-01-30 15:47:25');
INSERT INTO tb_membros_batismo VALUES ( '45', '315', '0000-00-00', 'José Carlos Fernandes da Custódia', 'Luciene Maria de Jesus', 'Igreja Evangélica Assembléia de Deus - Ministério Madureira', '', '2019-01-30 15:53:08', '2019-01-30 15:53:08');
INSERT INTO tb_membros_batismo VALUES ( '46', '337', '2019-03-03', '139', '140', 'Comunidade Evangélica Luterana Bom Pastor - Lapa - São Paulo', 'Rev. Sérgio Renato Flor', '2019-03-04 15:05:41', '2019-03-04 15:05:41');
INSERT INTO tb_membros_batismo VALUES ( '47', '346', '2019-04-07', '', '', '', '', '2019-04-07 18:33:33', '2019-04-07 18:33:33');
INSERT INTO tb_membros_batismo VALUES ( '48', '352', '1019-06-30', 'Rodrigo', 'Clarice Simone Stein', 'Comunidade Evangélica Luterana Bom Pastor - Lapa - São Paulo - SP', 'Rev. Sérgio Renato Flor', '2019-07-30 11:01:09', '2019-07-30 11:01:09');
INSERT INTO tb_membros_batismo VALUES ( '49', '355', '2019-07-14', '', '96', 'Comunidade Evangélica Luterana Bom Pastor - Lapa - São Paulo - SP', 'Rev. Sérgio Renato Flor', '2019-07-30 11:09:31', '2019-07-30 11:09:31');

#
# Criação da Tabela : tb_membros_batismo_padrinhos
#

CREATE TABLE `tb_membros_batismo_padrinhos` (
  `id_padrinho` int(11) NOT NULL AUTO_INCREMENT,
  `id_batismo` int(11) NOT NULL,
  `nome` varchar(250) NOT NULL,
  `data_cadastro` datetime NOT NULL,
  `atualizacao` timestamp NOT NULL DEFAULT CURRENT_TIMESTAMP ON UPDATE CURRENT_TIMESTAMP,
  PRIMARY KEY (`id_padrinho`)
) ENGINE=InnoDB AUTO_INCREMENT=176 DEFAULT CHARSET=latin1 ;

#
# Dados a serem incluídos na tabela
#

INSERT INTO tb_membros_batismo_padrinhos VALUES ( '5', '3', 'Hugo Borgman', '2017-08-31 15:01:52', '2017-08-31 15:01:52');
INSERT INTO tb_membros_batismo_padrinhos VALUES ( '6', '3', 'Ena Borgman', '2017-08-31 15:01:52', '2017-08-31 15:01:52');
INSERT INTO tb_membros_batismo_padrinhos VALUES ( '9', '1', 'KATIA AGUIAR DE OLIVEIRA', '2017-10-27 11:57:09', '2017-10-27 11:57:09');
INSERT INTO tb_membros_batismo_padrinhos VALUES ( '10', '1', 'NOIRACIL ALVES DE OLIVEIRA', '2017-10-27 11:57:10', '2017-10-27 11:57:10');
INSERT INTO tb_membros_batismo_padrinhos VALUES ( '11', '6', '', '2018-01-01 13:02:26', '2018-01-01 17:02:26');
INSERT INTO tb_membros_batismo_padrinhos VALUES ( '16', '7', 'Carlos Eduardo Alves Serri', '2018-02-18 08:03:34', '2018-02-18 08:03:34');
INSERT INTO tb_membros_batismo_padrinhos VALUES ( '17', '7', 'Rosana Aparecida da Mata Cerri', '2018-02-18 08:03:34', '2018-02-18 08:03:34');
INSERT INTO tb_membros_batismo_padrinhos VALUES ( '18', '7', 'Renato Fernando Krey', '2018-02-18 08:03:34', '2018-02-18 08:03:34');
INSERT INTO tb_membros_batismo_padrinhos VALUES ( '19', '7', 'Alice de Mello Rodrigues Krey', '2018-02-18 08:03:34', '2018-02-18 08:03:34');
INSERT INTO tb_membros_batismo_padrinhos VALUES ( '27', '9', 'Bruno Güeths', '2018-02-20 09:41:38', '2018-02-20 09:41:38');
INSERT INTO tb_membros_batismo_padrinhos VALUES ( '28', '9', 'Irma Brunhilde Kraemer', '2018-02-20 09:41:38', '2018-02-20 09:41:38');
INSERT INTO tb_membros_batismo_padrinhos VALUES ( '29', '8', 'Pastor Carlos Mundell', '2018-02-20 09:49:10', '2018-02-20 09:49:10');
INSERT INTO tb_membros_batismo_padrinhos VALUES ( '30', '8', 'Hertha Mundell', '2018-02-20 09:49:10', '2018-02-20 09:49:10');
INSERT INTO tb_membros_batismo_padrinhos VALUES ( '31', '8', 'Lindolfo Müller', '2018-02-20 09:49:10', '2018-02-20 09:49:10');
INSERT INTO tb_membros_batismo_padrinhos VALUES ( '32', '8', 'Regina Müller', '2018-02-20 09:49:10', '2018-02-20 09:49:10');
INSERT INTO tb_membros_batismo_padrinhos VALUES ( '33', '10', 'Ignez Strelow', '2018-02-20 09:58:09', '2018-02-20 09:58:09');
INSERT INTO tb_membros_batismo_padrinhos VALUES ( '34', '10', 'Regina Subbe', '2018-02-20 09:58:09', '2018-02-20 09:58:09');
INSERT INTO tb_membros_batismo_padrinhos VALUES ( '35', '10', 'Siegfried Subbe', '2018-02-20 09:58:09', '2018-02-20 09:58:09');
INSERT INTO tb_membros_batismo_padrinhos VALUES ( '36', '11', 'Paulo Viana', '2018-02-24 15:45:35', '2018-02-24 15:45:35');
INSERT INTO tb_membros_batismo_padrinhos VALUES ( '37', '11', 'Sandra Viana', '2018-02-24 15:45:35', '2018-02-24 15:45:35');
INSERT INTO tb_membros_batismo_padrinhos VALUES ( '38', '11', 'Luiz R. Milani', '2018-02-24 15:45:35', '2018-02-24 15:45:35');
INSERT INTO tb_membros_batismo_padrinhos VALUES ( '39', '11', 'Doroty Milani', '2018-02-24 15:45:35', '2018-02-24 15:45:35');
INSERT INTO tb_membros_batismo_padrinhos VALUES ( '40', '11', 'Marcos B. Cezar', '2018-02-24 15:45:35', '2018-02-24 15:45:35');
INSERT INTO tb_membros_batismo_padrinhos VALUES ( '41', '11', 'Luciana B. Cezar', '2018-02-24 15:45:35', '2018-02-24 15:45:35');
INSERT INTO tb_membros_batismo_padrinhos VALUES ( '42', '12', 'Reinilda Vielhuber', '2018-02-24 17:26:34', '2018-02-24 17:26:34');
INSERT INTO tb_membros_batismo_padrinhos VALUES ( '43', '12', 'Milan R. Krainovic', '2018-02-24 17:26:34', '2018-02-24 17:26:34');
INSERT INTO tb_membros_batismo_padrinhos VALUES ( '44', '12', 'Sofia Bueno', '2018-02-24 17:26:34', '2018-02-24 17:26:34');
INSERT INTO tb_membros_batismo_padrinhos VALUES ( '45', '13', 'Marcos D. Sakis', '2018-02-24 17:35:11', '2018-02-24 17:35:11');
INSERT INTO tb_membros_batismo_padrinhos VALUES ( '46', '13', 'Flávio M. Sakis', '2018-02-24 17:35:11', '2018-02-24 17:35:11');
INSERT INTO tb_membros_batismo_padrinhos VALUES ( '47', '13', 'Milene Martins', '2018-02-24 17:35:11', '2018-02-24 17:35:11');
INSERT INTO tb_membros_batismo_padrinhos VALUES ( '48', '13', 'Carlos R. Cezar', '2018-02-24 17:35:11', '2018-02-24 17:35:11');
INSERT INTO tb_membros_batismo_padrinhos VALUES ( '49', '13', 'Zedinara Cezar', '2018-02-24 17:35:11', '2018-02-24 17:35:11');
INSERT INTO tb_membros_batismo_padrinhos VALUES ( '50', '13', 'Antão B. Cezar', '2018-02-24 17:35:11', '2018-02-24 17:35:11');
INSERT INTO tb_membros_batismo_padrinhos VALUES ( '51', '14', 'Onécimo Cezar e Esposa', '2018-02-24 17:44:08', '2018-02-24 17:44:08');
INSERT INTO tb_membros_batismo_padrinhos VALUES ( '52', '15', '', '2018-02-25 15:38:12', '2018-02-25 15:38:12');
INSERT INTO tb_membros_batismo_padrinhos VALUES ( '53', '16', 'Ivete de Branco', '2018-03-05 10:39:22', '2018-03-05 10:39:22');
INSERT INTO tb_membros_batismo_padrinhos VALUES ( '54', '16', 'Luiz Eduardo de Branco', '2018-03-05 10:39:22', '2018-03-05 10:39:22');
INSERT INTO tb_membros_batismo_padrinhos VALUES ( '55', '17', '', '2018-03-10 21:26:44', '2018-03-10 21:26:44');
INSERT INTO tb_membros_batismo_padrinhos VALUES ( '56', '18', 'Abilio Maroz', '2018-03-10 21:39:41', '2018-03-10 21:39:41');
INSERT INTO tb_membros_batismo_padrinhos VALUES ( '57', '18', 'Juliana Aparecida Migotto', '2018-03-10 21:39:41', '2018-03-10 21:39:41');
INSERT INTO tb_membros_batismo_padrinhos VALUES ( '58', '19', 'Herminia Maroz Lobo', '2018-03-12 11:38:48', '2018-03-12 11:38:48');
INSERT INTO tb_membros_batismo_padrinhos VALUES ( '59', '19', 'Rasalve Lobo', '2018-03-12 11:38:48', '2018-03-12 11:38:48');
INSERT INTO tb_membros_batismo_padrinhos VALUES ( '60', '20', 'João Hernandes', '2018-03-12 11:47:09', '2018-03-12 11:47:09');
INSERT INTO tb_membros_batismo_padrinhos VALUES ( '61', '20', 'Maria Suchomski Hernandes', '2018-03-12 11:47:09', '2018-03-12 11:47:09');
INSERT INTO tb_membros_batismo_padrinhos VALUES ( '62', '21', '', '2018-05-05 21:57:25', '2018-05-05 21:57:25');
INSERT INTO tb_membros_batismo_padrinhos VALUES ( '63', '22', '', '2018-05-05 22:08:25', '2018-05-05 22:08:25');
INSERT INTO tb_membros_batismo_padrinhos VALUES ( '64', '23', '', '2018-05-05 22:14:43', '2018-05-05 22:14:43');
INSERT INTO tb_membros_batismo_padrinhos VALUES ( '66', '25', '', '2018-05-05 22:24:24', '2018-05-05 22:24:24');
INSERT INTO tb_membros_batismo_padrinhos VALUES ( '68', '27', '', '2018-05-05 22:36:07', '2018-05-05 22:36:07');
INSERT INTO tb_membros_batismo_padrinhos VALUES ( '69', '28', '', '2018-05-05 22:41:47', '2018-05-05 22:41:47');
INSERT INTO tb_membros_batismo_padrinhos VALUES ( '79', '29', 'Luiz Marques Cardoso', '2018-05-09 10:10:42', '2018-05-09 10:10:42');
INSERT INTO tb_membros_batismo_padrinhos VALUES ( '80', '29', 'Cirene J. Cardoso', '2018-05-09 10:10:42', '2018-05-09 10:10:42');
INSERT INTO tb_membros_batismo_padrinhos VALUES ( '81', '29', 'Heinz Rudolfo Schade', '2018-05-09 10:10:42', '2018-05-09 10:10:42');
INSERT INTO tb_membros_batismo_padrinhos VALUES ( '82', '29', 'Ivanise Schade', '2018-05-09 10:10:42', '2018-05-09 10:10:42');
INSERT INTO tb_membros_batismo_padrinhos VALUES ( '83', '29', 'Ederson Alves de Araujo', '2018-05-09 10:10:42', '2018-05-09 10:10:42');
INSERT INTO tb_membros_batismo_padrinhos VALUES ( '84', '29', 'Maria Berenice Silva Araujo', '2018-05-09 10:10:42', '2018-05-09 10:10:42');
INSERT INTO tb_membros_batismo_padrinhos VALUES ( '85', '29', 'Hartwig Schade', '2018-05-09 10:10:42', '2018-05-09 10:10:42');
INSERT INTO tb_membros_batismo_padrinhos VALUES ( '86', '29', 'Luiz Alberto Schade', '2018-05-09 10:10:42', '2018-05-09 10:10:42');
INSERT INTO tb_membros_batismo_padrinhos VALUES ( '87', '30', 'Carlos Alberto Wilhelms', '2018-05-09 10:19:14', '2018-05-09 10:19:14');
INSERT INTO tb_membros_batismo_padrinhos VALUES ( '88', '30', 'Elsa Alves Wilhelms', '2018-05-09 10:19:14', '2018-05-09 10:19:14');
INSERT INTO tb_membros_batismo_padrinhos VALUES ( '114', '31', 'Aline Faber Hasse', '2018-06-28 06:31:02', '2018-06-28 06:31:02');
INSERT INTO tb_membros_batismo_padrinhos VALUES ( '115', '31', 'Gustavo Andrey Hasse', '2018-06-28 06:31:02', '2018-06-28 06:31:02');
INSERT INTO tb_membros_batismo_padrinhos VALUES ( '116', '31', 'Daniela Hesse', '2018-06-28 06:31:02', '2018-06-28 06:31:02');
INSERT INTO tb_membros_batismo_padrinhos VALUES ( '117', '31', 'Carlos Fernando Hesse', '2018-06-28 06:31:02', '2018-06-28 06:31:02');
INSERT INTO tb_membros_batismo_padrinhos VALUES ( '118', '31', 'Ana Paula Hesse', '2018-06-28 06:31:02', '2018-06-28 06:31:02');
INSERT INTO tb_membros_batismo_padrinhos VALUES ( '119', '31', 'Eric Scott Gerschkovitch', '2018-06-28 06:31:02', '2018-06-28 06:31:02');
INSERT INTO tb_membros_batismo_padrinhos VALUES ( '120', '32', 'Aline Faber Hasse', '2018-07-07 13:33:20', '2018-07-07 13:33:20');
INSERT INTO tb_membros_batismo_padrinhos VALUES ( '121', '32', 'Gustavo Andrey Hasse', '2018-07-07 13:33:20', '2018-07-07 13:33:20');
INSERT INTO tb_membros_batismo_padrinhos VALUES ( '122', '32', 'Daniela Hesse', '2018-07-07 13:33:20', '2018-07-07 13:33:20');
INSERT INTO tb_membros_batismo_padrinhos VALUES ( '123', '32', 'Ana Paula Hesse', '2018-07-07 13:33:20', '2018-07-07 13:33:20');
INSERT INTO tb_membros_batismo_padrinhos VALUES ( '124', '32', 'Fernando Anversa Barthas de Sousa', '2018-07-07 13:33:20', '2018-07-07 13:33:20');
INSERT INTO tb_membros_batismo_padrinhos VALUES ( '125', '32', 'Aline Gaioso Faria da Silva', '2018-07-07 13:33:20', '2018-07-07 13:33:20');
INSERT INTO tb_membros_batismo_padrinhos VALUES ( '126', '32', 'Carlos Fernando Hesse', '2018-07-07 13:33:20', '2018-07-07 13:33:20');
INSERT INTO tb_membros_batismo_padrinhos VALUES ( '127', '33', 'Reinhardt Becker', '2018-08-07 15:44:47', '2018-08-07 15:44:47');
INSERT INTO tb_membros_batismo_padrinhos VALUES ( '128', '33', 'Hedvig Becker', '2018-08-07 15:44:47', '2018-08-07 15:44:47');
INSERT INTO tb_membros_batismo_padrinhos VALUES ( '131', '34', 'Iliane e Paulo', '2018-08-07 15:53:23', '2018-08-07 15:53:23');
INSERT INTO tb_membros_batismo_padrinhos VALUES ( '132', '34', 'Irenice e Marcos', '2018-08-07 15:53:23', '2018-08-07 15:53:23');
INSERT INTO tb_membros_batismo_padrinhos VALUES ( '133', '35', 'Olivio e Ivone Goncherenço', '2018-08-07 16:02:04', '2018-08-07 16:02:04');
INSERT INTO tb_membros_batismo_padrinhos VALUES ( '134', '35', 'Osvaldo e Ingrit Farias', '2018-08-07 16:02:04', '2018-08-07 16:02:04');
INSERT INTO tb_membros_batismo_padrinhos VALUES ( '135', '35', 'Edmar e Elizabeth Grass', '2018-08-07 16:02:04', '2018-08-07 16:02:04');
INSERT INTO tb_membros_batismo_padrinhos VALUES ( '136', '36', 'Leandro e Iliane Dalcin', '2018-08-07 16:11:42', '2018-08-07 16:11:42');
INSERT INTO tb_membros_batismo_padrinhos VALUES ( '137', '36', 'Alexandre e Michele Goncherenco', '2018-08-07 16:11:42', '2018-08-07 16:11:42');
INSERT INTO tb_membros_batismo_padrinhos VALUES ( '138', '37', '', '2018-08-07 17:44:00', '2018-08-07 17:44:00');
INSERT INTO tb_membros_batismo_padrinhos VALUES ( '139', '38', 'Renan Venâncio Alves', '2018-09-15 22:07:44', '2018-09-15 22:07:44');
INSERT INTO tb_membros_batismo_padrinhos VALUES ( '140', '38', 'Bárbara Bruna Venâncio Luchez', '2018-09-15 22:07:44', '2018-09-15 22:07:44');
INSERT INTO tb_membros_batismo_padrinhos VALUES ( '141', '38', 'Gustavo Agra Lopes Green', '2018-09-15 22:07:44', '2018-09-15 22:07:44');
INSERT INTO tb_membros_batismo_padrinhos VALUES ( '142', '38', 'Neusa Venâncio Alves', '2018-09-15 22:07:44', '2018-09-15 22:07:44');
INSERT INTO tb_membros_batismo_padrinhos VALUES ( '143', '38', 'Abel Olímpio Lohmann', '2018-09-15 22:07:44', '2018-09-15 22:07:44');
INSERT INTO tb_membros_batismo_padrinhos VALUES ( '144', '38', 'Carla Joselaine Lohmann', '2018-09-15 22:07:44', '2018-09-15 22:07:44');
INSERT INTO tb_membros_batismo_padrinhos VALUES ( '149', '2', 'Ana Caroline Schade', '2018-10-09 10:52:53', '2018-10-09 10:52:53');
INSERT INTO tb_membros_batismo_padrinhos VALUES ( '154', '42', 'Gabriel Cândido de Araujo', '2018-12-23 17:49:48', '2018-12-23 17:49:48');
INSERT INTO tb_membros_batismo_padrinhos VALUES ( '155', '42', 'Jeffercina de Carvalho', '2018-12-23 17:49:48', '2018-12-23 17:49:48');
INSERT INTO tb_membros_batismo_padrinhos VALUES ( '156', '43', 'Edgard Iffert', '2018-12-23 17:59:13', '2018-12-23 17:59:13');
INSERT INTO tb_membros_batismo_padrinhos VALUES ( '157', '43', 'Camila Gozenhzimer', '2018-12-23 17:59:13', '2018-12-23 17:59:13');
INSERT INTO tb_membros_batismo_padrinhos VALUES ( '162', '40', 'Daniel Almeida Kapanadjan', '2019-01-30 15:12:54', '2019-01-30 15:12:54');
INSERT INTO tb_membros_batismo_padrinhos VALUES ( '163', '40', 'Merielly C. Amorim', '2019-01-30 15:12:54', '2019-01-30 15:12:54');
INSERT INTO tb_membros_batismo_padrinhos VALUES ( '164', '40', 'Fernanda Felicio', '2019-01-30 15:12:54', '2019-01-30 15:12:54');
INSERT INTO tb_membros_batismo_padrinhos VALUES ( '165', '40', 'Paulo S. dos Santos', '2019-01-30 15:12:54', '2019-01-30 15:12:54');
INSERT INTO tb_membros_batismo_padrinhos VALUES ( '166', '41', 'Izaltino Binow', '2019-01-30 15:24:07', '2019-01-30 15:24:07');
INSERT INTO tb_membros_batismo_padrinhos VALUES ( '167', '41', 'Benilda Binow', '2019-01-30 15:24:07', '2019-01-30 15:24:07');
INSERT INTO tb_membros_batismo_padrinhos VALUES ( '170', '46', '', '2019-03-04 15:05:41', '2019-03-04 15:05:41');
INSERT INTO tb_membros_batismo_padrinhos VALUES ( '171', '39', 'André Lucas Schade', '2019-03-04 16:11:33', '2019-03-04 16:11:33');
INSERT INTO tb_membros_batismo_padrinhos VALUES ( '172', '39', 'Juliana Moura Schade', '2019-03-04 16:11:33', '2019-03-04 16:11:33');
INSERT INTO tb_membros_batismo_padrinhos VALUES ( '173', '47', '', '2019-04-07 18:33:33', '2019-04-07 18:33:33');
INSERT INTO tb_membros_batismo_padrinhos VALUES ( '174', '48', '', '2019-07-30 11:01:09', '2019-07-30 11:01:09');
INSERT INTO tb_membros_batismo_padrinhos VALUES ( '175', '49', '', '2019-07-30 11:09:31', '2019-07-30 11:09:31');

#
# Criação da Tabela : tb_membros_casamentos
#

CREATE TABLE `tb_membros_casamentos` (
  `id_casamento` int(11) NOT NULL AUTO_INCREMENT,
  `membro1` varchar(250) NOT NULL,
  `membro2` varchar(250) NOT NULL,
  `data_casamento` date NOT NULL,
  `oficiante` varchar(250) NOT NULL,
  `data_cadastro` datetime NOT NULL,
  `atualizacao` timestamp NOT NULL DEFAULT CURRENT_TIMESTAMP ON UPDATE CURRENT_TIMESTAMP,
  PRIMARY KEY (`id_casamento`)
) ENGINE=InnoDB AUTO_INCREMENT=53 DEFAULT CHARSET=latin1 ;

#
# Dados a serem incluídos na tabela
#

INSERT INTO tb_membros_casamentos VALUES ( '1', '4', '5', '1980-01-26', 'Pastor Rudi Kich', '2017-08-31 15:06:45', '2017-08-31 15:06:45');
INSERT INTO tb_membros_casamentos VALUES ( '2', '126', '', '2017-01-01', '', '2017-09-21 14:41:51', '2017-09-21 14:41:51');
INSERT INTO tb_membros_casamentos VALUES ( '3', '265', '', '0000-00-00', '', '2017-10-09 15:00:54', '2017-10-09 15:00:54');
INSERT INTO tb_membros_casamentos VALUES ( '4', '123', '122', '2015-09-05', '', '2017-10-15 17:19:09', '2017-10-15 17:19:09');
INSERT INTO tb_membros_casamentos VALUES ( '5', '53', '52', '2013-09-28', '', '2017-10-15 17:20:45', '2017-10-15 17:49:33');
INSERT INTO tb_membros_casamentos VALUES ( '6', '79', '78', '1992-09-19', '', '2017-10-15 17:22:53', '2017-10-15 17:22:53');
INSERT INTO tb_membros_casamentos VALUES ( '7', '16', '15', '1975-09-27', '', '2017-10-15 17:52:46', '2017-10-15 17:52:46');
INSERT INTO tb_membros_casamentos VALUES ( '8', '213', '212', '1981-02-28', '', '2017-10-15 17:59:03', '2017-12-07 14:43:33');
INSERT INTO tb_membros_casamentos VALUES ( '9', '120', '119', '1976-04-10', '', '2017-10-15 18:04:49', '2017-10-15 18:04:49');
INSERT INTO tb_membros_casamentos VALUES ( '10', '28', '29', '1978-04-15', '', '2017-10-15 18:06:19', '2017-10-15 18:06:19');
INSERT INTO tb_membros_casamentos VALUES ( '11', '50', '49', '1994-04-16', '', '2017-10-15 18:08:37', '2017-10-15 18:08:37');
INSERT INTO tb_membros_casamentos VALUES ( '12', '108', '107', '2010-04-17', '', '2017-10-15 18:10:03', '2017-10-15 18:10:03');
INSERT INTO tb_membros_casamentos VALUES ( '13', '65', '64', '1974-04-19', '', '2017-10-15 18:11:34', '2017-10-15 18:11:34');
INSERT INTO tb_membros_casamentos VALUES ( '14', '56', '55', '1972-04-29', '', '2017-10-15 18:13:26', '2017-10-15 18:13:26');
INSERT INTO tb_membros_casamentos VALUES ( '16', '131', '130', '1972-12-02', '', '2017-11-29 21:38:04', '2017-11-29 21:58:14');
INSERT INTO tb_membros_casamentos VALUES ( '17', '240', '239', '2017-12-11', '', '2017-11-29 21:41:17', '2017-11-29 21:41:17');
INSERT INTO tb_membros_casamentos VALUES ( '18', '171', '172', '2017-12-18', '', '2017-11-29 21:44:11', '2017-11-29 21:44:11');
INSERT INTO tb_membros_casamentos VALUES ( '19', '156', '278', '2010-12-30', '', '2017-11-29 21:45:34', '2017-11-29 21:55:07');
INSERT INTO tb_membros_casamentos VALUES ( '20', '7', '9', '2010-01-15', 'Rev. Sérgio Renato Flor', '2017-12-19 10:49:10', '2018-05-09 10:11:34');
INSERT INTO tb_membros_casamentos VALUES ( '21', '140', '139', '2006-01-07', '', '2017-12-19 10:50:55', '2017-12-19 15:13:11');
INSERT INTO tb_membros_casamentos VALUES ( '22', '18', '19', '1971-01-09', '', '2017-12-19 10:52:15', '2017-12-19 15:11:42');
INSERT INTO tb_membros_casamentos VALUES ( '23', '227', '226', '2017-01-18', '', '2017-12-19 10:53:35', '2017-12-19 14:53:35');
INSERT INTO tb_membros_casamentos VALUES ( '24', '260', '259', '2012-01-21', '', '2017-12-19 10:55:18', '2017-12-19 15:14:47');
INSERT INTO tb_membros_casamentos VALUES ( '25', '228', '286', '2017-11-28', '', '2017-12-19 11:05:32', '2017-12-19 15:09:24');
INSERT INTO tb_membros_casamentos VALUES ( '26', '41', '42', '1976-05-08', '', '2018-05-15 19:47:47', '2018-05-15 19:52:35');
INSERT INTO tb_membros_casamentos VALUES ( '27', '237', '236', '2011-05-08', '', '2018-05-15 19:49:47', '2018-05-15 19:50:34');
INSERT INTO tb_membros_casamentos VALUES ( '28', '101', '100', '2015-05-16', '', '2018-05-15 19:54:01', '2018-05-15 19:54:01');
INSERT INTO tb_membros_casamentos VALUES ( '29', '68', '69', '2008-05-17', '', '2018-05-15 19:55:07', '2018-05-15 19:55:07');
INSERT INTO tb_membros_casamentos VALUES ( '30', '43', '44', '1997-05-23', '', '2018-05-15 19:56:35', '2018-05-15 19:56:35');
INSERT INTO tb_membros_casamentos VALUES ( '31', '220', '219', '1990-05-25', '', '2018-05-15 19:57:55', '2018-05-15 19:57:55');
INSERT INTO tb_membros_casamentos VALUES ( '32', '161', '160', '1981-06-06', '', '2018-06-03 16:35:56', '2018-06-03 16:35:56');
INSERT INTO tb_membros_casamentos VALUES ( '33', '66', '67', '2014-06-21', '', '2018-06-03 16:37:35', '2018-06-03 16:37:35');
INSERT INTO tb_membros_casamentos VALUES ( '34', '285', '298', '2014-06-28', '', '2018-06-03 16:39:07', '2018-09-03 16:43:11');
INSERT INTO tb_membros_casamentos VALUES ( '35', '274', '288', '2016-07-02', '', '2018-07-09 12:11:59', '2018-07-09 12:11:59');
INSERT INTO tb_membros_casamentos VALUES ( '36', '252', '253', '1984-07-07', '', '2018-07-09 12:15:03', '2018-07-09 12:15:03');
INSERT INTO tb_membros_casamentos VALUES ( '37', '25', '26', '2008-07-26', '', '2018-07-09 12:16:47', '2018-07-09 12:16:47');
INSERT INTO tb_membros_casamentos VALUES ( '38', '199', '200', '2013-07-27', '', '2018-07-09 12:18:47', '2018-07-09 12:18:47');
INSERT INTO tb_membros_casamentos VALUES ( '39', '298', '285', '2014-06-28', '', '2018-09-03 17:00:48', '2018-09-03 17:00:48');
INSERT INTO tb_membros_casamentos VALUES ( '40', '105', '104', '1997-10-04', '', '2018-10-07 18:25:06', '2018-10-07 18:25:06');
INSERT INTO tb_membros_casamentos VALUES ( '41', '136', '', '1999-10-01', '', '2018-10-07 18:27:20', '2018-10-07 18:27:20');
INSERT INTO tb_membros_casamentos VALUES ( '42', '124', '125', '1979-10-06', '', '2018-10-07 18:29:04', '2018-10-07 18:29:04');
INSERT INTO tb_membros_casamentos VALUES ( '43', '277', '', '1995-10-07', '', '2018-10-07 18:30:50', '2018-10-07 18:30:50');
INSERT INTO tb_membros_casamentos VALUES ( '44', '233', '234', '2014-10-11', '', '2018-10-07 18:32:18', '2018-10-07 18:32:18');
INSERT INTO tb_membros_casamentos VALUES ( '45', '97', '98', '2014-10-18', '', '2018-10-07 18:33:38', '2018-10-07 18:33:38');
INSERT INTO tb_membros_casamentos VALUES ( '46', '37', '36', '2005-11-26', '', '2018-10-31 20:09:35', '2018-10-31 20:09:35');
INSERT INTO tb_membros_casamentos VALUES ( '47', '305', '175', '2018-10-05', '', '2018-10-31 21:02:58', '2018-10-31 21:02:58');
INSERT INTO tb_membros_casamentos VALUES ( '48', '11', '296', '2017-02-25', '', '2019-02-04 09:55:32', '2019-02-04 09:55:32');
INSERT INTO tb_membros_casamentos VALUES ( '49', '272', '273', '2005-02-28', '', '2019-02-04 09:57:29', '2019-02-04 09:57:29');
INSERT INTO tb_membros_casamentos VALUES ( '50', '75', '74', '2001-03-07', '', '2019-02-24 17:47:35', '2019-02-24 17:47:35');
INSERT INTO tb_membros_casamentos VALUES ( '51', '341', '', '1987-04-11', 'Rev. Martin Reinaldo Ludke', '2019-03-31 07:02:47', '2019-03-31 07:02:47');
INSERT INTO tb_membros_casamentos VALUES ( '52', '343', '342', '1987-04-11', 'Rev. Reinaldo Martin Ludke', '2019-03-31 07:14:00', '2019-03-31 07:14:00');

#
# Criação da Tabela : tb_membros_casamentos_padrinhos
#

CREATE TABLE `tb_membros_casamentos_padrinhos` (
  `id_padrinho` int(11) NOT NULL AUTO_INCREMENT,
  `id_casamento` int(11) NOT NULL,
  `nome` varchar(250) NOT NULL,
  `data_cadastro` datetime NOT NULL,
  `atualizacao` timestamp NOT NULL DEFAULT CURRENT_TIMESTAMP ON UPDATE CURRENT_TIMESTAMP,
  PRIMARY KEY (`id_padrinho`)
) ENGINE=InnoDB AUTO_INCREMENT=57 DEFAULT CHARSET=latin1 ;

#
# Dados a serem incluídos na tabela
#

INSERT INTO tb_membros_casamentos_padrinhos VALUES ( '1', '1', 'Hugo Borgman', '2017-08-31 15:06:45', '2017-08-31 15:06:45');
INSERT INTO tb_membros_casamentos_padrinhos VALUES ( '2', '1', 'Ena Borgman', '2017-08-31 15:06:45', '2017-08-31 15:06:45');
INSERT INTO tb_membros_casamentos_padrinhos VALUES ( '3', '1', 'Edgar Gercke', '2017-08-31 15:06:45', '2017-08-31 15:06:45');
INSERT INTO tb_membros_casamentos_padrinhos VALUES ( '4', '1', 'Ernelore Gercke', '2017-08-31 15:06:45', '2017-08-31 15:06:45');
INSERT INTO tb_membros_casamentos_padrinhos VALUES ( '5', '2', '', '2017-09-21 14:41:51', '2017-09-21 14:41:51');
INSERT INTO tb_membros_casamentos_padrinhos VALUES ( '6', '3', '', '2017-10-09 15:00:54', '2017-10-09 15:00:54');
INSERT INTO tb_membros_casamentos_padrinhos VALUES ( '7', '4', '', '2017-10-15 17:19:09', '2017-10-15 17:19:09');
INSERT INTO tb_membros_casamentos_padrinhos VALUES ( '9', '6', '', '2017-10-15 17:22:53', '2017-10-15 17:22:53');
INSERT INTO tb_membros_casamentos_padrinhos VALUES ( '10', '7', '', '2017-10-15 17:52:46', '2017-10-15 17:52:46');
INSERT INTO tb_membros_casamentos_padrinhos VALUES ( '12', '9', '', '2017-10-15 18:04:49', '2017-10-15 18:04:49');
INSERT INTO tb_membros_casamentos_padrinhos VALUES ( '13', '10', '', '2017-10-15 18:06:20', '2017-10-15 18:06:20');
INSERT INTO tb_membros_casamentos_padrinhos VALUES ( '14', '11', '', '2017-10-15 18:08:37', '2017-10-15 18:08:37');
INSERT INTO tb_membros_casamentos_padrinhos VALUES ( '15', '12', '', '2017-10-15 18:10:03', '2017-10-15 18:10:03');
INSERT INTO tb_membros_casamentos_padrinhos VALUES ( '17', '14', '', '2017-10-15 18:13:26', '2017-10-15 18:13:26');
INSERT INTO tb_membros_casamentos_padrinhos VALUES ( '20', '17', '', '2017-11-29 21:41:17', '2017-11-29 21:41:17');
INSERT INTO tb_membros_casamentos_padrinhos VALUES ( '23', '28', '', '2018-05-15 19:54:01', '2018-05-15 19:54:01');
INSERT INTO tb_membros_casamentos_padrinhos VALUES ( '24', '29', '', '2018-05-15 19:55:07', '2018-05-15 19:55:07');
INSERT INTO tb_membros_casamentos_padrinhos VALUES ( '25', '30', '', '2018-05-15 19:56:35', '2018-05-15 19:56:35');
INSERT INTO tb_membros_casamentos_padrinhos VALUES ( '26', '31', '', '2018-05-15 19:57:55', '2018-05-15 19:57:55');
INSERT INTO tb_membros_casamentos_padrinhos VALUES ( '27', '32', '', '2018-06-03 16:35:56', '2018-06-03 16:35:56');
INSERT INTO tb_membros_casamentos_padrinhos VALUES ( '28', '33', '', '2018-06-03 16:37:35', '2018-06-03 16:37:35');
INSERT INTO tb_membros_casamentos_padrinhos VALUES ( '29', '35', '', '2018-07-09 12:11:59', '2018-07-09 12:11:59');
INSERT INTO tb_membros_casamentos_padrinhos VALUES ( '30', '36', '', '2018-07-09 12:15:03', '2018-07-09 12:15:03');
INSERT INTO tb_membros_casamentos_padrinhos VALUES ( '31', '37', '', '2018-07-09 12:16:47', '2018-07-09 12:16:47');
INSERT INTO tb_membros_casamentos_padrinhos VALUES ( '32', '38', '', '2018-07-09 12:18:47', '2018-07-09 12:18:47');
INSERT INTO tb_membros_casamentos_padrinhos VALUES ( '34', '40', '', '2018-10-07 18:25:06', '2018-10-07 18:25:06');
INSERT INTO tb_membros_casamentos_padrinhos VALUES ( '35', '41', '', '2018-10-07 18:27:20', '2018-10-07 18:27:20');
INSERT INTO tb_membros_casamentos_padrinhos VALUES ( '36', '42', '', '2018-10-07 18:29:04', '2018-10-07 18:29:04');
INSERT INTO tb_membros_casamentos_padrinhos VALUES ( '37', '43', '', '2018-10-07 18:30:50', '2018-10-07 18:30:50');
INSERT INTO tb_membros_casamentos_padrinhos VALUES ( '38', '44', '', '2018-10-07 18:32:18', '2018-10-07 18:32:18');
INSERT INTO tb_membros_casamentos_padrinhos VALUES ( '39', '45', '', '2018-10-07 18:33:38', '2018-10-07 18:33:38');
INSERT INTO tb_membros_casamentos_padrinhos VALUES ( '41', '47', '', '2018-10-31 21:02:58', '2018-10-31 21:02:58');
INSERT INTO tb_membros_casamentos_padrinhos VALUES ( '42', '48', '', '2019-02-04 09:55:32', '2019-02-04 09:55:32');
INSERT INTO tb_membros_casamentos_padrinhos VALUES ( '43', '49', '', '2019-02-04 09:57:29', '2019-02-04 09:57:29');
INSERT INTO tb_membros_casamentos_padrinhos VALUES ( '44', '50', '', '2019-02-24 17:47:35', '2019-02-24 17:47:35');
INSERT INTO tb_membros_casamentos_padrinhos VALUES ( '49', '51', 'João Antônio Pereira', '2019-03-31 07:04:24', '2019-03-31 07:04:24');
INSERT INTO tb_membros_casamentos_padrinhos VALUES ( '50', '51', 'Neci Norberto Carvalho Pereira', '2019-03-31 07:04:24', '2019-03-31 07:04:24');
INSERT INTO tb_membros_casamentos_padrinhos VALUES ( '51', '51', 'Luiz Carlos Pereira Carvalho', '2019-03-31 07:04:24', '2019-03-31 07:04:24');
INSERT INTO tb_membros_casamentos_padrinhos VALUES ( '52', '51', 'Glorinha Nimer', '2019-03-31 07:04:24', '2019-03-31 07:04:24');
INSERT INTO tb_membros_casamentos_padrinhos VALUES ( '53', '52', 'João Antônio Pereira', '2019-03-31 07:14:00', '2019-03-31 07:14:00');
INSERT INTO tb_membros_casamentos_padrinhos VALUES ( '54', '52', 'Neci Norberto Carvalho Pereira', '2019-03-31 07:14:00', '2019-03-31 07:14:00');
INSERT INTO tb_membros_casamentos_padrinhos VALUES ( '55', '52', 'Luiz Carlos Pereira Carvalho', '2019-03-31 07:14:00', '2019-03-31 07:14:00');
INSERT INTO tb_membros_casamentos_padrinhos VALUES ( '56', '52', 'Glorinha Nimer', '2019-03-31 07:14:00', '2019-03-31 07:14:00');

#
# Criação da Tabela : tb_membros_confirmacao
#

CREATE TABLE `tb_membros_confirmacao` (
  `id_confirmacao` int(11) NOT NULL AUTO_INCREMENT,
  `id_membro` int(11) NOT NULL,
  `data_confirmacao` date NOT NULL,
  `oficiante` varchar(250) NOT NULL,
  `versiculo` varchar(250) NOT NULL DEFAULT 'Ponha sua vida nas mãos do SENHOR, confia nele, e ele o ajudará.',
  `livro` varchar(250) NOT NULL DEFAULT 'Salmos 37.5',
  `local` varchar(250) NOT NULL,
  `pais` varchar(250) NOT NULL,
  `data_cadastro` datetime NOT NULL,
  `atualizacao` timestamp NOT NULL DEFAULT CURRENT_TIMESTAMP ON UPDATE CURRENT_TIMESTAMP,
  PRIMARY KEY (`id_confirmacao`)
) ENGINE=InnoDB AUTO_INCREMENT=23 DEFAULT CHARSET=latin1 ;

#
# Dados a serem incluídos na tabela
#

INSERT INTO tb_membros_confirmacao VALUES ( '1', '4', '1970-10-25', 'Pastor Egon Marterer', 'Levai as cargas uns dos outros, e assim cumprireis a lei de Cristo', 'Gálatas 6,2', 'IECLB - Guaira - PR', '', '2017-08-31 14:55:59', '2017-11-30 22:26:51');
INSERT INTO tb_membros_confirmacao VALUES ( '2', '64', '1961-05-07', 'Pastor Krüger', '', '', '', '', '2018-01-01 13:05:03', '2018-01-01 17:05:03');
INSERT INTO tb_membros_confirmacao VALUES ( '3', '55', '1961-12-17', 'Rev. Walter Hesse', 'Porque sei que meu redentor Vive', '2º Timóteo 1 - 12', '', '', '2018-02-19 17:27:15', '2018-02-19 17:27:15');
INSERT INTO tb_membros_confirmacao VALUES ( '4', '56', '1961-03-26', 'Pastor Paulo Hasse', 'Sê Fiel até a morte, e dar-te-ei a coroa da vida', 'Apocalipse 2 - 10', '', '', '2018-02-19 17:40:42', '2018-02-19 17:40:42');
INSERT INTO tb_membros_confirmacao VALUES ( '5', '73', '1984-04-15', 'Pastor Paulo Hasse', '', '', '', '', '2018-02-20 09:59:43', '2018-02-20 09:59:43');
INSERT INTO tb_membros_confirmacao VALUES ( '6', '72', '1962-06-10', 'Pastor Nilo F. Strelow', '', 'Salmo 37.5', '', '', '2018-02-20 10:04:17', '2018-02-20 10:04:17');
INSERT INTO tb_membros_confirmacao VALUES ( '7', '46', '2015-11-29', 'Pastor Sérgio Renato Flor', 'O Senhor é a minha luz e minha salvação; de quem terei medo?', 'Salmo 27.1', '', '', '2018-02-24 15:49:13', '2018-02-24 15:49:13');
INSERT INTO tb_membros_confirmacao VALUES ( '8', '44', '1973-09-02', 'Pastor Benjamin Jandt', '', 'Jeremias 17.14', 'C.E.L. Sião - Santo Angelo - RS', '', '2018-02-24 17:22:20', '2018-02-24 17:22:20');
INSERT INTO tb_membros_confirmacao VALUES ( '9', '45', '2004-12-12', 'Pastor Aldo Julio Zilki', '', 'Jo 11.25-26', '', '', '2018-02-24 17:36:58', '2018-02-24 17:36:58');
INSERT INTO tb_membros_confirmacao VALUES ( '10', '106', '2015-05-24', 'Pastor Sérgio Renato Flor', '', 'João 3.16', 'C.E.L Bom Pastor Lapa - São Paulo - SP', '', '2018-03-10 21:34:23', '2018-03-10 21:35:27');
INSERT INTO tb_membros_confirmacao VALUES ( '11', '291', '2018-05-06', 'Rev. Sergio Renato Flor', 'O Senhor renova as minhas forças e me guia por caminhos certos, como ele mesmo prometeu (Salmo 23.3)', '', 'Comunidade Evangélica Luterana Bom Pastor - São Paulo/SP', '', '2018-05-05 21:49:13', '2018-05-05 21:49:13');
INSERT INTO tb_membros_confirmacao VALUES ( '12', '292', '2018-05-06', 'Rev. Sergio Renato Flor', 'O Senhor renova as minhas forças e me guia por caminhos certos, como ele mesmo prometeu (Salmo 23.3)', '', 'Comunidade Evangélica Luterana Bom Pastor - São Paulo/SP', '', '2018-05-05 21:59:25', '2018-05-05 21:59:25');
INSERT INTO tb_membros_confirmacao VALUES ( '13', '293', '2018-05-06', 'Rev. Sergio Renato Flor', 'O segredo é Cristo, o  qual é a chave que abre todos os tesouros escondidos do conhecimento e da sabedoria de Deus', 'Colossenses 2.3', '', '', '2018-05-05 22:17:56', '2018-05-05 22:50:11');
INSERT INTO tb_membros_confirmacao VALUES ( '14', '135', '2018-05-06', 'Rev. Sérgio Renato Flor', 'O Senhor renova as minhas forças e me guia por caminhos certos como ele mesmo prometeu', 'Salmo 23.3', '', '', '2018-05-05 22:28:58', '2018-05-05 22:31:34');
INSERT INTO tb_membros_confirmacao VALUES ( '15', '294', '2018-05-06', 'Rev. Sergio Renato Flor', 'Ponha a sua vida nas mãos do Senhor, confie nele, e ele me o ajudará', 'Salmo 37.5', 'Comunidade Evangélica Luterana Bom Pastor - São Paulo/SP', '', '2018-05-05 22:31:45', '2018-05-05 22:31:45');
INSERT INTO tb_membros_confirmacao VALUES ( '16', '117', '2018-05-06', 'Rev. Sérgio Renato Flor', 'Certamente a tua bondade e o teu amor ficarão comigo enquanto eu viver. E na tua casa, ó Senhor, morarei todos os dias da minha vida', 'Salmo 23.6', '', '', '2018-05-05 22:35:55', '2018-05-05 22:53:32');
INSERT INTO tb_membros_confirmacao VALUES ( '17', '295', '2018-05-06', 'Rev. Sergio Renato Flor', 'O segredo é Cristo, o  qual é a chave que abre todos os tesouros escondidos do conhecimento e da sabedoria de Deus', 'Colossenses 2.3', 'Comunidade Evangélica Luterana Bom Pastor - São Paulo/SP', '', '2018-05-05 22:37:17', '2018-05-05 22:37:17');
INSERT INTO tb_membros_confirmacao VALUES ( '18', '129', '2018-05-06', 'Rev. Sérgio Renato Flor', 'Desse modo, não existe diferença entre judeus e não-judeus, entre escravos e pessoas livres, entre homens e mulheres: todos vocês são um só por estarem unidos com Cristo Jesus', 'Gálatas 3.28', 'C.E.L Bom Pastor Lapa - São Paulo - SP', '', '2018-05-05 22:43:08', '2018-05-05 23:01:55');
INSERT INTO tb_membros_confirmacao VALUES ( '19', '7', '1994-12-11', 'Pastor Reinaldo Martim Lüdke', 'Lampada para os meus pés é a tua palavra, e luz para os meus caminhos', 'Salmo 119.105', 'C.E.L Bom Pastor Lapa - São Paulo - SP', '', '2018-05-09 10:15:07', '2018-05-09 10:15:07');
INSERT INTO tb_membros_confirmacao VALUES ( '20', '6', '1999-12-12', 'Rev. Renato Hoerlle', '', '', 'C.E.L Bom Pastor Lapa - São Paulo - SP', '', '2018-05-09 10:22:21', '2018-05-09 10:22:21');
INSERT INTO tb_membros_confirmacao VALUES ( '21', '220', '1976-12-05', 'Pastor Edgar Tilp', 'O Senhor é a minha luz e minha salvação; de quem terei medo? O Senhor é a fortaleza da minha vida, a quem temerei', 'Salmo 27.1', '', '', '2018-08-07 15:41:30', '2018-08-07 15:41:30');
INSERT INTO tb_membros_confirmacao VALUES ( '22', '221', '2008-04-20', 'Rev. Sérgio Renato Flor', '', '', '', '', '2018-08-07 15:55:18', '2018-08-07 15:55:18');

#
# Criação da Tabela : tb_membros_desligamento
#

CREATE TABLE `tb_membros_desligamento` (
  `id_desligamento` int(11) NOT NULL AUTO_INCREMENT,
  `id_membro` int(11) NOT NULL,
  `tipo` varchar(250) NOT NULL,
  `data_desligamento` date NOT NULL,
  `admissao_desatualizada` char(3) NOT NULL,
  `paroquia_destino` varchar(250) NOT NULL,
  `pastor_destino` varchar(250) NOT NULL,
  `versiculo` text NOT NULL,
  `pastor_assinatura` varchar(250) NOT NULL,
  `diretoria_assinatura` varchar(250) NOT NULL,
  `auto_exclusao` varchar(250) NOT NULL,
  `observacoes` text NOT NULL,
  `data_cadastro` datetime NOT NULL,
  `atualizacao` timestamp NULL DEFAULT CURRENT_TIMESTAMP ON UPDATE CURRENT_TIMESTAMP,
  PRIMARY KEY (`id_desligamento`)
) ENGINE=InnoDB AUTO_INCREMENT=16 DEFAULT CHARSET=latin1 ;

#
# Dados a serem incluídos na tabela
#

INSERT INTO tb_membros_desligamento VALUES ( '1', '21', 'Transferência paroquial', '2018-07-01', 'nao', 'C.E.L. Concórdia - Moema - São Paulo - SP', 'Alaor Guits dos Santos', '', 'Rev. Sérgio Renato Flor', '', 'nao', '', '2018-08-02 18:53:37', '2018-08-02 18:53:37');
INSERT INTO tb_membros_desligamento VALUES ( '2', '0', 'Óbito', '2019-08-04', 'nao', '', '', '', '', '', 'nao', '', '2018-08-02 18:53:37', '2019-08-04 18:16:57');
INSERT INTO tb_membros_desligamento VALUES ( '3', '121', 'Abandono', '2018-12-08', 'nao', '', '', '', '', '', 'nao', '', '2018-12-09 17:30:11', '2018-12-09 17:30:11');
INSERT INTO tb_membros_desligamento VALUES ( '4', '143', 'Abandono', '2018-12-08', 'nao', '', '', '', '', '', 'nao', '', '2018-12-09 17:31:01', '2018-12-09 17:31:01');
INSERT INTO tb_membros_desligamento VALUES ( '5', '142', 'Abandono', '2018-12-08', 'nao', '', '', '', '', '', 'nao', '', '2018-12-09 17:31:51', '2018-12-09 17:31:51');
INSERT INTO tb_membros_desligamento VALUES ( '6', '145', 'Abandono', '2018-12-08', 'nao', '', '', '', '', '', 'nao', '', '2018-12-09 17:32:44', '2018-12-09 17:32:44');
INSERT INTO tb_membros_desligamento VALUES ( '7', '144', 'Abandono', '2018-12-08', 'nao', '', '', '', '', '', 'nao', '', '2018-12-09 17:33:31', '2018-12-09 17:33:31');
INSERT INTO tb_membros_desligamento VALUES ( '8', '285', 'Transferência paroquial', '2019-03-01', 'nao', 'Belo Horizonte', '', '', '', '', 'nao', '', '2019-07-04 12:00:07', '2019-07-04 12:00:07');
INSERT INTO tb_membros_desligamento VALUES ( '9', '298', 'Transferência paroquial', '2019-03-01', 'nao', 'Belo Horizonte', '', '', '', '', 'nao', '', '2019-07-04 12:01:48', '2019-07-04 12:01:48');
INSERT INTO tb_membros_desligamento VALUES ( '10', '68', 'Transferência paroquial', '2019-03-01', 'nao', 'Chapecó - SC', '', '', '', '', 'nao', '', '2019-07-04 12:04:12', '2019-07-04 12:04:12');
INSERT INTO tb_membros_desligamento VALUES ( '11', '69', 'Transferência paroquial', '2019-03-01', 'nao', 'Chapecó - SC', '', '', '', '', 'nao', '', '2019-07-04 12:04:12', '2019-07-04 12:04:12');
INSERT INTO tb_membros_desligamento VALUES ( '12', '71', 'Transferência paroquial', '2019-03-01', 'nao', 'Chapecó - SC', '', '', '', '', 'nao', '', '2019-07-04 12:04:12', '2019-07-04 12:04:12');
INSERT INTO tb_membros_desligamento VALUES ( '13', '70', 'Transferência paroquial', '2019-03-01', 'nao', 'Chapecó - SC', '', '', '', '', 'nao', '', '2019-07-04 12:04:12', '2019-07-04 12:04:12');
INSERT INTO tb_membros_desligamento VALUES ( '14', '311', 'Abandono', '2019-08-03', 'nao', '', '', '', '', '', 'nao', '', '2019-08-04 18:15:43', '2019-08-04 18:15:43');
INSERT INTO tb_membros_desligamento VALUES ( '15', '212', 'Óbito', '2019-08-04', 'nao', '', '', '', '', '', 'nao', '', '2019-08-04 18:16:57', '2019-08-04 18:16:57');

#
# Criação da Tabela : tb_membros_emails
#

