
#
# Criação da Tabela : tb_aconselhamentos
#

CREATE TABLE `tb_aconselhamentos` (
  `id_aconselhamento` int(11) NOT NULL AUTO_INCREMENT,
  `id_membro` int(11) NOT NULL,
  `texto` text NOT NULL,
  `data_aconselhamento` datetime NOT NULL,
  `id_usuario` int(11) NOT NULL,
  `data_cadastro` datetime NOT NULL,
  `atualizacao` timestamp NOT NULL DEFAULT CURRENT_TIMESTAMP ON UPDATE CURRENT_TIMESTAMP,
  PRIMARY KEY (`id_aconselhamento`)
) ENGINE=InnoDB DEFAULT CHARSET=latin1 ;

#
# Dados a serem incluídos na tabela
#


#
# Criação da Tabela : tb_app_conversas
#

CREATE TABLE `tb_app_conversas` (
  `id_conversa` int(11) NOT NULL,
  `id_membro` int(11) NOT NULL,
  `id_usuario` int(11) NOT NULL,
  `id_grupo` int(11) NOT NULL,
  `texto` text NOT NULL,
  `paroquia_visualizou` varchar(250) NOT NULL,
  `membro_visualizou` varchar(250) NOT NULL,
  `data_cadastro` datetime NOT NULL,
  `atualizacao` timestamp NOT NULL DEFAULT CURRENT_TIMESTAMP ON UPDATE CURRENT_TIMESTAMP
) ENGINE=InnoDB DEFAULT CHARSET=latin1 ;

#
# Dados a serem incluídos na tabela
#


#
# Criação da Tabela : tb_auxiliar_atividades
#

CREATE TABLE `tb_auxiliar_atividades` (
  `id_atividade` int(11) NOT NULL AUTO_INCREMENT,
  `ativo` varchar(250) NOT NULL,
  `nome` varchar(250) NOT NULL,
  `cor` varchar(250) NOT NULL,
  `data_cadastro` datetime NOT NULL,
  `atualizacao` timestamp NOT NULL DEFAULT CURRENT_TIMESTAMP ON UPDATE CURRENT_TIMESTAMP,
  PRIMARY KEY (`id_atividade`)
) ENGINE=InnoDB AUTO_INCREMENT=13 DEFAULT CHARSET=latin1 ;

#
# Dados a serem incluídos na tabela
#

INSERT INTO tb_auxiliar_atividades VALUES ( '1', 'sim', 'Grupo de estudo - PEM', '00eeff', '0000-00-00 00:00:00', '2015-03-17 23:29:33');
INSERT INTO tb_auxiliar_atividades VALUES ( '2', 'sim', 'Visita', 'a30000', '0000-00-00 00:00:00', '2015-06-11 23:34:39');
INSERT INTO tb_auxiliar_atividades VALUES ( '3', 'sim', 'Culto', '0060c7', '2015-03-17 15:39:01', '2015-03-17 23:29:38');
INSERT INTO tb_auxiliar_atividades VALUES ( '4', 'sim', 'Casamento luterano', 'c9ac1e', '2015-03-17 17:17:59', '2015-03-17 23:29:41');
INSERT INTO tb_auxiliar_atividades VALUES ( '5', 'sim', 'Casamento misto', 'f07211', '2015-03-17 17:18:13', '2015-03-17 23:29:45');
INSERT INTO tb_auxiliar_atividades VALUES ( '6', 'sim', 'Reunião', '23660d', '2015-04-09 12:45:50', '2015-04-09 17:47:06');
INSERT INTO tb_auxiliar_atividades VALUES ( '7', 'sim', 'Retiro', 'a6a6a6', '2015-04-09 12:46:09', '2015-04-09 17:46:09');
INSERT INTO tb_auxiliar_atividades VALUES ( '8', 'sim', 'Passeio', '9ed678', '2015-04-09 12:46:21', '2015-04-09 17:46:21');
INSERT INTO tb_auxiliar_atividades VALUES ( '9', 'sim', 'Encontro', 'ff0000', '2015-04-09 12:50:58', '2015-04-09 17:50:58');
INSERT INTO tb_auxiliar_atividades VALUES ( '10', 'sim', 'Visita pastoral', 'a30000', '0000-00-00 00:00:00', '2015-06-11 23:33:24');
INSERT INTO tb_auxiliar_atividades VALUES ( '11', 'sim', 'Visita à enfermos', 'a30000', '0000-00-00 00:00:00', '2015-06-11 23:33:27');
INSERT INTO tb_auxiliar_atividades VALUES ( '12', 'sim', 'Visita missionária', 'a30000', '0000-00-00 00:00:00', '2015-06-11 23:35:54');

#
# Criação da Tabela : tb_auxiliar_departamentos
#

CREATE TABLE `tb_auxiliar_departamentos` (
  `id_departamento` int(11) NOT NULL AUTO_INCREMENT,
  `ativo` varchar(250) NOT NULL,
  `nome` varchar(250) NOT NULL,
  `data_cadastro` datetime NOT NULL,
  `atualizacao` timestamp NOT NULL DEFAULT CURRENT_TIMESTAMP ON UPDATE CURRENT_TIMESTAMP,
  PRIMARY KEY (`id_departamento`)
) ENGINE=InnoDB AUTO_INCREMENT=14 DEFAULT CHARSET=latin1 ;

#
# Dados a serem incluídos na tabela
#

INSERT INTO tb_auxiliar_departamentos VALUES ( '1', 'sim', 'Música
', '0000-00-00 00:00:00', '2015-02-06 13:05:34');
INSERT INTO tb_auxiliar_departamentos VALUES ( '2', 'sim', 'Servas', '2015-02-18 12:50:36', '2015-02-18 20:50:36');
INSERT INTO tb_auxiliar_departamentos VALUES ( '3', 'sim', 'Crianças', '2015-03-17 17:28:12', '2015-03-17 22:28:12');
INSERT INTO tb_auxiliar_departamentos VALUES ( '4', 'sim', 'Instrução', '2015-03-17 17:28:17', '2015-03-17 22:28:17');
INSERT INTO tb_auxiliar_departamentos VALUES ( '5', 'sim', 'Juventude Mirim', '2015-03-17 17:28:31', '2015-03-17 22:28:31');
INSERT INTO tb_auxiliar_departamentos VALUES ( '6', 'sim', 'Jovens', '2015-03-17 17:28:41', '2015-03-17 22:28:41');
INSERT INTO tb_auxiliar_departamentos VALUES ( '7', 'sim', 'Homens', '2015-03-17 17:28:51', '2015-03-17 22:28:51');
INSERT INTO tb_auxiliar_departamentos VALUES ( '8', 'sim', 'Casais / Famílias / Noivos', '2015-03-17 17:28:54', '2015-03-17 22:28:54');
INSERT INTO tb_auxiliar_departamentos VALUES ( '9', 'sim', 'Terceira Idade', '2015-03-17 17:29:01', '2015-03-17 22:29:01');
INSERT INTO tb_auxiliar_departamentos VALUES ( '10', 'sim', 'Áreas de atuação', '2015-03-17 17:29:11', '2015-03-17 22:29:11');
INSERT INTO tb_auxiliar_departamentos VALUES ( '11', 'sim', 'Diretoria / Administração', '2015-03-17 17:29:18', '2015-03-17 22:29:18');
INSERT INTO tb_auxiliar_departamentos VALUES ( '12', 'sim', 'Comunicação', '2015-04-07 18:03:23', '2015-04-07 23:03:23');
INSERT INTO tb_auxiliar_departamentos VALUES ( '13', 'sim', 'Deboras de Cristo', '2019-10-14 14:23:32', '2019-10-14 14:23:32');

#
# Criação da Tabela : tb_centro_custos
#

CREATE TABLE `tb_centro_custos` (
  `id_centro_custo` int(11) NOT NULL AUTO_INCREMENT,
  `ativo` varchar(250) NOT NULL,
  `nome` varchar(250) NOT NULL,
  `tipo` varchar(250) NOT NULL,
  `cod_debito` varchar(250) NOT NULL,
  `cod_credito` varchar(250) NOT NULL,
  `data_cadastro` datetime NOT NULL,
  `atualizacao` timestamp NOT NULL DEFAULT CURRENT_TIMESTAMP ON UPDATE CURRENT_TIMESTAMP,
  PRIMARY KEY (`id_centro_custo`)
) ENGINE=InnoDB AUTO_INCREMENT=51 DEFAULT CHARSET=latin1 ;

#
# Dados a serem incluídos na tabela
#

INSERT INTO tb_centro_custos VALUES ( '1', 'sim', 'Ofertas Dominicais', 'A receber', '', '', '2014-09-05 16:05:52', '2015-03-17 22:57:26');
INSERT INTO tb_centro_custos VALUES ( '2', 'sim', 'Ofertas Mensais, Anuais (regulares)', 'A receber', '', '', '2014-09-05 16:05:52', '2015-03-17 22:57:29');
INSERT INTO tb_centro_custos VALUES ( '3', 'sim', 'Ofertas Especiais', 'A receber', '', '', '2014-09-05 16:05:52', '2015-03-17 22:57:31');
INSERT INTO tb_centro_custos VALUES ( '4', 'sim', 'Ofertas de Terceiros', 'A receber', '', '', '2014-09-05 16:05:52', '2015-04-06 21:42:25');
INSERT INTO tb_centro_custos VALUES ( '5', 'sim', 'Campanhas Específicas', 'A receber', '', '', '2014-09-05 16:05:52', '2015-03-17 22:59:06');
INSERT INTO tb_centro_custos VALUES ( '6', 'sim', 'Auxílio de Outros', 'A receber', '', '', '2014-09-05 16:05:52', '2015-03-17 22:58:06');
INSERT INTO tb_centro_custos VALUES ( '7', 'sim', 'Subsídio da IELB', 'A receber', '', '', '2014-09-05 16:05:52', '2015-03-17 22:57:51');
INSERT INTO tb_centro_custos VALUES ( '8', 'sim', 'Auxílio do FAPI', 'A receber', '', '', '2014-09-05 16:05:52', '2015-03-17 22:57:48');
INSERT INTO tb_centro_custos VALUES ( '9', 'sim', 'Subsídio do Distrito', 'A receber', '', '', '2014-09-05 16:05:52', '2015-03-17 22:57:46');
INSERT INTO tb_centro_custos VALUES ( '10', 'sim', 'Auxílio do Distrito Padrinho', 'A receber', '', '', '2014-09-05 16:05:52', '2015-03-17 22:57:44');
INSERT INTO tb_centro_custos VALUES ( '11', 'sim', 'Receita de Aluguéis', 'A receber', '', '', '2014-09-05 16:05:52', '2015-03-17 22:59:09');
INSERT INTO tb_centro_custos VALUES ( '12', 'sim', 'Receita de Promoções', 'A receber', '', '', '2014-09-05 16:05:52', '2015-03-17 22:59:11');
INSERT INTO tb_centro_custos VALUES ( '13', 'sim', 'Receita da Escola', 'A receber', '', '', '2014-09-05 16:05:52', '2015-03-17 22:59:13');
INSERT INTO tb_centro_custos VALUES ( '14', 'sim', 'Receita para Serviço Social', 'A receber', '', '', '2014-09-05 16:05:52', '2015-03-17 22:59:15');
INSERT INTO tb_centro_custos VALUES ( '15', 'sim', 'Ressarcimentos', 'A receber', '', '', '2014-09-05 16:05:52', '2015-03-17 22:59:18');
INSERT INTO tb_centro_custos VALUES ( '16', 'sim', 'Outras entradas', 'A receber', '', '', '2014-09-05 16:05:52', '2015-03-17 22:59:21');
INSERT INTO tb_centro_custos VALUES ( '17', 'sim', 'Empréstimos', 'A receber', '', '', '2014-09-05 16:05:52', '2015-03-17 22:59:24');
INSERT INTO tb_centro_custos VALUES ( '18', 'sim', 'Auxílio Subsistência de Pastores', 'A pagar', '', '', '2014-09-05 16:09:50', '2015-03-17 22:59:27');
INSERT INTO tb_centro_custos VALUES ( '19', 'sim', 'Despesas com Estagiários', 'A pagar', '', '', '2014-09-05 16:09:50', '2015-03-17 22:59:30');
INSERT INTO tb_centro_custos VALUES ( '20', 'sim', 'Pagamentos a outras pessoas', 'A pagar', '', '', '2014-09-05 16:09:50', '2015-03-17 22:59:32');
INSERT INTO tb_centro_custos VALUES ( '21', 'sim', 'INSS', 'A pagar', '', '', '2014-09-05 16:09:50', '2015-03-17 22:59:34');
INSERT INTO tb_centro_custos VALUES ( '22', 'sim', 'Fundo de Garantia e FPP', 'A pagar', '', '', '2014-09-05 16:09:50', '2015-03-17 22:59:36');
INSERT INTO tb_centro_custos VALUES ( '23', 'sim', 'Adicionais política de subsistência', 'A pagar', '', '', '2014-09-05 16:09:50', '2015-03-17 22:59:40');
INSERT INTO tb_centro_custos VALUES ( '24', 'sim', 'Gratificação de Natal e férias', 'A pagar', '', '', '2014-09-05 16:09:50', '2015-03-17 22:59:43');
INSERT INTO tb_centro_custos VALUES ( '25', 'sim', 'Assist. Médica, Prev. Privada', 'A pagar', '', '', '2014-09-05 16:09:50', '2015-03-17 22:59:46');
INSERT INTO tb_centro_custos VALUES ( '26', 'sim', 'Aquisição de Propriedades', 'A pagar', '', '', '2014-09-05 16:09:50', '2015-03-17 22:59:49');
INSERT INTO tb_centro_custos VALUES ( '27', 'sim', 'Construção e Reforma', 'A pagar', '', '', '2014-09-05 16:09:50', '2015-03-17 22:59:52');
INSERT INTO tb_centro_custos VALUES ( '28', 'sim', 'Conservação de propriedades', 'A pagar', '', '', '2014-09-05 16:09:50', '2015-03-17 22:59:54');
INSERT INTO tb_centro_custos VALUES ( '29', 'sim', 'Aquisição de equipamentos', 'A pagar', '', '', '2014-09-05 16:09:50', '2015-03-17 22:59:57');
INSERT INTO tb_centro_custos VALUES ( '30', 'sim', 'Impostos (IPTU,  etc.)', 'A pagar', '', '', '2014-09-05 16:09:50', '2015-03-17 22:59:59');
INSERT INTO tb_centro_custos VALUES ( '31', 'sim', 'Material Missionário', 'A pagar', '', '', '2014-09-05 16:09:50', '2015-03-17 23:00:04');
INSERT INTO tb_centro_custos VALUES ( '32', 'sim', 'Contribuição para a IELB', 'A pagar', '', '', '2014-09-05 16:09:50', '2015-03-17 23:00:07');
INSERT INTO tb_centro_custos VALUES ( '33', 'sim', 'Contribuição para o Distrito', 'A pagar', '', '', '2014-09-05 16:09:50', '2015-03-17 23:00:10');
INSERT INTO tb_centro_custos VALUES ( '34', 'sim', 'Contribuição para o FAPI', 'A pagar', '', '', '2014-09-05 16:09:50', '2015-03-17 23:00:14');
INSERT INTO tb_centro_custos VALUES ( '35', 'sim', 'Contribuição para Outros', 'A pagar', '', '', '2014-09-05 16:09:50', '2015-03-17 23:00:16');
INSERT INTO tb_centro_custos VALUES ( '36', 'sim', 'Auxílio para Congregação Afilhada', 'A pagar', '', '', '2014-09-05 16:09:50', '2015-03-17 23:00:19');
INSERT INTO tb_centro_custos VALUES ( '37', 'sim', 'Despesas da Escola', 'A pagar', '', '', '2014-09-05 16:09:50', '2015-03-17 23:00:23');
INSERT INTO tb_centro_custos VALUES ( '38', 'sim', 'Saídas para Serviço Social', 'A pagar', '', '', '2014-09-05 16:09:50', '2015-03-17 23:00:26');
INSERT INTO tb_centro_custos VALUES ( '39', 'sim', 'Despesas com Comunicação', 'A pagar', '', '', '2014-09-05 16:09:50', '2015-03-17 23:00:29');
INSERT INTO tb_centro_custos VALUES ( '40', 'sim', 'Seguro de vida e propriedades', 'A pagar', '', '', '2014-09-05 16:09:50', '2015-03-17 23:00:40');
INSERT INTO tb_centro_custos VALUES ( '41', 'sim', 'Transporte', 'A pagar', '', '', '2014-09-05 16:09:50', '2015-03-17 23:00:46');
INSERT INTO tb_centro_custos VALUES ( '42', 'sim', 'Moradia', 'A pagar', '', '', '2014-09-05 16:09:50', '2015-03-17 23:00:53');
INSERT INTO tb_centro_custos VALUES ( '43', 'sim', 'Aluguel de local de cultos', 'A pagar', '', '', '2014-09-05 16:09:50', '2015-03-17 23:01:02');
INSERT INTO tb_centro_custos VALUES ( '44', 'sim', 'Luz', 'A pagar', '', '', '2014-09-05 16:09:50', '2015-03-17 23:01:05');
INSERT INTO tb_centro_custos VALUES ( '45', 'sim', 'Água', 'A pagar', '', '', '2014-09-05 16:09:50', '2015-03-17 23:01:08');
INSERT INTO tb_centro_custos VALUES ( '46', 'sim', 'Telefone, Fax, Internet', 'A pagar', '', '', '2014-09-05 16:09:50', '2015-03-17 23:01:12');
INSERT INTO tb_centro_custos VALUES ( '47', 'sim', 'Material de Expediente', 'A pagar', '', '', '2014-09-05 16:09:50', '2015-03-17 23:01:16');
INSERT INTO tb_centro_custos VALUES ( '48', 'sim', 'Participação em Eventos', 'A pagar', '', '', '2014-09-05 16:09:50', '2015-03-17 23:01:18');
INSERT INTO tb_centro_custos VALUES ( '49', 'sim', 'Outras saídas', 'A pagar', '', '', '2014-09-05 16:09:50', '2015-03-17 23:01:22');
INSERT INTO tb_centro_custos VALUES ( '50', 'sim', 'Devolução de Empréstimos', 'A pagar', '', '', '2014-09-05 16:09:50', '2015-03-17 23:01:29');

#
# Criação da Tabela : tb_centro_custos2
#

CREATE TABLE `tb_centro_custos2` (
  `id_centro_custo2` int(11) NOT NULL AUTO_INCREMENT,
  `id_centro_custo` int(11) NOT NULL,
  `ativo` varchar(250) NOT NULL,
  `nome` varchar(250) NOT NULL,
  `data_cadastro` datetime NOT NULL,
  `atualizacao` timestamp NOT NULL DEFAULT CURRENT_TIMESTAMP ON UPDATE CURRENT_TIMESTAMP,
  PRIMARY KEY (`id_centro_custo2`)
) ENGINE=MyISAM AUTO_INCREMENT=2 DEFAULT CHARSET=latin1 ;

#
# Dados a serem incluídos na tabela
#


#
# Criação da Tabela : tb_congregacoes
#

CREATE TABLE `tb_congregacoes` (
  `id_congregacao` int(11) NOT NULL AUTO_INCREMENT,
  `sede` varchar(5) NOT NULL,
  `cnpj` varchar(250) NOT NULL,
  `razao_social` varchar(250) NOT NULL,
  `nome` varchar(250) NOT NULL,
  `tipo` varchar(250) NOT NULL COMMENT 'Congregação (CG), comunidade (CM), igreja (I), ponto de missão/pregação (P)',
  `emails` text NOT NULL,
  `telefones` text NOT NULL,
  `endereco` varchar(250) NOT NULL,
  `numero` varchar(250) NOT NULL,
  `complemento` varchar(250) NOT NULL,
  `cep` varchar(250) NOT NULL,
  `bairro` varchar(250) NOT NULL,
  `cidade` varchar(250) NOT NULL,
  `estado` varchar(250) NOT NULL,
  `data_fundacao` date NOT NULL,
  `data_inauguracao_templo` date NOT NULL,
  `local_cultos` varchar(250) NOT NULL COMMENT 'templo, salão, escola, casa, outro',
  `periodo_cultos` varchar(250) NOT NULL COMMENT 'Semanal, 2x mês, 3x mês, Mensal, Outro',
  `horarios_cultos` varchar(300) NOT NULL,
  `encerramento_atividades_data` date NOT NULL,
  `encerramento_atividades_motivo` text NOT NULL,
  `data_inicio_trabalhos` date NOT NULL,
  `pastor_fundador` varchar(250) NOT NULL,
  `membros_fundadores` text NOT NULL,
  `data_primeiro_culto` date NOT NULL,
  `data_cadastro` datetime NOT NULL,
  `atualizacao` timestamp NOT NULL DEFAULT CURRENT_TIMESTAMP ON UPDATE CURRENT_TIMESTAMP,
  PRIMARY KEY (`id_congregacao`)
) ENGINE=InnoDB AUTO_INCREMENT=6 DEFAULT CHARSET=latin1 ;

#
# Dados a serem incluídos na tabela
#

INSERT INTO tb_congregacoes VALUES ( '1', 'sim', '07.456.643/0001-93', 'CONGREGACAO EVANGELICA LUTERANA \"CRISTO\"', 'CEL CRISTO', 'CG', 'congregacaoluteranateresina@gmail.com', '08632273252', 'BR 3016 ', '7200', 'AMPLIACAO', '64025-100', 'Parque Piauí', 'Teresina', 'PI', '1984-06-24', '1984-06-24', 'Templo', 'Semanal', '08:30', '0000-00-00', '', '0000-00-00', 'REV. ARNALDO ARNILDO KOLLER', '', '0000-00-00', '2017-06-06 10:49:24', '2017-06-06 10:49:24');
INSERT INTO tb_congregacoes VALUES ( '2', 'nao', '12.303.701/0001-89', 'CEL BETEL', 'CEL BETEL', 'CG', '', '086988433430', 'Carregando, por favor aguarde...', '85', '', '65636-748', 'São Francisco I', 'Timon', 'MA', '2006-06-06', '2006-06-06', 'Templo', 'Semanal', '19:00', '0000-00-00', '', '0000-00-00', '', '', '0000-00-00', '2017-06-06 10:55:46', '2017-06-06 11:00:06');
INSERT INTO tb_congregacoes VALUES ( '3', 'nao', '', 'PLANALTO URUGUAI', 'PLANALTO URUGUAI', 'PP', '', '', 'RUA', '10', '', '', 'PLANALTO URUGUAI', 'Teresina', 'PI', '2014-11-30', '0000-00-00', 'Casa', 'Mensal', '19:30', '0000-00-00', '', '0000-00-00', '', '', '0000-00-00', '2017-06-06 10:59:38', '2017-06-06 10:59:38');
INSERT INTO tb_congregacoes VALUES ( '4', 'nao', '', 'CERAMICA CIL', 'CERAMICA CIL', 'PP', '', '', 'RUA', '10', '', '', 'CERAMICA CIL', 'Teresina', 'PI', '2014-01-01', '0000-00-00', 'Casa', 'Mensal', '19:30', '0000-00-00', '', '0000-00-00', '', '', '0000-00-00', '2017-06-06 11:02:16', '2017-06-06 11:02:16');
INSERT INTO tb_congregacoes VALUES ( '5', 'nao', '', 'MISSAO PARNARAMA', 'MISSAO PARNARAMA', 'PP', '', '', 'POVOADO BOA VISTA', '00', '', '', 'ZONA RURAL', 'BOA VISTA', 'MA', '2014-01-01', '0000-00-00', 'Casa', 'Mensal', '19:30', '0000-00-00', '', '0000-00-00', '', '', '0000-00-00', '2017-06-06 11:05:02', '2017-06-06 11:05:02');

#
# Criação da Tabela : tb_contas_bancarias
#

CREATE TABLE `tb_contas_bancarias` (
  `id_conta_bancaria` int(11) NOT NULL AUTO_INCREMENT,
  `ativo` varchar(250) NOT NULL,
  `nome` varchar(250) NOT NULL,
  `agencia` varchar(250) NOT NULL,
  `conta` varchar(250) NOT NULL,
  `saldo` decimal(15,2) NOT NULL,
  `limite` decimal(15,2) NOT NULL,
  `data_cadastro` datetime NOT NULL,
  `atualizacao` timestamp NULL DEFAULT CURRENT_TIMESTAMP ON UPDATE CURRENT_TIMESTAMP,
  PRIMARY KEY (`id_conta_bancaria`)
) ENGINE=InnoDB DEFAULT CHARSET=latin1 ;

#
# Dados a serem incluídos na tabela
#


#
# Criação da Tabela : tb_contas_bancarias_ajustes
#

CREATE TABLE `tb_contas_bancarias_ajustes` (
  `id_ajuste` int(11) NOT NULL AUTO_INCREMENT,
  `operador` varchar(250) NOT NULL,
  `id_conta_bancaria` int(11) NOT NULL,
  `data` date NOT NULL,
  `valor` decimal(15,2) NOT NULL,
  `motivo` text NOT NULL,
  `data_cadastro` datetime NOT NULL,
  `atualizacao` timestamp NOT NULL DEFAULT CURRENT_TIMESTAMP ON UPDATE CURRENT_TIMESTAMP,
  PRIMARY KEY (`id_ajuste`)
) ENGINE=InnoDB DEFAULT CHARSET=latin1 ;

#
# Dados a serem incluídos na tabela
#


#
# Criação da Tabela : tb_cronicas_acontecimentos
#

CREATE TABLE `tb_cronicas_acontecimentos` (
  `id_acontecimento` int(11) NOT NULL AUTO_INCREMENT,
  `id_congregacao` int(11) NOT NULL,
  `texto` text NOT NULL,
  `data_acontecimento` datetime NOT NULL,
  `data_cadastro` datetime NOT NULL,
  `atualizacao` timestamp NOT NULL DEFAULT CURRENT_TIMESTAMP ON UPDATE CURRENT_TIMESTAMP,
  PRIMARY KEY (`id_acontecimento`)
) ENGINE=InnoDB DEFAULT CHARSET=latin1 ;

#
# Dados a serem incluídos na tabela
#


#
# Criação da Tabela : tb_diretoria_paroquial
#

CREATE TABLE `tb_diretoria_paroquial` (
  `id_diretoria` int(11) NOT NULL AUTO_INCREMENT,
  `id_membro` int(11) DEFAULT NULL,
  `funcao` varchar(250) NOT NULL COMMENT 'Presidente, Secretário, Tesoureiro, Pastor',
  `data_cadastro` datetime NOT NULL,
  `atualizacao` timestamp NOT NULL DEFAULT CURRENT_TIMESTAMP ON UPDATE CURRENT_TIMESTAMP,
  PRIMARY KEY (`id_diretoria`)
) ENGINE=InnoDB DEFAULT CHARSET=latin1 ;

#
# Dados a serem incluídos na tabela
#


#
# Criação da Tabela : tb_eventos
#

CREATE TABLE `tb_eventos` (
  `id_evento` int(11) NOT NULL AUTO_INCREMENT,
  `id_grupo` int(11) NOT NULL,
  `id_atividade` int(11) NOT NULL,
  `id_departamento` int(11) NOT NULL,
  `nome` varchar(250) NOT NULL,
  `descricao` text NOT NULL,
  `pastoral` text NOT NULL,
  `coordenador` int(11) NOT NULL,
  `data_cadastro` datetime NOT NULL,
  `atualizacao` timestamp NOT NULL DEFAULT CURRENT_TIMESTAMP ON UPDATE CURRENT_TIMESTAMP,
  `id_congregacao` int(11) NOT NULL,
  PRIMARY KEY (`id_evento`)
) ENGINE=InnoDB AUTO_INCREMENT=6 DEFAULT CHARSET=latin1 ;

#
# Dados a serem incluídos na tabela
#

INSERT INTO tb_eventos VALUES ( '1', '0', '9', '8', 'Encontro', '', '', '0', '2017-06-08 08:47:06', '2017-06-08 08:47:06', '1');
INSERT INTO tb_eventos VALUES ( '2', '1', '6', '6', 'UJBETEL', '', '', '3', '2017-06-09 22:03:31', '2017-06-09 22:03:31', '2');
INSERT INTO tb_eventos VALUES ( '3', '0', '8', '6', 'Passeio', '', '', '0', '2019-07-08 18:11:17', '2019-07-08 18:11:17', '1');
INSERT INTO tb_eventos VALUES ( '4', '0', '9', '0', 'EPD Hora Luterana', '', '', '0', '2019-10-14 11:24:50', '2019-10-14 11:24:50', '1');
INSERT INTO tb_eventos VALUES ( '5', '2', '9', '2', 'Deboras de Cristo', '', '', '184', '2019-10-14 14:34:21', '2019-10-14 14:34:21', '1');

#
# Criação da Tabela : tb_eventos_datas
#

CREATE TABLE `tb_eventos_datas` (
  `id_data` int(11) NOT NULL AUTO_INCREMENT,
  `id_evento` int(11) NOT NULL,
  `id_grupo` int(11) NOT NULL,
  `periodicidade` varchar(250) NOT NULL,
  `dia_semana` varchar(250) NOT NULL,
  `dia` date NOT NULL,
  `horario_inicial` time NOT NULL,
  `horario_final` time NOT NULL,
  `data_inicial` datetime NOT NULL,
  `data_final` datetime NOT NULL,
  `hinos` varchar(250) NOT NULL,
  `santa_ceia` varchar(250) NOT NULL DEFAULT 'nao',
  `observacao` text NOT NULL,
  `total_membros` int(11) NOT NULL,
  `total_visitantes` int(11) NOT NULL,
  `total_santa_ceia` int(11) NOT NULL,
  `data_cadastro` datetime NOT NULL,
  `atualizacao` timestamp NOT NULL DEFAULT CURRENT_TIMESTAMP ON UPDATE CURRENT_TIMESTAMP,
  PRIMARY KEY (`id_data`)
) ENGINE=InnoDB AUTO_INCREMENT=74 DEFAULT CHARSET=latin1 ;

#
# Dados a serem incluídos na tabela
#

INSERT INTO tb_eventos_datas VALUES ( '31', '2', '1', '', '', '2017-06-11', '17:00:00', '19:00:00', '2017-06-11 17:00:00', '2017-06-11 19:00:00', '', 'nao', '', '0', '0', '0', '2017-06-09 22:06:52', '2017-06-09 22:06:52');
INSERT INTO tb_eventos_datas VALUES ( '32', '2', '1', '', '', '2017-06-18', '17:00:00', '19:00:00', '2017-06-18 17:00:00', '2017-06-18 19:00:00', '', 'nao', '', '0', '0', '0', '2017-06-09 22:06:52', '2017-06-09 22:06:52');
INSERT INTO tb_eventos_datas VALUES ( '33', '2', '1', '', '', '2017-06-25', '17:00:00', '19:00:00', '2017-06-25 17:00:00', '2017-06-25 19:00:00', '', 'nao', '', '0', '0', '0', '2017-06-09 22:06:52', '2017-06-09 22:06:52');
INSERT INTO tb_eventos_datas VALUES ( '34', '2', '1', '', '', '2017-07-02', '17:00:00', '19:00:00', '2017-07-02 17:00:00', '2017-07-02 19:00:00', '', 'nao', '', '0', '0', '0', '2017-06-09 22:06:52', '2017-06-09 22:06:52');
INSERT INTO tb_eventos_datas VALUES ( '35', '2', '1', '', '', '2017-07-09', '17:00:00', '19:00:00', '2017-07-09 17:00:00', '2017-07-09 19:00:00', '', 'nao', '', '0', '0', '0', '2017-06-09 22:06:52', '2017-06-09 22:06:52');
INSERT INTO tb_eventos_datas VALUES ( '36', '2', '1', '', '', '2017-07-16', '17:00:00', '19:00:00', '2017-07-16 17:00:00', '2017-07-16 19:00:00', '', 'nao', '', '0', '0', '0', '2017-06-09 22:06:52', '2017-06-09 22:06:52');
INSERT INTO tb_eventos_datas VALUES ( '37', '2', '1', '', '', '2017-07-23', '17:00:00', '19:00:00', '2017-07-23 17:00:00', '2017-07-23 19:00:00', '', 'nao', '', '0', '0', '0', '2017-06-09 22:06:52', '2017-06-09 22:06:52');
INSERT INTO tb_eventos_datas VALUES ( '38', '2', '1', '', '', '2017-07-30', '17:00:00', '19:00:00', '2017-07-30 17:00:00', '2017-07-30 19:00:00', '', 'nao', '', '0', '0', '0', '2017-06-09 22:06:52', '2017-06-09 22:06:52');
INSERT INTO tb_eventos_datas VALUES ( '39', '2', '1', '', '', '2017-08-06', '17:00:00', '19:00:00', '2017-08-06 17:00:00', '2017-08-06 19:00:00', '', 'nao', '', '0', '0', '0', '2017-06-09 22:06:52', '2017-06-09 22:06:52');
INSERT INTO tb_eventos_datas VALUES ( '40', '2', '1', '', '', '2017-08-13', '17:00:00', '19:00:00', '2017-08-13 17:00:00', '2017-08-13 19:00:00', '', 'nao', '', '0', '0', '0', '2017-06-09 22:06:52', '2017-06-09 22:06:52');
INSERT INTO tb_eventos_datas VALUES ( '41', '2', '1', '', '', '2017-08-20', '17:00:00', '19:00:00', '2017-08-20 17:00:00', '2017-08-20 19:00:00', '', 'nao', '', '0', '0', '0', '2017-06-09 22:06:52', '2017-06-09 22:06:52');
INSERT INTO tb_eventos_datas VALUES ( '42', '2', '1', '', '', '2017-08-27', '17:00:00', '19:00:00', '2017-08-27 17:00:00', '2017-08-27 19:00:00', '', 'nao', '', '0', '0', '0', '2017-06-09 22:06:52', '2017-06-09 22:06:52');
INSERT INTO tb_eventos_datas VALUES ( '43', '2', '1', '', '', '2017-09-03', '17:00:00', '19:00:00', '2017-09-03 17:00:00', '2017-09-03 19:00:00', '', 'nao', '', '0', '0', '0', '2017-06-09 22:06:52', '2017-06-09 22:06:52');
INSERT INTO tb_eventos_datas VALUES ( '44', '2', '1', '', '', '2017-09-10', '17:00:00', '19:00:00', '2017-09-10 17:00:00', '2017-09-10 19:00:00', '', 'nao', '', '0', '0', '0', '2017-06-09 22:06:52', '2017-06-09 22:06:52');
INSERT INTO tb_eventos_datas VALUES ( '45', '2', '1', '', '', '2017-09-17', '17:00:00', '19:00:00', '2017-09-17 17:00:00', '2017-09-17 19:00:00', '', 'nao', '', '0', '0', '0', '2017-06-09 22:06:52', '2017-06-09 22:06:52');
INSERT INTO tb_eventos_datas VALUES ( '46', '2', '1', '', '', '2017-09-24', '17:00:00', '19:00:00', '2017-09-24 17:00:00', '2017-09-24 19:00:00', '', 'nao', '', '0', '0', '0', '2017-06-09 22:06:52', '2017-06-09 22:06:52');
INSERT INTO tb_eventos_datas VALUES ( '47', '2', '1', '', '', '2017-10-01', '17:00:00', '19:00:00', '2017-10-01 17:00:00', '2017-10-01 19:00:00', '', 'nao', '', '0', '0', '0', '2017-06-09 22:06:52', '2017-06-09 22:06:52');
INSERT INTO tb_eventos_datas VALUES ( '48', '2', '1', '', '', '2017-10-08', '17:00:00', '19:00:00', '2017-10-08 17:00:00', '2017-10-08 19:00:00', '', 'nao', '', '0', '0', '0', '2017-06-09 22:06:52', '2017-06-09 22:06:52');
INSERT INTO tb_eventos_datas VALUES ( '49', '2', '1', '', '', '2017-10-15', '17:00:00', '19:00:00', '2017-10-15 17:00:00', '2017-10-15 19:00:00', '', 'nao', '', '0', '0', '0', '2017-06-09 22:06:52', '2017-06-09 22:06:52');
INSERT INTO tb_eventos_datas VALUES ( '50', '2', '1', '', '', '2017-10-22', '17:00:00', '19:00:00', '2017-10-22 17:00:00', '2017-10-22 19:00:00', '', 'nao', '', '0', '0', '0', '2017-06-09 22:06:52', '2017-06-09 22:06:52');
INSERT INTO tb_eventos_datas VALUES ( '51', '2', '1', '', '', '2017-10-29', '17:00:00', '19:00:00', '2017-10-29 17:00:00', '2017-10-29 19:00:00', '', 'nao', '', '0', '0', '0', '2017-06-09 22:06:52', '2017-06-09 22:06:52');
INSERT INTO tb_eventos_datas VALUES ( '52', '2', '1', '', '', '2017-11-05', '17:00:00', '19:00:00', '2017-11-05 17:00:00', '2017-11-05 19:00:00', '', 'nao', '', '0', '0', '0', '2017-06-09 22:06:52', '2017-06-09 22:06:52');
INSERT INTO tb_eventos_datas VALUES ( '53', '2', '1', '', '', '2017-11-12', '17:00:00', '19:00:00', '2017-11-12 17:00:00', '2017-11-12 19:00:00', '', 'nao', '', '0', '0', '0', '2017-06-09 22:06:52', '2017-06-09 22:06:52');
INSERT INTO tb_eventos_datas VALUES ( '54', '2', '1', '', '', '2017-11-19', '17:00:00', '19:00:00', '2017-11-19 17:00:00', '2017-11-19 19:00:00', '', 'nao', '', '0', '0', '0', '2017-06-09 22:06:52', '2017-06-09 22:06:52');
INSERT INTO tb_eventos_datas VALUES ( '55', '2', '1', '', '', '2017-11-26', '17:00:00', '19:00:00', '2017-11-26 17:00:00', '2017-11-26 19:00:00', '', 'nao', '', '0', '0', '0', '2017-06-09 22:06:52', '2017-06-09 22:06:52');
INSERT INTO tb_eventos_datas VALUES ( '56', '2', '1', '', '', '2017-12-03', '17:00:00', '19:00:00', '2017-12-03 17:00:00', '2017-12-03 19:00:00', '', 'nao', '', '0', '0', '0', '2017-06-09 22:06:52', '2017-06-09 22:06:52');
INSERT INTO tb_eventos_datas VALUES ( '57', '2', '1', '', '', '2017-12-10', '17:00:00', '19:00:00', '2017-12-10 17:00:00', '2017-12-10 19:00:00', '', 'nao', '', '0', '0', '0', '2017-06-09 22:06:52', '2017-06-09 22:06:52');
INSERT INTO tb_eventos_datas VALUES ( '58', '2', '1', '', '', '2017-12-17', '17:00:00', '19:00:00', '2017-12-17 17:00:00', '2017-12-17 19:00:00', '', 'nao', '', '0', '0', '0', '2017-06-09 22:06:52', '2017-06-09 22:06:52');
INSERT INTO tb_eventos_datas VALUES ( '59', '2', '1', '', '', '2017-12-24', '17:00:00', '19:00:00', '2017-12-24 17:00:00', '2017-12-24 19:00:00', '', 'nao', '', '0', '0', '0', '2017-06-09 22:06:52', '2017-06-09 22:06:52');
INSERT INTO tb_eventos_datas VALUES ( '60', '2', '1', '', '', '2017-12-31', '17:00:00', '19:00:00', '2017-12-31 17:00:00', '2017-12-31 19:00:00', '', 'nao', '', '0', '0', '0', '2017-06-09 22:06:52', '2017-06-09 22:06:52');
INSERT INTO tb_eventos_datas VALUES ( '61', '3', '0', '', '', '2019-07-28', '08:00:00', '10:00:00', '2019-07-28 08:00:00', '2019-07-28 10:00:00', '', 'nao', 'Ação Missionaria no Parque da Cidadania', '0', '0', '0', '2019-07-08 18:11:17', '2019-07-08 18:11:17');
INSERT INTO tb_eventos_datas VALUES ( '62', '4', '0', '', '', '2019-10-19', '08:00:00', '17:50:00', '2019-10-19 08:00:00', '2019-10-19 17:50:00', '', 'nao', '', '0', '0', '0', '2019-10-14 11:24:50', '2019-10-14 11:24:50');
INSERT INTO tb_eventos_datas VALUES ( '63', '5', '2', '', '', '2019-10-05', '15:00:00', '16:30:00', '2019-10-05 15:00:00', '2019-10-05 16:30:00', '', 'nao', '', '0', '0', '0', '2019-10-14 14:34:21', '2019-10-14 14:34:21');
INSERT INTO tb_eventos_datas VALUES ( '69', '5', '2', '', '', '2019-11-05', '15:00:00', '16:30:00', '2019-11-05 15:00:00', '2019-11-05 16:30:00', '', 'nao', '', '0', '0', '0', '2019-10-14 14:42:37', '2019-10-14 14:42:37');
INSERT INTO tb_eventos_datas VALUES ( '70', '5', '2', '', '', '2019-12-05', '15:00:00', '16:30:00', '2019-12-05 15:00:00', '2019-12-05 16:30:00', '', 'nao', '', '0', '0', '0', '2019-10-14 14:42:37', '2019-10-14 14:42:37');
INSERT INTO tb_eventos_datas VALUES ( '71', '5', '2', '', '', '2019-11-02', '15:00:00', '16:30:00', '2019-11-02 15:00:00', '2019-11-02 16:30:00', '', 'nao', '', '0', '0', '0', '2019-10-14 14:42:37', '2019-10-14 14:42:37');
INSERT INTO tb_eventos_datas VALUES ( '72', '5', '2', '', '', '2019-12-02', '15:00:00', '16:30:00', '2019-12-02 15:00:00', '2019-12-02 16:30:00', '', 'nao', '', '0', '0', '0', '2019-10-14 14:42:37', '2019-10-14 14:42:37');
INSERT INTO tb_eventos_datas VALUES ( '73', '5', '2', '', '', '2019-12-07', '15:00:00', '15:00:00', '2019-12-07 15:00:00', '2019-12-07 15:00:00', '', 'nao', '', '0', '0', '0', '2019-10-14 14:42:37', '2019-10-14 14:42:37');

#
# Criação da Tabela : tb_eventos_datas_oficiantes
#

CREATE TABLE `tb_eventos_datas_oficiantes` (
  `id_oficiante` int(11) NOT NULL AUTO_INCREMENT,
  `id_evento` int(11) NOT NULL,
  `id_data` int(11) NOT NULL,
  `oficiante` varchar(250) NOT NULL,
  `nome_oficiante` varchar(250) NOT NULL,
  `data_cadastro` datetime NOT NULL,
  `atualizacao` timestamp NOT NULL DEFAULT CURRENT_TIMESTAMP ON UPDATE CURRENT_TIMESTAMP,
  PRIMARY KEY (`id_oficiante`)
) ENGINE=InnoDB DEFAULT CHARSET=latin1 ;

#
# Dados a serem incluídos na tabela
#


#
# Criação da Tabela : tb_eventos_participantes
#

CREATE TABLE `tb_eventos_participantes` (
  `id_participante` int(11) NOT NULL AUTO_INCREMENT,
  `id_evento` int(11) NOT NULL,
  `id_data` int(11) NOT NULL,
  `id_grupo` int(11) NOT NULL,
  `id_membro` int(11) NOT NULL,
  `participou` varchar(250) NOT NULL DEFAULT 'nao',
  `santa_ceia` varchar(30) NOT NULL,
  `data_cadastro` datetime NOT NULL,
  `atualizacao` timestamp NOT NULL DEFAULT CURRENT_TIMESTAMP ON UPDATE CURRENT_TIMESTAMP,
  PRIMARY KEY (`id_participante`)
) ENGINE=InnoDB AUTO_INCREMENT=201 DEFAULT CHARSET=latin1 ;

#
# Dados a serem incluídos na tabela
#

INSERT INTO tb_eventos_participantes VALUES ( '1', '2', '31', '1', '272', 'nao', '', '2017-06-09 22:07:26', '2017-06-09 22:07:26');
INSERT INTO tb_eventos_participantes VALUES ( '2', '2', '32', '1', '272', 'nao', '', '2017-06-09 22:07:26', '2017-06-09 22:07:26');
INSERT INTO tb_eventos_participantes VALUES ( '3', '2', '33', '1', '272', 'nao', '', '2017-06-09 22:07:26', '2017-06-09 22:07:26');
INSERT INTO tb_eventos_participantes VALUES ( '4', '2', '34', '1', '272', 'nao', '', '2017-06-09 22:07:26', '2017-06-09 22:07:26');
INSERT INTO tb_eventos_participantes VALUES ( '5', '2', '35', '1', '272', 'nao', '', '2017-06-09 22:07:26', '2017-06-09 22:07:26');
INSERT INTO tb_eventos_participantes VALUES ( '6', '2', '36', '1', '272', 'nao', '', '2017-06-09 22:07:26', '2017-06-09 22:07:26');
INSERT INTO tb_eventos_participantes VALUES ( '7', '2', '37', '1', '272', 'nao', '', '2017-06-09 22:07:26', '2017-06-09 22:07:26');
INSERT INTO tb_eventos_participantes VALUES ( '8', '2', '38', '1', '272', 'nao', '', '2017-06-09 22:07:26', '2017-06-09 22:07:26');
INSERT INTO tb_eventos_participantes VALUES ( '9', '2', '39', '1', '272', 'nao', '', '2017-06-09 22:07:26', '2017-06-09 22:07:26');
INSERT INTO tb_eventos_participantes VALUES ( '10', '2', '40', '1', '272', 'nao', '', '2017-06-09 22:07:26', '2017-06-09 22:07:26');
INSERT INTO tb_eventos_participantes VALUES ( '11', '2', '41', '1', '272', 'nao', '', '2017-06-09 22:07:26', '2017-06-09 22:07:26');
INSERT INTO tb_eventos_participantes VALUES ( '12', '2', '42', '1', '272', 'nao', '', '2017-06-09 22:07:26', '2017-06-09 22:07:26');
INSERT INTO tb_eventos_participantes VALUES ( '13', '2', '43', '1', '272', 'nao', '', '2017-06-09 22:07:26', '2017-06-09 22:07:26');
INSERT INTO tb_eventos_participantes VALUES ( '14', '2', '44', '1', '272', 'nao', '', '2017-06-09 22:07:26', '2017-06-09 22:07:26');
INSERT INTO tb_eventos_participantes VALUES ( '15', '2', '45', '1', '272', 'nao', '', '2017-06-09 22:07:26', '2017-06-09 22:07:26');
INSERT INTO tb_eventos_participantes VALUES ( '16', '2', '46', '1', '272', 'nao', '', '2017-06-09 22:07:26', '2017-06-09 22:07:26');
INSERT INTO tb_eventos_participantes VALUES ( '17', '2', '47', '1', '272', 'nao', '', '2017-06-09 22:07:26', '2017-06-09 22:07:26');
INSERT INTO tb_eventos_participantes VALUES ( '18', '2', '48', '1', '272', 'nao', '', '2017-06-09 22:07:26', '2017-06-09 22:07:26');
INSERT INTO tb_eventos_participantes VALUES ( '19', '2', '49', '1', '272', 'nao', '', '2017-06-09 22:07:26', '2017-06-09 22:07:26');
INSERT INTO tb_eventos_participantes VALUES ( '20', '2', '50', '1', '272', 'nao', '', '2017-06-09 22:07:26', '2017-06-09 22:07:26');
INSERT INTO tb_eventos_participantes VALUES ( '21', '2', '51', '1', '272', 'nao', '', '2017-06-09 22:07:26', '2017-06-09 22:07:26');
INSERT INTO tb_eventos_participantes VALUES ( '22', '2', '52', '1', '272', 'nao', '', '2017-06-09 22:07:26', '2017-06-09 22:07:26');
INSERT INTO tb_eventos_participantes VALUES ( '23', '2', '53', '1', '272', 'nao', '', '2017-06-09 22:07:26', '2017-06-09 22:07:26');
INSERT INTO tb_eventos_participantes VALUES ( '24', '2', '54', '1', '272', 'nao', '', '2017-06-09 22:07:26', '2017-06-09 22:07:26');
INSERT INTO tb_eventos_participantes VALUES ( '25', '2', '55', '1', '272', 'nao', '', '2017-06-09 22:07:26', '2017-06-09 22:07:26');
INSERT INTO tb_eventos_participantes VALUES ( '26', '2', '56', '1', '272', 'nao', '', '2017-06-09 22:07:26', '2017-06-09 22:07:26');
INSERT INTO tb_eventos_participantes VALUES ( '27', '2', '57', '1', '272', 'nao', '', '2017-06-09 22:07:26', '2017-06-09 22:07:26');
INSERT INTO tb_eventos_participantes VALUES ( '28', '2', '58', '1', '272', 'nao', '', '2017-06-09 22:07:26', '2017-06-09 22:07:26');
INSERT INTO tb_eventos_participantes VALUES ( '29', '2', '59', '1', '272', 'nao', '', '2017-06-09 22:07:26', '2017-06-09 22:07:26');
INSERT INTO tb_eventos_participantes VALUES ( '30', '2', '60', '1', '272', 'nao', '', '2017-06-09 22:07:26', '2017-06-09 22:07:26');
INSERT INTO tb_eventos_participantes VALUES ( '31', '2', '31', '1', '61', 'nao', '', '2017-06-09 22:08:37', '2017-06-09 22:08:37');
INSERT INTO tb_eventos_participantes VALUES ( '32', '2', '32', '1', '61', 'nao', '', '2017-06-09 22:08:37', '2017-06-09 22:08:37');
INSERT INTO tb_eventos_participantes VALUES ( '33', '2', '33', '1', '61', 'nao', '', '2017-06-09 22:08:37', '2017-06-09 22:08:37');
INSERT INTO tb_eventos_participantes VALUES ( '34', '2', '34', '1', '61', 'nao', '', '2017-06-09 22:08:37', '2017-06-09 22:08:37');
INSERT INTO tb_eventos_participantes VALUES ( '35', '2', '35', '1', '61', 'nao', '', '2017-06-09 22:08:37', '2017-06-09 22:08:37');
INSERT INTO tb_eventos_participantes VALUES ( '36', '2', '36', '1', '61', 'nao', '', '2017-06-09 22:08:37', '2017-06-09 22:08:37');
INSERT INTO tb_eventos_participantes VALUES ( '37', '2', '37', '1', '61', 'nao', '', '2017-06-09 22:08:37', '2017-06-09 22:08:37');
INSERT INTO tb_eventos_participantes VALUES ( '38', '2', '38', '1', '61', 'nao', '', '2017-06-09 22:08:37', '2017-06-09 22:08:37');
INSERT INTO tb_eventos_participantes VALUES ( '39', '2', '39', '1', '61', 'nao', '', '2017-06-09 22:08:37', '2017-06-09 22:08:37');
INSERT INTO tb_eventos_participantes VALUES ( '40', '2', '40', '1', '61', 'nao', '', '2017-06-09 22:08:37', '2017-06-09 22:08:37');
INSERT INTO tb_eventos_participantes VALUES ( '41', '2', '41', '1', '61', 'nao', '', '2017-06-09 22:08:37', '2017-06-09 22:08:37');
INSERT INTO tb_eventos_participantes VALUES ( '42', '2', '42', '1', '61', 'nao', '', '2017-06-09 22:08:37', '2017-06-09 22:08:37');
INSERT INTO tb_eventos_participantes VALUES ( '43', '2', '43', '1', '61', 'nao', '', '2017-06-09 22:08:37', '2017-06-09 22:08:37');
INSERT INTO tb_eventos_participantes VALUES ( '44', '2', '44', '1', '61', 'nao', '', '2017-06-09 22:08:37', '2017-06-09 22:08:37');
INSERT INTO tb_eventos_participantes VALUES ( '45', '2', '45', '1', '61', 'nao', '', '2017-06-09 22:08:37', '2017-06-09 22:08:37');
INSERT INTO tb_eventos_participantes VALUES ( '46', '2', '46', '1', '61', 'nao', '', '2017-06-09 22:08:37', '2017-06-09 22:08:37');
INSERT INTO tb_eventos_participantes VALUES ( '47', '2', '47', '1', '61', 'nao', '', '2017-06-09 22:08:37', '2017-06-09 22:08:37');
INSERT INTO tb_eventos_participantes VALUES ( '48', '2', '48', '1', '61', 'nao', '', '2017-06-09 22:08:37', '2017-06-09 22:08:37');
INSERT INTO tb_eventos_participantes VALUES ( '49', '2', '49', '1', '61', 'nao', '', '2017-06-09 22:08:37', '2017-06-09 22:08:37');
INSERT INTO tb_eventos_participantes VALUES ( '50', '2', '50', '1', '61', 'nao', '', '2017-06-09 22:08:37', '2017-06-09 22:08:37');
INSERT INTO tb_eventos_participantes VALUES ( '51', '2', '51', '1', '61', 'nao', '', '2017-06-09 22:08:37', '2017-06-09 22:08:37');
INSERT INTO tb_eventos_participantes VALUES ( '52', '2', '52', '1', '61', 'nao', '', '2017-06-09 22:08:37', '2017-06-09 22:08:37');
INSERT INTO tb_eventos_participantes VALUES ( '53', '2', '53', '1', '61', 'nao', '', '2017-06-09 22:08:37', '2017-06-09 22:08:37');
INSERT INTO tb_eventos_participantes VALUES ( '54', '2', '54', '1', '61', 'nao', '', '2017-06-09 22:08:37', '2017-06-09 22:08:37');
INSERT INTO tb_eventos_participantes VALUES ( '55', '2', '55', '1', '61', 'nao', '', '2017-06-09 22:08:37', '2017-06-09 22:08:37');
INSERT INTO tb_eventos_participantes VALUES ( '56', '2', '56', '1', '61', 'nao', '', '2017-06-09 22:08:37', '2017-06-09 22:08:37');
INSERT INTO tb_eventos_participantes VALUES ( '57', '2', '57', '1', '61', 'nao', '', '2017-06-09 22:08:37', '2017-06-09 22:08:37');
INSERT INTO tb_eventos_participantes VALUES ( '58', '2', '58', '1', '61', 'nao', '', '2017-06-09 22:08:37', '2017-06-09 22:08:37');
INSERT INTO tb_eventos_participantes VALUES ( '59', '2', '59', '1', '61', 'nao', '', '2017-06-09 22:08:37', '2017-06-09 22:08:37');
INSERT INTO tb_eventos_participantes VALUES ( '60', '2', '60', '1', '61', 'nao', '', '2017-06-09 22:08:37', '2017-06-09 22:08:37');
INSERT INTO tb_eventos_participantes VALUES ( '61', '2', '31', '1', '3', 'nao', '', '2017-06-09 22:08:37', '2017-06-09 22:08:37');
INSERT INTO tb_eventos_participantes VALUES ( '62', '2', '32', '1', '3', 'nao', '', '2017-06-09 22:08:37', '2017-06-09 22:08:37');
INSERT INTO tb_eventos_participantes VALUES ( '63', '2', '33', '1', '3', 'nao', '', '2017-06-09 22:08:37', '2017-06-09 22:08:37');
INSERT INTO tb_eventos_participantes VALUES ( '64', '2', '34', '1', '3', 'nao', '', '2017-06-09 22:08:37', '2017-06-09 22:08:37');
INSERT INTO tb_eventos_participantes VALUES ( '65', '2', '35', '1', '3', 'nao', '', '2017-06-09 22:08:37', '2017-06-09 22:08:37');
INSERT INTO tb_eventos_participantes VALUES ( '66', '2', '36', '1', '3', 'nao', '', '2017-06-09 22:08:37', '2017-06-09 22:08:37');
INSERT INTO tb_eventos_participantes VALUES ( '67', '2', '37', '1', '3', 'nao', '', '2017-06-09 22:08:37', '2017-06-09 22:08:37');
INSERT INTO tb_eventos_participantes VALUES ( '68', '2', '38', '1', '3', 'nao', '', '2017-06-09 22:08:37', '2017-06-09 22:08:37');
INSERT INTO tb_eventos_participantes VALUES ( '69', '2', '39', '1', '3', 'nao', '', '2017-06-09 22:08:37', '2017-06-09 22:08:37');
INSERT INTO tb_eventos_participantes VALUES ( '70', '2', '40', '1', '3', 'nao', '', '2017-06-09 22:08:37', '2017-06-09 22:08:37');
INSERT INTO tb_eventos_participantes VALUES ( '71', '2', '41', '1', '3', 'nao', '', '2017-06-09 22:08:37', '2017-06-09 22:08:37');
INSERT INTO tb_eventos_participantes VALUES ( '72', '2', '42', '1', '3', 'nao', '', '2017-06-09 22:08:37', '2017-06-09 22:08:37');
INSERT INTO tb_eventos_participantes VALUES ( '73', '2', '43', '1', '3', 'nao', '', '2017-06-09 22:08:37', '2017-06-09 22:08:37');
INSERT INTO tb_eventos_participantes VALUES ( '74', '2', '44', '1', '3', 'nao', '', '2017-06-09 22:08:37', '2017-06-09 22:08:37');
INSERT INTO tb_eventos_participantes VALUES ( '75', '2', '45', '1', '3', 'nao', '', '2017-06-09 22:08:37', '2017-06-09 22:08:37');
INSERT INTO tb_eventos_participantes VALUES ( '76', '2', '46', '1', '3', 'nao', '', '2017-06-09 22:08:37', '2017-06-09 22:08:37');
INSERT INTO tb_eventos_participantes VALUES ( '77', '2', '47', '1', '3', 'nao', '', '2017-06-09 22:08:37', '2017-06-09 22:08:37');
INSERT INTO tb_eventos_participantes VALUES ( '78', '2', '48', '1', '3', 'nao', '', '2017-06-09 22:08:37', '2017-06-09 22:08:37');
INSERT INTO tb_eventos_participantes VALUES ( '79', '2', '49', '1', '3', 'nao', '', '2017-06-09 22:08:37', '2017-06-09 22:08:37');
INSERT INTO tb_eventos_participantes VALUES ( '80', '2', '50', '1', '3', 'nao', '', '2017-06-09 22:08:37', '2017-06-09 22:08:37');
INSERT INTO tb_eventos_participantes VALUES ( '81', '2', '51', '1', '3', 'nao', '', '2017-06-09 22:08:37', '2017-06-09 22:08:37');
INSERT INTO tb_eventos_participantes VALUES ( '82', '2', '52', '1', '3', 'nao', '', '2017-06-09 22:08:37', '2017-06-09 22:08:37');
INSERT INTO tb_eventos_participantes VALUES ( '83', '2', '53', '1', '3', 'nao', '', '2017-06-09 22:08:37', '2017-06-09 22:08:37');
INSERT INTO tb_eventos_participantes VALUES ( '84', '2', '54', '1', '3', 'nao', '', '2017-06-09 22:08:37', '2017-06-09 22:08:37');
INSERT INTO tb_eventos_participantes VALUES ( '85', '2', '55', '1', '3', 'nao', '', '2017-06-09 22:08:37', '2017-06-09 22:08:37');
INSERT INTO tb_eventos_participantes VALUES ( '86', '2', '56', '1', '3', 'nao', '', '2017-06-09 22:08:37', '2017-06-09 22:08:37');
INSERT INTO tb_eventos_participantes VALUES ( '87', '2', '57', '1', '3', 'nao', '', '2017-06-09 22:08:37', '2017-06-09 22:08:37');
INSERT INTO tb_eventos_participantes VALUES ( '88', '2', '58', '1', '3', 'nao', '', '2017-06-09 22:08:37', '2017-06-09 22:08:37');
INSERT INTO tb_eventos_participantes VALUES ( '89', '2', '59', '1', '3', 'nao', '', '2017-06-09 22:08:37', '2017-06-09 22:08:37');
INSERT INTO tb_eventos_participantes VALUES ( '90', '2', '60', '1', '3', 'nao', '', '2017-06-09 22:08:37', '2017-06-09 22:08:37');
INSERT INTO tb_eventos_participantes VALUES ( '91', '2', '31', '1', '44', 'nao', '', '2017-06-09 22:08:37', '2017-06-09 22:08:37');
INSERT INTO tb_eventos_participantes VALUES ( '92', '2', '32', '1', '44', 'nao', '', '2017-06-09 22:08:37', '2017-06-09 22:08:37');
INSERT INTO tb_eventos_participantes VALUES ( '93', '2', '33', '1', '44', 'nao', '', '2017-06-09 22:08:37', '2017-06-09 22:08:37');
INSERT INTO tb_eventos_participantes VALUES ( '94', '2', '34', '1', '44', 'nao', '', '2017-06-09 22:08:37', '2017-06-09 22:08:37');
INSERT INTO tb_eventos_participantes VALUES ( '95', '2', '35', '1', '44', 'nao', '', '2017-06-09 22:08:37', '2017-06-09 22:08:37');
INSERT INTO tb_eventos_participantes VALUES ( '96', '2', '36', '1', '44', 'nao', '', '2017-06-09 22:08:37', '2017-06-09 22:08:37');
INSERT INTO tb_eventos_participantes VALUES ( '97', '2', '37', '1', '44', 'nao', '', '2017-06-09 22:08:37', '2017-06-09 22:08:37');
INSERT INTO tb_eventos_participantes VALUES ( '98', '2', '38', '1', '44', 'nao', '', '2017-06-09 22:08:37', '2017-06-09 22:08:37');
INSERT INTO tb_eventos_participantes VALUES ( '99', '2', '39', '1', '44', 'nao', '', '2017-06-09 22:08:37', '2017-06-09 22:08:37');
INSERT INTO tb_eventos_participantes VALUES ( '100', '2', '40', '1', '44', 'nao', '', '2017-06-09 22:08:37', '2017-06-09 22:08:37');
INSERT INTO tb_eventos_participantes VALUES ( '101', '2', '41', '1', '44', 'nao', '', '2017-06-09 22:08:37', '2017-06-09 22:08:37');
INSERT INTO tb_eventos_participantes VALUES ( '102', '2', '42', '1', '44', 'nao', '', '2017-06-09 22:08:37', '2017-06-09 22:08:37');
INSERT INTO tb_eventos_participantes VALUES ( '103', '2', '43', '1', '44', 'nao', '', '2017-06-09 22:08:37', '2017-06-09 22:08:37');
INSERT INTO tb_eventos_participantes VALUES ( '104', '2', '44', '1', '44', 'nao', '', '2017-06-09 22:08:37', '2017-06-09 22:08:37');
INSERT INTO tb_eventos_participantes VALUES ( '105', '2', '45', '1', '44', 'nao', '', '2017-06-09 22:08:37', '2017-06-09 22:08:37');
INSERT INTO tb_eventos_participantes VALUES ( '106', '2', '46', '1', '44', 'nao', '', '2017-06-09 22:08:37', '2017-06-09 22:08:37');
INSERT INTO tb_eventos_participantes VALUES ( '107', '2', '47', '1', '44', 'nao', '', '2017-06-09 22:08:37', '2017-06-09 22:08:37');
INSERT INTO tb_eventos_participantes VALUES ( '108', '2', '48', '1', '44', 'nao', '', '2017-06-09 22:08:37', '2017-06-09 22:08:37');
INSERT INTO tb_eventos_participantes VALUES ( '109', '2', '49', '1', '44', 'nao', '', '2017-06-09 22:08:37', '2017-06-09 22:08:37');
INSERT INTO tb_eventos_participantes VALUES ( '110', '2', '50', '1', '44', 'nao', '', '2017-06-09 22:08:37', '2017-06-09 22:08:37');
INSERT INTO tb_eventos_participantes VALUES ( '111', '2', '51', '1', '44', 'nao', '', '2017-06-09 22:08:37', '2017-06-09 22:08:37');
INSERT INTO tb_eventos_participantes VALUES ( '112', '2', '52', '1', '44', 'nao', '', '2017-06-09 22:08:37', '2017-06-09 22:08:37');
INSERT INTO tb_eventos_participantes VALUES ( '113', '2', '53', '1', '44', 'nao', '', '2017-06-09 22:08:37', '2017-06-09 22:08:37');
INSERT INTO tb_eventos_participantes VALUES ( '114', '2', '54', '1', '44', 'nao', '', '2017-06-09 22:08:37', '2017-06-09 22:08:37');
INSERT INTO tb_eventos_participantes VALUES ( '115', '2', '55', '1', '44', 'nao', '', '2017-06-09 22:08:37', '2017-06-09 22:08:37');
INSERT INTO tb_eventos_participantes VALUES ( '116', '2', '56', '1', '44', 'nao', '', '2017-06-09 22:08:37', '2017-06-09 22:08:37');
INSERT INTO tb_eventos_participantes VALUES ( '117', '2', '57', '1', '44', 'nao', '', '2017-06-09 22:08:37', '2017-06-09 22:08:37');
INSERT INTO tb_eventos_participantes VALUES ( '118', '2', '58', '1', '44', 'nao', '', '2017-06-09 22:08:37', '2017-06-09 22:08:37');
INSERT INTO tb_eventos_participantes VALUES ( '119', '2', '59', '1', '44', 'nao', '', '2017-06-09 22:08:37', '2017-06-09 22:08:37');
INSERT INTO tb_eventos_participantes VALUES ( '120', '2', '60', '1', '44', 'nao', '', '2017-06-09 22:08:37', '2017-06-09 22:08:37');
INSERT INTO tb_eventos_participantes VALUES ( '121', '2', '31', '1', '63', 'nao', '', '2017-06-09 22:08:37', '2017-06-09 22:08:37');
INSERT INTO tb_eventos_participantes VALUES ( '122', '2', '32', '1', '63', 'nao', '', '2017-06-09 22:08:37', '2017-06-09 22:08:37');
INSERT INTO tb_eventos_participantes VALUES ( '123', '2', '33', '1', '63', 'nao', '', '2017-06-09 22:08:37', '2017-06-09 22:08:37');
INSERT INTO tb_eventos_participantes VALUES ( '124', '2', '34', '1', '63', 'nao', '', '2017-06-09 22:08:37', '2017-06-09 22:08:37');
INSERT INTO tb_eventos_participantes VALUES ( '125', '2', '35', '1', '63', 'nao', '', '2017-06-09 22:08:37', '2017-06-09 22:08:37');
INSERT INTO tb_eventos_participantes VALUES ( '126', '2', '36', '1', '63', 'nao', '', '2017-06-09 22:08:37', '2017-06-09 22:08:37');
INSERT INTO tb_eventos_participantes VALUES ( '127', '2', '37', '1', '63', 'nao', '', '2017-06-09 22:08:37', '2017-06-09 22:08:37');
INSERT INTO tb_eventos_participantes VALUES ( '128', '2', '38', '1', '63', 'nao', '', '2017-06-09 22:08:37', '2017-06-09 22:08:37');
INSERT INTO tb_eventos_participantes VALUES ( '129', '2', '39', '1', '63', 'nao', '', '2017-06-09 22:08:37', '2017-06-09 22:08:37');
INSERT INTO tb_eventos_participantes VALUES ( '130', '2', '40', '1', '63', 'nao', '', '2017-06-09 22:08:37', '2017-06-09 22:08:37');
INSERT INTO tb_eventos_participantes VALUES ( '131', '2', '41', '1', '63', 'nao', '', '2017-06-09 22:08:37', '2017-06-09 22:08:37');
INSERT INTO tb_eventos_participantes VALUES ( '132', '2', '42', '1', '63', 'nao', '', '2017-06-09 22:08:37', '2017-06-09 22:08:37');
INSERT INTO tb_eventos_participantes VALUES ( '133', '2', '43', '1', '63', 'nao', '', '2017-06-09 22:08:37', '2017-06-09 22:08:37');
INSERT INTO tb_eventos_participantes VALUES ( '134', '2', '44', '1', '63', 'nao', '', '2017-06-09 22:08:37', '2017-06-09 22:08:37');
INSERT INTO tb_eventos_participantes VALUES ( '135', '2', '45', '1', '63', 'nao', '', '2017-06-09 22:08:37', '2017-06-09 22:08:37');
INSERT INTO tb_eventos_participantes VALUES ( '136', '2', '46', '1', '63', 'nao', '', '2017-06-09 22:08:37', '2017-06-09 22:08:37');
INSERT INTO tb_eventos_participantes VALUES ( '137', '2', '47', '1', '63', 'nao', '', '2017-06-09 22:08:37', '2017-06-09 22:08:37');
INSERT INTO tb_eventos_participantes VALUES ( '138', '2', '48', '1', '63', 'nao', '', '2017-06-09 22:08:37', '2017-06-09 22:08:37');
INSERT INTO tb_eventos_participantes VALUES ( '139', '2', '49', '1', '63', 'nao', '', '2017-06-09 22:08:37', '2017-06-09 22:08:37');
INSERT INTO tb_eventos_participantes VALUES ( '140', '2', '50', '1', '63', 'nao', '', '2017-06-09 22:08:37', '2017-06-09 22:08:37');
INSERT INTO tb_eventos_participantes VALUES ( '141', '2', '51', '1', '63', 'nao', '', '2017-06-09 22:08:37', '2017-06-09 22:08:37');
INSERT INTO tb_eventos_participantes VALUES ( '142', '2', '52', '1', '63', 'nao', '', '2017-06-09 22:08:37', '2017-06-09 22:08:37');
INSERT INTO tb_eventos_participantes VALUES ( '143', '2', '53', '1', '63', 'nao', '', '2017-06-09 22:08:37', '2017-06-09 22:08:37');
INSERT INTO tb_eventos_participantes VALUES ( '144', '2', '54', '1', '63', 'nao', '', '2017-06-09 22:08:37', '2017-06-09 22:08:37');
INSERT INTO tb_eventos_participantes VALUES ( '145', '2', '55', '1', '63', 'nao', '', '2017-06-09 22:08:37', '2017-06-09 22:08:37');
INSERT INTO tb_eventos_participantes VALUES ( '146', '2', '56', '1', '63', 'nao', '', '2017-06-09 22:08:37', '2017-06-09 22:08:37');
INSERT INTO tb_eventos_participantes VALUES ( '147', '2', '57', '1', '63', 'nao', '', '2017-06-09 22:08:37', '2017-06-09 22:08:37');
INSERT INTO tb_eventos_participantes VALUES ( '148', '2', '58', '1', '63', 'nao', '', '2017-06-09 22:08:37', '2017-06-09 22:08:37');
INSERT INTO tb_eventos_participantes VALUES ( '149', '2', '59', '1', '63', 'nao', '', '2017-06-09 22:08:37', '2017-06-09 22:08:37');
INSERT INTO tb_eventos_participantes VALUES ( '150', '2', '60', '1', '63', 'nao', '', '2017-06-09 22:08:37', '2017-06-09 22:08:37');
INSERT INTO tb_eventos_participantes VALUES ( '151', '2', '31', '1', '271', 'nao', '', '2017-06-09 22:08:37', '2017-06-09 22:08:37');
INSERT INTO tb_eventos_participantes VALUES ( '152', '2', '32', '1', '271', 'nao', '', '2017-06-09 22:08:37', '2017-06-09 22:08:37');
INSERT INTO tb_eventos_participantes VALUES ( '153', '2', '33', '1', '271', 'nao', '', '2017-06-09 22:08:37', '2017-06-09 22:08:37');
INSERT INTO tb_eventos_participantes VALUES ( '154', '2', '34', '1', '271', 'nao', '', '2017-06-09 22:08:37', '2017-06-09 22:08:37');
INSERT INTO tb_eventos_participantes VALUES ( '155', '2', '35', '1', '271', 'nao', '', '2017-06-09 22:08:37', '2017-06-09 22:08:37');
INSERT INTO tb_eventos_participantes VALUES ( '156', '2', '36', '1', '271', 'nao', '', '2017-06-09 22:08:37', '2017-06-09 22:08:37');
INSERT INTO tb_eventos_participantes VALUES ( '157', '2', '37', '1', '271', 'nao', '', '2017-06-09 22:08:37', '2017-06-09 22:08:37');
INSERT INTO tb_eventos_participantes VALUES ( '158', '2', '38', '1', '271', 'nao', '', '2017-06-09 22:08:37', '2017-06-09 22:08:37');
INSERT INTO tb_eventos_participantes VALUES ( '159', '2', '39', '1', '271', 'nao', '', '2017-06-09 22:08:37', '2017-06-09 22:08:37');
INSERT INTO tb_eventos_participantes VALUES ( '160', '2', '40', '1', '271', 'nao', '', '2017-06-09 22:08:37', '2017-06-09 22:08:37');
INSERT INTO tb_eventos_participantes VALUES ( '161', '2', '41', '1', '271', 'nao', '', '2017-06-09 22:08:37', '2017-06-09 22:08:37');
INSERT INTO tb_eventos_participantes VALUES ( '162', '2', '42', '1', '271', 'nao', '', '2017-06-09 22:08:37', '2017-06-09 22:08:37');
INSERT INTO tb_eventos_participantes VALUES ( '163', '2', '43', '1', '271', 'nao', '', '2017-06-09 22:08:37', '2017-06-09 22:08:37');
INSERT INTO tb_eventos_participantes VALUES ( '164', '2', '44', '1', '271', 'nao', '', '2017-06-09 22:08:37', '2017-06-09 22:08:37');
INSERT INTO tb_eventos_participantes VALUES ( '165', '2', '45', '1', '271', 'nao', '', '2017-06-09 22:08:37', '2017-06-09 22:08:37');
INSERT INTO tb_eventos_participantes VALUES ( '166', '2', '46', '1', '271', 'nao', '', '2017-06-09 22:08:37', '2017-06-09 22:08:37');
INSERT INTO tb_eventos_participantes VALUES ( '167', '2', '47', '1', '271', 'nao', '', '2017-06-09 22:08:37', '2017-06-09 22:08:37');
INSERT INTO tb_eventos_participantes VALUES ( '168', '2', '48', '1', '271', 'nao', '', '2017-06-09 22:08:37', '2017-06-09 22:08:37');
INSERT INTO tb_eventos_participantes VALUES ( '169', '2', '49', '1', '271', 'nao', '', '2017-06-09 22:08:37', '2017-06-09 22:08:37');
INSERT INTO tb_eventos_participantes VALUES ( '170', '2', '50', '1', '271', 'nao', '', '2017-06-09 22:08:37', '2017-06-09 22:08:37');
INSERT INTO tb_eventos_participantes VALUES ( '171', '2', '51', '1', '271', 'nao', '', '2017-06-09 22:08:37', '2017-06-09 22:08:37');
INSERT INTO tb_eventos_participantes VALUES ( '172', '2', '52', '1', '271', 'nao', '', '2017-06-09 22:08:37', '2017-06-09 22:08:37');
INSERT INTO tb_eventos_participantes VALUES ( '173', '2', '53', '1', '271', 'nao', '', '2017-06-09 22:08:37', '2017-06-09 22:08:37');
INSERT INTO tb_eventos_participantes VALUES ( '174', '2', '54', '1', '271', 'nao', '', '2017-06-09 22:08:37', '2017-06-09 22:08:37');
INSERT INTO tb_eventos_participantes VALUES ( '175', '2', '55', '1', '271', 'nao', '', '2017-06-09 22:08:37', '2017-06-09 22:08:37');
INSERT INTO tb_eventos_participantes VALUES ( '176', '2', '56', '1', '271', 'nao', '', '2017-06-09 22:08:37', '2017-06-09 22:08:37');
INSERT INTO tb_eventos_participantes VALUES ( '177', '2', '57', '1', '271', 'nao', '', '2017-06-09 22:08:37', '2017-06-09 22:08:37');
INSERT INTO tb_eventos_participantes VALUES ( '178', '2', '58', '1', '271', 'nao', '', '2017-06-09 22:08:37', '2017-06-09 22:08:37');
INSERT INTO tb_eventos_participantes VALUES ( '179', '2', '59', '1', '271', 'nao', '', '2017-06-09 22:08:37', '2017-06-09 22:08:37');
INSERT INTO tb_eventos_participantes VALUES ( '180', '2', '60', '1', '271', 'nao', '', '2017-06-09 22:08:37', '2017-06-09 22:08:37');
INSERT INTO tb_eventos_participantes VALUES ( '181', '5', '69', '2', '51', 'nao', '', '2019-10-14 14:45:45', '2019-10-14 14:45:45');
INSERT INTO tb_eventos_participantes VALUES ( '182', '5', '70', '2', '51', 'nao', '', '2019-10-14 14:45:45', '2019-10-14 14:45:45');
INSERT INTO tb_eventos_participantes VALUES ( '183', '5', '71', '2', '51', 'nao', '', '2019-10-14 14:45:45', '2019-10-14 14:45:45');
INSERT INTO tb_eventos_participantes VALUES ( '184', '5', '72', '2', '51', 'nao', '', '2019-10-14 14:45:45', '2019-10-14 14:45:45');
INSERT INTO tb_eventos_participantes VALUES ( '185', '5', '73', '2', '51', 'nao', '', '2019-10-14 14:45:45', '2019-10-14 14:45:45');
INSERT INTO tb_eventos_participantes VALUES ( '186', '5', '69', '2', '123', 'nao', '', '2019-10-14 14:45:45', '2019-10-14 14:45:45');
INSERT INTO tb_eventos_participantes VALUES ( '187', '5', '70', '2', '123', 'nao', '', '2019-10-14 14:45:45', '2019-10-14 14:45:45');
INSERT INTO tb_eventos_participantes VALUES ( '188', '5', '71', '2', '123', 'nao', '', '2019-10-14 14:45:45', '2019-10-14 14:45:45');
INSERT INTO tb_eventos_participantes VALUES ( '189', '5', '72', '2', '123', 'nao', '', '2019-10-14 14:45:45', '2019-10-14 14:45:45');
INSERT INTO tb_eventos_participantes VALUES ( '190', '5', '73', '2', '123', 'nao', '', '2019-10-14 14:45:45', '2019-10-14 14:45:45');
INSERT INTO tb_eventos_participantes VALUES ( '191', '5', '69', '2', '184', 'nao', '', '2019-10-14 14:46:49', '2019-10-14 14:46:49');
INSERT INTO tb_eventos_participantes VALUES ( '192', '5', '70', '2', '184', 'nao', '', '2019-10-14 14:46:49', '2019-10-14 14:46:49');
INSERT INTO tb_eventos_participantes VALUES ( '193', '5', '71', '2', '184', 'nao', '', '2019-10-14 14:46:49', '2019-10-14 14:46:49');
INSERT INTO tb_eventos_participantes VALUES ( '194', '5', '72', '2', '184', 'nao', '', '2019-10-14 14:46:49', '2019-10-14 14:46:49');
INSERT INTO tb_eventos_participantes VALUES ( '195', '5', '73', '2', '184', 'nao', '', '2019-10-14 14:46:49', '2019-10-14 14:46:49');
INSERT INTO tb_eventos_participantes VALUES ( '196', '5', '69', '2', '24', 'nao', '', '2019-10-14 14:47:46', '2019-10-14 14:47:46');
INSERT INTO tb_eventos_participantes VALUES ( '197', '5', '70', '2', '24', 'nao', '', '2019-10-14 14:47:46', '2019-10-14 14:47:46');
INSERT INTO tb_eventos_participantes VALUES ( '198', '5', '71', '2', '24', 'nao', '', '2019-10-14 14:47:46', '2019-10-14 14:47:46');
INSERT INTO tb_eventos_participantes VALUES ( '199', '5', '72', '2', '24', 'nao', '', '2019-10-14 14:47:46', '2019-10-14 14:47:46');
INSERT INTO tb_eventos_participantes VALUES ( '200', '5', '73', '2', '24', 'nao', '', '2019-10-14 14:47:46', '2019-10-14 14:47:46');

#
# Criação da Tabela : tb_financeiro
#

CREATE TABLE `tb_financeiro` (
  `id_financeiro` int(11) NOT NULL AUTO_INCREMENT,
  `tipo` varchar(250) NOT NULL,
  `id_conta_bancaria` int(11) NOT NULL,
  `id_recorrencia` int(11) NOT NULL,
  `id_fornecedor` int(11) NOT NULL,
  `id_evento` int(11) NOT NULL,
  `id_membro` int(11) NOT NULL,
  `id_centro_custo` int(11) NOT NULL,
  `id_centro_custo2` int(11) NOT NULL,
  `referencia` varchar(250) NOT NULL,
  `valor` decimal(15,2) NOT NULL,
  `situacao` varchar(250) NOT NULL,
  `data_vencimento` date NOT NULL,
  `data_pagamento` date NOT NULL,
  `parcelas` varchar(250) NOT NULL,
  `observacoes` text NOT NULL,
  `data_cadastro` datetime NOT NULL,
  `atualizacao` timestamp NOT NULL DEFAULT CURRENT_TIMESTAMP ON UPDATE CURRENT_TIMESTAMP,
  PRIMARY KEY (`id_financeiro`)
) ENGINE=InnoDB AUTO_INCREMENT=7 DEFAULT CHARSET=latin1 ;

#
# Dados a serem incluídos na tabela
#

INSERT INTO tb_financeiro VALUES ( '1', 'A receber', '2', '0', '0', '0', '0', '2', '0', 'maio', '100.00', 'Pago', '2017-06-10', '2017-06-10', '1/1', '', '2017-06-13 10:16:31', '2017-06-13 10:16:31');
INSERT INTO tb_financeiro VALUES ( '2', 'A receber', '0', '0', '0', '0', '0', '2', '0', '', '50.00', 'Pago', '2020-01-19', '2020-01-19', '1/1', '', '2020-07-09 17:14:55', '2020-07-09 17:14:55');
INSERT INTO tb_financeiro VALUES ( '3', 'A receber', '0', '0', '0', '0', '0', '2', '0', '', '50.00', 'Pago', '2020-03-22', '2020-03-22', '1/1', '', '2020-07-09 17:27:55', '2020-07-09 17:27:55');
INSERT INTO tb_financeiro VALUES ( '4', 'A receber', '0', '0', '0', '0', '0', '2', '0', '', '50.00', 'Pago', '2020-04-19', '2020-04-19', '1/1', '', '2020-07-09 17:28:30', '2020-07-09 17:28:30');
INSERT INTO tb_financeiro VALUES ( '5', 'A receber', '0', '0', '0', '0', '0', '2', '0', '', '50.00', 'Pago', '2020-05-17', '2020-05-17', '1/1', '', '2020-07-09 17:29:05', '2020-07-09 17:29:05');
INSERT INTO tb_financeiro VALUES ( '6', 'A receber', '0', '0', '0', '0', '0', '2', '0', '', '50.00', 'Pago', '2020-06-14', '2020-06-14', '1/1', '', '2020-07-09 17:29:47', '2020-07-09 17:29:47');

#
# Criação da Tabela : tb_financeiro_recorrencia
#

CREATE TABLE `tb_financeiro_recorrencia` (
  `id_recorrencia` int(11) NOT NULL AUTO_INCREMENT,
  `periodicidade` varchar(250) NOT NULL,
  `periodicidade_vencimento` date NOT NULL,
  `tipo` varchar(250) NOT NULL,
  `id_fornecedor` int(11) NOT NULL,
  `id_conta_bancaria` int(11) NOT NULL,
  `id_centro_custo` int(11) NOT NULL,
  `referencia` varchar(250) NOT NULL,
  `valor` decimal(15,2) NOT NULL,
  `observacoes` text NOT NULL,
  `data_cadastro` datetime NOT NULL,
  `atualizacao` timestamp NOT NULL DEFAULT CURRENT_TIMESTAMP ON UPDATE CURRENT_TIMESTAMP,
  PRIMARY KEY (`id_recorrencia`)
) ENGINE=InnoDB DEFAULT CHARSET=latin1 ;

#
# Dados a serem incluídos na tabela
#


#
# Criação da Tabela : tb_fornecedores
#

CREATE TABLE `tb_fornecedores` (
  `id_fornecedor` int(11) NOT NULL AUTO_INCREMENT,
  `ativo` varchar(250) NOT NULL,
  `tipo` varchar(250) NOT NULL,
  `nome_razao_social` varchar(250) NOT NULL,
  `rg_ie` varchar(250) NOT NULL,
  `cpf_cnpj` varchar(250) NOT NULL,
  `cep` varchar(250) NOT NULL,
  `endereco` varchar(250) NOT NULL,
  `numero` varchar(250) NOT NULL,
  `complemento` varchar(250) NOT NULL,
  `bairro` varchar(250) NOT NULL,
  `cidade` varchar(250) NOT NULL,
  `estado` varchar(250) NOT NULL,
  `observacoes` text NOT NULL,
  `data_cadastro` datetime NOT NULL,
  `atualizacao` timestamp NOT NULL DEFAULT CURRENT_TIMESTAMP ON UPDATE CURRENT_TIMESTAMP,
  PRIMARY KEY (`id_fornecedor`)
) ENGINE=InnoDB DEFAULT CHARSET=latin1 ;

#
# Dados a serem incluídos na tabela
#


#
# Criação da Tabela : tb_fornecedores_emails
#

CREATE TABLE `tb_fornecedores_emails` (
  `id_email` int(11) NOT NULL AUTO_INCREMENT,
  `id_fornecedor` int(11) NOT NULL,
  `email` varchar(250) NOT NULL,
  `data_cadastro` datetime NOT NULL,
  `atualizacao` timestamp NOT NULL DEFAULT CURRENT_TIMESTAMP ON UPDATE CURRENT_TIMESTAMP,
  PRIMARY KEY (`id_email`)
) ENGINE=InnoDB DEFAULT CHARSET=latin1 ;

#
# Dados a serem incluídos na tabela
#


#
# Criação da Tabela : tb_fornecedores_telefones
#

CREATE TABLE `tb_fornecedores_telefones` (
  `id_telefone` int(11) NOT NULL AUTO_INCREMENT,
  `id_fornecedor` int(11) NOT NULL,
  `numero` varchar(250) NOT NULL,
  `data_cadastro` datetime NOT NULL,
  `atualizacao` timestamp NOT NULL DEFAULT CURRENT_TIMESTAMP ON UPDATE CURRENT_TIMESTAMP,
  PRIMARY KEY (`id_telefone`)
) ENGINE=InnoDB DEFAULT CHARSET=latin1 ;

#
# Dados a serem incluídos na tabela
#


#
# Criação da Tabela : tb_grupos
#

CREATE TABLE `tb_grupos` (
  `id_grupo` int(11) NOT NULL AUTO_INCREMENT,
  `id_congregacao` int(11) NOT NULL,
  `id_departamento` int(11) NOT NULL,
  `nome` varchar(250) NOT NULL,
  `coordenador` int(11) NOT NULL,
  `descricao` text NOT NULL,
  `encontros` varchar(250) NOT NULL,
  `data_cadastro` datetime NOT NULL,
  `atualizacao` timestamp NOT NULL DEFAULT CURRENT_TIMESTAMP ON UPDATE CURRENT_TIMESTAMP,
  PRIMARY KEY (`id_grupo`)
) ENGINE=InnoDB AUTO_INCREMENT=3 DEFAULT CHARSET=latin1 ;

#
# Dados a serem incluídos na tabela
#

INSERT INTO tb_grupos VALUES ( '1', '2', '6', 'UJBETEL', '3', '', 'Semanais', '2017-06-09 22:03:31', '2017-06-09 22:03:31');
INSERT INTO tb_grupos VALUES ( '2', '1', '2', 'Deboras de Cristo', '184', '', 'Mensais', '2019-10-14 14:34:21', '2019-10-14 14:34:21');

#
# Criação da Tabela : tb_grupos_encontros
#

CREATE TABLE `tb_grupos_encontros` (
  `id_encontro` int(11) NOT NULL AUTO_INCREMENT,
  `id_grupo` int(11) NOT NULL,
  `periodicidade` varchar(250) NOT NULL,
  `dia_semana` varchar(250) NOT NULL,
  `dia` date NOT NULL,
  `horario_inicial` time NOT NULL,
  `horario_final` time NOT NULL,
  `data_inicial` datetime NOT NULL,
  `data_final` datetime NOT NULL,
  `data_cadastro` datetime NOT NULL,
  `atualizacao` timestamp NOT NULL DEFAULT CURRENT_TIMESTAMP ON UPDATE CURRENT_TIMESTAMP,
  PRIMARY KEY (`id_encontro`)
) ENGINE=InnoDB AUTO_INCREMENT=9 DEFAULT CHARSET=latin1 ;

#
# Dados a serem incluídos na tabela
#

INSERT INTO tb_grupos_encontros VALUES ( '2', '1', 'Semanais', '0', '2017-06-11', '17:00:00', '19:00:00', '2017-06-11 17:00:00', '2017-06-11 19:00:00', '2017-06-09 22:06:52', '2017-06-09 22:06:52');
INSERT INTO tb_grupos_encontros VALUES ( '6', '2', 'Mensais', '', '2019-10-05', '15:00:00', '16:30:00', '2019-10-05 15:00:00', '2019-10-05 16:30:00', '2019-10-14 14:42:37', '2019-10-14 14:42:37');
INSERT INTO tb_grupos_encontros VALUES ( '7', '2', 'Mensais', '', '2019-11-02', '15:00:00', '16:30:00', '2019-11-02 15:00:00', '2019-11-02 16:30:00', '2019-10-14 14:42:37', '2019-10-14 14:42:37');
INSERT INTO tb_grupos_encontros VALUES ( '8', '2', 'Mensais', '', '2019-12-07', '15:00:00', '15:00:00', '2019-12-07 15:00:00', '2019-12-07 15:00:00', '2019-10-14 14:42:37', '2019-10-14 14:42:37');

#
# Criação da Tabela : tb_grupos_participantes
#

CREATE TABLE `tb_grupos_participantes` (
  `id_participante` int(11) NOT NULL AUTO_INCREMENT,
  `id_membro` int(11) NOT NULL,
  `id_grupo` int(11) NOT NULL,
  `data_cadastro` datetime NOT NULL,
  `atualizacao` timestamp NOT NULL DEFAULT CURRENT_TIMESTAMP ON UPDATE CURRENT_TIMESTAMP,
  PRIMARY KEY (`id_participante`)
) ENGINE=InnoDB AUTO_INCREMENT=17 DEFAULT CHARSET=latin1 ;

#
# Dados a serem incluídos na tabela
#

INSERT INTO tb_grupos_participantes VALUES ( '2', '272', '1', '2017-06-09 22:08:37', '2017-06-09 22:08:37');
INSERT INTO tb_grupos_participantes VALUES ( '3', '61', '1', '2017-06-09 22:08:37', '2017-06-09 22:08:37');
INSERT INTO tb_grupos_participantes VALUES ( '4', '3', '1', '2017-06-09 22:08:37', '2017-06-09 22:08:37');
INSERT INTO tb_grupos_participantes VALUES ( '5', '44', '1', '2017-06-09 22:08:37', '2017-06-09 22:08:37');
INSERT INTO tb_grupos_participantes VALUES ( '6', '63', '1', '2017-06-09 22:08:37', '2017-06-09 22:08:37');
INSERT INTO tb_grupos_participantes VALUES ( '7', '271', '1', '2017-06-09 22:08:37', '2017-06-09 22:08:37');
INSERT INTO tb_grupos_participantes VALUES ( '13', '184', '2', '2019-10-14 14:47:46', '2019-10-14 14:47:46');
INSERT INTO tb_grupos_participantes VALUES ( '14', '123', '2', '2019-10-14 14:47:46', '2019-10-14 14:47:46');
INSERT INTO tb_grupos_participantes VALUES ( '15', '51', '2', '2019-10-14 14:47:46', '2019-10-14 14:47:46');
INSERT INTO tb_grupos_participantes VALUES ( '16', '24', '2', '2019-10-14 14:47:46', '2019-10-14 14:47:46');

#
# Criação da Tabela : tb_log_financeiro
#

CREATE TABLE `tb_log_financeiro` (
  `id_log` int(11) NOT NULL AUTO_INCREMENT,
  `id_conta_bancaria` int(11) NOT NULL,
  `id_lancamento` int(11) NOT NULL,
  `saldo_anterior` decimal(15,2) NOT NULL,
  `saldo_posterior` decimal(15,2) NOT NULL,
  `data_cadastro` datetime NOT NULL,
  `atualizacao` timestamp NOT NULL DEFAULT CURRENT_TIMESTAMP ON UPDATE CURRENT_TIMESTAMP,
  PRIMARY KEY (`id_log`)
) ENGINE=InnoDB AUTO_INCREMENT=7 DEFAULT CHARSET=latin1 ;

#
# Dados a serem incluídos na tabela
#

INSERT INTO tb_log_financeiro VALUES ( '1', '2', '1', '0.00', '100.00', '2017-06-13 10:16:31', '2017-06-13 10:16:31');
INSERT INTO tb_log_financeiro VALUES ( '2', '0', '2', '0.00', '50.00', '2020-07-09 17:14:55', '2020-07-09 17:14:55');
INSERT INTO tb_log_financeiro VALUES ( '3', '0', '3', '0.00', '50.00', '2020-07-09 17:27:55', '2020-07-09 17:27:55');
INSERT INTO tb_log_financeiro VALUES ( '4', '0', '4', '0.00', '50.00', '2020-07-09 17:28:30', '2020-07-09 17:28:30');
INSERT INTO tb_log_financeiro VALUES ( '5', '0', '5', '0.00', '50.00', '2020-07-09 17:29:05', '2020-07-09 17:29:05');
INSERT INTO tb_log_financeiro VALUES ( '6', '0', '6', '0.00', '50.00', '2020-07-09 17:29:47', '2020-07-09 17:29:47');

#
# Criação da Tabela : tb_membros
#

CREATE TABLE `tb_membros` (
  `id_membro` int(11) NOT NULL AUTO_INCREMENT,
  `forma_entrada` varchar(250) NOT NULL,
  `id_congregacao` int(11) NOT NULL,
  `tipo` varchar(250) NOT NULL,
  `ativo` char(3) NOT NULL,
  `afastado` varchar(250) NOT NULL,
  `sexo` char(1) NOT NULL,
  `pastor` varchar(250) NOT NULL,
  `nome` varchar(250) NOT NULL,
  `rg` varchar(250) NOT NULL,
  `cpf` varchar(250) NOT NULL,
  `data_nascimento` date NOT NULL,
  `cidade_nascimento` varchar(250) NOT NULL,
  `estado_nascimento` varchar(250) NOT NULL,
  `foto` varchar(250) NOT NULL,
  `tipo_sanguineo` varchar(250) NOT NULL,
  `doador` varchar(250) NOT NULL,
  `profissao` varchar(250) NOT NULL,
  `estado_civil` varchar(250) NOT NULL,
  `cep` varchar(250) NOT NULL,
  `endereco` varchar(250) NOT NULL,
  `numero` varchar(250) NOT NULL,
  `complemento` varchar(250) NOT NULL,
  `bairro` varchar(250) NOT NULL,
  `cidade` varchar(250) NOT NULL,
  `estado` varchar(250) NOT NULL,
  `comungante` varchar(250) NOT NULL,
  `votante` varchar(30) NOT NULL,
  `envelope_oferta` varchar(30) NOT NULL,
  `horario_visita` varchar(250) NOT NULL,
  `enfermo` varchar(30) NOT NULL,
  `observacoes` text NOT NULL,
  `latitude` varchar(250) NOT NULL,
  `longitude` varchar(250) NOT NULL,
  `data_cadastro` datetime NOT NULL,
  `atualizacao` timestamp NOT NULL DEFAULT CURRENT_TIMESTAMP ON UPDATE CURRENT_TIMESTAMP,
  PRIMARY KEY (`id_membro`)
) ENGINE=InnoDB AUTO_INCREMENT=274 DEFAULT CHARSET=latin1 ;

#
# Dados a serem incluídos na tabela
#

INSERT INTO tb_membros VALUES ( '1', 'Batismo', '2', 'membro', 'sim', 'nao', 'm', 'nao', 'Luis Nunes Da Cruz', '715250 PI', '287.050.763-15', '1966-03-15', 'Caxias', 'Maranhão ', '', '', 'nao', 'Funcionario', 'casado', '65636-748', 'Rua Dr.Martinho Lutero', '601', '', 'São Francisco I', 'Timon', 'MA', 'sim', 'sim', 'sim', '', 'nao', '', '', '', '2017-06-02 00:00:00', '2017-06-08 06:28:02');
INSERT INTO tb_membros VALUES ( '2', 'Profissão de fé', '2', 'membro', 'sim', 'nao', 'f', 'nao', 'Siomara Dos Santos Nunes', '1189261 PI', '526.587.083-00', '1971-07-31', 'Teresina ', 'Pi', '', '', 'nao', 'Tec Em enfermagem ', 'casado', '65636-748', 'Rua Dr.Martinho Lutero', '601', '', 'São Francisco ', 'Timon', 'MA', 'sim', 'sim', 'nao', '', 'nao', '', '', '', '2002-07-28 00:00:00', '2017-06-06 16:43:41');
INSERT INTO tb_membros VALUES ( '3', 'Batismo', '1', 'membro', 'sim', '', 'm', '', 'Rafael Dos Santos Nunes', '', '', '0000-00-00', '', '', '', '', 'nao', 'Estudante', '', '', '', '', '', 'Parque Sao Francisco', 'Timon', '', 'sim', 'sim', 'sim', '', 'nao', '', '', '', '2017-06-02 00:00:00', '2017-06-02 15:05:39');
INSERT INTO tb_membros VALUES ( '4', 'Batismo', '1', 'membro', 'sim', '', 'm', '', 'Maria Da Cruz Da Silva Rodrigues', '', '', '0000-00-00', '', '', '', '', 'nao', 'Do Lar', '', '', '', '', '', 'Promorar', 'Teresina', '', 'sim', 'sim', 'sim', '', 'nao', '', '', '', '2017-06-02 00:00:00', '2017-06-02 15:05:32');
INSERT INTO tb_membros VALUES ( '5', 'Batismo', '1', 'membro', 'sim', '', 'm', '', 'Francisca Naiara Da Silva Rodrigues', '', '', '0000-00-00', '', '', '', '', 'nao', 'Estudante', '', '', '', '', '', 'Promorar', 'Teresina', '', 'sim', 'sim', 'sim', '', 'nao', '', '', '', '2017-06-02 00:00:00', '2017-06-02 15:05:25');
INSERT INTO tb_membros VALUES ( '6', 'Batismo', '1', 'membro', 'sim', '', 'm', '', 'Francisca Naiana Da Silva Rodrigues', '', '', '0000-00-00', '', '', '', '', 'nao', 'Estudante', '', '', '', '', '', 'Promorar', 'Teresina', '', 'sim', 'sim', 'sim', '', 'nao', '', '', '', '2017-06-02 00:00:00', '2017-06-02 15:05:25');
INSERT INTO tb_membros VALUES ( '7', 'Batismo', '1', 'membro', 'sim', '', 'm', '', 'Joao Pereira Da Silva', '', '', '0000-00-00', '', '', '', '', 'nao', 'Aposentado', '', '', '', '', '', 'Parque Piaui', 'Teresina', '', 'sim', 'sim', 'sim', '', 'nao', '', '', '', '2017-06-02 00:00:00', '2017-06-02 15:05:29');
INSERT INTO tb_membros VALUES ( '8', 'Batismo', '1', 'membro', 'sim', '', 'm', '', 'Maria Alves Da Silva', '', '', '0000-00-00', '', '', '', '', 'nao', 'Aposentado', '', '', '', '', '', 'Parque Piaui', 'Teresina', '', 'sim', 'sim', 'sim', '', 'nao', '', '', '', '2017-06-02 00:00:00', '2017-06-02 15:05:32');
INSERT INTO tb_membros VALUES ( '9', 'Batismo', '1', 'membro', 'sim', '', 'm', '', 'Estela Maria Alves Pereira Moraes', '', '', '0000-00-00', '', '', '', '', 'nao', 'Professora', '', '', '', '', '', 'Promorar', 'Teresina', '', 'sim', 'sim', 'sim', '', 'nao', '', '', '', '2017-06-02 00:00:00', '2017-06-02 15:05:24');
INSERT INTO tb_membros VALUES ( '10', 'Batismo', '1', 'membro', 'sim', '', 'm', '', 'David Alves Pereira', '', '', '0000-00-00', '', '', '', '', 'nao', 'Eletronica', '', '', '', '', '', 'Parque Piaui', 'Teresina', '', 'sim', 'sim', 'sim', '', 'nao', '', '', '', '2017-06-02 00:00:00', '2017-06-02 15:05:23');
INSERT INTO tb_membros VALUES ( '11', 'Batismo', '1', 'membro', 'sim', '', 'm', '', 'Joao Pereira Da Silva Filho', '', '', '0000-00-00', '', '', '', '', 'nao', 'Almoxarife', '', '', '', '', '', 'Santo Antonio', 'Teresina', '', 'sim', 'sim', 'sim', '', 'nao', '', '', '', '2017-06-02 00:00:00', '2017-06-02 15:05:29');
INSERT INTO tb_membros VALUES ( '12', 'Batismo', '1', 'membro', 'sim', '', 'm', '', 'Giselda Alves Pereira', '', '', '0000-00-00', '', '', '', '', 'nao', 'Professora', '', '', '', '', '', 'Parque Piaui', 'Teresina', '', 'sim', 'sim', 'sim', '', 'nao', '', '', '', '2017-06-02 00:00:00', '2017-06-02 15:05:26');
INSERT INTO tb_membros VALUES ( '13', 'Batismo', '1', 'membro', 'sim', '', 'm', '', 'Maria Das Dores De Oliveira', '', '', '0000-00-00', '', '', '', '', 'nao', 'Serviços Gerais', '', '', '', '', '', 'Promorar', 'Teresina', '', 'sim', 'sim', 'sim', '', 'nao', '', '', '', '2017-06-02 00:00:00', '2017-06-02 15:05:32');
INSERT INTO tb_membros VALUES ( '14', 'Batismo', '1', 'membro', 'sim', '', 'm', '', 'Izabel Maria Ribeiro Cardoso', '', '', '0000-00-00', '', '', '', '', 'nao', 'Do Lar', '', '', '', '', '', 'Cerâmica Cil Ii', 'Teresina', '', 'sim', 'sim', 'sim', '', 'nao', '', '', '', '2017-06-02 00:00:00', '2017-06-02 15:05:28');
INSERT INTO tb_membros VALUES ( '15', 'Batismo', '1', 'membro', 'sim', '', 'm', '', 'Maria Lemos Da Silva', '', '', '0000-00-00', '', '', '', '', 'nao', '', '', '', '', '', '', '', 'Teresina', '', 'sim', 'sim', 'sim', '', 'nao', '', '', '', '2017-06-02 00:00:00', '2017-06-02 15:05:34');
INSERT INTO tb_membros VALUES ( '16', 'Batismo', '1', 'membro', 'sim', '', 'm', '', 'Maria Pires Do Nascimento Costa', '', '', '0000-00-00', '', '', '', '', 'nao', 'Aposentado', '', '', '', '', '', 'Bela Vista 1', 'Teresina', '', 'sim', 'sim', 'sim', '', 'nao', '', '', '', '2017-06-02 00:00:00', '2017-06-02 15:05:34');
INSERT INTO tb_membros VALUES ( '17', 'Batismo', '1', 'membro', 'sim', '', 'm', '', 'Ana Karine Pires Alves', '', '', '0000-00-00', '', '', '', '', 'nao', 'Estudante', '', '', '', '', '', 'Bela Vista 1', 'Teresina', '', 'sim', 'sim', 'sim', '', 'nao', '', '', '', '2017-06-02 00:00:00', '2017-06-02 15:05:20');
INSERT INTO tb_membros VALUES ( '18', 'Batismo', '1', 'membro', 'sim', '', 'm', '', 'Elzineide Soares Cavalcante Gomes', '', '', '0000-00-00', '', '', '', '', 'nao', 'Professora', '', '', '', '', '', 'Bela Vista 1', 'Teresina', '', 'sim', 'sim', 'sim', '', 'nao', '', '', '', '2017-06-02 00:00:00', '2017-06-02 15:05:24');
INSERT INTO tb_membros VALUES ( '19', 'Batismo', '1', 'membro', 'sim', '', 'm', '', 'Thiago Cavalcante Gomes', '', '', '0000-00-00', '', '', '', '', 'nao', 'Estudante', '', '', '', '', '', 'Bela Vista 1', 'Teresina', '', 'sim', 'sim', 'sim', '', 'nao', '', '', '', '2017-06-02 00:00:00', '2017-06-02 15:05:39');
INSERT INTO tb_membros VALUES ( '20', 'Batismo', '1', 'membro', 'sim', '', 'm', '', 'Mayra Tamires De Oliveira', '', '', '0000-00-00', '', '', '', '', 'nao', 'Estudante', '', '', '', '', '', 'Promorar', 'Teresina', '', 'sim', 'sim', 'sim', '', 'nao', '', '', '', '2017-06-02 00:00:00', '2017-06-02 15:05:35');
INSERT INTO tb_membros VALUES ( '21', 'Batismo', '1', 'membro', 'sim', '', 'm', '', 'Regina Maria De Oliveria', '', '', '0000-00-00', '', '', '', '', 'nao', '', '', '', '', '', '', '', 'Teresina', '', 'sim', 'sim', 'sim', '', 'nao', '', '', '', '2017-06-02 00:00:00', '2017-06-02 15:05:36');
INSERT INTO tb_membros VALUES ( '22', 'Batismo', '1', 'membro', 'sim', '', 'm', '', 'Lindaura Maria De Oliveira', '', '', '0000-00-00', '', '', '', '', 'nao', '', '', '', '', '', '', '', 'Teresina', '', 'sim', 'sim', 'sim', '', 'nao', '', '', '', '2017-06-02 00:00:00', '2017-06-02 15:05:30');
INSERT INTO tb_membros VALUES ( '23', 'Batismo', '1', 'membro', 'sim', '', 'm', '', 'Danillo Lemos Da Silva Souza', '', '', '0000-00-00', '', '', '', '', 'nao', 'Vendedor', '', '', '', '', '', 'Parque Piaui', 'Teresina', '', 'sim', 'sim', 'sim', '', 'nao', '', '', '', '2017-06-02 00:00:00', '2017-06-02 15:05:22');
INSERT INTO tb_membros VALUES ( '24', 'Batismo', '1', 'membro', 'sim', '', 'm', '', 'Ana Amelia Dos Santos Borges', '', '', '0000-00-00', '', '', '', '', 'nao', 'Professor', '', '', '', '', '', 'Bela Vista 3', 'Teresina', '', 'sim', 'sim', 'sim', '', 'nao', '', '', '', '2017-06-02 00:00:00', '2017-06-02 15:05:20');
INSERT INTO tb_membros VALUES ( '25', 'Batismo', '1', 'membro', 'sim', '', 'm', '', 'Edinalva Lopes Da Silva', '', '', '0000-00-00', '', '', '', '', 'nao', '', '', '', '', '', '', '', 'Teresina', '', 'sim', 'sim', 'sim', '', 'nao', '', '', '', '2017-06-02 00:00:00', '2017-06-02 15:05:23');
INSERT INTO tb_membros VALUES ( '26', 'Batismo', '1', 'membro', 'nao', '', 'm', '', 'Carlos Alberto Medino Da Rocha', '', '', '0000-00-00', '', '', '', '', 'nao', 'Professor', '', '', '', '', '', 'Bela Vista 1', 'Teresina', '', 'sim', 'sim', 'sim', '', 'nao', '', '', '', '2017-06-02 00:00:00', '2019-10-20 19:32:02');
INSERT INTO tb_membros VALUES ( '27', 'Batismo', '1', 'membro', 'sim', '', 'm', '', 'Antonio Carlos Meireles Da Silva', '', '', '0000-00-00', '', '', '', '', 'nao', 'Segurança', '', '', '', '', '', 'Lourival Parente', 'Teresina', '', 'sim', 'sim', 'sim', '', 'nao', '', '', '', '2017-06-02 00:00:00', '2017-06-02 15:05:20');
INSERT INTO tb_membros VALUES ( '28', 'Batismo', '1', 'membro', 'sim', '', 'm', '', 'Marilene Carvalho Santos', '', '', '0000-00-00', '', '', '', '', 'nao', 'Estudante', '', '', '', '', '', 'Bela Vista Ii', 'Teresina', '', 'sim', 'sim', 'sim', '', 'nao', '', '', '', '2017-06-02 00:00:00', '2017-06-02 15:05:34');
INSERT INTO tb_membros VALUES ( '29', 'Batismo', '1', 'membro', 'sim', '', 'm', '', 'Maria Albeniza Lemos Da Silva', '', '', '0000-00-00', '', '', '', '', 'nao', 'Professora', '', '', '', '', '', '', 'Teresina', '', 'sim', 'sim', 'sim', '', 'nao', '', '', '', '2017-06-02 00:00:00', '2017-06-02 15:05:31');
INSERT INTO tb_membros VALUES ( '30', 'Batismo', '1', 'membro', 'sim', '', 'm', '', 'Liamara Rocha Ferreira', '', '', '0000-00-00', '', '', '', '', 'nao', '', '', '', '', '', '', '', 'Teresina', '', 'sim', 'sim', 'sim', '', 'nao', '', '', '', '2017-06-02 00:00:00', '2017-06-02 15:05:30');
INSERT INTO tb_membros VALUES ( '31', 'Batismo', '1', 'membro', 'sim', 'nao', 'f', 'nao', 'Alaide Lourenço Da Silva', '', '', '0000-00-00', '', '', '', '', 'nao', 'Pensionista', '', '', '', '', '', 'Conjunto Parque Piauí', 'Teresina', '', 'sim', 'sim', 'sim', '', 'nao', '', '-5.0920108', '-42.8037597', '2017-06-02 00:00:00', '2017-06-09 22:10:05');
INSERT INTO tb_membros VALUES ( '32', 'Batismo', '1', 'membro', 'sim', '', 'm', '', 'Maria Do Rosario De Fatima Moraes Silva', '', '', '0000-00-00', '', '', '', '', 'nao', 'Do Lar', '', '', '', '', '', 'Parque Piaui', 'Teresina', '', 'sim', 'sim', 'sim', '', 'nao', '', '', '', '2017-06-02 00:00:00', '2017-06-02 15:05:33');
INSERT INTO tb_membros VALUES ( '33', 'Batismo', '1', 'membro', 'sim', '', 'm', '', 'Flavio Henrique Moraes Silva', '', '', '0000-00-00', '', '', '', '', 'nao', 'Estudante', '', '', '', '', '', 'Parque Piaui', 'Teresina', '', 'sim', 'sim', 'sim', '', 'nao', '', '', '', '2017-06-02 00:00:00', '2017-06-02 15:05:25');
INSERT INTO tb_membros VALUES ( '34', 'Batismo', '1', 'membro', 'sim', '', 'm', '', 'Lucimar Silva', '', '', '0000-00-00', '', '', '', '', 'nao', 'Professor', '', '', '', '', '', 'Parque Piaui', 'Teresina', '', 'sim', 'sim', 'sim', '', 'nao', '', '', '', '2017-06-02 00:00:00', '2017-06-02 15:05:31');
INSERT INTO tb_membros VALUES ( '35', 'Batismo', '1', 'membro', 'sim', '', 'm', '', 'Antonio Cesar Santos', '', '', '0000-00-00', '', '', '', '', 'nao', 'Projetista', '', '', '', '', '', 'Promorar', 'Teresina', '', 'sim', 'sim', 'sim', '', 'nao', '', '', '', '2017-06-02 00:00:00', '2017-06-02 15:05:20');
INSERT INTO tb_membros VALUES ( '36', 'Batismo', '1', 'membro', 'sim', '', 'm', '', 'Antonio Luis Da Silva Sousa', '', '', '0000-00-00', '', '', '', '', 'nao', 'Professor', '', '', '', '', '', 'Promorar', 'Teresina', '', 'sim', 'sim', 'sim', '', 'nao', '', '', '', '2017-06-02 00:00:00', '2017-06-02 15:05:20');
INSERT INTO tb_membros VALUES ( '37', 'Batismo', '1', 'membro', 'sim', '', 'm', '', 'Jean Carlos Moraes Silva', '', '', '0000-00-00', '', '', '', '', 'nao', '', '', '', '', '', '', 'Parque Piaui', 'Teresina', '', 'sim', 'sim', 'sim', '', 'nao', '', '', '', '2017-06-02 00:00:00', '2017-06-02 15:05:28');
INSERT INTO tb_membros VALUES ( '38', 'Batismo', '1', 'membro', 'sim', '', 'm', '', 'Maria Do Socorro Carvalho', '', '', '0000-00-00', '', '', '', '', 'nao', 'Enfermeira', '', '', '', '', '', 'Bela Vista Ii', 'Teresina', '', 'sim', 'sim', 'sim', '', 'nao', '', '', '', '2017-06-02 00:00:00', '2017-06-02 15:05:33');
INSERT INTO tb_membros VALUES ( '39', 'Batismo', '1', 'membro', 'sim', '', 'm', '', 'Maria Carvalho Santos', '', '', '0000-00-00', '', '', '', '', 'nao', 'Aposentado', '', '', '', '', '', 'Bela Vista Ii', 'Teresina', '', 'sim', 'sim', 'sim', '', 'nao', '', '', '', '2017-06-02 00:00:00', '2017-06-02 15:05:32');
INSERT INTO tb_membros VALUES ( '40', 'Batismo', '1', 'membro', 'sim', '', 'm', '', 'Flavio Moacir Sakis', '', '', '0000-00-00', '', '', '', '', 'nao', 'Analista De', '', '', '', '', '', 'Morada Do Sol', 'Teresina', '', 'sim', 'sim', 'sim', '', 'nao', '', '', '', '2017-06-02 00:00:00', '2017-06-02 15:05:25');
INSERT INTO tb_membros VALUES ( '41', 'Batismo', '1', 'membro', 'sim', '', 'm', '', 'Samuel Lourenço De Araujo Bastos', '', '', '0000-00-00', '', '', '', '', 'nao', 'Estudante', '', '', '', '', '', 'Conjunto Parque Piauí', 'Teresina', '', 'sim', 'sim', 'sim', '', 'nao', '', '', '', '2017-06-02 00:00:00', '2017-06-02 15:05:37');
INSERT INTO tb_membros VALUES ( '42', 'Batismo', '1', 'membro', 'sim', '', 'm', '', 'Elza Maria Da Silva Cruz', '', '', '0000-00-00', '', '', '', '', 'nao', '', '', '', '', '', '', '', 'Teresina', '', 'sim', 'sim', 'sim', '', 'nao', '', '', '', '2017-06-02 00:00:00', '2017-06-02 15:05:24');
INSERT INTO tb_membros VALUES ( '43', 'Batismo', '1', 'membro', 'sim', '', 'm', '', 'Neylane Da Silva Rodrigues', '', '', '0000-00-00', '', '', '', '', 'nao', 'Estudante', '', '', '', '', '', 'Promorar', 'Teresina', '', 'sim', 'sim', 'sim', '', 'nao', '', '', '', '2017-06-02 00:00:00', '2017-06-02 15:05:35');
INSERT INTO tb_membros VALUES ( '44', 'Batismo', '2', 'membro', 'sim', 'nao', 'm', 'nao', 'Daniel Dos Santos Nunes', '', '', '1998-02-10', 'Teresina ', 'Piauí ', '', '', 'nao', 'Estudante', 'solteiro', '65636-748', 'Rua Dr.Martinho Lutero', '601', '', 'São Francisco I', 'Timon', 'MA', 'sim', 'sim', 'nao', '', 'nao', '', '', '', '2017-06-02 00:00:00', '2017-06-08 06:32:00');
INSERT INTO tb_membros VALUES ( '45', 'Batismo', '1', 'membro', 'sim', '', 'm', '', 'Daniella Lemos Da Silva Sousa', '', '', '0000-00-00', '', '', '', '', 'nao', 'Operadora', '', '', '', '', '', 'Parque Jacinta', 'Teresina', '', 'sim', 'sim', 'sim', '', 'nao', '', '', '', '2017-06-02 00:00:00', '2017-06-02 15:05:22');
INSERT INTO tb_membros VALUES ( '46', 'Batismo', '1', 'membro', 'sim', '', 'm', '', 'David Lemos Da Silva Junior', '', '', '0000-00-00', '', '', '', '', 'nao', '', '', '', '', '', '', '', 'Teresina', '', 'sim', 'sim', 'sim', '', 'nao', '', '', '', '2017-06-02 00:00:00', '2017-06-02 15:05:23');
INSERT INTO tb_membros VALUES ( '48', 'Batismo', '1', 'membro', 'sim', '', 'm', '', 'Pollyana Lemos Da Silva Timoteo', '', '', '0000-00-00', '', '', '', '', 'nao', '', '', '', '', '', '', '', 'Teresina', '', 'sim', 'sim', 'sim', '', 'nao', '', '', '', '2017-06-02 00:00:00', '2017-06-02 15:05:36');
INSERT INTO tb_membros VALUES ( '49', 'Batismo', '1', 'membro', 'sim', '', 'm', '', 'Fabio Fernandes Da Silva Timoteo', '', '', '0000-00-00', '', '', '', '', 'nao', 'Autonomo', '', '', '', '', '', 'Saci', 'Teresina', '', 'sim', 'sim', 'sim', '', 'nao', '', '', '', '2017-06-02 00:00:00', '2017-06-02 15:05:24');
INSERT INTO tb_membros VALUES ( '50', 'Batismo', '1', 'membro', 'sim', '', 'm', '', 'Luciano Moraes Silva', '', '', '0000-00-00', '', '', '', '', 'nao', 'Repositor', '', '', '', '', '', 'Promorar', 'Teresina', '', 'sim', 'sim', 'sim', '', 'nao', '', '', '', '2017-06-02 00:00:00', '2017-06-02 15:05:31');
INSERT INTO tb_membros VALUES ( '51', 'Batismo', '1', 'membro', 'sim', '', 'm', '', 'Maria Aparecida Da Silva Sousa', '', '', '0000-00-00', '', '', '', '', 'nao', 'Estudante', '', '', '', '', '', 'Promorar', 'Teresina', '', 'sim', 'sim', 'sim', '', 'nao', '', '', '', '2017-06-02 00:00:00', '2017-06-02 15:05:32');
INSERT INTO tb_membros VALUES ( '52', 'Batismo', '1', 'membro', 'sim', '', 'm', '', 'Karen Carvalho Modesto Guimaraes', '', '', '0000-00-00', '', '', '', '', 'nao', 'Estudante', '', '', '', '', '', 'Bela Vista Ii', 'Teresina', '', 'sim', 'sim', 'sim', '', 'nao', '', '', '', '2017-06-02 00:00:00', '2017-06-02 15:05:29');
INSERT INTO tb_membros VALUES ( '53', 'Batismo', '1', 'membro', 'sim', 'nao', 'm', 'nao', 'Alcides Costa Do Nascimento', '', '', '0000-00-00', '', '', '', '', 'nao', 'Operador', '', '', '', '', '', 'Angelin Ii', 'Teresina', '', 'sim', 'sim', 'sim', '', 'nao', '', '-5.0920108', '-42.8037597', '2017-06-02 00:00:00', '2019-10-20 19:22:25');
INSERT INTO tb_membros VALUES ( '54', 'Batismo', '1', 'membro', 'sim', '', 'm', '', 'Eduardo Leitao De Almeida Lima', '', '', '0000-00-00', '', '', '', '', 'nao', 'Estudante', '', '', '', '', '', 'Pio Xii', 'Teresina', '', 'sim', 'sim', 'sim', '', 'nao', '', '', '', '2017-06-02 00:00:00', '2017-06-02 15:05:23');
INSERT INTO tb_membros VALUES ( '57', 'Batismo', '1', 'membro', 'sim', '', 'm', '', 'Luis Claudio Soares Neves', '', '', '0000-00-00', '', '', '', '', 'nao', '', '', '', '', '', '', '', 'Teresina', '', 'sim', 'sim', 'sim', '', 'nao', '', '', '', '2017-06-02 00:00:00', '2017-06-02 15:05:31');
INSERT INTO tb_membros VALUES ( '59', 'Batismo', '1', 'membro', 'sim', '', 'm', '', 'Marilia Lemos Da Silva Timoteo', '', '', '0000-00-00', '', '', '', '', 'nao', '', '', '', '', '', '', '', 'Teresina', '', 'sim', 'sim', 'sim', '', 'nao', '', '', '', '2017-06-02 00:00:00', '2017-06-02 15:05:34');
INSERT INTO tb_membros VALUES ( '60', 'Batismo', '1', 'membro', 'sim', '', 'm', '', 'Walmenia Alves Pinheiro', '', '', '0000-00-00', '', '', '', '', 'nao', 'Artesã', '', '', '', '', '', 'Santo Antonio', 'Teresina', '', 'sim', 'sim', 'sim', '', 'nao', '', '', '', '2017-06-02 00:00:00', '2017-06-02 15:05:39');
INSERT INTO tb_membros VALUES ( '61', 'Batismo', '2', 'membro', 'sim', 'nao', 'f', 'nao', 'CAMILA MOURA DE OLIVEIRA', '', '', '1999-04-16', 'Teresina', 'PI', '', '', 'nao', 'Estudante', 'solteiro', '65636-748', 'Rua Dr Martinho Luterdo', '', '', 'São Francisco I', 'Timon', 'MA', 'sim', 'sim', 'nao', '', 'nao', '', '', '', '2000-04-16 00:00:00', '2017-06-06 11:38:21');
INSERT INTO tb_membros VALUES ( '62', 'Batismo', '1', 'membro', 'sim', '', 'm', '', 'Alcydes Lopes Do Nascimento', '', '', '0000-00-00', '', '', '', '', 'nao', 'Estudante', '', '', '', '', '', 'Angelin Ii', 'Teresina', '', 'sim', 'sim', 'sim', '', 'nao', '', '', '', '2017-06-02 00:00:00', '2017-06-02 15:05:19');
INSERT INTO tb_membros VALUES ( '63', 'Batismo', '1', 'membro', 'sim', '', 'm', '', 'Thiago Luis Dos Santos Nunes', '', '', '0000-00-00', '', '', '', '', 'nao', 'Estudante', '', '', '', '', '', 'Parque Sao Francisco', 'Timon', '', 'sim', 'sim', 'sim', '', 'nao', '', '', '', '2017-06-02 00:00:00', '2017-06-02 15:05:40');
INSERT INTO tb_membros VALUES ( '64', 'Batismo', '1', 'membro', 'sim', '', 'm', '', 'Joao Pedro Moteiro Lemos', '', '', '0000-00-00', '', '', '', '', 'nao', '', '', '', '', '', '', '', 'Teresina', '', 'sim', 'sim', 'sim', '', 'nao', '', '', '', '2017-06-02 00:00:00', '2017-06-02 15:05:29');
INSERT INTO tb_membros VALUES ( '65', 'Batismo', '1', 'membro', 'sim', '', 'm', '', 'David Lemos Da Silva', '', '', '0000-00-00', '', '', '', '', 'nao', '', '', '', '', '', '', '', 'Teresina', '', 'sim', 'sim', 'sim', '', 'nao', '', '', '', '2017-06-02 00:00:00', '2017-06-02 15:05:23');
INSERT INTO tb_membros VALUES ( '66', 'Batismo', '1', 'membro', 'sim', '', 'm', '', 'Luciane Araujo Monteiro Lemos', '', '', '0000-00-00', '', '', '', '', 'nao', '', '', '', '', '', '', '', 'Teresina', '', 'sim', 'sim', 'sim', '', 'nao', '', '', '', '2017-06-02 00:00:00', '2017-06-02 15:05:31');
INSERT INTO tb_membros VALUES ( '68', 'Batismo', '1', 'membro', 'nao', '', 'm', '', 'Amanda Leitao De Almeida Lima', '', '', '0000-00-00', '', '', '', '', 'nao', 'Estudante', '', '', '', '', '', 'Pio Xii', 'Teresina', '', 'sim', 'sim', 'sim', '', 'nao', '', '', '', '2017-06-02 00:00:00', '2019-10-20 19:27:31');
INSERT INTO tb_membros VALUES ( '69', 'Batismo', '1', 'membro', 'sim', '', 'm', '', 'Lara Pereira Silva', '', '', '0000-00-00', '', '', '', '', 'nao', '', '', '', '', '', '', 'Promorar', 'Teresina', '', 'sim', 'sim', 'sim', '', 'nao', '', '', '', '2017-06-02 00:00:00', '2017-06-02 15:05:30');
INSERT INTO tb_membros VALUES ( '70', 'Batismo', '1', 'membro', 'sim', '', 'm', '', 'Beatriz Lemos Da Silva Lourenco', '', '', '0000-00-00', '', '', '', '', 'nao', '', '', '', '', '', '', '', 'Teresina', '', 'sim', 'sim', 'sim', '', 'nao', '', '', '', '2017-06-02 00:00:00', '2017-06-02 15:05:21');
INSERT INTO tb_membros VALUES ( '71', 'Batismo', '1', 'membro', 'sim', '', 'm', '', 'Karla Pollyana Carvalho Vasconcelos Costa', '', '', '0000-00-00', '', '', '', '', 'nao', 'Estudante', '', '', '', '', '', 'Bela Vista Ii', 'Teresina', '', 'sim', 'sim', 'sim', '', 'nao', '', '', '', '2017-06-02 00:00:00', '2017-06-02 15:05:29');
INSERT INTO tb_membros VALUES ( '72', 'Batismo', '1', 'membro', 'sim', '', 'm', '', 'Sâmia Vanessa Carvalho Lima', '', '', '0000-00-00', '', '', '', '', 'nao', 'Estudante', '', '', '', '', '', 'Planalto Bela Vista', 'Teresina', '', 'sim', 'sim', 'sim', '', 'nao', '', '', '', '2017-06-02 00:00:00', '2017-06-02 15:05:37');
INSERT INTO tb_membros VALUES ( '74', 'Batismo', '1', 'membro', 'sim', '', 'm', '', 'Karla Dos Santos Gomes', '', '', '0000-00-00', '', '', '', '', 'nao', '', '', '', '', '', '', '', 'Teresina', '', 'sim', 'sim', 'sim', '', 'nao', '', '', '', '2017-06-02 00:00:00', '2017-06-02 15:05:29');
INSERT INTO tb_membros VALUES ( '75', 'Batismo', '1', 'membro', 'sim', '', 'm', '', 'Maria Helena Lemos Da Silva Souza', '', '', '0000-00-00', '', '', '', '', 'nao', 'Tecnica Patologia', '', '', '', '', '', 'Parque Jacinta', 'Teresina', '', 'sim', 'sim', 'sim', '', 'nao', '', '', '', '2017-06-02 00:00:00', '2017-06-02 15:05:34');
INSERT INTO tb_membros VALUES ( '76', 'Batismo', '1', 'membro', 'sim', '', 'm', '', 'Sebastiao Ferreira De Souza', '', '', '0000-00-00', '', '', '', '', 'nao', 'Mecanico', '', '', '', '', '', 'Parque Jacinta', 'Teresina', '', 'sim', 'sim', 'sim', '', 'nao', '', '', '', '2017-06-02 00:00:00', '2017-06-02 15:05:38');
INSERT INTO tb_membros VALUES ( '77', 'Batismo', '1', 'membro', 'sim', '', 'm', '', 'Marta Vitoria Cardoso Machado', '', '', '0000-00-00', '', '', '', '', 'nao', '', '', '', '', '', '', '', 'Teresina', '', 'sim', 'sim', 'sim', '', 'nao', '', '', '', '2017-06-02 00:00:00', '2017-06-02 15:05:34');
INSERT INTO tb_membros VALUES ( '79', 'Batismo', '1', 'membro', 'sim', '', 'm', '', 'Moises Monteiro Lemos Da Silva', '', '', '0000-00-00', '', '', '', '', 'nao', '', '', '', '', '', '', '', 'Teresina', '', 'sim', 'sim', 'sim', '', 'nao', '', '', '', '2017-06-02 00:00:00', '2017-06-02 15:05:35');
INSERT INTO tb_membros VALUES ( '80', 'Batismo', '1', 'membro', 'sim', '', 'm', '', 'Jhuly Emily Da Silva Rodrigues', '', '', '0000-00-00', '', '', '', '', 'nao', '', '', '', '', '', '', 'Promorar', 'Teresina', '', 'sim', 'sim', 'sim', '', 'nao', '', '', '', '2017-06-02 00:00:00', '2017-06-02 15:05:28');
INSERT INTO tb_membros VALUES ( '81', 'Batismo', '1', 'membro', 'sim', '', 'm', '', 'Dan Pinheiro Da Silva', '', '', '0000-00-00', '', '', '', '', 'nao', '', '', '', '', '', '', 'Santo Antonio', 'Teresina', '', 'sim', 'sim', 'sim', '', 'nao', '', '', '', '2017-06-02 00:00:00', '2017-06-02 15:05:22');
INSERT INTO tb_membros VALUES ( '92', 'Batismo', '1', 'membro', 'sim', '', 'm', '', 'Keyla Auricharlene Dias Pereira', '', '', '0000-00-00', '', '', '', '', 'nao', 'Cabeleireira', '', '', '', '', '', 'Morada Do Sol', 'Teresina', '', 'sim', 'sim', 'sim', '', 'nao', '', '', '', '2017-06-02 00:00:00', '2017-06-02 15:05:29');
INSERT INTO tb_membros VALUES ( '93', 'Batismo', '1', 'membro', 'sim', '', 'm', '', 'Sávia Valéria Carvalho Lima', '', '', '0000-00-00', '', '', '', '', 'nao', 'Estudante', '', '', '', '', '', 'Bela Vista Ii', 'Teresina', '', 'sim', 'sim', 'sim', '', 'nao', '', '', '', '2017-06-02 00:00:00', '2017-06-02 15:05:38');
INSERT INTO tb_membros VALUES ( '94', 'Batismo', '1', 'membro', 'sim', '', 'm', '', 'Henrique Dias Sakis', '', '', '0000-00-00', '', '', '', '', 'nao', '', '', '', '', '', '', 'Morada Do Sol', 'Teresina', '', 'sim', 'sim', 'sim', '', 'nao', '', '', '', '2017-06-02 00:00:00', '2017-06-02 15:05:27');
INSERT INTO tb_membros VALUES ( '95', 'Batismo', '1', 'membro', 'sim', '', 'm', '', 'Artur Pinheiro Da Silva', '', '', '0000-00-00', '', '', '', '', 'nao', '', '', '', '', '', '', 'Santo Antonio', 'Teresina', '', 'sim', 'sim', 'sim', '', 'nao', '', '', '', '2017-06-02 00:00:00', '2017-06-02 15:05:21');
INSERT INTO tb_membros VALUES ( '96', 'Batismo', '1', 'membro', 'sim', '', 'm', '', 'Carlos Douglas Teixeira Lopes', '', '', '0000-00-00', '', '', '', '', 'nao', '', '', '', '', '', '', 'Bela Vista 1', 'Teresina', '', 'sim', 'sim', 'sim', '', 'nao', '', '', '', '2017-06-02 00:00:00', '2017-06-02 15:05:22');
INSERT INTO tb_membros VALUES ( '97', 'Batismo', '1', 'membro', 'sim', '', 'm', '', 'Eduardo Batista Pereira', '', '', '0000-00-00', '', '', '', '', 'nao', '', '', '', '', '', '', '', 'Teresina', '', 'sim', 'sim', 'sim', '', 'nao', '', '', '', '2017-06-02 00:00:00', '2017-06-02 15:05:23');
INSERT INTO tb_membros VALUES ( '113', 'Batismo', '1', 'membro', 'sim', '', 'm', '', 'Francisca Maria Ferreira Pinto', '', '', '0000-00-00', '', '', '', '', 'nao', '', '', '', '', '', '', '', 'Teresina', '', 'sim', 'sim', 'sim', '', 'nao', '', '', '', '2017-06-02 00:00:00', '2017-06-02 15:05:25');
INSERT INTO tb_membros VALUES ( '117', 'Profissão de fé', '1', 'membro', 'sim', 'nao', 'm', 'nao', 'FRANCISCO WEUDES BORBA SILVA', '1.669.991 PI', '770.443.633-34', '1978-01-02', 'TERESINA', 'PIAUI', '', 'A+', 'sim', 'EMPRESARIO', 'solteiro', '64025-100', 'Quadra 54', '12', 'CASA 12', 'Parque Piauí', 'Teresina', 'PI', 'sim', 'sim', 'sim', 'NOITE', 'nao', '', '-5.1192466', '-42.7932696', '1994-12-18 00:00:00', '2017-06-13 21:23:49');
INSERT INTO tb_membros VALUES ( '118', 'Batismo', '1', 'membro', 'sim', '', 'm', '', 'Monike Evangelista Lemos Da Silva', '', '', '0000-00-00', '', '', '', '', 'nao', '', '', '', '', '', '', '', 'Teresina', '', 'sim', 'sim', 'sim', '', 'nao', '', '', '', '2017-06-02 00:00:00', '2017-06-02 15:05:35');
INSERT INTO tb_membros VALUES ( '119', 'Batismo', '1', 'membro', 'sim', '', 'm', '', 'Maria Amelia Rocha Ferreira Neves', '', '', '0000-00-00', '', '', '', '', 'nao', 'Atendente', '', '', '', '', '', 'Parque Piaui', 'Teresina', '', 'sim', 'sim', 'sim', '', 'nao', '', '', '', '2017-06-02 00:00:00', '2017-06-02 15:05:32');
INSERT INTO tb_membros VALUES ( '120', 'Batismo', '1', 'membro', 'sim', '', 'm', '', 'Juliana Evangelista Lemos Da Silva', '', '', '0000-00-00', '', '', '', '', 'nao', '', '', '', '', '', '', '', 'Teresina', '', 'sim', 'sim', 'sim', '', 'nao', '', '', '', '2017-06-02 00:00:00', '2017-06-02 15:05:29');
INSERT INTO tb_membros VALUES ( '121', 'Batismo', '1', 'membro', 'sim', '', 'm', '', 'Layara Sousa Da Costa', '', '', '0000-00-00', '', '', '', '', 'nao', 'Estudante', '', '', '', '', '', 'Promorar', 'Teresina', '', 'sim', 'sim', 'sim', '', 'nao', '', '', '', '2017-06-02 00:00:00', '2017-06-02 15:05:30');
INSERT INTO tb_membros VALUES ( '122', 'Batismo', '1', 'membro', 'sim', '', 'm', '', 'Maria De Jesus Soares De Oliveira', '', '', '0000-00-00', '', '', '', '', 'nao', 'Aposentado', '', '', '', '', '', 'Parque Piaui', 'Teresina', '', 'sim', 'sim', 'sim', '', 'nao', '', '', '', '2017-06-02 00:00:00', '2017-06-02 15:05:33');
INSERT INTO tb_membros VALUES ( '123', 'Batismo', '1', 'membro', 'sim', '', 'm', '', 'Janaini Da Rocha Rego', '', '', '0000-00-00', '', '', '', '', 'nao', 'Secretaria', '', '', '', '', '', 'Bela Vista 1', 'Teresina', '', 'sim', 'sim', 'sim', '', 'nao', '', '', '', '2017-06-02 00:00:00', '2017-06-02 15:05:28');
INSERT INTO tb_membros VALUES ( '124', 'Batismo', '1', 'membro', 'sim', '', 'm', '', 'Pablo Felipe Cavalcante Rodrigues', '', '', '0000-00-00', '', '', '', '', 'nao', 'Estudante', '', '', '', '', '', 'Parque Piaui', 'Teresina', '', 'sim', 'sim', 'sim', '', 'nao', '', '', '', '2017-06-02 00:00:00', '2017-06-02 15:05:35');
INSERT INTO tb_membros VALUES ( '125', 'Batismo', '1', 'membro', 'sim', '', 'm', '', 'Thauana Cavalcante Gomes', '', '', '0000-00-00', '', '', '', '', 'nao', 'Estudante', '', '', '', '', '', 'Bela Vista 1', 'Teresina', '', 'sim', 'sim', 'sim', '', 'nao', '', '', '', '2017-06-02 00:00:00', '2017-06-02 15:05:38');
INSERT INTO tb_membros VALUES ( '126', 'Batismo', '1', 'membro', 'sim', '', 'm', '', 'Laiane Sousa Freire', '', '', '0000-00-00', '', '', '', '', 'nao', 'Secretaria', '', '', '', '', '', 'Parque Piaui', 'Teresina', '', 'sim', 'sim', 'sim', '', 'nao', '', '', '', '2017-06-02 00:00:00', '2017-06-02 15:05:29');
INSERT INTO tb_membros VALUES ( '127', 'Batismo', '1', 'membro', 'sim', '', 'm', '', 'Caroline Ribeiro Cardoso Cunha', '', '', '0000-00-00', '', '', '', '', 'nao', 'Estudante', '', '', '', '', '', 'Cerâmica Cil Ii', 'Teresina', '', 'sim', 'sim', 'sim', '', 'nao', '', '', '', '2017-06-02 00:00:00', '2017-06-02 15:05:22');
INSERT INTO tb_membros VALUES ( '128', 'Batismo', '1', 'membro', 'sim', '', 'm', '', 'Maria Da Cruz Fereira Leal', '', '', '0000-00-00', '', '', '', '', 'nao', 'Do Lar', '', '', '', '', '', 'Parque Piaui', 'Teresina', '', 'sim', 'sim', 'sim', '', 'nao', '', '', '', '2017-06-02 00:00:00', '2017-06-02 15:05:32');
INSERT INTO tb_membros VALUES ( '129', 'Batismo', '1', 'membro', 'sim', '', 'm', '', 'David Pereira Dos Santos', '', '', '0000-00-00', '', '', '', '', 'nao', 'Professor', '', '', '', '', '', 'Bela Vista Ii', 'Teresina', '', 'sim', 'sim', 'sim', '', 'nao', '', '', '', '2017-06-02 00:00:00', '2017-06-02 15:05:23');
INSERT INTO tb_membros VALUES ( '130', 'Batismo', '1', 'membro', 'sim', '', 'm', '', 'Fabricio Dos Santos Borges', '', '', '0000-00-00', '', '', '', '', 'nao', 'Estudante', '', '', '', '', '', 'Bela Vista 3', 'Teresina', '', 'sim', 'sim', 'sim', '', 'nao', '', '', '', '2017-06-02 00:00:00', '2017-06-02 15:05:25');
INSERT INTO tb_membros VALUES ( '131', 'Batismo', '1', 'membro', 'sim', '', 'm', '', 'Rubia Gracielia Lima Noleto', '', '', '0000-00-00', '', '', '', '', 'nao', 'Estudante', '', '', '', '', '', 'Lourival Parente', 'Teresina', '', 'sim', 'sim', 'sim', '', 'nao', '', '', '', '2017-06-02 00:00:00', '2017-06-02 15:05:37');
INSERT INTO tb_membros VALUES ( '132', 'Batismo', '1', 'membro', 'sim', '', 'm', '', 'Natalia', '', '', '0000-00-00', '', '', '', '', 'nao', '', '', '', '', '', '', '', 'Teresina', '', 'sim', 'sim', 'sim', '', 'nao', '', '', '', '2017-06-02 00:00:00', '2017-06-02 15:05:35');
INSERT INTO tb_membros VALUES ( '133', 'Batismo', '1', 'membro', 'sim', '', 'm', '', 'Joana Moreira De Oliveira', '', '', '0000-00-00', '', '', '', '', 'nao', 'Aposentado', '', '', '', '', '', 'Bela Vista 3', 'Teresina', '', 'sim', 'sim', 'sim', '', 'nao', '', '', '', '2017-06-02 00:00:00', '2017-06-02 15:05:28');
INSERT INTO tb_membros VALUES ( '134', 'Batismo', '1', 'membro', 'sim', '', 'm', '', 'Ana Patricia Soares Barbosa', '', '', '0000-00-00', '', '', '', '', 'nao', 'Professora', '', '', '', '', '', 'Bela Vista 1', 'Teresina', '', 'sim', 'sim', 'sim', '', 'nao', '', '', '', '2017-06-02 00:00:00', '2017-06-02 15:05:20');
INSERT INTO tb_membros VALUES ( '135', 'Batismo', '1', 'membro', 'sim', '', 'm', '', 'Maria De Fatima Freire', '', '', '0000-00-00', '', '', '', '', 'nao', '', '', '', '', '', '', '', 'Teresina', '', 'sim', 'sim', 'sim', '', 'nao', '', '', '', '2017-06-02 00:00:00', '2017-06-02 15:05:33');
INSERT INTO tb_membros VALUES ( '137', 'Batismo', '1', 'membro', 'sim', '', 'm', '', 'Nisleide', '', '', '0000-00-00', '', '', '', '', 'nao', '', '', '', '', '', '', '', 'Timon', '', 'sim', 'sim', 'sim', '', 'nao', '', '', '', '2017-06-02 00:00:00', '2017-06-02 15:05:39');
INSERT INTO tb_membros VALUES ( '140', 'Batismo', '1', 'membro', 'sim', '', 'm', '', 'Carlos Antonio Moura De Oliveira', '', '', '0000-00-00', '', '', '', '', 'nao', '', '', '', '', '', '', '', 'Timon', '', 'sim', 'sim', 'sim', '', 'nao', '', '', '', '2017-06-02 00:00:00', '2017-06-02 15:05:39');
INSERT INTO tb_membros VALUES ( '141', 'Batismo', '1', 'membro', 'sim', '', 'm', '', 'Helivelton', '', '', '0000-00-00', '', '', '', '', 'nao', '', '', '', '', '', '', '', 'Teresina', '', 'sim', 'sim', 'sim', '', 'nao', '', '', '', '2017-06-02 00:00:00', '2017-06-02 15:05:27');
INSERT INTO tb_membros VALUES ( '142', 'Batismo', '1', 'membro', 'sim', '', 'm', '', 'Luis Felipe Lemos Da Silva Loureiro', '', '', '0000-00-00', '', '', '', '', 'nao', '', '', '', '', '', '', '', 'Teresina', '', 'sim', 'sim', 'sim', '', 'nao', '', '', '', '2017-06-02 00:00:00', '2017-06-02 15:05:31');
INSERT INTO tb_membros VALUES ( '143', 'Batismo', '1', 'membro', 'sim', '', 'm', '', 'Elton Rost', '', '', '0000-00-00', '', '', '', '', 'nao', 'Pastor', '', '', '', '', '', 'Parque Piaui', 'Teresina', '', 'sim', 'sim', 'sim', '', 'nao', '', '', '', '2017-06-02 00:00:00', '2017-06-02 15:05:23');
INSERT INTO tb_membros VALUES ( '145', 'Batismo', '1', 'membro', 'sim', '', 'm', '', 'Silvana Maria Furlan Rost', '', '', '0000-00-00', '', '', '', '', 'nao', 'Estudante', '', '', '', '', '', 'Parque Piaui', 'Teresina', '', 'sim', 'sim', 'sim', '', 'nao', '', '', '', '2017-06-02 00:00:00', '2017-06-02 15:05:38');
INSERT INTO tb_membros VALUES ( '146', 'Batismo', '1', 'membro', 'sim', '', 'm', '', 'érica Rost', '', '', '0000-00-00', '', '', '', '', 'nao', '', '', '', '', '', '', 'Parque Piaui', 'Teresina', '', 'sim', 'sim', 'sim', '', 'nao', '', '', '', '2017-06-02 00:00:00', '2017-06-02 15:05:24');
INSERT INTO tb_membros VALUES ( '147', 'Batismo', '1', 'membro', 'sim', '', 'm', '', 'Maria Clara Soares Barbosa', '', '', '0000-00-00', '', '', '', '', 'nao', 'Estudante', '', '', '', '', '', 'Bela Vista 1', 'Teresina', '', 'sim', 'sim', 'sim', '', 'nao', '', '', '', '2017-06-02 00:00:00', '2017-06-02 15:05:32');
INSERT INTO tb_membros VALUES ( '148', 'Batismo', '1', 'membro', 'sim', '', 'm', '', 'Isaque Pereira Silva', '', '', '0000-00-00', '', '', '', '', 'nao', '', '', '', '', '', '', 'Promorar', 'Teresina', '', 'sim', 'sim', 'sim', '', 'nao', '', '', '', '2017-06-02 00:00:00', '2017-06-02 15:05:27');
INSERT INTO tb_membros VALUES ( '149', 'Batismo', '1', 'membro', 'sim', '', 'm', '', 'Samara Suellen Oliveira Lessa', '', '', '0000-00-00', '', '', '', '', 'nao', 'Estudante', '', '', '', '', '', 'Promorar', 'Teresina', '', 'sim', 'sim', 'sim', '', 'nao', '', '', '', '2017-06-02 00:00:00', '2017-06-02 15:05:37');
INSERT INTO tb_membros VALUES ( '150', 'Batismo', '1', 'membro', 'sim', '', 'm', '', 'Lucas De Oliveira Lessa', '', '', '0000-00-00', '', '', '', '', 'nao', '', '', '', '', '', '', 'Promorar', 'Teresina', '', 'sim', 'sim', 'sim', '', 'nao', '', '', '', '2017-06-02 00:00:00', '2017-06-02 15:05:31');
INSERT INTO tb_membros VALUES ( '169', 'Batismo', '1', 'membro', 'sim', '', 'm', '', 'Henri Freire Lemos', '', '', '0000-00-00', '', '', '', '', 'nao', '', '', '', '', '', '', 'Parque Piaui', 'Teresina', '', 'sim', 'sim', 'sim', '', 'nao', '', '', '', '2017-06-02 00:00:00', '2017-06-02 15:05:27');
INSERT INTO tb_membros VALUES ( '171', 'Batismo', '1', 'membro', 'sim', '', 'm', '', 'Lis Freire Lemos', '', '', '0000-00-00', '', '', '', '', 'nao', '', '', '', '', '', '', 'Parque Piaui', 'Teresina', '', 'sim', 'sim', 'sim', '', 'nao', '', '', '', '2017-06-02 00:00:00', '2017-06-02 15:05:30');
INSERT INTO tb_membros VALUES ( '172', 'Batismo', '1', 'membro', 'sim', '', 'm', '', 'Maria Do Rosário De Fátima Souza Freire', '', '', '0000-00-00', '', '', '', '', 'nao', 'Do Lar', '', '', '', '', '', 'Parque Piaui', 'Teresina', '', 'sim', 'sim', 'sim', '', 'nao', '', '', '', '2017-06-02 00:00:00', '2017-06-02 15:05:33');
INSERT INTO tb_membros VALUES ( '173', 'Batismo', '1', 'membro', 'sim', '', 'm', '', 'Raimundo Francisco Rodrigues', '', '', '0000-00-00', '', '', '', '', 'nao', '', '', '', '', '', '', 'Promorar', 'Teresina', '', 'sim', 'sim', 'sim', '', 'nao', '', '', '', '2017-06-02 00:00:00', '2017-06-02 15:05:36');
INSERT INTO tb_membros VALUES ( '174', 'Batismo', '1', 'membro', 'sim', '', 'm', '', 'Francisco Carlos Lourenço Da Silva Almeida', '', '', '0000-00-00', '', '', '', '', 'nao', 'Militar', '', '', '', '', '', 'Conjunto Parque Piauí', 'Teresina', '', 'sim', 'sim', 'sim', '', 'nao', '', '', '', '2017-06-02 00:00:00', '2017-06-02 15:05:26');
INSERT INTO tb_membros VALUES ( '175', 'Batismo', '1', 'membro', 'sim', 'nao', 'f', 'nao', 'Alice Pinheiro Da Silva', '', '', '0000-00-00', '', '', '', '', 'nao', '', '', '', '', '', '', 'Santo Antonio', 'Teresina', '', 'nao', 'nao', 'nao', '', 'nao', '', '-5.0920108', '-42.8037597', '2017-06-02 00:00:00', '2019-10-20 19:23:45');
INSERT INTO tb_membros VALUES ( '183', 'Batismo', '1', 'membro', 'sim', '', 'm', '', 'Joana Rodrigues Da Silva Sousa', '', '', '0000-00-00', '', '', '', '', 'nao', 'Aposentado', '', '', '', '', '', 'Promorar', 'Teresina', '', 'sim', 'sim', 'sim', '', 'nao', '', '', '', '2017-06-02 00:00:00', '2017-06-02 15:05:28');
INSERT INTO tb_membros VALUES ( '184', 'Batismo', '1', 'membro', 'sim', '', 'm', '', 'Francisca Astrogilda Medino', '', '', '0000-00-00', '', '', '', '', 'nao', 'Serviços Gerais', '', '', '', '', '', 'Bela Vista I', 'Teresina', '', 'sim', 'sim', 'sim', '', 'nao', '', '', '', '2017-06-02 00:00:00', '2017-06-02 15:05:25');
INSERT INTO tb_membros VALUES ( '185', 'Batismo', '1', 'membro', 'sim', '', 'm', '', 'Marilene Moraes Sousa', '', '', '0000-00-00', '', '', '', '', 'nao', 'Estudante', '', '', '', '', '', 'Bela Vista Iii', 'Teresina', '', 'sim', 'sim', 'sim', '', 'nao', '', '', '', '2017-06-02 00:00:00', '2017-06-02 15:05:34');
INSERT INTO tb_membros VALUES ( '186', 'Batismo', '1', 'membro', 'sim', '', 'm', '', 'Maria Inêz De Carvalho', '', '', '0000-00-00', '', '', '', '', 'nao', 'Professora', '', '', '', '', '', 'Bela Vista Iii', 'Teresina', '', 'sim', 'sim', 'sim', '', 'nao', '', '', '', '2017-06-02 00:00:00', '2017-06-02 15:05:34');
INSERT INTO tb_membros VALUES ( '189', 'Batismo', '1', 'membro', 'sim', '', 'm', '', 'Jacira Marlene Araújo', '', '', '0000-00-00', '', '', '', '', 'nao', 'Professora', '', '', '', '', '', 'Dirceu Ii', 'Teresina', '', 'sim', 'sim', 'sim', '', 'nao', '', '', '', '2017-06-02 00:00:00', '2017-06-02 15:05:28');
INSERT INTO tb_membros VALUES ( '190', 'Batismo', '1', 'membro', 'sim', '', 'm', '', 'Andiara De Moraes Vasconselos', '', '', '0000-00-00', '', '', '', '', 'nao', 'Estudante', '', '', '', '', '', 'Bela Vista 1', 'Teresina', '', 'sim', 'sim', 'sim', '', 'nao', '', '', '', '2017-06-02 00:00:00', '2017-06-02 15:05:20');
INSERT INTO tb_membros VALUES ( '191', 'Batismo', '1', 'membro', 'sim', '', 'm', '', 'Maria Angélica Mendes De Moraes', '', '', '0000-00-00', '', '', '', '', 'nao', 'Auxiliar De', '', '', '', '', '', 'Bela Vista 1', 'Teresina', '', 'sim', 'sim', 'sim', '', 'nao', '', '', '', '2017-06-02 00:00:00', '2017-06-02 15:05:32');
INSERT INTO tb_membros VALUES ( '192', 'Batismo', '1', 'membro', 'sim', '', 'm', '', 'Simone Rodrigues Da Silva', '', '', '0000-00-00', '', '', '', '', 'nao', 'Tec Em', '', '', '', '', '', 'Bela Vista I', 'Teresina', '', 'sim', 'sim', 'sim', '', 'nao', '', '', '', '2017-06-02 00:00:00', '2017-06-02 15:05:38');
INSERT INTO tb_membros VALUES ( '194', 'Batismo', '1', 'membro', 'sim', '', 'm', '', 'Priscila Oliveira Pires Lira', '', '', '0000-00-00', '', '', '', '', 'nao', 'Auxiliar De', '', '', '', '', '', 'Bela Vista 1', 'Teresina', '', 'sim', 'sim', 'sim', '', 'nao', '', '', '', '2017-06-02 00:00:00', '2017-06-02 15:05:36');
INSERT INTO tb_membros VALUES ( '195', 'Batismo', '1', 'membro', 'sim', '', 'm', '', 'Milene Martins', '', '', '0000-00-00', '', '', '', '', 'nao', 'Psicologa', '', '', '', '', '', 'Orto Florestal', 'Teresina', '', 'sim', 'sim', 'sim', '', 'nao', '', '', '', '2017-06-02 00:00:00', '2017-06-02 15:05:35');
INSERT INTO tb_membros VALUES ( '196', 'Batismo', '1', 'membro', 'sim', '', 'm', '', 'Maurício Martins Sakis', '', '', '0000-00-00', '', '', '', '', 'nao', 'Estudante', '', '', '', '', '', 'Orto Florestal', 'Teresina', '', 'sim', 'sim', 'sim', '', 'nao', '', '', '', '2017-06-02 00:00:00', '2017-06-02 15:05:34');
INSERT INTO tb_membros VALUES ( '197', 'Batismo', '1', 'membro', 'sim', '', 'm', '', 'Rubens José Lima Noleto', '', '', '0000-00-00', '', '', '', '', 'nao', 'Funcionario', '', '', '', '', '', 'Lourival Parente', 'Teresina', '', 'sim', 'sim', 'sim', '', 'nao', '', '', '', '2017-06-02 00:00:00', '2017-06-02 15:05:36');
INSERT INTO tb_membros VALUES ( '198', 'Batismo', '1', 'membro', 'sim', '', 'm', '', 'Jane Meri Soschinske Vieira', '', '', '0000-00-00', '', '', '', '', 'nao', 'Do Lar', '', '', '', '', '', 'Conjunto Renascença Ii', 'Teresina', '', 'sim', 'sim', 'sim', '', 'nao', '', '', '', '2017-06-02 00:00:00', '2017-06-02 15:05:28');
INSERT INTO tb_membros VALUES ( '199', 'Batismo', '1', 'membro', 'sim', '', 'm', '', 'Lis Soschinske Vieira', '', '', '0000-00-00', '', '', '', '', 'nao', 'Estudante', '', '', '', '', '', 'Conjunto Renascença Ii', 'Teresina', '', 'sim', 'sim', 'sim', '', 'nao', '', '', '', '2017-06-02 00:00:00', '2017-06-02 15:05:30');
INSERT INTO tb_membros VALUES ( '200', 'Batismo', '1', 'membro', 'sim', '', 'm', '', 'Lizandra Soschinske Vieira', '', '', '0000-00-00', '', '', '', '', 'nao', 'Estudante', '', '', '', '', '', 'Conjunto Renascença Ii', 'Teresina', '', 'sim', 'sim', 'sim', '', 'nao', '', '', '', '2017-06-02 00:00:00', '2017-06-02 15:05:30');
INSERT INTO tb_membros VALUES ( '201', 'Batismo', '1', 'membro', 'sim', '', 'm', '', 'Lizandro Soschinske Vieira', '', '', '0000-00-00', '', '', '', '', 'nao', 'Estudante', '', '', '', '', '', 'Conjunto Renascença Ii', 'Teresina', '', 'sim', 'sim', 'sim', '', 'nao', '', '', '', '2017-06-02 00:00:00', '2017-06-02 15:05:31');
INSERT INTO tb_membros VALUES ( '203', 'Batismo', '1', 'membro', 'sim', '', 'm', '', 'Pedro Mateus Oliveira Silva', '', '', '0000-00-00', '', '', '', '', 'nao', '', '', '', '', '', '', 'Promorar', 'Teresina', '', 'sim', 'sim', 'sim', '', 'nao', '', '', '', '2017-06-02 00:00:00', '2017-06-02 15:05:36');
INSERT INTO tb_membros VALUES ( '206', 'Batismo', '1', 'membro', 'sim', '', 'm', '', 'Armando Eberhart', '', '', '0000-00-00', '', '', '', '', 'nao', 'Motorista', '', '', '', '', '', 'Sete Estrela - Angelin', 'Teresina', '', 'sim', 'sim', 'sim', '', 'nao', '', '', '', '2017-06-02 00:00:00', '2017-06-02 15:05:21');
INSERT INTO tb_membros VALUES ( '207', 'Batismo', '1', 'membro', 'sim', '', 'm', '', 'Dislene Ferreira Oliveira Do Nascimento', '', '', '0000-00-00', '', '', '', '', 'nao', 'Cabeleireira', '', '', '', '', '', 'Sete Estrela - Angelin', 'Teresina', '', 'sim', 'sim', 'sim', '', 'nao', '', '', '', '2017-06-02 00:00:00', '2017-06-02 15:05:23');
INSERT INTO tb_membros VALUES ( '208', 'Batismo', '1', 'membro', 'sim', '', 'm', '', 'Sheron Driely Ferreira Braga', '', '', '0000-00-00', '', '', '', '', 'nao', 'Estudante', '', '', '', '', '', 'Sete Estrela - Angelin', 'Teresina', '', 'sim', 'sim', 'sim', '', 'nao', '', '', '', '2017-06-02 00:00:00', '2017-06-02 15:05:38');
INSERT INTO tb_membros VALUES ( '209', 'Batismo', '1', 'membro', 'sim', '', 'm', '', 'Armando Eberhart Filho', '', '', '0000-00-00', '', '', '', '', 'nao', 'Estudante', '', '', '', '', '', 'Sete Estrela - Angelin', 'Teresina', '', 'sim', 'sim', 'sim', '', 'nao', '', '', '', '2017-06-02 00:00:00', '2017-06-02 15:05:21');
INSERT INTO tb_membros VALUES ( '210', 'Batismo', '1', 'membro', 'sim', '', 'm', '', 'Raysa Maria De Sousa Barbosa', '', '', '0000-00-00', '', '', '', '', 'nao', 'Estudante', '', '', '', '', '', 'Promorar', 'Teresina', '', 'sim', 'sim', 'sim', '', 'nao', '', '', '', '2017-06-02 00:00:00', '2017-06-02 15:05:36');
INSERT INTO tb_membros VALUES ( '211', 'Batismo', '1', 'membro', 'sim', '', 'm', '', 'Dilmária Da Silva Santana', '', '', '0000-00-00', '', '', '', '', 'nao', 'Estudante', '', '', '', '', '', 'Afonso Giu', 'Teresina', '', 'sim', 'sim', 'sim', '', 'nao', '', '', '', '2017-06-02 00:00:00', '2017-06-02 15:05:23');
INSERT INTO tb_membros VALUES ( '212', 'Batismo', '1', 'membro', 'sim', '', 'm', '', 'Samuel Sousa De Freitas', '', '', '0000-00-00', '', '', '', '', 'nao', 'Eletrotécnico', '', '', '', '', '', 'Afonso Giu', 'Teresina', '', 'sim', 'sim', 'sim', '', 'nao', '', '', '', '2017-06-02 00:00:00', '2017-06-02 15:05:38');
INSERT INTO tb_membros VALUES ( '213', 'Batismo', '1', 'membro', 'sim', '', 'm', '', 'Isabel Antonia Silva De Freitas', '', '', '0000-00-00', '', '', '', '', 'nao', '', '', '', '', '', '', 'Afonso Giu', 'Teresina', '', 'sim', 'sim', 'sim', '', 'nao', '', '', '', '2017-06-02 00:00:00', '2017-06-02 15:05:27');
INSERT INTO tb_membros VALUES ( '214', 'Batismo', '1', 'membro', 'sim', '', 'm', '', 'Kelly Cavalcante Silva', '', '', '0000-00-00', '', '', '', '', 'nao', 'Estudante', '', '', '', '', '', 'Promorar', 'Teresina', '', 'sim', 'sim', 'sim', '', 'nao', '', '', '', '2017-06-02 00:00:00', '2017-06-02 15:05:29');
INSERT INTO tb_membros VALUES ( '215', 'Batismo', '1', 'membro', 'sim', 'nao', 'f', 'nao', 'Alanis Santana Moraes', '', '', '0000-00-00', '', '', '', '', 'nao', '', 'solteiro', '', '', '', '', '', 'Teresina', '', 'sim', 'nao', 'nao', '', 'nao', '', '-5.0920108', '-42.8037597', '2017-06-02 00:00:00', '2019-10-20 19:20:17');
INSERT INTO tb_membros VALUES ( '217', 'Batismo', '1', 'membro', 'sim', '', 'm', '', 'Glaydson Souza Freire', '', '', '0000-00-00', '', '', '', '', 'nao', 'Autonomo', '', '', '', '', '', 'Planalto Bela Vista', 'Teresina', '', 'sim', 'sim', 'sim', '', 'nao', '', '', '', '2017-06-02 00:00:00', '2017-06-02 15:05:27');
INSERT INTO tb_membros VALUES ( '218', 'Batismo', '1', 'membro', 'sim', '', 'm', '', 'Conceição De Maria Costa E Sousa Freire', '', '', '0000-00-00', '', '', '', '', 'nao', 'Operadora De', '', '', '', '', '', 'Planalto Bela Vista', 'Teresina', '', 'sim', 'sim', 'sim', '', 'nao', '', '', '', '2017-06-02 00:00:00', '2017-06-02 15:05:22');
INSERT INTO tb_membros VALUES ( '219', 'Batismo', '1', 'membro', 'sim', '', 'm', '', 'Lamardi Rafael Costa E Silva', '', '', '0000-00-00', '', '', '', '', 'nao', '', '', '', '', '', '', 'Planalto Bela Vista', 'Teresina', '', 'sim', 'sim', 'sim', '', 'nao', '', '', '', '2017-06-02 00:00:00', '2017-06-02 15:05:30');
INSERT INTO tb_membros VALUES ( '220', 'Batismo', '1', 'membro', 'sim', '', 'm', '', 'Cássia Gislaine Costa Freire', '', '', '0000-00-00', '', '', '', '', 'nao', 'Estudante', '', '', '', '', '', 'Planalto Bela Vista', 'Teresina', '', 'sim', 'sim', 'sim', '', 'nao', '', '', '', '2017-06-02 00:00:00', '2017-06-02 15:05:22');
INSERT INTO tb_membros VALUES ( '221', 'Batismo', '1', 'membro', 'sim', '', 'm', '', 'Guilherme Costa Freire', '', '', '0000-00-00', '', '', '', '', 'nao', 'Estudante', '', '', '', '', '', 'Planalto Bela Vista', 'Teresina', '', 'sim', 'sim', 'sim', '', 'nao', '', '', '', '2017-06-02 00:00:00', '2017-06-02 15:05:27');
INSERT INTO tb_membros VALUES ( '263', 'Batismo', '1', 'membro', 'sim', '', 'm', '', 'Marcos Reinicke', '', '', '0000-00-00', '', '', '', '', 'nao', '', '', '', '', '', '', '', 'Teresina', '', 'sim', 'sim', 'sim', '', 'nao', '', '', '', '2017-06-02 00:00:00', '2017-06-02 15:05:31');
INSERT INTO tb_membros VALUES ( '264', 'Batismo', '1', 'membro', 'sim', '', 'm', '', 'Marcus E Jordania', '', '', '0000-00-00', '', '', '', '', 'nao', '', '', '', '', '', '', '', 'Teresina', '', 'sim', 'sim', 'sim', '', 'nao', '', '', '', '2017-06-02 00:00:00', '2017-06-02 15:05:31');
INSERT INTO tb_membros VALUES ( '265', 'Batismo', '1', 'membro', 'sim', '', 'm', '', 'Pedro Saulo', '', '', '0000-00-00', '', '', '', '', 'nao', '', '', '', '', '', '', '', 'Teresina', '', 'sim', 'sim', 'sim', '', 'nao', '', '', '', '2017-06-02 00:00:00', '2017-06-02 15:05:36');
INSERT INTO tb_membros VALUES ( '266', 'Batismo', '1', 'membro', 'sim', '', 'm', '', 'Nilvania', '', '', '0000-00-00', '', '', '', '', 'nao', '', '', '', '', '', '', '', 'Teresina', '', 'sim', 'sim', 'sim', '', 'nao', '', '', '', '2017-06-02 00:00:00', '2017-06-02 15:05:35');
INSERT INTO tb_membros VALUES ( '267', 'Batismo', '1', 'membro', 'sim', '', 'm', '', 'Felipe Borges', '', '', '0000-00-00', '', '', '', '', 'nao', '', '', '', '', '', '', '', 'Teresina', '', 'sim', 'sim', 'sim', '', 'nao', '', '', '', '2017-06-02 00:00:00', '2017-06-02 15:05:25');
INSERT INTO tb_membros VALUES ( '269', 'Batismo', '1', 'membro', 'sim', '', 'm', '', 'Bruno Silva', '', '', '0000-00-00', '', '', '', '', 'nao', '', '', '', '', '', '', '', 'Teresina', '', 'sim', 'sim', 'sim', '', 'nao', '', '', '', '2017-06-02 00:00:00', '2017-06-02 15:05:21');
INSERT INTO tb_membros VALUES ( '270', 'Profissão de fé', '1', 'membro', 'sim', 'nao', 'f', 'nao', 'ANGELA BORGES DE MOURA', '', '965.279.001-04', '0000-00-00', '', '', '', '', '', '', 'casado', '', '', '', '', '', '', '', 'sim', 'nao', 'sim', '', 'nao', '', '-14.2350040', '-51.9252800', '2017-06-02 00:00:00', '2017-06-09 19:25:57');
INSERT INTO tb_membros VALUES ( '271', 'Transferência', '1', 'membro', 'sim', 'nao', 'm', 'sim', 'OLMAR NORNBERG', '', '', '0000-00-00', '', '', '', '', '', 'Pastor', 'casado', '', '', '', '', '', 'TERESINA', 'PI', 'sim', 'sim', 'sim', '', 'nao', '', '-5.0920108', '-42.8037597', '2015-10-01 00:00:00', '2017-06-09 19:36:31');
INSERT INTO tb_membros VALUES ( '272', 'Confirmação', '2', 'membro', 'sim', 'nao', 'm', 'nao', 'CHARDEAN SILVA DA CRUZ', '', '063.424.523-69', '1995-09-01', 'TERESINA', 'PI', '', '', 'nao', 'AUXILIAR ADMINISTRATIVO', 'solteiro', '65636-748', 'RUA DR MARTINHO LUTERO ', '589', '', 'SÃO FRANCISCO', 'Timon', 'MA', 'sim', 'sim', 'nao', 'NOITE', 'nao', '', '', '', '2011-06-11 00:00:00', '2017-06-09 22:12:46');
INSERT INTO tb_membros VALUES ( '273', 'Transferência', '1', 'membro', 'sim', 'nao', 'm', 'sim', 'LINDBERG FERREIRA ALVES', '', '', '0000-00-00', '', '', '', '', '', '', 'casado', '', '', '', '', '', '', '', 'sim', 'sim', 'sim', '', 'nao', '', '-14.2350040', '-51.9252800', '2018-02-01 00:00:00', '2019-05-13 12:45:46');

#
# Criação da Tabela : tb_membros_batismo
#

CREATE TABLE `tb_membros_batismo` (
  `id_batismo` int(11) NOT NULL AUTO_INCREMENT,
  `id_membro` int(11) NOT NULL,
  `data_batismo` date NOT NULL,
  `pai` varchar(250) NOT NULL,
  `mae` varchar(250) NOT NULL,
  `congregacao` varchar(250) NOT NULL,
  `oficiante` varchar(250) NOT NULL,
  `data_cadastro` datetime NOT NULL,
  `atualizacao` timestamp NOT NULL DEFAULT CURRENT_TIMESTAMP ON UPDATE CURRENT_TIMESTAMP,
  PRIMARY KEY (`id_batismo`)
) ENGINE=InnoDB DEFAULT CHARSET=latin1 ;

#
# Dados a serem incluídos na tabela
#


#
# Criação da Tabela : tb_membros_batismo_padrinhos
#

CREATE TABLE `tb_membros_batismo_padrinhos` (
  `id_padrinho` int(11) NOT NULL AUTO_INCREMENT,
  `id_batismo` int(11) NOT NULL,
  `nome` varchar(250) NOT NULL,
  `data_cadastro` datetime NOT NULL,
  `atualizacao` timestamp NOT NULL DEFAULT CURRENT_TIMESTAMP ON UPDATE CURRENT_TIMESTAMP,
  PRIMARY KEY (`id_padrinho`)
) ENGINE=InnoDB DEFAULT CHARSET=latin1 ;

#
# Dados a serem incluídos na tabela
#


#
# Criação da Tabela : tb_membros_casamentos
#

CREATE TABLE `tb_membros_casamentos` (
  `id_casamento` int(11) NOT NULL AUTO_INCREMENT,
  `membro1` varchar(250) NOT NULL,
  `membro2` varchar(250) NOT NULL,
  `data_casamento` date NOT NULL,
  `oficiante` varchar(250) NOT NULL,
  `data_cadastro` datetime NOT NULL,
  `atualizacao` timestamp NOT NULL DEFAULT CURRENT_TIMESTAMP ON UPDATE CURRENT_TIMESTAMP,
  PRIMARY KEY (`id_casamento`)
) ENGINE=InnoDB AUTO_INCREMENT=3 DEFAULT CHARSET=latin1 ;

#
# Dados a serem incluídos na tabela
#

INSERT INTO tb_membros_casamentos VALUES ( '1', '2', '', '0000-00-00', '', '2017-06-06 16:37:53', '2017-06-06 16:37:53');
INSERT INTO tb_membros_casamentos VALUES ( '2', '2', '1', '1995-11-03', 'Rev. Carlos Wilhelms', '2017-06-06 16:52:25', '2017-06-06 16:52:25');

#
# Criação da Tabela : tb_membros_casamentos_padrinhos
#

CREATE TABLE `tb_membros_casamentos_padrinhos` (
  `id_padrinho` int(11) NOT NULL AUTO_INCREMENT,
  `id_casamento` int(11) NOT NULL,
  `nome` varchar(250) NOT NULL,
  `data_cadastro` datetime NOT NULL,
  `atualizacao` timestamp NOT NULL DEFAULT CURRENT_TIMESTAMP ON UPDATE CURRENT_TIMESTAMP,
  PRIMARY KEY (`id_padrinho`)
) ENGINE=InnoDB AUTO_INCREMENT=4 DEFAULT CHARSET=latin1 ;

#
# Dados a serem incluídos na tabela
#

INSERT INTO tb_membros_casamentos_padrinhos VALUES ( '1', '1', '', '2017-06-06 16:37:53', '2017-06-06 16:37:53');
INSERT INTO tb_membros_casamentos_padrinhos VALUES ( '3', '2', 'Jose de Sausa', '2017-06-06 16:53:50', '2017-06-06 16:53:50');

#
# Criação da Tabela : tb_membros_confirmacao
#

CREATE TABLE `tb_membros_confirmacao` (
  `id_confirmacao` int(11) NOT NULL AUTO_INCREMENT,
  `id_membro` int(11) NOT NULL,
  `data_confirmacao` date NOT NULL,
  `oficiante` varchar(250) NOT NULL,
  `versiculo` varchar(250) NOT NULL DEFAULT 'Ponha sua vida nas mãos do SENHOR, confia nele, e ele o ajudará.',
  `livro` varchar(250) NOT NULL DEFAULT 'Salmos 37.5',
  `local` varchar(250) NOT NULL,
  `pais` varchar(250) NOT NULL,
  `data_cadastro` datetime NOT NULL,
  `atualizacao` timestamp NOT NULL DEFAULT CURRENT_TIMESTAMP ON UPDATE CURRENT_TIMESTAMP,
  PRIMARY KEY (`id_confirmacao`)
) ENGINE=InnoDB AUTO_INCREMENT=2 DEFAULT CHARSET=latin1 ;

#
# Dados a serem incluídos na tabela
#

INSERT INTO tb_membros_confirmacao VALUES ( '1', '272', '2011-06-11', 'Rev Elton Rost', '', '', '', '', '2017-06-09 22:23:32', '2017-06-09 22:23:32');

#
# Criação da Tabela : tb_membros_desligamento
#

CREATE TABLE `tb_membros_desligamento` (
  `id_desligamento` int(11) NOT NULL AUTO_INCREMENT,
  `id_membro` int(11) NOT NULL,
  `tipo` varchar(250) NOT NULL,
  `data_desligamento` date NOT NULL,
  `admissao_desatualizada` char(3) NOT NULL,
  `paroquia_destino` varchar(250) NOT NULL,
  `pastor_destino` varchar(250) NOT NULL,
  `versiculo` text NOT NULL,
  `pastor_assinatura` varchar(250) NOT NULL,
  `diretoria_assinatura` varchar(250) NOT NULL,
  `auto_exclusao` varchar(250) NOT NULL,
  `observacoes` text NOT NULL,
  `data_cadastro` datetime NOT NULL,
  `atualizacao` timestamp NULL DEFAULT CURRENT_TIMESTAMP ON UPDATE CURRENT_TIMESTAMP,
  PRIMARY KEY (`id_desligamento`)
) ENGINE=InnoDB AUTO_INCREMENT=4 DEFAULT CHARSET=latin1 ;

#
# Dados a serem incluídos na tabela
#

INSERT INTO tb_membros_desligamento VALUES ( '1', '68', 'Transferência paroquial', '0000-00-00', 'nao', '', '', '', '', '', 'nao', '', '2019-10-20 19:27:31', '2019-10-20 19:27:31');
INSERT INTO tb_membros_desligamento VALUES ( '2', '0', 'Óbito', '2015-09-19', 'nao', '', '', '', '', '', 'nao', '', '2019-10-20 19:27:31', '2019-10-20 19:32:02');
INSERT INTO tb_membros_desligamento VALUES ( '3', '26', 'Óbito', '2015-09-19', 'nao', '', '', '', '', '', 'nao', '', '2019-10-20 19:32:02', '2019-10-20 19:32:02');

#
# Criação da Tabela : tb_membros_emails
#

CREATE TABLE `tb_membros_emails` (
  `id_email` int(11) NOT NULL AUTO_INCREMENT,
  `id_membro` int(11) NOT NULL,
  `email` varchar(250) NOT NULL,
  `data_cadastro` datetime NOT NULL,
  `atualizacao` timestamp NOT NULL DEFAULT CURRENT_TIMESTAMP ON UPDATE CURRENT_TIMESTAMP,
  PRIMARY KEY (`id_email`)
) ENGINE=InnoDB AUTO_INCREMENT=11 DEFAULT CHARSET=latin1 ;

#
# Dados a serem incluídos na tabela
#

INSERT INTO tb_membros_emails VALUES ( '3', '2', 'Siomaranunes@hotmail.com ', '2017-06-06 16:43:41', '2017-06-06 16:43:41');
INSERT INTO tb_membros_emails VALUES ( '6', '272', 'chardeancruz@gmail.com', '2017-06-09 22:19:40', '2017-06-09 22:19:40');
INSERT INTO tb_membros_emails VALUES ( '7', '273', 'berg.berg1@yahoo.com.br', '2019-05-13 12:45:46', '2019-05-13 12:45:46');
INSERT INTO tb_membros_emails VALUES ( '9', '1', 'luizpmt@hotmail.com', '2019-05-13 21:14:57', '2019-05-13 21:14:57');
INSERT INTO tb_membros_emails VALUES ( '10', '53', 'acn@ambev.com.br', '2019-10-20 19:25:30', '2019-10-20 19:25:30');

#
# Criação da Tabela : tb_membros_entrada_transferencia
#

CREATE TABLE `tb_membros_entrada_transferencia` (
  `id_entrada` int(11) NOT NULL AUTO_INCREMENT,
  `id_membro` int(11) NOT NULL,
  `data_transferencia` date NOT NULL,
  `paroquia_anterior` varchar(250) NOT NULL,
  `observacoes` text NOT NULL,
  `arquivo_historico` varchar(300) NOT NULL,
  `data_cadastro` datetime NOT NULL,
  `atualizacao` timestamp NOT NULL DEFAULT CURRENT_TIMESTAMP ON UPDATE CURRENT_TIMESTAMP,
  PRIMARY KEY (`id_entrada`)
) ENGINE=InnoDB DEFAULT CHARSET=latin1 ;

#
# Dados a serem incluídos na tabela
#


#
# Criação da Tabela : tb_membros_familias
#

CREATE TABLE `tb_membros_familias` (
  `id_familia` int(11) NOT NULL AUTO_INCREMENT,
  `id_membro` int(11) NOT NULL,
  `id_membro2` int(11) NOT NULL,
  `parentesco` varchar(250) NOT NULL,
  `data_cadastro` datetime NOT NULL,
  `atualizacao` timestamp NOT NULL DEFAULT CURRENT_TIMESTAMP ON UPDATE CURRENT_TIMESTAMP,
  PRIMARY KEY (`id_familia`)
) ENGINE=InnoDB AUTO_INCREMENT=23 DEFAULT CHARSET=latin1 ;

#
# Dados a serem incluídos na tabela
#

INSERT INTO tb_membros_familias VALUES ( '1', '0', '2', 'esposa', '2017-06-06 16:37:53', '2017-06-06 16:37:53');
INSERT INTO tb_membros_familias VALUES ( '2', '2', '0', 'esposa', '2017-06-06 16:37:53', '2017-06-06 16:37:53');
INSERT INTO tb_membros_familias VALUES ( '5', '2', '44', 'Filho(a)', '2017-06-06 16:45:55', '2017-06-06 16:45:55');
INSERT INTO tb_membros_familias VALUES ( '6', '44', '2', 'Mãe', '2017-06-06 16:45:55', '2017-06-06 16:45:55');
INSERT INTO tb_membros_familias VALUES ( '7', '2', '3', 'Filho(a)', '2017-06-06 16:46:27', '2017-06-06 16:46:27');
INSERT INTO tb_membros_familias VALUES ( '8', '3', '2', 'Mãe', '2017-06-06 16:46:27', '2017-06-06 16:46:27');
INSERT INTO tb_membros_familias VALUES ( '9', '2', '63', 'Filho(a)', '2017-06-06 16:47:08', '2017-06-06 16:47:08');
INSERT INTO tb_membros_familias VALUES ( '10', '63', '2', 'Mãe', '2017-06-06 16:47:08', '2017-06-06 16:47:08');
INSERT INTO tb_membros_familias VALUES ( '13', '1', '2', 'Esposa', '2019-05-13 21:07:50', '2019-05-13 21:07:50');
INSERT INTO tb_membros_familias VALUES ( '14', '2', '1', 'Marido', '2019-05-13 21:07:50', '2019-05-13 21:07:50');
INSERT INTO tb_membros_familias VALUES ( '15', '1', '3', 'Filho(a)', '2019-05-13 21:08:27', '2019-05-13 21:08:27');
INSERT INTO tb_membros_familias VALUES ( '16', '3', '1', 'Pai', '2019-05-13 21:08:27', '2019-05-13 21:08:27');
INSERT INTO tb_membros_familias VALUES ( '17', '1', '44', 'Filho(a)', '2019-05-13 21:08:57', '2019-05-13 21:08:57');
INSERT INTO tb_membros_familias VALUES ( '18', '44', '1', 'Pai', '2019-05-13 21:08:57', '2019-05-13 21:08:57');
INSERT INTO tb_membros_familias VALUES ( '19', '1', '63', 'Filho(a)', '2019-05-13 21:09:23', '2019-05-13 21:09:23');
INSERT INTO tb_membros_familias VALUES ( '20', '63', '1', 'Pai', '2019-05-13 21:09:23', '2019-05-13 21:09:23');
INSERT INTO tb_membros_familias VALUES ( '21', '24', '130', 'Filho(a)', '2019-10-20 19:30:23', '2019-10-20 19:30:23');
INSERT INTO tb_membros_familias VALUES ( '22', '130', '24', 'Pai', '2019-10-20 19:30:23', '2019-10-20 19:30:23');

#
# Criação da Tabela : tb_membros_historico
#

CREATE TABLE `tb_membros_historico` (
  `id_historico` int(11) NOT NULL AUTO_INCREMENT,
  `id_membro` int(11) NOT NULL,
  `texto` varchar(250) NOT NULL,
  `data` date NOT NULL,
  `data_cadastro` datetime NOT NULL,
  `atualizacao` timestamp NULL DEFAULT CURRENT_TIMESTAMP ON UPDATE CURRENT_TIMESTAMP,
  PRIMARY KEY (`id_historico`)
) ENGINE=InnoDB AUTO_INCREMENT=2 DEFAULT CHARSET=latin1 ;

#
# Dados a serem incluídos na tabela
#

INSERT INTO tb_membros_historico VALUES ( '1', '6', 'Nascimento do filho, Arthur, as 14:00, em 23 de outubro de 2019 ', '2019-10-23', '2019-10-24 13:36:30', '2019-10-24 13:36:30');

#
# Criação da Tabela : tb_membros_ofertas
#

CREATE TABLE `tb_membros_ofertas` (
  `id_oferta` int(11) NOT NULL AUTO_INCREMENT,
  `id_membro` int(11) NOT NULL,
  `id_financeiro` int(11) NOT NULL,
  `id_centro_custo` int(11) NOT NULL,
  `valor` decimal(15,2) NOT NULL,
  `data_pagamento` date NOT NULL,
  `referencia` varchar(250) NOT NULL,
  `data_cadastro` date NOT NULL,
  `atualizacao` timestamp NOT NULL DEFAULT CURRENT_TIMESTAMP ON UPDATE CURRENT_TIMESTAMP,
  PRIMARY KEY (`id_oferta`)
) ENGINE=InnoDB AUTO_INCREMENT=6 DEFAULT CHARSET=latin1 ;

#
# Dados a serem incluídos na tabela
#

INSERT INTO tb_membros_ofertas VALUES ( '1', '117', '2', '2', '50.00', '2020-01-19', '', '2020-07-09', '2020-07-09 17:14:55');
INSERT INTO tb_membros_ofertas VALUES ( '2', '117', '3', '2', '50.00', '2020-03-22', '', '2020-07-09', '2020-07-09 17:27:55');
INSERT INTO tb_membros_ofertas VALUES ( '3', '117', '4', '2', '50.00', '2020-04-19', '', '2020-07-09', '2020-07-09 17:28:30');
INSERT INTO tb_membros_ofertas VALUES ( '4', '0', '5', '2', '50.00', '2020-05-17', '', '2020-07-09', '2020-07-09 17:29:05');
INSERT INTO tb_membros_ofertas VALUES ( '5', '117', '6', '2', '50.00', '2020-06-14', '', '2020-07-09', '2020-07-09 17:29:47');

#
# Criação da Tabela : tb_membros_profissao_de_fe
#

CREATE TABLE `tb_membros_profissao_de_fe` (
  `id_profissao_de_fe` int(11) NOT NULL AUTO_INCREMENT,
  `id_membro` int(11) NOT NULL,
  `data_profissao_de_fe` date NOT NULL,
  `oficiante` varchar(250) NOT NULL,
  `versiculo` varchar(250) NOT NULL,
  `livro` varchar(250) NOT NULL,
  `data_cadastro` datetime NOT NULL,
  `atualizacao` timestamp NOT NULL DEFAULT CURRENT_TIMESTAMP ON UPDATE CURRENT_TIMESTAMP,
  PRIMARY KEY (`id_profissao_de_fe`)
) ENGINE=InnoDB DEFAULT CHARSET=latin1 ;

#
# Dados a serem incluídos na tabela
#


#
# Criação da Tabela : tb_membros_telefones
#

CREATE TABLE `tb_membros_telefones` (
  `id_telefone` int(11) NOT NULL AUTO_INCREMENT,
  `id_membro` int(11) NOT NULL,
  `numero` varchar(250) NOT NULL,
  `operadora` varchar(250) NOT NULL,
  `data_cadastro` datetime NOT NULL,
  `atualizacao` timestamp NOT NULL DEFAULT CURRENT_TIMESTAMP ON UPDATE CURRENT_TIMESTAMP,
  PRIMARY KEY (`id_telefone`)
) ENGINE=InnoDB AUTO_INCREMENT=126 DEFAULT CHARSET=latin1 ;

#
# Dados a serem incluídos na tabela
#

INSERT INTO tb_membros_telefones VALUES ( '1', '0', '3220-1115 Ou 8818-8568 Ou 9994-', '', '2017-06-02 13:05:18', '2017-06-02 15:05:18');
INSERT INTO tb_membros_telefones VALUES ( '2', '0', '3211-2918 Ou 9408-7710', '', '2017-06-02 13:05:19', '2017-06-02 15:05:19');
INSERT INTO tb_membros_telefones VALUES ( '3', '0', '3211-2918', '', '2017-06-02 13:05:19', '2017-06-02 15:05:19');
INSERT INTO tb_membros_telefones VALUES ( '4', '0', '9974-6646', '', '2017-06-02 13:05:19', '2017-06-02 15:05:19');
INSERT INTO tb_membros_telefones VALUES ( '5', '0', '86 88416778', '', '2017-06-02 13:05:20', '2017-06-02 15:05:20');
INSERT INTO tb_membros_telefones VALUES ( '6', '0', '8801-8724', '', '2017-06-02 13:05:20', '2017-06-02 15:05:20');
INSERT INTO tb_membros_telefones VALUES ( '7', '0', '32201214', '', '2017-06-02 13:05:20', '2017-06-02 15:05:20');
INSERT INTO tb_membros_telefones VALUES ( '8', '0', '8841-8826', '', '2017-06-02 13:05:20', '2017-06-02 15:05:20');
INSERT INTO tb_membros_telefones VALUES ( '9', '0', '3220-4355 Ou 8806-4050', '', '2017-06-02 13:05:20', '2017-06-02 15:05:20');
INSERT INTO tb_membros_telefones VALUES ( '10', '0', '8842-7956', '', '2017-06-02 13:05:20', '2017-06-02 15:05:20');
INSERT INTO tb_membros_telefones VALUES ( '11', '0', '(86) 8101-3746', '', '2017-06-02 13:05:20', '2017-06-02 15:05:20');
INSERT INTO tb_membros_telefones VALUES ( '12', '0', '3227-8015', '', '2017-06-02 13:05:20', '2017-06-02 15:05:20');
INSERT INTO tb_membros_telefones VALUES ( '13', '0', '88174952 Ou 32191470', '', '2017-06-02 13:05:21', '2017-06-02 15:05:21');
INSERT INTO tb_membros_telefones VALUES ( '14', '0', '32191470', '', '2017-06-02 13:05:21', '2017-06-02 15:05:21');
INSERT INTO tb_membros_telefones VALUES ( '15', '0', '9974-6646 Ou 9993-6170', '', '2017-06-02 13:05:21', '2017-06-02 15:05:21');
INSERT INTO tb_membros_telefones VALUES ( '16', '0', '32114321 Ou 8803-9185', '', '2017-06-02 13:05:21', '2017-06-02 15:05:21');
INSERT INTO tb_membros_telefones VALUES ( '17', '0', '32201214', '', '2017-06-02 13:05:22', '2017-06-02 15:05:22');
INSERT INTO tb_membros_telefones VALUES ( '18', '0', '3219-5043', '', '2017-06-02 13:05:22', '2017-06-02 15:05:22');
INSERT INTO tb_membros_telefones VALUES ( '19', '0', '8883-0135', '', '2017-06-02 13:05:22', '2017-06-02 15:05:22');
INSERT INTO tb_membros_telefones VALUES ( '20', '0', '8819-9409', '', '2017-06-02 13:05:22', '2017-06-02 15:05:22');
INSERT INTO tb_membros_telefones VALUES ( '21', '0', '9974-6646', '', '2017-06-02 13:05:22', '2017-06-02 15:05:22');
INSERT INTO tb_membros_telefones VALUES ( '22', '0', '32201443', '', '2017-06-02 13:05:23', '2017-06-02 15:05:23');
INSERT INTO tb_membros_telefones VALUES ( '23', '0', '32208231', '', '2017-06-02 13:05:23', '2017-06-02 15:05:23');
INSERT INTO tb_membros_telefones VALUES ( '24', '0', '9468-7879', '', '2017-06-02 13:05:23', '2017-06-02 15:05:23');
INSERT INTO tb_membros_telefones VALUES ( '25', '0', '88553642', '', '2017-06-02 13:05:23', '2017-06-02 15:05:23');
INSERT INTO tb_membros_telefones VALUES ( '26', '0', '32191470 Ou 88544114', '', '2017-06-02 13:05:23', '2017-06-02 15:05:23');
INSERT INTO tb_membros_telefones VALUES ( '27', '0', '88418252', '', '2017-06-02 13:05:23', '2017-06-02 15:05:23');
INSERT INTO tb_membros_telefones VALUES ( '28', '0', '86 32273252', '', '2017-06-02 13:05:24', '2017-06-02 15:05:24');
INSERT INTO tb_membros_telefones VALUES ( '29', '0', '32202785', '', '2017-06-02 13:05:24', '2017-06-02 15:05:24');
INSERT INTO tb_membros_telefones VALUES ( '30', '0', '99266036', '', '2017-06-02 13:05:24', '2017-06-02 15:05:24');
INSERT INTO tb_membros_telefones VALUES ( '31', '0', '(86)99732222', '', '2017-06-02 13:05:24', '2017-06-02 15:05:24');
INSERT INTO tb_membros_telefones VALUES ( '32', '0', '8841-3882', '', '2017-06-02 13:05:25', '2017-06-02 15:05:25');
INSERT INTO tb_membros_telefones VALUES ( '33', '0', '8826-4664', '', '2017-06-02 13:05:25', '2017-06-02 15:05:25');
INSERT INTO tb_membros_telefones VALUES ( '34', '0', '3227-2849', '', '2017-06-02 13:05:25', '2017-06-02 15:05:25');
INSERT INTO tb_membros_telefones VALUES ( '35', '0', '99819804', '', '2017-06-02 13:05:25', '2017-06-02 15:05:25');
INSERT INTO tb_membros_telefones VALUES ( '36', '0', '3211-4321 Ou 8804-5679', '', '2017-06-02 13:05:25', '2017-06-02 15:05:25');
INSERT INTO tb_membros_telefones VALUES ( '37', '0', '9449-8712', '', '2017-06-02 13:05:25', '2017-06-02 15:05:25');
INSERT INTO tb_membros_telefones VALUES ( '38', '0', '9418-2698', '', '2017-06-02 13:05:26', '2017-06-02 15:05:26');
INSERT INTO tb_membros_telefones VALUES ( '39', '0', '3220-1115 Ou 9981-8717', '', '2017-06-02 13:05:26', '2017-06-02 15:05:26');
INSERT INTO tb_membros_telefones VALUES ( '40', '0', '32208231', '', '2017-06-02 13:05:27', '2017-06-02 15:05:27');
INSERT INTO tb_membros_telefones VALUES ( '41', '0', '9417-3829', '', '2017-06-02 13:05:27', '2017-06-02 15:05:27');
INSERT INTO tb_membros_telefones VALUES ( '42', '0', '32201443', '', '2017-06-02 13:05:27', '2017-06-02 15:05:27');
INSERT INTO tb_membros_telefones VALUES ( '43', '0', '99732222', '', '2017-06-02 13:05:28', '2017-06-02 15:05:28');
INSERT INTO tb_membros_telefones VALUES ( '44', '0', '3210-5043', '', '2017-06-02 13:05:28', '2017-06-02 15:05:28');
INSERT INTO tb_membros_telefones VALUES ( '45', '0', '8854-7224', '', '2017-06-02 13:05:28', '2017-06-02 15:05:28');
INSERT INTO tb_membros_telefones VALUES ( '46', '0', '3211-4321 Ou 8801-8756', '', '2017-06-02 13:05:28', '2017-06-02 15:05:28');
INSERT INTO tb_membros_telefones VALUES ( '47', '0', '089 9972-4757', '', '2017-06-02 13:05:28', '2017-06-02 15:05:28');
INSERT INTO tb_membros_telefones VALUES ( '48', '0', '3227-2849', '', '2017-06-02 13:05:28', '2017-06-02 15:05:28');
INSERT INTO tb_membros_telefones VALUES ( '49', '0', '8828-1471', '', '2017-06-02 13:05:28', '2017-06-02 15:05:28');
INSERT INTO tb_membros_telefones VALUES ( '50', '0', '3227-8015', '', '2017-06-02 13:05:28', '2017-06-02 15:05:28');
INSERT INTO tb_membros_telefones VALUES ( '51', '0', '32208231', '', '2017-06-02 13:05:29', '2017-06-02 15:05:29');
INSERT INTO tb_membros_telefones VALUES ( '52', '0', '9993-6170', '', '2017-06-02 13:05:29', '2017-06-02 15:05:29');
INSERT INTO tb_membros_telefones VALUES ( '53', '0', '3211-4022 Ou 8105-0018', '', '2017-06-02 13:05:29', '2017-06-02 15:05:29');
INSERT INTO tb_membros_telefones VALUES ( '54', '0', '3211-4022 Ou 8801-7943', '', '2017-06-02 13:05:29', '2017-06-02 15:05:29');
INSERT INTO tb_membros_telefones VALUES ( '55', '0', '3227-7845 E 8834-2580', '', '2017-06-02 13:05:29', '2017-06-02 15:05:29');
INSERT INTO tb_membros_telefones VALUES ( '56', '0', '99219826 Ou 88021781', '', '2017-06-02 13:05:29', '2017-06-02 15:05:29');
INSERT INTO tb_membros_telefones VALUES ( '57', '0', '3220-1443 E 9417-3829', '', '2017-06-02 13:05:29', '2017-06-02 15:05:29');
INSERT INTO tb_membros_telefones VALUES ( '58', '0', '9956-7164', '', '2017-06-02 13:05:30', '2017-06-02 15:05:30');
INSERT INTO tb_membros_telefones VALUES ( '59', '0', '(86)88037671/(86)99732222', '', '2017-06-02 13:05:30', '2017-06-02 15:05:30');
INSERT INTO tb_membros_telefones VALUES ( '60', '0', '3227-8015', '', '2017-06-02 13:05:30', '2017-06-02 15:05:30');
INSERT INTO tb_membros_telefones VALUES ( '61', '0', '32201443', '', '2017-06-02 13:05:30', '2017-06-02 15:05:30');
INSERT INTO tb_membros_telefones VALUES ( '62', '0', '89 9972-4757', '', '2017-06-02 13:05:30', '2017-06-02 15:05:30');
INSERT INTO tb_membros_telefones VALUES ( '63', '0', '89 9972-4757', '', '2017-06-02 13:05:31', '2017-06-02 15:05:31');
INSERT INTO tb_membros_telefones VALUES ( '64', '0', '88093214', '', '2017-06-02 13:05:31', '2017-06-02 15:05:31');
INSERT INTO tb_membros_telefones VALUES ( '65', '0', '(86) 88037671', '', '2017-06-02 13:05:31', '2017-06-02 15:05:31');
INSERT INTO tb_membros_telefones VALUES ( '66', '0', '3227-2849', '', '2017-06-02 13:05:31', '2017-06-02 15:05:31');
INSERT INTO tb_membros_telefones VALUES ( '67', '0', '3220-8231', '', '2017-06-02 13:05:32', '2017-06-02 15:05:32');
INSERT INTO tb_membros_telefones VALUES ( '68', '0', '8821-0557', '', '2017-06-02 13:05:32', '2017-06-02 15:05:32');
INSERT INTO tb_membros_telefones VALUES ( '69', '0', '3220-4355 Ou 8803-7521', '', '2017-06-02 13:05:32', '2017-06-02 15:05:32');
INSERT INTO tb_membros_telefones VALUES ( '70', '0', '3227-8015', '', '2017-06-02 13:05:32', '2017-06-02 15:05:32');
INSERT INTO tb_membros_telefones VALUES ( '71', '0', '3211-4022 E 9449-9103', '', '2017-06-02 13:05:32', '2017-06-02 15:05:32');
INSERT INTO tb_membros_telefones VALUES ( '72', '0', '8841-8826', '', '2017-06-02 13:05:32', '2017-06-02 15:05:32');
INSERT INTO tb_membros_telefones VALUES ( '73', '0', '8818-1552', '', '2017-06-02 13:05:32', '2017-06-02 15:05:32');
INSERT INTO tb_membros_telefones VALUES ( '74', '0', '88219600', '', '2017-06-02 13:05:32', '2017-06-02 15:05:32');
INSERT INTO tb_membros_telefones VALUES ( '75', '0', '88093214 - 3220-6590', '', '2017-06-02 13:05:33', '2017-06-02 15:05:33');
INSERT INTO tb_membros_telefones VALUES ( '76', '0', '3227-5225', '', '2017-06-02 13:05:33', '2017-06-02 15:05:33');
INSERT INTO tb_membros_telefones VALUES ( '77', '0', '3227-2849', '', '2017-06-02 13:05:33', '2017-06-02 15:05:33');
INSERT INTO tb_membros_telefones VALUES ( '78', '0', '32201443', '', '2017-06-02 13:05:33', '2017-06-02 15:05:33');
INSERT INTO tb_membros_telefones VALUES ( '79', '0', '3211-4022 Ou 8864-7529', '', '2017-06-02 13:05:34', '2017-06-02 15:05:34');
INSERT INTO tb_membros_telefones VALUES ( '80', '0', '8848-8054', '', '2017-06-02 13:05:34', '2017-06-02 15:05:34');
INSERT INTO tb_membros_telefones VALUES ( '81', '0', '3211-4022', '', '2017-06-02 13:05:34', '2017-06-02 15:05:34');
INSERT INTO tb_membros_telefones VALUES ( '82', '0', '32201214', '', '2017-06-02 13:05:34', '2017-06-02 15:05:34');
INSERT INTO tb_membros_telefones VALUES ( '83', '0', '3211-4022 Ou 9449-9103', '', '2017-06-02 13:05:34', '2017-06-02 15:05:34');
INSERT INTO tb_membros_telefones VALUES ( '84', '0', '3232-0345 Ou 9951-6944', '', '2017-06-02 13:05:35', '2017-06-02 15:05:35');
INSERT INTO tb_membros_telefones VALUES ( '85', '0', '88093214', '', '2017-06-02 13:05:35', '2017-06-02 15:05:35');
INSERT INTO tb_membros_telefones VALUES ( '86', '0', '3232-0345 Ou 8851-6150 Ou 9951-', '', '2017-06-02 13:05:35', '2017-06-02 15:05:35');
INSERT INTO tb_membros_telefones VALUES ( '87', '0', '8818-1552', '', '2017-06-02 13:05:35', '2017-06-02 15:05:35');
INSERT INTO tb_membros_telefones VALUES ( '88', '0', '86 3220 1158', '', '2017-06-02 13:05:35', '2017-06-02 15:05:35');
INSERT INTO tb_membros_telefones VALUES ( '89', '0', '3220-6590', '', '2017-06-02 13:05:36', '2017-06-02 15:05:36');
INSERT INTO tb_membros_telefones VALUES ( '90', '0', '3220-1214 Ou 8835-7377', '', '2017-06-02 13:05:36', '2017-06-02 15:05:36');
INSERT INTO tb_membros_telefones VALUES ( '91', '0', '94399838', '', '2017-06-02 13:05:36', '2017-06-02 15:05:36');
INSERT INTO tb_membros_telefones VALUES ( '92', '0', '32278015 Ou 88332636', '', '2017-06-02 13:05:36', '2017-06-02 15:05:36');
INSERT INTO tb_membros_telefones VALUES ( '93', '0', '9431-3627', '', '2017-06-02 13:05:37', '2017-06-02 15:05:37');
INSERT INTO tb_membros_telefones VALUES ( '94', '0', '9925-6399', '', '2017-06-02 13:05:37', '2017-06-02 15:05:37');
INSERT INTO tb_membros_telefones VALUES ( '95', '0', '88093214', '', '2017-06-02 13:05:37', '2017-06-02 15:05:37');
INSERT INTO tb_membros_telefones VALUES ( '96', '0', '3211-8746', '', '2017-06-02 13:05:37', '2017-06-02 15:05:37');
INSERT INTO tb_membros_telefones VALUES ( '97', '0', '3220-1115 Ou 9994-0189', '', '2017-06-02 13:05:37', '2017-06-02 15:05:37');
INSERT INTO tb_membros_telefones VALUES ( '98', '0', '88521925', '', '2017-06-02 13:05:38', '2017-06-02 15:05:38');
INSERT INTO tb_membros_telefones VALUES ( '99', '0', '3211-4022 Ou 8824-4251', '', '2017-06-02 13:05:38', '2017-06-02 15:05:38');
INSERT INTO tb_membros_telefones VALUES ( '100', '0', '8845-4239', '', '2017-06-02 13:05:38', '2017-06-02 15:05:38');
INSERT INTO tb_membros_telefones VALUES ( '101', '0', '32191470', '', '2017-06-02 13:05:38', '2017-06-02 15:05:38');
INSERT INTO tb_membros_telefones VALUES ( '102', '0', '9926-6137', '', '2017-06-02 13:05:38', '2017-06-02 15:05:38');
INSERT INTO tb_membros_telefones VALUES ( '103', '0', '3227-3892 Ou 8801-7675', '', '2017-06-02 13:05:38', '2017-06-02 15:05:38');
INSERT INTO tb_membros_telefones VALUES ( '104', '0', '3320-2785 Ou 8821-7247', '', '2017-06-02 13:05:38', '2017-06-02 15:05:38');
INSERT INTO tb_membros_telefones VALUES ( '105', '0', '3220-2785 Ou 9933-4999 Ou 8825-', '', '2017-06-02 13:05:39', '2017-06-02 15:05:39');
INSERT INTO tb_membros_telefones VALUES ( '106', '0', '9974-6646', '', '2017-06-02 13:05:39', '2017-06-02 15:05:39');
INSERT INTO tb_membros_telefones VALUES ( '107', '0', '32124531', '', '2017-06-02 13:05:39', '2017-06-02 15:05:39');
INSERT INTO tb_membros_telefones VALUES ( '108', '0', '99 32124531 - 86 94039147', '', '2017-06-02 13:05:39', '2017-06-02 15:05:39');
INSERT INTO tb_membros_telefones VALUES ( '109', '0', '32124531', '', '2017-06-02 13:05:39', '2017-06-02 15:05:39');
INSERT INTO tb_membros_telefones VALUES ( '110', '0', '99 32124531', '', '2017-06-02 13:05:39', '2017-06-02 15:05:39');
INSERT INTO tb_membros_telefones VALUES ( '111', '0', '99 3212 4531', '', '2017-06-02 13:05:40', '2017-06-02 15:05:40');
INSERT INTO tb_membros_telefones VALUES ( '116', '2', '(86) 9881.24934', 'Oi', '2017-06-06 16:43:41', '2017-06-06 16:43:41');
INSERT INTO tb_membros_telefones VALUES ( '117', '2', '(99) 3212.4531', '', '2017-06-06 16:43:41', '2017-06-06 16:43:41');
INSERT INTO tb_membros_telefones VALUES ( '120', '272', '(99) 3212.7339', 'Oi', '2017-06-09 22:19:40', '2017-06-09 22:19:40');
INSERT INTO tb_membros_telefones VALUES ( '121', '272', '(86) 9999.73353', '', '2017-06-09 22:19:40', '2017-06-09 22:19:40');
INSERT INTO tb_membros_telefones VALUES ( '124', '1', '(86) 9884.83430', 'Oi', '2019-05-13 21:14:57', '2019-05-13 21:14:57');
INSERT INTO tb_membros_telefones VALUES ( '125', '1', '(86) 9940.39147', 'Claro', '2019-05-13 21:14:57', '2019-05-13 21:14:57');

#
# Criação da Tabela : tb_obreiros
#

CREATE TABLE `tb_obreiros` (
  `id_obreiro` int(11) NOT NULL AUTO_INCREMENT,
  `id_membro` int(11) NOT NULL,
  `tipo` varchar(250) NOT NULL,
  `vinculo` varchar(250) NOT NULL,
  `dedicacao` varchar(250) NOT NULL,
  `remuneracao` varchar(250) NOT NULL,
  `data_cadastro` datetime NOT NULL,
  `atualizacao` timestamp NOT NULL DEFAULT CURRENT_TIMESTAMP ON UPDATE CURRENT_TIMESTAMP,
  PRIMARY KEY (`id_obreiro`)
) ENGINE=InnoDB DEFAULT CHARSET=latin1 ;

#
# Dados a serem incluídos na tabela
#


#
# Criação da Tabela : tb_paginas_site
#

CREATE TABLE `tb_paginas_site` (
  `id_pagina` int(11) NOT NULL AUTO_INCREMENT,
  `ativo` varchar(250) NOT NULL,
  `titulo` varchar(250) NOT NULL,
  `texto` text NOT NULL,
  `posicao_menu` int(11) NOT NULL,
  `data_cadastro` datetime NOT NULL,
  `atualizacao` timestamp NOT NULL DEFAULT CURRENT_TIMESTAMP ON UPDATE CURRENT_TIMESTAMP,
  PRIMARY KEY (`id_pagina`)
) ENGINE=InnoDB DEFAULT CHARSET=latin1 ;

#
# Dados a serem incluídos na tabela
#


#
# Criação da Tabela : tb_paginas_site_imagens
#

CREATE TABLE `tb_paginas_site_imagens` (
  `id_imagem` int(11) NOT NULL AUTO_INCREMENT,
  `id_paroquia` int(11) NOT NULL,
  `id_pagina` int(11) NOT NULL,
  `arquivo` varchar(250) NOT NULL,
  `nome` varchar(250) NOT NULL,
  `link` varchar(250) NOT NULL,
  `posicao` varchar(250) NOT NULL,
  `foto_destaque` int(11) NOT NULL,
  `data_cadastro` datetime NOT NULL,
  `atualizacao` timestamp NOT NULL DEFAULT CURRENT_TIMESTAMP ON UPDATE CURRENT_TIMESTAMP,
  PRIMARY KEY (`id_imagem`)
) ENGINE=InnoDB DEFAULT CHARSET=latin1 ;

#
# Dados a serem incluídos na tabela
#


#
# Criação da Tabela : tb_site
#

CREATE TABLE `tb_site` (
  `id_site` int(11) NOT NULL AUTO_INCREMENT,
  `ativo` varchar(250) NOT NULL,
  `aniversariantes` varchar(250) NOT NULL,
  `agenda_paroquia` varchar(250) NOT NULL,
  `id_layout` int(11) NOT NULL,
  `logotipo` varchar(250) NOT NULL,
  `data_cadastro` datetime NOT NULL,
  `atualizacao` timestamp NOT NULL DEFAULT CURRENT_TIMESTAMP ON UPDATE CURRENT_TIMESTAMP,
  PRIMARY KEY (`id_site`)
) ENGINE=InnoDB DEFAULT CHARSET=latin1 ;

#
# Dados a serem incluídos na tabela
#

