
#
# Criação da Tabela : tb_aconselhamentos
#

CREATE TABLE `tb_aconselhamentos` (
  `id_aconselhamento` int(11) NOT NULL AUTO_INCREMENT,
  `id_membro` int(11) NOT NULL,
  `texto` text NOT NULL,
  `data_aconselhamento` datetime NOT NULL,
  `id_usuario` int(11) NOT NULL,
  `data_cadastro` datetime NOT NULL,
  `atualizacao` timestamp NOT NULL DEFAULT CURRENT_TIMESTAMP ON UPDATE CURRENT_TIMESTAMP,
  PRIMARY KEY (`id_aconselhamento`)
) ENGINE=InnoDB DEFAULT CHARSET=latin1 ;

#
# Dados a serem incluídos na tabela
#


#
# Criação da Tabela : tb_app_conversas
#

CREATE TABLE `tb_app_conversas` (
  `id_conversa` int(11) NOT NULL,
  `id_membro` int(11) NOT NULL,
  `id_usuario` int(11) NOT NULL,
  `id_grupo` int(11) NOT NULL,
  `texto` text NOT NULL,
  `paroquia_visualizou` varchar(250) NOT NULL,
  `membro_visualizou` varchar(250) NOT NULL,
  `data_cadastro` datetime NOT NULL,
  `atualizacao` timestamp NOT NULL DEFAULT CURRENT_TIMESTAMP ON UPDATE CURRENT_TIMESTAMP
) ENGINE=InnoDB DEFAULT CHARSET=latin1 ;

#
# Dados a serem incluídos na tabela
#


#
# Criação da Tabela : tb_auxiliar_atividades
#

CREATE TABLE `tb_auxiliar_atividades` (
  `id_atividade` int(11) NOT NULL AUTO_INCREMENT,
  `ativo` varchar(250) NOT NULL,
  `nome` varchar(250) NOT NULL,
  `cor` varchar(250) NOT NULL,
  `data_cadastro` datetime NOT NULL,
  `atualizacao` timestamp NOT NULL DEFAULT CURRENT_TIMESTAMP ON UPDATE CURRENT_TIMESTAMP,
  PRIMARY KEY (`id_atividade`)
) ENGINE=InnoDB AUTO_INCREMENT=13 DEFAULT CHARSET=latin1 ;

#
# Dados a serem incluídos na tabela
#

INSERT INTO tb_auxiliar_atividades VALUES ( '1', 'sim', 'Grupo de estudo - PEM', '00eeff', '0000-00-00 00:00:00', '2015-03-17 23:29:33');
INSERT INTO tb_auxiliar_atividades VALUES ( '2', 'sim', 'Visita', 'a30000', '0000-00-00 00:00:00', '2015-06-11 23:34:39');
INSERT INTO tb_auxiliar_atividades VALUES ( '3', 'sim', 'Culto', '0060c7', '2015-03-17 15:39:01', '2015-03-17 23:29:38');
INSERT INTO tb_auxiliar_atividades VALUES ( '4', 'sim', 'Casamento luterano', 'c9ac1e', '2015-03-17 17:17:59', '2015-03-17 23:29:41');
INSERT INTO tb_auxiliar_atividades VALUES ( '5', 'sim', 'Casamento misto', 'f07211', '2015-03-17 17:18:13', '2015-03-17 23:29:45');
INSERT INTO tb_auxiliar_atividades VALUES ( '6', 'sim', 'Reunião', '23660d', '2015-04-09 12:45:50', '2015-04-09 17:47:06');
INSERT INTO tb_auxiliar_atividades VALUES ( '7', 'sim', 'Retiro', 'a6a6a6', '2015-04-09 12:46:09', '2015-04-09 17:46:09');
INSERT INTO tb_auxiliar_atividades VALUES ( '8', 'sim', 'Passeio', '9ed678', '2015-04-09 12:46:21', '2015-04-09 17:46:21');
INSERT INTO tb_auxiliar_atividades VALUES ( '9', 'sim', 'Encontro', 'ff0000', '2015-04-09 12:50:58', '2015-04-09 17:50:58');
INSERT INTO tb_auxiliar_atividades VALUES ( '10', 'sim', 'Visita pastoral', 'a30000', '0000-00-00 00:00:00', '2015-06-11 23:33:24');
INSERT INTO tb_auxiliar_atividades VALUES ( '11', 'sim', 'Visita à enfermos', 'a30000', '0000-00-00 00:00:00', '2015-06-11 23:33:27');
INSERT INTO tb_auxiliar_atividades VALUES ( '12', 'sim', 'Visita missionária', 'a30000', '0000-00-00 00:00:00', '2015-06-11 23:35:54');

#
# Criação da Tabela : tb_auxiliar_departamentos
#

CREATE TABLE `tb_auxiliar_departamentos` (
  `id_departamento` int(11) NOT NULL AUTO_INCREMENT,
  `ativo` varchar(250) NOT NULL,
  `nome` varchar(250) NOT NULL,
  `data_cadastro` datetime NOT NULL,
  `atualizacao` timestamp NOT NULL DEFAULT CURRENT_TIMESTAMP ON UPDATE CURRENT_TIMESTAMP,
  PRIMARY KEY (`id_departamento`)
) ENGINE=InnoDB AUTO_INCREMENT=14 DEFAULT CHARSET=latin1 ;

#
# Dados a serem incluídos na tabela
#

INSERT INTO tb_auxiliar_departamentos VALUES ( '1', 'sim', 'Música
', '0000-00-00 00:00:00', '2015-02-06 13:05:34');
INSERT INTO tb_auxiliar_departamentos VALUES ( '2', 'sim', 'Servas', '2015-02-18 12:50:36', '2015-02-18 20:50:36');
INSERT INTO tb_auxiliar_departamentos VALUES ( '3', 'sim', 'Crianças', '2015-03-17 17:28:12', '2015-03-17 22:28:12');
INSERT INTO tb_auxiliar_departamentos VALUES ( '4', 'sim', 'Instrução', '2015-03-17 17:28:17', '2015-03-17 22:28:17');
INSERT INTO tb_auxiliar_departamentos VALUES ( '6', 'sim', 'Jovens', '2015-03-17 17:28:41', '2015-03-17 22:28:41');
INSERT INTO tb_auxiliar_departamentos VALUES ( '7', 'sim', 'Homens', '2015-03-17 17:28:51', '2015-03-17 22:28:51');
INSERT INTO tb_auxiliar_departamentos VALUES ( '8', 'sim', 'Casais / Famílias / Noivos', '2015-03-17 17:28:54', '2015-03-17 22:28:54');
INSERT INTO tb_auxiliar_departamentos VALUES ( '9', 'sim', 'Terceira Idade', '2015-03-17 17:29:01', '2015-03-17 22:29:01');
INSERT INTO tb_auxiliar_departamentos VALUES ( '11', 'sim', 'Diretoria / Administração', '2015-03-17 17:29:18', '2015-03-17 22:29:18');
INSERT INTO tb_auxiliar_departamentos VALUES ( '12', 'sim', 'Comunicação', '2015-04-07 18:03:23', '2015-04-07 23:03:23');
INSERT INTO tb_auxiliar_departamentos VALUES ( '13', 'sim', 'Grupo de estudo PEM', '2016-06-08 18:35:21', '2016-06-08 20:35:21');

#
# Criação da Tabela : tb_centro_custos
#

CREATE TABLE `tb_centro_custos` (
  `id_centro_custo` int(11) NOT NULL AUTO_INCREMENT,
  `ativo` varchar(250) NOT NULL,
  `nome` varchar(250) NOT NULL,
  `tipo` varchar(250) NOT NULL,
  `cod_debito` varchar(250) NOT NULL,
  `cod_credito` varchar(250) NOT NULL,
  `data_cadastro` datetime NOT NULL,
  `atualizacao` timestamp NOT NULL DEFAULT CURRENT_TIMESTAMP ON UPDATE CURRENT_TIMESTAMP,
  PRIMARY KEY (`id_centro_custo`)
) ENGINE=InnoDB AUTO_INCREMENT=51 DEFAULT CHARSET=latin1 ;

#
# Dados a serem incluídos na tabela
#

INSERT INTO tb_centro_custos VALUES ( '1', 'sim', 'Ofertas Dominicais', 'A receber', '', '', '2014-09-05 16:05:52', '2015-03-17 22:57:26');
INSERT INTO tb_centro_custos VALUES ( '2', 'sim', 'Ofertas Mensais, Anuais (regulares)', 'A receber', '', '', '2014-09-05 16:05:52', '2015-03-17 22:57:29');
INSERT INTO tb_centro_custos VALUES ( '3', 'sim', 'Ofertas Especiais', 'A receber', '', '', '2014-09-05 16:05:52', '2015-03-17 22:57:31');
INSERT INTO tb_centro_custos VALUES ( '4', 'sim', 'Ofertas de Terceiros', 'A receber', '', '', '2014-09-05 16:05:52', '2015-04-06 21:42:25');
INSERT INTO tb_centro_custos VALUES ( '5', 'sim', 'Campanhas Específicas', 'A receber', '', '', '2014-09-05 16:05:52', '2015-03-17 22:59:06');
INSERT INTO tb_centro_custos VALUES ( '6', 'sim', 'Auxílio de Outros', 'A receber', '', '', '2014-09-05 16:05:52', '2015-03-17 22:58:06');
INSERT INTO tb_centro_custos VALUES ( '7', 'sim', 'Subsídio da IELB', 'A receber', '', '', '2014-09-05 16:05:52', '2015-03-17 22:57:51');
INSERT INTO tb_centro_custos VALUES ( '8', 'sim', 'Auxílio do FAPI', 'A receber', '', '', '2014-09-05 16:05:52', '2015-03-17 22:57:48');
INSERT INTO tb_centro_custos VALUES ( '9', 'sim', 'Subsídio do Distrito', 'A receber', '', '', '2014-09-05 16:05:52', '2015-03-17 22:57:46');
INSERT INTO tb_centro_custos VALUES ( '10', 'sim', 'Auxílio do Distrito Padrinho', 'A receber', '', '', '2014-09-05 16:05:52', '2015-03-17 22:57:44');
INSERT INTO tb_centro_custos VALUES ( '11', 'sim', 'Receita de Aluguéis', 'A receber', '', '', '2014-09-05 16:05:52', '2015-03-17 22:59:09');
INSERT INTO tb_centro_custos VALUES ( '12', 'sim', 'Receita de Promoções', 'A receber', '', '', '2014-09-05 16:05:52', '2015-03-17 22:59:11');
INSERT INTO tb_centro_custos VALUES ( '13', 'sim', 'Receita da Escola', 'A receber', '', '', '2014-09-05 16:05:52', '2015-03-17 22:59:13');
INSERT INTO tb_centro_custos VALUES ( '14', 'sim', 'Receita para Serviço Social', 'A receber', '', '', '2014-09-05 16:05:52', '2015-03-17 22:59:15');
INSERT INTO tb_centro_custos VALUES ( '15', 'sim', 'Ressarcimentos', 'A receber', '', '', '2014-09-05 16:05:52', '2015-03-17 22:59:18');
INSERT INTO tb_centro_custos VALUES ( '16', 'sim', 'Outras entradas', 'A receber', '', '', '2014-09-05 16:05:52', '2015-03-17 22:59:21');
INSERT INTO tb_centro_custos VALUES ( '17', 'sim', 'Empréstimos', 'A receber', '', '', '2014-09-05 16:05:52', '2015-03-17 22:59:24');
INSERT INTO tb_centro_custos VALUES ( '18', 'sim', 'Auxílio Subsistência de Pastores', 'A pagar', '', '', '2014-09-05 16:09:50', '2015-03-17 22:59:27');
INSERT INTO tb_centro_custos VALUES ( '19', 'sim', 'Despesas com Estagiários', 'A pagar', '', '', '2014-09-05 16:09:50', '2015-03-17 22:59:30');
INSERT INTO tb_centro_custos VALUES ( '20', 'sim', 'Pagamentos a outras pessoas', 'A pagar', '', '', '2014-09-05 16:09:50', '2015-03-17 22:59:32');
INSERT INTO tb_centro_custos VALUES ( '21', 'sim', 'INSS', 'A pagar', '', '', '2014-09-05 16:09:50', '2015-03-17 22:59:34');
INSERT INTO tb_centro_custos VALUES ( '22', 'sim', 'Fundo de Garantia e FPP', 'A pagar', '', '', '2014-09-05 16:09:50', '2015-03-17 22:59:36');
INSERT INTO tb_centro_custos VALUES ( '23', 'sim', 'Adicionais política de subsistência', 'A pagar', '', '', '2014-09-05 16:09:50', '2015-03-17 22:59:40');
INSERT INTO tb_centro_custos VALUES ( '24', 'sim', 'Gratificação de Natal e férias', 'A pagar', '', '', '2014-09-05 16:09:50', '2015-03-17 22:59:43');
INSERT INTO tb_centro_custos VALUES ( '25', 'sim', 'Assist. Médica, Prev. Privada', 'A pagar', '', '', '2014-09-05 16:09:50', '2015-03-17 22:59:46');
INSERT INTO tb_centro_custos VALUES ( '26', 'sim', 'Aquisição de Propriedades', 'A pagar', '', '', '2014-09-05 16:09:50', '2015-03-17 22:59:49');
INSERT INTO tb_centro_custos VALUES ( '27', 'sim', 'Construção e Reforma', 'A pagar', '', '', '2014-09-05 16:09:50', '2015-03-17 22:59:52');
INSERT INTO tb_centro_custos VALUES ( '28', 'sim', 'Conservação de propriedades', 'A pagar', '', '', '2014-09-05 16:09:50', '2015-03-17 22:59:54');
INSERT INTO tb_centro_custos VALUES ( '29', 'sim', 'Aquisição de equipamentos', 'A pagar', '', '', '2014-09-05 16:09:50', '2015-03-17 22:59:57');
INSERT INTO tb_centro_custos VALUES ( '30', 'sim', 'Impostos (IPTU,  etc.)', 'A pagar', '', '', '2014-09-05 16:09:50', '2015-03-17 22:59:59');
INSERT INTO tb_centro_custos VALUES ( '31', 'sim', 'Material Missionário', 'A pagar', '', '', '2014-09-05 16:09:50', '2015-03-17 23:00:04');
INSERT INTO tb_centro_custos VALUES ( '32', 'sim', 'Contribuição para a IELB', 'A pagar', '', '', '2014-09-05 16:09:50', '2015-03-17 23:00:07');
INSERT INTO tb_centro_custos VALUES ( '33', 'sim', 'Contribuição para o Distrito', 'A pagar', '', '', '2014-09-05 16:09:50', '2015-03-17 23:00:10');
INSERT INTO tb_centro_custos VALUES ( '34', 'sim', 'Contribuição para o FAPI', 'A pagar', '', '', '2014-09-05 16:09:50', '2015-03-17 23:00:14');
INSERT INTO tb_centro_custos VALUES ( '35', 'sim', 'Contribuição para Outros', 'A pagar', '', '', '2014-09-05 16:09:50', '2015-03-17 23:00:16');
INSERT INTO tb_centro_custos VALUES ( '36', 'sim', 'Auxílio para Congregação Afilhada', 'A pagar', '', '', '2014-09-05 16:09:50', '2015-03-17 23:00:19');
INSERT INTO tb_centro_custos VALUES ( '37', 'sim', 'Despesas da Escola', 'A pagar', '', '', '2014-09-05 16:09:50', '2015-03-17 23:00:23');
INSERT INTO tb_centro_custos VALUES ( '38', 'sim', 'Saídas para Serviço Social', 'A pagar', '', '', '2014-09-05 16:09:50', '2015-03-17 23:00:26');
INSERT INTO tb_centro_custos VALUES ( '39', 'sim', 'Despesas com Comunicação', 'A pagar', '', '', '2014-09-05 16:09:50', '2015-03-17 23:00:29');
INSERT INTO tb_centro_custos VALUES ( '40', 'sim', 'Seguro de vida e propriedades', 'A pagar', '', '', '2014-09-05 16:09:50', '2015-03-17 23:00:40');
INSERT INTO tb_centro_custos VALUES ( '41', 'sim', 'Transporte', 'A pagar', '', '', '2014-09-05 16:09:50', '2015-03-17 23:00:46');
INSERT INTO tb_centro_custos VALUES ( '42', 'sim', 'Moradia', 'A pagar', '', '', '2014-09-05 16:09:50', '2015-03-17 23:00:53');
INSERT INTO tb_centro_custos VALUES ( '43', 'sim', 'Aluguel de local de cultos', 'A pagar', '', '', '2014-09-05 16:09:50', '2015-03-17 23:01:02');
INSERT INTO tb_centro_custos VALUES ( '44', 'sim', 'Luz', 'A pagar', '', '', '2014-09-05 16:09:50', '2015-03-17 23:01:05');
INSERT INTO tb_centro_custos VALUES ( '45', 'sim', 'Água', 'A pagar', '', '', '2014-09-05 16:09:50', '2015-03-17 23:01:08');
INSERT INTO tb_centro_custos VALUES ( '46', 'sim', 'Telefone, Fax, Internet', 'A pagar', '', '', '2014-09-05 16:09:50', '2015-03-17 23:01:12');
INSERT INTO tb_centro_custos VALUES ( '47', 'sim', 'Material de Expediente', 'A pagar', '', '', '2014-09-05 16:09:50', '2015-03-17 23:01:16');
INSERT INTO tb_centro_custos VALUES ( '48', 'sim', 'Participação em Eventos', 'A pagar', '', '', '2014-09-05 16:09:50', '2015-03-17 23:01:18');
INSERT INTO tb_centro_custos VALUES ( '49', 'sim', 'Outras saídas', 'A pagar', '', '', '2014-09-05 16:09:50', '2015-03-17 23:01:22');
INSERT INTO tb_centro_custos VALUES ( '50', 'sim', 'Devolução de Empréstimos', 'A pagar', '', '', '2014-09-05 16:09:50', '2015-03-17 23:01:29');

#
# Criação da Tabela : tb_centro_custos2
#

CREATE TABLE `tb_centro_custos2` (
  `id_centro_custo2` int(11) NOT NULL AUTO_INCREMENT,
  `id_centro_custo` int(11) NOT NULL,
  `ativo` varchar(250) NOT NULL,
  `nome` varchar(250) NOT NULL,
  `data_cadastro` datetime NOT NULL,
  `atualizacao` timestamp NOT NULL DEFAULT CURRENT_TIMESTAMP ON UPDATE CURRENT_TIMESTAMP,
  PRIMARY KEY (`id_centro_custo2`)
) ENGINE=MyISAM AUTO_INCREMENT=2 DEFAULT CHARSET=latin1 ;

#
# Dados a serem incluídos na tabela
#


#
# Criação da Tabela : tb_congregacoes
#

CREATE TABLE `tb_congregacoes` (
  `id_congregacao` int(11) NOT NULL AUTO_INCREMENT,
  `sede` varchar(5) NOT NULL,
  `cnpj` varchar(250) NOT NULL,
  `razao_social` varchar(250) NOT NULL,
  `nome` varchar(250) NOT NULL,
  `tipo` varchar(250) NOT NULL COMMENT 'Congregação (CG), comunidade (CM), igreja (I), ponto de missão/pregação (P)',
  `emails` text NOT NULL,
  `telefones` text NOT NULL,
  `endereco` varchar(250) NOT NULL,
  `numero` varchar(250) NOT NULL,
  `complemento` varchar(250) NOT NULL,
  `cep` varchar(250) NOT NULL,
  `bairro` varchar(250) NOT NULL,
  `cidade` varchar(250) NOT NULL,
  `estado` varchar(250) NOT NULL,
  `data_fundacao` date NOT NULL,
  `data_inauguracao_templo` date NOT NULL,
  `local_cultos` varchar(250) NOT NULL COMMENT 'templo, salão, escola, casa, outro',
  `periodo_cultos` varchar(250) NOT NULL COMMENT 'Semanal, 2x mês, 3x mês, Mensal, Outro',
  `horarios_cultos` varchar(300) NOT NULL,
  `encerramento_atividades_data` date NOT NULL,
  `encerramento_atividades_motivo` text NOT NULL,
  `data_inicio_trabalhos` date NOT NULL,
  `pastor_fundador` varchar(250) NOT NULL,
  `membros_fundadores` text NOT NULL,
  `data_primeiro_culto` date NOT NULL,
  `data_cadastro` datetime NOT NULL,
  `atualizacao` timestamp NOT NULL DEFAULT CURRENT_TIMESTAMP ON UPDATE CURRENT_TIMESTAMP,
  PRIMARY KEY (`id_congregacao`)
) ENGINE=InnoDB AUTO_INCREMENT=7 DEFAULT CHARSET=latin1 ;

#
# Dados a serem incluídos na tabela
#

INSERT INTO tb_congregacoes VALUES ( '1', 'sim', '75.899.419/0001-26', 'Comunidade Evangélica Luterana Trindade ', 'Comunidade Evangélica Luterana Trindade ', 'CG', 'lucimarvelmer@hotmail.com', '44 3531 - 2366', 'Afonso Dias Bastos', '326', 'templo', '87250-000', 'Centro', 'Peabiru', 'PR', '0000-00-00', '0000-00-00', 'Templo', 'Semanal', '1º e 3º domingo as 9:00h e 2º e 4º Sabado as 19:30h', '0000-00-00', '', '0000-00-00', '', '', '0000-00-00', '2016-06-08 13:48:29', '2016-06-15 14:37:57');
INSERT INTO tb_congregacoes VALUES ( '2', 'nao', '00.000.000/0000-00', 'Comunidade Evangelica Luterana São João de Fenix', 'Comunidade Evangelica Luterana São João de Fenix', 'CG', 'lucimarvelmer@hotmail.com', '4435312366', 'R: Palmital ', '000', 'templo', '86950-000', 'Centro', 'Fênix', 'PR', '0000-00-00', '0000-00-00', 'Templo', 'Semanal', '1º e 3º Sabado as 19:30 horas e 2º e 4º Domingo as 09:30 horas', '0000-00-00', '', '0000-00-00', '', '', '0000-00-00', '2016-06-08 14:15:23', '2016-06-08 20:44:02');
INSERT INTO tb_congregacoes VALUES ( '3', 'nao', '', 'Congregação Evangélica Luterana Manancial', 'Congregação Evangélica Luterana Manancial', 'CG', 'lucimarvelmer@hotmail.com; mateuslange@gmail.com; mateusleonardolange@gmail.com', '44 999 353433; 44 99910-3464; 44 35312366', 'Avenida Guilherme de Paula Xavier', '1808', '', '87303-070', 'Centro', 'Campo Mourão', 'Paraná', '0000-00-00', '0000-00-00', 'Templo', 'Semanal', '', '0000-00-00', '', '0000-00-00', '', '', '0000-00-00', '2019-04-05 20:43:32', '2020-09-02 00:33:04');
INSERT INTO tb_congregacoes VALUES ( '4', 'nao', '', 'Congregação Evangélica Luterana Bom Pastor', 'Bom pastor', 'CG', 'lucimarvelmer@hotmail.com; mateuslange@gmail.com,mateusleonardolange@gmail.com', '44 999 353433; 44 99910-3464; 44 35312366', 'Av. Vicente Machado', '000', 'Proximo a capela mortuaria', '87270-000', 'centro', 'Engeheiro Beltrão', 'Paraná', '0000-00-00', '0000-00-00', 'Templo', 'Semanal', '', '0000-00-00', '', '0000-00-00', '', '', '0000-00-00', '2020-02-27 15:18:56', '2020-02-27 15:18:56');
INSERT INTO tb_congregacoes VALUES ( '5', 'nao', '', 'Congregação Evangélica Luterana Trindade', 'Congregação Trindade', 'CG', 'lucimarvelmer@hotmail.com; mateuslange@gmail.com,mateusleonardolange@gmail.com', '44 999 353433; 44 99910-3464; 44 35312366', 'Av. São Josaft', '829', '', '87340-000', 'centro', 'Mamborê', 'Paraná', '0000-00-00', '0000-00-00', 'Templo', 'Semanal', '', '0000-00-00', '', '0000-00-00', '', '', '0000-00-00', '2020-02-27 15:26:01', '2020-02-27 15:26:01');
INSERT INTO tb_congregacoes VALUES ( '6', 'nao', '', 'IELB Cianorte', 'IELB Cianorte', 'PM', 'lucimarvelmer@hotmail.com; mateuslange@gmail.com,mateusleonardolange@gmail.com', '44 999 353433; 44 99910-3464; 44 35312366', 'R: Constituição', '289', 'Hotel', '87200-161', 'centro', 'Cianorte', 'Paraná', '2016-02-16', '0000-00-00', 'Outro', 'Mensal', '3º Domingo as 19:30h', '0000-00-00', '', '0000-00-00', 'Lucimar Velmer e Adolfo Griep', 'Eduardo Wille Bayer, ', '2016-02-16', '2020-02-27 15:30:24', '2020-02-27 15:32:17');

#
# Criação da Tabela : tb_contas_bancarias
#

CREATE TABLE `tb_contas_bancarias` (
  `id_conta_bancaria` int(11) NOT NULL AUTO_INCREMENT,
  `ativo` varchar(250) NOT NULL,
  `nome` varchar(250) NOT NULL,
  `agencia` varchar(250) NOT NULL,
  `conta` varchar(250) NOT NULL,
  `saldo` decimal(15,2) NOT NULL,
  `limite` decimal(15,2) NOT NULL,
  `data_cadastro` datetime NOT NULL,
  `atualizacao` timestamp NULL DEFAULT CURRENT_TIMESTAMP ON UPDATE CURRENT_TIMESTAMP,
  PRIMARY KEY (`id_conta_bancaria`)
) ENGINE=InnoDB AUTO_INCREMENT=2 DEFAULT CHARSET=latin1 ;

#
# Dados a serem incluídos na tabela
#

INSERT INTO tb_contas_bancarias VALUES ( '1', 'sim', 'Caixa interno', '00000', '0', '0.00', '0.00', '2015-04-07 08:39:52', '2015-04-09 17:44:56');

#
# Criação da Tabela : tb_contas_bancarias_ajustes
#

CREATE TABLE `tb_contas_bancarias_ajustes` (
  `id_ajuste` int(11) NOT NULL AUTO_INCREMENT,
  `operador` varchar(250) NOT NULL,
  `id_conta_bancaria` int(11) NOT NULL,
  `data` date NOT NULL,
  `valor` decimal(15,2) NOT NULL,
  `motivo` text NOT NULL,
  `data_cadastro` datetime NOT NULL,
  `atualizacao` timestamp NOT NULL DEFAULT CURRENT_TIMESTAMP ON UPDATE CURRENT_TIMESTAMP,
  PRIMARY KEY (`id_ajuste`)
) ENGINE=InnoDB DEFAULT CHARSET=latin1 ;

#
# Dados a serem incluídos na tabela
#


#
# Criação da Tabela : tb_cronicas_acontecimentos
#

CREATE TABLE `tb_cronicas_acontecimentos` (
  `id_acontecimento` int(11) NOT NULL AUTO_INCREMENT,
  `id_congregacao` int(11) NOT NULL,
  `texto` text NOT NULL,
  `data_acontecimento` datetime NOT NULL,
  `data_cadastro` datetime NOT NULL,
  `atualizacao` timestamp NOT NULL DEFAULT CURRENT_TIMESTAMP ON UPDATE CURRENT_TIMESTAMP,
  PRIMARY KEY (`id_acontecimento`)
) ENGINE=InnoDB DEFAULT CHARSET=latin1 ;

#
# Dados a serem incluídos na tabela
#


#
# Criação da Tabela : tb_diretoria_paroquial
#

CREATE TABLE `tb_diretoria_paroquial` (
  `id_diretoria` int(11) NOT NULL AUTO_INCREMENT,
  `id_membro` int(11) DEFAULT NULL,
  `funcao` varchar(250) NOT NULL COMMENT 'Presidente, Secretário, Tesoureiro, Pastor',
  `data_cadastro` datetime NOT NULL,
  `atualizacao` timestamp NOT NULL DEFAULT CURRENT_TIMESTAMP ON UPDATE CURRENT_TIMESTAMP,
  PRIMARY KEY (`id_diretoria`)
) ENGINE=InnoDB AUTO_INCREMENT=3 DEFAULT CHARSET=latin1 ;

#
# Dados a serem incluídos na tabela
#

INSERT INTO tb_diretoria_paroquial VALUES ( '1', '1', 'Presidente', '2016-06-08 18:43:15', '2016-06-08 20:43:15');
INSERT INTO tb_diretoria_paroquial VALUES ( '2', '4', 'Vice-secretário', '2016-06-08 18:45:25', '2016-06-08 20:45:25');

#
# Criação da Tabela : tb_eventos
#

CREATE TABLE `tb_eventos` (
  `id_evento` int(11) NOT NULL AUTO_INCREMENT,
  `id_grupo` int(11) NOT NULL,
  `id_atividade` int(11) NOT NULL,
  `id_departamento` int(11) NOT NULL,
  `nome` varchar(250) NOT NULL,
  `descricao` text NOT NULL,
  `pastoral` text NOT NULL,
  `coordenador` int(11) NOT NULL,
  `data_cadastro` datetime NOT NULL,
  `atualizacao` timestamp NOT NULL DEFAULT CURRENT_TIMESTAMP ON UPDATE CURRENT_TIMESTAMP,
  `id_congregacao` int(11) NOT NULL,
  PRIMARY KEY (`id_evento`)
) ENGINE=InnoDB AUTO_INCREMENT=11 DEFAULT CHARSET=latin1 ;

#
# Dados a serem incluídos na tabela
#

INSERT INTO tb_eventos VALUES ( '1', '1', '3', '1', 'Música ', '', '', '0', '2016-06-08 15:16:05', '2016-06-08 17:16:05', '1');
INSERT INTO tb_eventos VALUES ( '2', '2', '6', '2', 'Servas', '', '', '0', '2016-06-08 15:18:08', '2016-06-08 17:18:08', '1');
INSERT INTO tb_eventos VALUES ( '3', '3', '6', '9', 'Terceira Idade', '', '', '0', '2016-06-08 15:25:23', '2016-06-08 17:25:23', '1');
INSERT INTO tb_eventos VALUES ( '4', '4', '6', '11', 'Diretoria da comunidade', '', '', '0', '2016-06-08 18:32:11', '2016-06-08 20:32:11', '1');
INSERT INTO tb_eventos VALUES ( '5', '5', '1', '13', 'Estudo PEM Grupo 1', '', '', '0', '2016-06-08 18:36:49', '2016-06-08 20:36:49', '1');
INSERT INTO tb_eventos VALUES ( '6', '6', '1', '13', 'Estudo PEM Grupo 2', '', '', '0', '2016-06-08 18:37:28', '2016-06-08 20:37:28', '1');
INSERT INTO tb_eventos VALUES ( '7', '7', '6', '4', 'Jovens', '', '', '0', '2016-06-08 18:41:21', '2020-08-27 22:44:30', '3');
INSERT INTO tb_eventos VALUES ( '8', '0', '10', '0', 'Visita pastoral à Raulino Zarske', 'Visita pastoral de Mateus Leonardo Lange à Raulino Zarske', '', '0', '2020-08-27 22:29:54', '2020-08-27 22:29:54', '3');
INSERT INTO tb_eventos VALUES ( '9', '0', '6', '4', 'Reunião', '', '', '0', '2020-08-27 22:37:12', '2020-08-27 22:37:12', '3');
INSERT INTO tb_eventos VALUES ( '10', '0', '6', '0', 'Reunião', '', '', '0', '2020-08-27 22:40:05', '2020-08-27 22:40:05', '3');

#
# Criação da Tabela : tb_eventos_datas
#

CREATE TABLE `tb_eventos_datas` (
  `id_data` int(11) NOT NULL AUTO_INCREMENT,
  `id_evento` int(11) NOT NULL,
  `id_grupo` int(11) NOT NULL,
  `periodicidade` varchar(250) NOT NULL,
  `dia_semana` varchar(250) NOT NULL,
  `dia` date NOT NULL,
  `horario_inicial` time NOT NULL,
  `horario_final` time NOT NULL,
  `data_inicial` datetime NOT NULL,
  `data_final` datetime NOT NULL,
  `hinos` varchar(250) NOT NULL,
  `santa_ceia` varchar(250) NOT NULL DEFAULT 'nao',
  `observacao` text NOT NULL,
  `total_membros` int(11) NOT NULL,
  `total_visitantes` int(11) NOT NULL,
  `total_santa_ceia` int(11) NOT NULL,
  `data_cadastro` datetime NOT NULL,
  `atualizacao` timestamp NOT NULL DEFAULT CURRENT_TIMESTAMP ON UPDATE CURRENT_TIMESTAMP,
  PRIMARY KEY (`id_data`)
) ENGINE=InnoDB AUTO_INCREMENT=70 DEFAULT CHARSET=latin1 ;

#
# Dados a serem incluídos na tabela
#

INSERT INTO tb_eventos_datas VALUES ( '1', '1', '1', '', '', '2016-06-11', '00:00:00', '00:00:00', '2016-06-11 00:00:00', '2016-06-11 00:00:00', '', 'nao', '', '0', '0', '0', '2016-06-08 15:16:11', '2016-06-08 17:16:11');
INSERT INTO tb_eventos_datas VALUES ( '2', '1', '1', '', '', '2016-06-18', '00:00:00', '00:00:00', '2016-06-18 00:00:00', '2016-06-18 00:00:00', '', 'nao', '', '0', '0', '0', '2016-06-08 15:16:12', '2016-06-08 17:16:12');
INSERT INTO tb_eventos_datas VALUES ( '3', '1', '1', '', '', '2016-06-25', '00:00:00', '00:00:00', '2016-06-25 00:00:00', '2016-06-25 00:00:00', '', 'nao', '', '0', '0', '0', '2016-06-08 15:16:12', '2016-06-08 17:16:12');
INSERT INTO tb_eventos_datas VALUES ( '4', '1', '1', '', '', '2016-07-02', '00:00:00', '00:00:00', '2016-07-02 00:00:00', '2016-07-02 00:00:00', '', 'nao', '', '0', '0', '0', '2016-06-08 15:16:12', '2016-06-08 17:16:12');
INSERT INTO tb_eventos_datas VALUES ( '5', '1', '1', '', '', '2016-07-09', '00:00:00', '00:00:00', '2016-07-09 00:00:00', '2016-07-09 00:00:00', '', 'nao', '', '0', '0', '0', '2016-06-08 15:16:12', '2016-06-08 17:16:12');
INSERT INTO tb_eventos_datas VALUES ( '6', '1', '1', '', '', '2016-07-16', '00:00:00', '00:00:00', '2016-07-16 00:00:00', '2016-07-16 00:00:00', '', 'nao', '', '0', '0', '0', '2016-06-08 15:16:13', '2016-06-08 17:16:13');
INSERT INTO tb_eventos_datas VALUES ( '7', '1', '1', '', '', '2016-07-23', '00:00:00', '00:00:00', '2016-07-23 00:00:00', '2016-07-23 00:00:00', '', 'nao', '', '0', '0', '0', '2016-06-08 15:16:13', '2016-06-08 17:16:13');
INSERT INTO tb_eventos_datas VALUES ( '8', '1', '1', '', '', '2016-07-30', '00:00:00', '00:00:00', '2016-07-30 00:00:00', '2016-07-30 00:00:00', '', 'nao', '', '0', '0', '0', '2016-06-08 15:16:13', '2016-06-08 17:16:13');
INSERT INTO tb_eventos_datas VALUES ( '9', '1', '1', '', '', '2016-08-06', '00:00:00', '00:00:00', '2016-08-06 00:00:00', '2016-08-06 00:00:00', '', 'nao', '', '0', '0', '0', '2016-06-08 15:16:13', '2016-06-08 17:16:13');
INSERT INTO tb_eventos_datas VALUES ( '10', '1', '1', '', '', '2016-08-13', '00:00:00', '00:00:00', '2016-08-13 00:00:00', '2016-08-13 00:00:00', '', 'nao', '', '0', '0', '0', '2016-06-08 15:16:13', '2016-06-08 17:16:13');
INSERT INTO tb_eventos_datas VALUES ( '11', '1', '1', '', '', '2016-08-20', '00:00:00', '00:00:00', '2016-08-20 00:00:00', '2016-08-20 00:00:00', '', 'nao', '', '0', '0', '0', '2016-06-08 15:16:13', '2016-06-08 17:16:13');
INSERT INTO tb_eventos_datas VALUES ( '12', '1', '1', '', '', '2016-08-27', '00:00:00', '00:00:00', '2016-08-27 00:00:00', '2016-08-27 00:00:00', '', 'nao', '', '0', '0', '0', '2016-06-08 15:16:13', '2016-06-08 17:16:13');
INSERT INTO tb_eventos_datas VALUES ( '13', '1', '1', '', '', '2016-09-03', '00:00:00', '00:00:00', '2016-09-03 00:00:00', '2016-09-03 00:00:00', '', 'nao', '', '0', '0', '0', '2016-06-08 15:16:13', '2016-06-08 17:16:13');
INSERT INTO tb_eventos_datas VALUES ( '14', '1', '1', '', '', '2016-09-10', '00:00:00', '00:00:00', '2016-09-10 00:00:00', '2016-09-10 00:00:00', '', 'nao', '', '0', '0', '0', '2016-06-08 15:16:13', '2016-06-08 17:16:13');
INSERT INTO tb_eventos_datas VALUES ( '15', '1', '1', '', '', '2016-09-17', '00:00:00', '00:00:00', '2016-09-17 00:00:00', '2016-09-17 00:00:00', '', 'nao', '', '0', '0', '0', '2016-06-08 15:16:14', '2016-06-08 17:16:14');
INSERT INTO tb_eventos_datas VALUES ( '16', '1', '1', '', '', '2016-09-24', '00:00:00', '00:00:00', '2016-09-24 00:00:00', '2016-09-24 00:00:00', '', 'nao', '', '0', '0', '0', '2016-06-08 15:16:14', '2016-06-08 17:16:14');
INSERT INTO tb_eventos_datas VALUES ( '17', '1', '1', '', '', '2016-10-01', '00:00:00', '00:00:00', '2016-10-01 00:00:00', '2016-10-01 00:00:00', '', 'nao', '', '0', '0', '0', '2016-06-08 15:16:14', '2016-06-08 17:16:14');
INSERT INTO tb_eventos_datas VALUES ( '18', '1', '1', '', '', '2016-10-08', '00:00:00', '00:00:00', '2016-10-08 00:00:00', '2016-10-08 00:00:00', '', 'nao', '', '0', '0', '0', '2016-06-08 15:16:14', '2016-06-08 17:16:14');
INSERT INTO tb_eventos_datas VALUES ( '19', '1', '1', '', '', '2016-10-15', '00:00:00', '00:00:00', '2016-10-15 00:00:00', '2016-10-15 00:00:00', '', 'nao', '', '0', '0', '0', '2016-06-08 15:16:14', '2016-06-08 17:16:14');
INSERT INTO tb_eventos_datas VALUES ( '20', '1', '1', '', '', '2016-10-22', '00:00:00', '00:00:00', '2016-10-22 00:00:00', '2016-10-22 00:00:00', '', 'nao', '', '0', '0', '0', '2016-06-08 15:16:14', '2016-06-08 17:16:14');
INSERT INTO tb_eventos_datas VALUES ( '21', '1', '1', '', '', '2016-10-29', '00:00:00', '00:00:00', '2016-10-29 00:00:00', '2016-10-29 00:00:00', '', 'nao', '', '0', '0', '0', '2016-06-08 15:16:14', '2016-06-08 17:16:14');
INSERT INTO tb_eventos_datas VALUES ( '22', '1', '1', '', '', '2016-11-05', '00:00:00', '00:00:00', '2016-11-05 00:00:00', '2016-11-05 00:00:00', '', 'nao', '', '0', '0', '0', '2016-06-08 15:16:14', '2016-06-08 17:16:14');
INSERT INTO tb_eventos_datas VALUES ( '23', '1', '1', '', '', '2016-11-12', '00:00:00', '00:00:00', '2016-11-12 00:00:00', '2016-11-12 00:00:00', '', 'nao', '', '0', '0', '0', '2016-06-08 15:16:14', '2016-06-08 17:16:14');
INSERT INTO tb_eventos_datas VALUES ( '24', '1', '1', '', '', '2016-11-19', '00:00:00', '00:00:00', '2016-11-19 00:00:00', '2016-11-19 00:00:00', '', 'nao', '', '0', '0', '0', '2016-06-08 15:16:15', '2016-06-08 17:16:15');
INSERT INTO tb_eventos_datas VALUES ( '25', '1', '1', '', '', '2016-11-26', '00:00:00', '00:00:00', '2016-11-26 00:00:00', '2016-11-26 00:00:00', '', 'nao', '', '0', '0', '0', '2016-06-08 15:16:15', '2016-06-08 17:16:15');
INSERT INTO tb_eventos_datas VALUES ( '26', '1', '1', '', '', '2016-12-03', '00:00:00', '00:00:00', '2016-12-03 00:00:00', '2016-12-03 00:00:00', '', 'nao', '', '0', '0', '0', '2016-06-08 15:16:15', '2016-06-08 17:16:15');
INSERT INTO tb_eventos_datas VALUES ( '27', '1', '1', '', '', '2016-12-10', '00:00:00', '00:00:00', '2016-12-10 00:00:00', '2016-12-10 00:00:00', '', 'nao', '', '0', '0', '0', '2016-06-08 15:16:15', '2016-06-08 17:16:15');
INSERT INTO tb_eventos_datas VALUES ( '28', '1', '1', '', '', '2016-12-17', '00:00:00', '00:00:00', '2016-12-17 00:00:00', '2016-12-17 00:00:00', '', 'nao', '', '0', '0', '0', '2016-06-08 15:16:15', '2016-06-08 17:16:15');
INSERT INTO tb_eventos_datas VALUES ( '29', '1', '1', '', '', '2016-12-24', '00:00:00', '00:00:00', '2016-12-24 00:00:00', '2016-12-24 00:00:00', '', 'nao', '', '0', '0', '0', '2016-06-08 15:16:15', '2016-06-08 17:16:15');
INSERT INTO tb_eventos_datas VALUES ( '30', '1', '1', '', '', '2016-12-31', '00:00:00', '00:00:00', '2016-12-31 00:00:00', '2016-12-31 00:00:00', '', 'nao', '', '0', '0', '0', '2016-06-08 15:16:16', '2016-06-08 17:16:16');
INSERT INTO tb_eventos_datas VALUES ( '31', '2', '2', '', '', '0000-00-00', '00:00:00', '00:00:00', '0000-00-00 00:00:00', '0000-00-00 00:00:00', '', 'nao', '', '0', '0', '0', '2016-06-08 15:18:08', '2016-06-08 17:18:08');
INSERT INTO tb_eventos_datas VALUES ( '32', '3', '3', '', '', '2016-06-09', '00:00:00', '00:00:00', '2016-06-09 00:00:00', '2016-06-09 00:00:00', '', 'nao', '', '0', '0', '0', '2016-06-08 15:25:23', '2016-06-08 17:25:23');
INSERT INTO tb_eventos_datas VALUES ( '33', '3', '3', '', '', '2016-06-16', '00:00:00', '00:00:00', '2016-06-16 00:00:00', '2016-06-16 00:00:00', '', 'nao', '', '0', '0', '0', '2016-06-08 15:25:23', '2016-06-08 17:25:23');
INSERT INTO tb_eventos_datas VALUES ( '34', '3', '3', '', '', '2016-06-23', '00:00:00', '00:00:00', '2016-06-23 00:00:00', '2016-06-23 00:00:00', '', 'nao', '', '0', '0', '0', '2016-06-08 15:25:23', '2016-06-08 17:25:23');
INSERT INTO tb_eventos_datas VALUES ( '35', '3', '3', '', '', '2016-06-30', '00:00:00', '00:00:00', '2016-06-30 00:00:00', '2016-06-30 00:00:00', '', 'nao', '', '0', '0', '0', '2016-06-08 15:25:23', '2016-06-08 17:25:23');
INSERT INTO tb_eventos_datas VALUES ( '36', '3', '3', '', '', '2016-07-07', '00:00:00', '00:00:00', '2016-07-07 00:00:00', '2016-07-07 00:00:00', '', 'nao', '', '0', '0', '0', '2016-06-08 15:25:23', '2016-06-08 17:25:23');
INSERT INTO tb_eventos_datas VALUES ( '37', '3', '3', '', '', '2016-07-14', '00:00:00', '00:00:00', '2016-07-14 00:00:00', '2016-07-14 00:00:00', '', 'nao', '', '0', '0', '0', '2016-06-08 15:25:23', '2016-06-08 17:25:23');
INSERT INTO tb_eventos_datas VALUES ( '38', '3', '3', '', '', '2016-07-21', '00:00:00', '00:00:00', '2016-07-21 00:00:00', '2016-07-21 00:00:00', '', 'nao', '', '0', '0', '0', '2016-06-08 15:25:23', '2016-06-08 17:25:23');
INSERT INTO tb_eventos_datas VALUES ( '39', '3', '3', '', '', '2016-07-28', '00:00:00', '00:00:00', '2016-07-28 00:00:00', '2016-07-28 00:00:00', '', 'nao', '', '0', '0', '0', '2016-06-08 15:25:23', '2016-06-08 17:25:23');
INSERT INTO tb_eventos_datas VALUES ( '40', '3', '3', '', '', '2016-08-04', '00:00:00', '00:00:00', '2016-08-04 00:00:00', '2016-08-04 00:00:00', '', 'nao', '', '0', '0', '0', '2016-06-08 15:25:23', '2016-06-08 17:25:23');
INSERT INTO tb_eventos_datas VALUES ( '41', '3', '3', '', '', '2016-08-11', '00:00:00', '00:00:00', '2016-08-11 00:00:00', '2016-08-11 00:00:00', '', 'nao', '', '0', '0', '0', '2016-06-08 15:25:23', '2016-06-08 17:25:23');
INSERT INTO tb_eventos_datas VALUES ( '42', '3', '3', '', '', '2016-08-18', '00:00:00', '00:00:00', '2016-08-18 00:00:00', '2016-08-18 00:00:00', '', 'nao', '', '0', '0', '0', '2016-06-08 15:25:24', '2016-06-08 17:25:24');
INSERT INTO tb_eventos_datas VALUES ( '43', '3', '3', '', '', '2016-08-25', '00:00:00', '00:00:00', '2016-08-25 00:00:00', '2016-08-25 00:00:00', '', 'nao', '', '0', '0', '0', '2016-06-08 15:25:24', '2016-06-08 17:25:24');
INSERT INTO tb_eventos_datas VALUES ( '44', '3', '3', '', '', '2016-09-01', '00:00:00', '00:00:00', '2016-09-01 00:00:00', '2016-09-01 00:00:00', '', 'nao', '', '0', '0', '0', '2016-06-08 15:25:24', '2016-06-08 17:25:24');
INSERT INTO tb_eventos_datas VALUES ( '45', '3', '3', '', '', '2016-09-08', '00:00:00', '00:00:00', '2016-09-08 00:00:00', '2016-09-08 00:00:00', '', 'nao', '', '0', '0', '0', '2016-06-08 15:25:24', '2016-06-08 17:25:24');
INSERT INTO tb_eventos_datas VALUES ( '46', '3', '3', '', '', '2016-09-15', '00:00:00', '00:00:00', '2016-09-15 00:00:00', '2016-09-15 00:00:00', '', 'nao', '', '0', '0', '0', '2016-06-08 15:25:24', '2016-06-08 17:25:24');
INSERT INTO tb_eventos_datas VALUES ( '47', '3', '3', '', '', '2016-09-22', '00:00:00', '00:00:00', '2016-09-22 00:00:00', '2016-09-22 00:00:00', '', 'nao', '', '0', '0', '0', '2016-06-08 15:25:24', '2016-06-08 17:25:24');
INSERT INTO tb_eventos_datas VALUES ( '48', '3', '3', '', '', '2016-09-29', '00:00:00', '00:00:00', '2016-09-29 00:00:00', '2016-09-29 00:00:00', '', 'nao', '', '0', '0', '0', '2016-06-08 15:25:24', '2016-06-08 17:25:24');
INSERT INTO tb_eventos_datas VALUES ( '49', '3', '3', '', '', '2016-10-06', '00:00:00', '00:00:00', '2016-10-06 00:00:00', '2016-10-06 00:00:00', '', 'nao', '', '0', '0', '0', '2016-06-08 15:25:24', '2016-06-08 17:25:24');
INSERT INTO tb_eventos_datas VALUES ( '50', '3', '3', '', '', '2016-10-13', '00:00:00', '00:00:00', '2016-10-13 00:00:00', '2016-10-13 00:00:00', '', 'nao', '', '0', '0', '0', '2016-06-08 15:25:24', '2016-06-08 17:25:24');
INSERT INTO tb_eventos_datas VALUES ( '51', '3', '3', '', '', '2016-10-20', '00:00:00', '00:00:00', '2016-10-20 00:00:00', '2016-10-20 00:00:00', '', 'nao', '', '0', '0', '0', '2016-06-08 15:25:24', '2016-06-08 17:25:24');
INSERT INTO tb_eventos_datas VALUES ( '52', '3', '3', '', '', '2016-10-27', '00:00:00', '00:00:00', '2016-10-27 00:00:00', '2016-10-27 00:00:00', '', 'nao', '', '0', '0', '0', '2016-06-08 15:25:24', '2016-06-08 17:25:24');
INSERT INTO tb_eventos_datas VALUES ( '53', '3', '3', '', '', '2016-11-03', '00:00:00', '00:00:00', '2016-11-03 00:00:00', '2016-11-03 00:00:00', '', 'nao', '', '0', '0', '0', '2016-06-08 15:25:24', '2016-06-08 17:25:24');
INSERT INTO tb_eventos_datas VALUES ( '54', '3', '3', '', '', '2016-11-10', '00:00:00', '00:00:00', '2016-11-10 00:00:00', '2016-11-10 00:00:00', '', 'nao', '', '0', '0', '0', '2016-06-08 15:25:24', '2016-06-08 17:25:24');
INSERT INTO tb_eventos_datas VALUES ( '55', '3', '3', '', '', '2016-11-17', '00:00:00', '00:00:00', '2016-11-17 00:00:00', '2016-11-17 00:00:00', '', 'nao', '', '0', '0', '0', '2016-06-08 15:25:24', '2016-06-08 17:25:24');
INSERT INTO tb_eventos_datas VALUES ( '56', '3', '3', '', '', '2016-11-24', '00:00:00', '00:00:00', '2016-11-24 00:00:00', '2016-11-24 00:00:00', '', 'nao', '', '0', '0', '0', '2016-06-08 15:25:25', '2016-06-08 17:25:25');
INSERT INTO tb_eventos_datas VALUES ( '57', '3', '3', '', '', '2016-12-01', '00:00:00', '00:00:00', '2016-12-01 00:00:00', '2016-12-01 00:00:00', '', 'nao', '', '0', '0', '0', '2016-06-08 15:25:25', '2016-06-08 17:25:25');
INSERT INTO tb_eventos_datas VALUES ( '58', '3', '3', '', '', '2016-12-08', '00:00:00', '00:00:00', '2016-12-08 00:00:00', '2016-12-08 00:00:00', '', 'nao', '', '0', '0', '0', '2016-06-08 15:25:25', '2016-06-08 17:25:25');
INSERT INTO tb_eventos_datas VALUES ( '59', '3', '3', '', '', '2016-12-15', '00:00:00', '00:00:00', '2016-12-15 00:00:00', '2016-12-15 00:00:00', '', 'nao', '', '0', '0', '0', '2016-06-08 15:25:25', '2016-06-08 17:25:25');
INSERT INTO tb_eventos_datas VALUES ( '60', '3', '3', '', '', '2016-12-22', '00:00:00', '00:00:00', '2016-12-22 00:00:00', '2016-12-22 00:00:00', '', 'nao', '', '0', '0', '0', '2016-06-08 15:25:25', '2016-06-08 17:25:25');
INSERT INTO tb_eventos_datas VALUES ( '61', '3', '3', '', '', '2016-12-29', '00:00:00', '00:00:00', '2016-12-29 00:00:00', '2016-12-29 00:00:00', '', 'nao', '', '0', '0', '0', '2016-06-08 15:25:25', '2016-06-08 17:25:25');
INSERT INTO tb_eventos_datas VALUES ( '62', '4', '4', '', '', '0000-00-00', '00:00:00', '00:00:00', '0000-00-00 00:00:00', '0000-00-00 00:00:00', '', 'nao', '', '0', '0', '0', '2016-06-08 18:32:11', '2016-06-08 20:32:11');
INSERT INTO tb_eventos_datas VALUES ( '63', '5', '5', '', '', '0000-00-00', '00:00:00', '00:00:00', '0000-00-00 00:00:00', '0000-00-00 00:00:00', '', 'nao', '', '0', '0', '0', '2016-06-08 18:36:49', '2016-06-08 20:36:49');
INSERT INTO tb_eventos_datas VALUES ( '64', '6', '6', '', '', '0000-00-00', '00:00:00', '00:00:00', '0000-00-00 00:00:00', '0000-00-00 00:00:00', '', 'nao', '', '0', '0', '0', '2016-06-08 18:37:28', '2016-06-08 20:37:28');
INSERT INTO tb_eventos_datas VALUES ( '65', '7', '7', '', '', '0000-00-00', '00:00:00', '00:00:00', '0000-00-00 00:00:00', '0000-00-00 00:00:00', '', 'nao', '', '0', '0', '0', '2016-06-08 18:41:21', '2016-06-08 20:41:21');
INSERT INTO tb_eventos_datas VALUES ( '66', '8', '0', '', '', '2020-08-27', '17:30:00', '18:00:00', '2020-08-27 17:30:00', '2020-08-27 18:00:00', '', 'sim', '', '4', '0', '4', '2020-08-27 22:29:54', '2020-08-27 22:47:05');
INSERT INTO tb_eventos_datas VALUES ( '67', '10', '0', '', '', '2020-08-27', '20:00:00', '21:00:00', '2020-08-27 20:00:00', '2020-08-27 21:00:00', '', 'nao', '', '1', '2', '0', '2020-08-27 22:40:05', '2020-08-27 22:41:55');
INSERT INTO tb_eventos_datas VALUES ( '68', '7', '7', '', '', '2020-08-27', '19:00:00', '20:00:00', '2020-08-27 19:00:00', '2020-08-27 20:00:00', '', 'nao', '', '6', '0', '0', '2020-08-27 22:44:30', '2020-08-27 22:44:43');
INSERT INTO tb_eventos_datas VALUES ( '69', '7', '7', 'Semanais', '4', '2020-09-03', '19:00:00', '20:00:00', '2020-09-03 19:00:00', '2020-09-03 20:00:00', '', 'nao', '', '0', '0', '0', '2020-09-05 00:02:04', '2020-09-05 00:02:04');

#
# Criação da Tabela : tb_eventos_datas_oficiantes
#

CREATE TABLE `tb_eventos_datas_oficiantes` (
  `id_oficiante` int(11) NOT NULL AUTO_INCREMENT,
  `id_evento` int(11) NOT NULL,
  `id_data` int(11) NOT NULL,
  `oficiante` varchar(250) NOT NULL,
  `nome_oficiante` varchar(250) NOT NULL,
  `data_cadastro` datetime NOT NULL,
  `atualizacao` timestamp NOT NULL DEFAULT CURRENT_TIMESTAMP ON UPDATE CURRENT_TIMESTAMP,
  PRIMARY KEY (`id_oficiante`)
) ENGINE=InnoDB AUTO_INCREMENT=8 DEFAULT CHARSET=latin1 ;

#
# Dados a serem incluídos na tabela
#

INSERT INTO tb_eventos_datas_oficiantes VALUES ( '1', '8', '66', 'outro_pastor', 'Mateus Leonardo Lange', '2020-08-27 22:29:54', '2020-08-27 22:29:54');
INSERT INTO tb_eventos_datas_oficiantes VALUES ( '2', '9', '0', 'o', '', '2020-08-27 22:37:12', '2020-08-27 22:37:12');
INSERT INTO tb_eventos_datas_oficiantes VALUES ( '3', '10', '0', 'o', '', '2020-08-27 22:40:05', '2020-08-27 22:40:05');
INSERT INTO tb_eventos_datas_oficiantes VALUES ( '4', '10', '67', 'outro_pastor', '31 - Mateus Leonardo Lange - Campo Mourão/PR', '2020-08-27 22:40:05', '2020-08-27 22:40:05');
INSERT INTO tb_eventos_datas_oficiantes VALUES ( '5', '7', '0', 'o', '', '2020-08-27 22:44:30', '2020-08-27 22:44:30');
INSERT INTO tb_eventos_datas_oficiantes VALUES ( '6', '7', '68', 'outro_pastor', '31 - Mateus Leonardo Lange - Campo Mourão/PR', '2020-08-27 22:44:30', '2020-08-27 22:44:30');
INSERT INTO tb_eventos_datas_oficiantes VALUES ( '7', '7', '0', 'o', '', '2020-09-05 00:02:04', '2020-09-05 00:02:04');

#
# Criação da Tabela : tb_eventos_participantes
#

CREATE TABLE `tb_eventos_participantes` (
  `id_participante` int(11) NOT NULL AUTO_INCREMENT,
  `id_evento` int(11) NOT NULL,
  `id_data` int(11) NOT NULL,
  `id_grupo` int(11) NOT NULL,
  `id_membro` int(11) NOT NULL,
  `participou` varchar(250) NOT NULL DEFAULT 'nao',
  `santa_ceia` varchar(30) NOT NULL,
  `data_cadastro` datetime NOT NULL,
  `atualizacao` timestamp NOT NULL DEFAULT CURRENT_TIMESTAMP ON UPDATE CURRENT_TIMESTAMP,
  PRIMARY KEY (`id_participante`)
) ENGINE=InnoDB AUTO_INCREMENT=138 DEFAULT CHARSET=latin1 ;

#
# Dados a serem incluídos na tabela
#

INSERT INTO tb_eventos_participantes VALUES ( '1', '1', '1', '1', '4', 'nao', '', '2016-06-08 15:16:56', '2016-06-08 17:16:56');
INSERT INTO tb_eventos_participantes VALUES ( '2', '1', '2', '1', '4', 'nao', '', '2016-06-08 15:16:56', '2016-06-08 17:16:56');
INSERT INTO tb_eventos_participantes VALUES ( '3', '1', '3', '1', '4', 'nao', '', '2016-06-08 15:16:56', '2016-06-08 17:16:56');
INSERT INTO tb_eventos_participantes VALUES ( '4', '1', '4', '1', '4', 'nao', '', '2016-06-08 15:16:56', '2016-06-08 17:16:56');
INSERT INTO tb_eventos_participantes VALUES ( '5', '1', '5', '1', '4', 'nao', '', '2016-06-08 15:16:56', '2016-06-08 17:16:56');
INSERT INTO tb_eventos_participantes VALUES ( '6', '1', '6', '1', '4', 'nao', '', '2016-06-08 15:16:56', '2016-06-08 17:16:56');
INSERT INTO tb_eventos_participantes VALUES ( '7', '1', '7', '1', '4', 'nao', '', '2016-06-08 15:16:56', '2016-06-08 17:16:56');
INSERT INTO tb_eventos_participantes VALUES ( '8', '1', '8', '1', '4', 'nao', '', '2016-06-08 15:16:56', '2016-06-08 17:16:56');
INSERT INTO tb_eventos_participantes VALUES ( '9', '1', '9', '1', '4', 'nao', '', '2016-06-08 15:16:56', '2016-06-08 17:16:56');
INSERT INTO tb_eventos_participantes VALUES ( '10', '1', '10', '1', '4', 'nao', '', '2016-06-08 15:16:56', '2016-06-08 17:16:56');
INSERT INTO tb_eventos_participantes VALUES ( '11', '1', '11', '1', '4', 'nao', '', '2016-06-08 15:16:57', '2016-06-08 17:16:57');
INSERT INTO tb_eventos_participantes VALUES ( '12', '1', '12', '1', '4', 'nao', '', '2016-06-08 15:16:57', '2016-06-08 17:16:57');
INSERT INTO tb_eventos_participantes VALUES ( '13', '1', '13', '1', '4', 'nao', '', '2016-06-08 15:16:57', '2016-06-08 17:16:57');
INSERT INTO tb_eventos_participantes VALUES ( '14', '1', '14', '1', '4', 'nao', '', '2016-06-08 15:16:57', '2016-06-08 17:16:57');
INSERT INTO tb_eventos_participantes VALUES ( '15', '1', '15', '1', '4', 'nao', '', '2016-06-08 15:16:57', '2016-06-08 17:16:57');
INSERT INTO tb_eventos_participantes VALUES ( '16', '1', '16', '1', '4', 'nao', '', '2016-06-08 15:16:57', '2016-06-08 17:16:57');
INSERT INTO tb_eventos_participantes VALUES ( '17', '1', '17', '1', '4', 'nao', '', '2016-06-08 15:16:57', '2016-06-08 17:16:57');
INSERT INTO tb_eventos_participantes VALUES ( '18', '1', '18', '1', '4', 'nao', '', '2016-06-08 15:16:57', '2016-06-08 17:16:57');
INSERT INTO tb_eventos_participantes VALUES ( '19', '1', '19', '1', '4', 'nao', '', '2016-06-08 15:16:57', '2016-06-08 17:16:57');
INSERT INTO tb_eventos_participantes VALUES ( '20', '1', '20', '1', '4', 'nao', '', '2016-06-08 15:16:57', '2016-06-08 17:16:57');
INSERT INTO tb_eventos_participantes VALUES ( '21', '1', '21', '1', '4', 'nao', '', '2016-06-08 15:16:57', '2016-06-08 17:16:57');
INSERT INTO tb_eventos_participantes VALUES ( '22', '1', '22', '1', '4', 'nao', '', '2016-06-08 15:16:57', '2016-06-08 17:16:57');
INSERT INTO tb_eventos_participantes VALUES ( '23', '1', '23', '1', '4', 'nao', '', '2016-06-08 15:16:57', '2016-06-08 17:16:57');
INSERT INTO tb_eventos_participantes VALUES ( '24', '1', '24', '1', '4', 'nao', '', '2016-06-08 15:16:57', '2016-06-08 17:16:57');
INSERT INTO tb_eventos_participantes VALUES ( '25', '1', '25', '1', '4', 'nao', '', '2016-06-08 15:16:57', '2016-06-08 17:16:57');
INSERT INTO tb_eventos_participantes VALUES ( '26', '1', '26', '1', '4', 'nao', '', '2016-06-08 15:16:57', '2016-06-08 17:16:57');
INSERT INTO tb_eventos_participantes VALUES ( '27', '1', '27', '1', '4', 'nao', '', '2016-06-08 15:16:57', '2016-06-08 17:16:57');
INSERT INTO tb_eventos_participantes VALUES ( '28', '1', '28', '1', '4', 'nao', '', '2016-06-08 15:16:57', '2016-06-08 17:16:57');
INSERT INTO tb_eventos_participantes VALUES ( '29', '1', '29', '1', '4', 'nao', '', '2016-06-08 15:16:57', '2016-06-08 17:16:57');
INSERT INTO tb_eventos_participantes VALUES ( '30', '1', '30', '1', '4', 'nao', '', '2016-06-08 15:16:57', '2016-06-08 17:16:57');
INSERT INTO tb_eventos_participantes VALUES ( '31', '3', '32', '3', '2', 'nao', '', '2016-06-08 15:25:47', '2016-06-08 17:25:47');
INSERT INTO tb_eventos_participantes VALUES ( '32', '3', '33', '3', '2', 'nao', '', '2016-06-08 15:25:47', '2016-06-08 17:25:47');
INSERT INTO tb_eventos_participantes VALUES ( '33', '3', '34', '3', '2', 'nao', '', '2016-06-08 15:25:47', '2016-06-08 17:25:47');
INSERT INTO tb_eventos_participantes VALUES ( '34', '3', '35', '3', '2', 'nao', '', '2016-06-08 15:25:47', '2016-06-08 17:25:47');
INSERT INTO tb_eventos_participantes VALUES ( '35', '3', '36', '3', '2', 'nao', '', '2016-06-08 15:25:47', '2016-06-08 17:25:47');
INSERT INTO tb_eventos_participantes VALUES ( '36', '3', '37', '3', '2', 'nao', '', '2016-06-08 15:25:47', '2016-06-08 17:25:47');
INSERT INTO tb_eventos_participantes VALUES ( '37', '3', '38', '3', '2', 'nao', '', '2016-06-08 15:25:47', '2016-06-08 17:25:47');
INSERT INTO tb_eventos_participantes VALUES ( '38', '3', '39', '3', '2', 'nao', '', '2016-06-08 15:25:47', '2016-06-08 17:25:47');
INSERT INTO tb_eventos_participantes VALUES ( '39', '3', '40', '3', '2', 'nao', '', '2016-06-08 15:25:47', '2016-06-08 17:25:47');
INSERT INTO tb_eventos_participantes VALUES ( '40', '3', '41', '3', '2', 'nao', '', '2016-06-08 15:25:47', '2016-06-08 17:25:47');
INSERT INTO tb_eventos_participantes VALUES ( '41', '3', '42', '3', '2', 'nao', '', '2016-06-08 15:25:48', '2016-06-08 17:25:48');
INSERT INTO tb_eventos_participantes VALUES ( '42', '3', '43', '3', '2', 'nao', '', '2016-06-08 15:25:48', '2016-06-08 17:25:48');
INSERT INTO tb_eventos_participantes VALUES ( '43', '3', '44', '3', '2', 'nao', '', '2016-06-08 15:25:48', '2016-06-08 17:25:48');
INSERT INTO tb_eventos_participantes VALUES ( '44', '3', '45', '3', '2', 'nao', '', '2016-06-08 15:25:48', '2016-06-08 17:25:48');
INSERT INTO tb_eventos_participantes VALUES ( '45', '3', '46', '3', '2', 'nao', '', '2016-06-08 15:25:48', '2016-06-08 17:25:48');
INSERT INTO tb_eventos_participantes VALUES ( '46', '3', '47', '3', '2', 'nao', '', '2016-06-08 15:25:49', '2016-06-08 17:25:49');
INSERT INTO tb_eventos_participantes VALUES ( '47', '3', '48', '3', '2', 'nao', '', '2016-06-08 15:25:49', '2016-06-08 17:25:49');
INSERT INTO tb_eventos_participantes VALUES ( '48', '3', '49', '3', '2', 'nao', '', '2016-06-08 15:25:49', '2016-06-08 17:25:49');
INSERT INTO tb_eventos_participantes VALUES ( '49', '3', '50', '3', '2', 'nao', '', '2016-06-08 15:25:49', '2016-06-08 17:25:49');
INSERT INTO tb_eventos_participantes VALUES ( '50', '3', '51', '3', '2', 'nao', '', '2016-06-08 15:25:49', '2016-06-08 17:25:49');
INSERT INTO tb_eventos_participantes VALUES ( '51', '3', '52', '3', '2', 'nao', '', '2016-06-08 15:25:49', '2016-06-08 17:25:49');
INSERT INTO tb_eventos_participantes VALUES ( '52', '3', '53', '3', '2', 'nao', '', '2016-06-08 15:25:49', '2016-06-08 17:25:49');
INSERT INTO tb_eventos_participantes VALUES ( '53', '3', '54', '3', '2', 'nao', '', '2016-06-08 15:25:49', '2016-06-08 17:25:49');
INSERT INTO tb_eventos_participantes VALUES ( '54', '3', '55', '3', '2', 'nao', '', '2016-06-08 15:25:49', '2016-06-08 17:25:49');
INSERT INTO tb_eventos_participantes VALUES ( '55', '3', '56', '3', '2', 'nao', '', '2016-06-08 15:25:50', '2016-06-08 17:25:50');
INSERT INTO tb_eventos_participantes VALUES ( '56', '3', '57', '3', '2', 'nao', '', '2016-06-08 15:25:50', '2016-06-08 17:25:50');
INSERT INTO tb_eventos_participantes VALUES ( '57', '3', '58', '3', '2', 'nao', '', '2016-06-08 15:25:50', '2016-06-08 17:25:50');
INSERT INTO tb_eventos_participantes VALUES ( '58', '3', '59', '3', '2', 'nao', '', '2016-06-08 15:25:50', '2016-06-08 17:25:50');
INSERT INTO tb_eventos_participantes VALUES ( '59', '3', '60', '3', '2', 'nao', '', '2016-06-08 15:25:50', '2016-06-08 17:25:50');
INSERT INTO tb_eventos_participantes VALUES ( '60', '3', '61', '3', '2', 'nao', '', '2016-06-08 15:25:50', '2016-06-08 17:25:50');
INSERT INTO tb_eventos_participantes VALUES ( '61', '1', '2', '1', '9', 'nao', '', '2016-06-13 12:17:35', '2016-06-13 14:17:35');
INSERT INTO tb_eventos_participantes VALUES ( '62', '1', '3', '1', '9', 'nao', '', '2016-06-13 12:17:35', '2016-06-13 14:17:35');
INSERT INTO tb_eventos_participantes VALUES ( '63', '1', '4', '1', '9', 'nao', '', '2016-06-13 12:17:36', '2016-06-13 14:17:36');
INSERT INTO tb_eventos_participantes VALUES ( '64', '1', '5', '1', '9', 'nao', '', '2016-06-13 12:17:36', '2016-06-13 14:17:36');
INSERT INTO tb_eventos_participantes VALUES ( '65', '1', '6', '1', '9', 'nao', '', '2016-06-13 12:17:36', '2016-06-13 14:17:36');
INSERT INTO tb_eventos_participantes VALUES ( '66', '1', '7', '1', '9', 'nao', '', '2016-06-13 12:17:36', '2016-06-13 14:17:36');
INSERT INTO tb_eventos_participantes VALUES ( '67', '1', '8', '1', '9', 'nao', '', '2016-06-13 12:17:36', '2016-06-13 14:17:36');
INSERT INTO tb_eventos_participantes VALUES ( '68', '1', '9', '1', '9', 'nao', '', '2016-06-13 12:17:36', '2016-06-13 14:17:36');
INSERT INTO tb_eventos_participantes VALUES ( '69', '1', '10', '1', '9', 'nao', '', '2016-06-13 12:17:36', '2016-06-13 14:17:36');
INSERT INTO tb_eventos_participantes VALUES ( '70', '1', '11', '1', '9', 'nao', '', '2016-06-13 12:17:36', '2016-06-13 14:17:36');
INSERT INTO tb_eventos_participantes VALUES ( '71', '1', '12', '1', '9', 'nao', '', '2016-06-13 12:17:36', '2016-06-13 14:17:36');
INSERT INTO tb_eventos_participantes VALUES ( '72', '1', '13', '1', '9', 'nao', '', '2016-06-13 12:17:36', '2016-06-13 14:17:36');
INSERT INTO tb_eventos_participantes VALUES ( '73', '1', '14', '1', '9', 'nao', '', '2016-06-13 12:17:36', '2016-06-13 14:17:36');
INSERT INTO tb_eventos_participantes VALUES ( '74', '1', '15', '1', '9', 'nao', '', '2016-06-13 12:17:36', '2016-06-13 14:17:36');
INSERT INTO tb_eventos_participantes VALUES ( '75', '1', '16', '1', '9', 'nao', '', '2016-06-13 12:17:36', '2016-06-13 14:17:36');
INSERT INTO tb_eventos_participantes VALUES ( '76', '1', '17', '1', '9', 'nao', '', '2016-06-13 12:17:36', '2016-06-13 14:17:36');
INSERT INTO tb_eventos_participantes VALUES ( '77', '1', '18', '1', '9', 'nao', '', '2016-06-13 12:17:36', '2016-06-13 14:17:36');
INSERT INTO tb_eventos_participantes VALUES ( '78', '1', '19', '1', '9', 'nao', '', '2016-06-13 12:17:36', '2016-06-13 14:17:36');
INSERT INTO tb_eventos_participantes VALUES ( '79', '1', '20', '1', '9', 'nao', '', '2016-06-13 12:17:36', '2016-06-13 14:17:36');
INSERT INTO tb_eventos_participantes VALUES ( '80', '1', '21', '1', '9', 'nao', '', '2016-06-13 12:17:36', '2016-06-13 14:17:36');
INSERT INTO tb_eventos_participantes VALUES ( '81', '1', '22', '1', '9', 'nao', '', '2016-06-13 12:17:37', '2016-06-13 14:17:37');
INSERT INTO tb_eventos_participantes VALUES ( '82', '1', '23', '1', '9', 'nao', '', '2016-06-13 12:17:37', '2016-06-13 14:17:37');
INSERT INTO tb_eventos_participantes VALUES ( '83', '1', '24', '1', '9', 'nao', '', '2016-06-13 12:17:37', '2016-06-13 14:17:37');
INSERT INTO tb_eventos_participantes VALUES ( '84', '1', '25', '1', '9', 'nao', '', '2016-06-13 12:17:38', '2016-06-13 14:17:38');
INSERT INTO tb_eventos_participantes VALUES ( '85', '1', '26', '1', '9', 'nao', '', '2016-06-13 12:17:38', '2016-06-13 14:17:38');
INSERT INTO tb_eventos_participantes VALUES ( '86', '1', '27', '1', '9', 'nao', '', '2016-06-13 12:17:38', '2016-06-13 14:17:38');
INSERT INTO tb_eventos_participantes VALUES ( '87', '1', '28', '1', '9', 'nao', '', '2016-06-13 12:17:38', '2016-06-13 14:17:38');
INSERT INTO tb_eventos_participantes VALUES ( '88', '1', '29', '1', '9', 'nao', '', '2016-06-13 12:17:38', '2016-06-13 14:17:38');
INSERT INTO tb_eventos_participantes VALUES ( '89', '1', '30', '1', '9', 'nao', '', '2016-06-13 12:17:38', '2016-06-13 14:17:38');
INSERT INTO tb_eventos_participantes VALUES ( '90', '1', '2', '1', '10', 'nao', '', '2016-06-13 12:28:54', '2016-06-13 14:28:54');
INSERT INTO tb_eventos_participantes VALUES ( '91', '1', '3', '1', '10', 'nao', '', '2016-06-13 12:28:54', '2016-06-13 14:28:54');
INSERT INTO tb_eventos_participantes VALUES ( '92', '1', '4', '1', '10', 'nao', '', '2016-06-13 12:28:54', '2016-06-13 14:28:54');
INSERT INTO tb_eventos_participantes VALUES ( '93', '1', '5', '1', '10', 'nao', '', '2016-06-13 12:28:54', '2016-06-13 14:28:54');
INSERT INTO tb_eventos_participantes VALUES ( '94', '1', '6', '1', '10', 'nao', '', '2016-06-13 12:28:54', '2016-06-13 14:28:54');
INSERT INTO tb_eventos_participantes VALUES ( '95', '1', '7', '1', '10', 'nao', '', '2016-06-13 12:28:55', '2016-06-13 14:28:55');
INSERT INTO tb_eventos_participantes VALUES ( '96', '1', '8', '1', '10', 'nao', '', '2016-06-13 12:28:55', '2016-06-13 14:28:55');
INSERT INTO tb_eventos_participantes VALUES ( '97', '1', '9', '1', '10', 'nao', '', '2016-06-13 12:28:55', '2016-06-13 14:28:55');
INSERT INTO tb_eventos_participantes VALUES ( '98', '1', '10', '1', '10', 'nao', '', '2016-06-13 12:28:55', '2016-06-13 14:28:55');
INSERT INTO tb_eventos_participantes VALUES ( '99', '1', '11', '1', '10', 'nao', '', '2016-06-13 12:28:56', '2016-06-13 14:28:56');
INSERT INTO tb_eventos_participantes VALUES ( '100', '1', '12', '1', '10', 'nao', '', '2016-06-13 12:28:56', '2016-06-13 14:28:56');
INSERT INTO tb_eventos_participantes VALUES ( '101', '1', '13', '1', '10', 'nao', '', '2016-06-13 12:28:56', '2016-06-13 14:28:56');
INSERT INTO tb_eventos_participantes VALUES ( '102', '1', '14', '1', '10', 'nao', '', '2016-06-13 12:28:57', '2016-06-13 14:28:57');
INSERT INTO tb_eventos_participantes VALUES ( '103', '1', '15', '1', '10', 'nao', '', '2016-06-13 12:28:57', '2016-06-13 14:28:57');
INSERT INTO tb_eventos_participantes VALUES ( '104', '1', '16', '1', '10', 'nao', '', '2016-06-13 12:28:57', '2016-06-13 14:28:57');
INSERT INTO tb_eventos_participantes VALUES ( '105', '1', '17', '1', '10', 'nao', '', '2016-06-13 12:28:58', '2016-06-13 14:28:58');
INSERT INTO tb_eventos_participantes VALUES ( '106', '1', '18', '1', '10', 'nao', '', '2016-06-13 12:28:58', '2016-06-13 14:28:58');
INSERT INTO tb_eventos_participantes VALUES ( '107', '1', '19', '1', '10', 'nao', '', '2016-06-13 12:28:58', '2016-06-13 14:28:58');
INSERT INTO tb_eventos_participantes VALUES ( '108', '1', '20', '1', '10', 'nao', '', '2016-06-13 12:28:58', '2016-06-13 14:28:58');
INSERT INTO tb_eventos_participantes VALUES ( '109', '1', '21', '1', '10', 'nao', '', '2016-06-13 12:28:58', '2016-06-13 14:28:58');
INSERT INTO tb_eventos_participantes VALUES ( '110', '1', '22', '1', '10', 'nao', '', '2016-06-13 12:28:58', '2016-06-13 14:28:58');
INSERT INTO tb_eventos_participantes VALUES ( '111', '1', '23', '1', '10', 'nao', '', '2016-06-13 12:28:58', '2016-06-13 14:28:58');
INSERT INTO tb_eventos_participantes VALUES ( '112', '1', '24', '1', '10', 'nao', '', '2016-06-13 12:28:59', '2016-06-13 14:28:59');
INSERT INTO tb_eventos_participantes VALUES ( '113', '1', '25', '1', '10', 'nao', '', '2016-06-13 12:28:59', '2016-06-13 14:28:59');
INSERT INTO tb_eventos_participantes VALUES ( '114', '1', '26', '1', '10', 'nao', '', '2016-06-13 12:28:59', '2016-06-13 14:28:59');
INSERT INTO tb_eventos_participantes VALUES ( '115', '1', '27', '1', '10', 'nao', '', '2016-06-13 12:28:59', '2016-06-13 14:28:59');
INSERT INTO tb_eventos_participantes VALUES ( '116', '1', '28', '1', '10', 'nao', '', '2016-06-13 12:28:59', '2016-06-13 14:28:59');
INSERT INTO tb_eventos_participantes VALUES ( '117', '1', '29', '1', '10', 'nao', '', '2016-06-13 12:29:00', '2016-06-13 14:29:00');
INSERT INTO tb_eventos_participantes VALUES ( '118', '1', '30', '1', '10', 'nao', '', '2016-06-13 12:29:00', '2016-06-13 14:29:00');
INSERT INTO tb_eventos_participantes VALUES ( '119', '8', '66', '0', '36', 'sim', 'sim', '2020-08-27 22:29:54', '2020-08-27 22:29:54');
INSERT INTO tb_eventos_participantes VALUES ( '120', '10', '67', '0', '30', 'sim', 'nao', '2020-08-27 22:41:43', '2020-08-27 22:41:43');
INSERT INTO tb_eventos_participantes VALUES ( '121', '7', '65', '7', '9', 'nao', '', '0000-00-00 00:00:00', '2020-08-27 22:44:30');
INSERT INTO tb_eventos_participantes VALUES ( '122', '7', '68', '7', '9', 'nao', '', '0000-00-00 00:00:00', '2020-08-27 22:44:30');
INSERT INTO tb_eventos_participantes VALUES ( '123', '7', '65', '7', '4', 'nao', '', '0000-00-00 00:00:00', '2020-08-27 22:44:30');
INSERT INTO tb_eventos_participantes VALUES ( '124', '7', '68', '7', '4', 'nao', '', '0000-00-00 00:00:00', '2020-08-27 22:44:30');
INSERT INTO tb_eventos_participantes VALUES ( '125', '7', '65', '7', '10', 'nao', '', '0000-00-00 00:00:00', '2020-08-27 22:44:30');
INSERT INTO tb_eventos_participantes VALUES ( '126', '7', '68', '7', '10', 'nao', '', '0000-00-00 00:00:00', '2020-08-27 22:44:30');
INSERT INTO tb_eventos_participantes VALUES ( '127', '8', '66', '0', '38', 'sim', 'sim', '2020-08-27 22:47:57', '2020-08-27 22:47:57');
INSERT INTO tb_eventos_participantes VALUES ( '128', '8', '66', '0', '39', 'sim', 'sim', '2020-08-27 22:47:57', '2020-08-27 22:47:57');
INSERT INTO tb_eventos_participantes VALUES ( '129', '7', '65', '7', '9', 'nao', '', '0000-00-00 00:00:00', '2020-09-05 00:02:04');
INSERT INTO tb_eventos_participantes VALUES ( '130', '7', '68', '7', '9', 'nao', '', '0000-00-00 00:00:00', '2020-09-05 00:02:04');
INSERT INTO tb_eventos_participantes VALUES ( '131', '7', '69', '7', '9', 'nao', '', '0000-00-00 00:00:00', '2020-09-05 00:02:04');
INSERT INTO tb_eventos_participantes VALUES ( '132', '7', '65', '7', '4', 'nao', '', '0000-00-00 00:00:00', '2020-09-05 00:02:04');
INSERT INTO tb_eventos_participantes VALUES ( '133', '7', '68', '7', '4', 'nao', '', '0000-00-00 00:00:00', '2020-09-05 00:02:04');
INSERT INTO tb_eventos_participantes VALUES ( '134', '7', '69', '7', '4', 'nao', '', '0000-00-00 00:00:00', '2020-09-05 00:02:04');
INSERT INTO tb_eventos_participantes VALUES ( '135', '7', '65', '7', '10', 'nao', '', '0000-00-00 00:00:00', '2020-09-05 00:02:04');
INSERT INTO tb_eventos_participantes VALUES ( '136', '7', '68', '7', '10', 'nao', '', '0000-00-00 00:00:00', '2020-09-05 00:02:04');
INSERT INTO tb_eventos_participantes VALUES ( '137', '7', '69', '7', '10', 'nao', '', '0000-00-00 00:00:00', '2020-09-05 00:02:04');

#
# Criação da Tabela : tb_financeiro
#

CREATE TABLE `tb_financeiro` (
  `id_financeiro` int(11) NOT NULL AUTO_INCREMENT,
  `tipo` varchar(250) NOT NULL,
  `id_conta_bancaria` int(11) NOT NULL,
  `id_recorrencia` int(11) NOT NULL,
  `id_fornecedor` int(11) NOT NULL,
  `id_evento` int(11) NOT NULL,
  `id_membro` int(11) NOT NULL,
  `id_centro_custo` int(11) NOT NULL,
  `id_centro_custo2` int(11) NOT NULL,
  `referencia` varchar(250) NOT NULL,
  `valor` decimal(15,2) NOT NULL,
  `situacao` varchar(250) NOT NULL,
  `data_vencimento` date NOT NULL,
  `data_pagamento` date NOT NULL,
  `parcelas` varchar(250) NOT NULL,
  `observacoes` text NOT NULL,
  `data_cadastro` datetime NOT NULL,
  `atualizacao` timestamp NOT NULL DEFAULT CURRENT_TIMESTAMP ON UPDATE CURRENT_TIMESTAMP,
  PRIMARY KEY (`id_financeiro`)
) ENGINE=InnoDB DEFAULT CHARSET=latin1 ;

#
# Dados a serem incluídos na tabela
#


#
# Criação da Tabela : tb_financeiro_recorrencia
#

CREATE TABLE `tb_financeiro_recorrencia` (
  `id_recorrencia` int(11) NOT NULL AUTO_INCREMENT,
  `periodicidade` varchar(250) NOT NULL,
  `periodicidade_vencimento` date NOT NULL,
  `tipo` varchar(250) NOT NULL,
  `id_fornecedor` int(11) NOT NULL,
  `id_conta_bancaria` int(11) NOT NULL,
  `id_centro_custo` int(11) NOT NULL,
  `referencia` varchar(250) NOT NULL,
  `valor` decimal(15,2) NOT NULL,
  `observacoes` text NOT NULL,
  `data_cadastro` datetime NOT NULL,
  `atualizacao` timestamp NOT NULL DEFAULT CURRENT_TIMESTAMP ON UPDATE CURRENT_TIMESTAMP,
  PRIMARY KEY (`id_recorrencia`)
) ENGINE=InnoDB DEFAULT CHARSET=latin1 ;

#
# Dados a serem incluídos na tabela
#


#
# Criação da Tabela : tb_fornecedores
#

CREATE TABLE `tb_fornecedores` (
  `id_fornecedor` int(11) NOT NULL AUTO_INCREMENT,
  `ativo` varchar(250) NOT NULL,
  `tipo` varchar(250) NOT NULL,
  `nome_razao_social` varchar(250) NOT NULL,
  `rg_ie` varchar(250) NOT NULL,
  `cpf_cnpj` varchar(250) NOT NULL,
  `cep` varchar(250) NOT NULL,
  `endereco` varchar(250) NOT NULL,
  `numero` varchar(250) NOT NULL,
  `complemento` varchar(250) NOT NULL,
  `bairro` varchar(250) NOT NULL,
  `cidade` varchar(250) NOT NULL,
  `estado` varchar(250) NOT NULL,
  `observacoes` text NOT NULL,
  `data_cadastro` datetime NOT NULL,
  `atualizacao` timestamp NOT NULL DEFAULT CURRENT_TIMESTAMP ON UPDATE CURRENT_TIMESTAMP,
  PRIMARY KEY (`id_fornecedor`)
) ENGINE=InnoDB DEFAULT CHARSET=latin1 ;

#
# Dados a serem incluídos na tabela
#


#
# Criação da Tabela : tb_fornecedores_emails
#

CREATE TABLE `tb_fornecedores_emails` (
  `id_email` int(11) NOT NULL AUTO_INCREMENT,
  `id_fornecedor` int(11) NOT NULL,
  `email` varchar(250) NOT NULL,
  `data_cadastro` datetime NOT NULL,
  `atualizacao` timestamp NOT NULL DEFAULT CURRENT_TIMESTAMP ON UPDATE CURRENT_TIMESTAMP,
  PRIMARY KEY (`id_email`)
) ENGINE=InnoDB DEFAULT CHARSET=latin1 ;

#
# Dados a serem incluídos na tabela
#


#
# Criação da Tabela : tb_fornecedores_telefones
#

CREATE TABLE `tb_fornecedores_telefones` (
  `id_telefone` int(11) NOT NULL AUTO_INCREMENT,
  `id_fornecedor` int(11) NOT NULL,
  `numero` varchar(250) NOT NULL,
  `data_cadastro` datetime NOT NULL,
  `atualizacao` timestamp NOT NULL DEFAULT CURRENT_TIMESTAMP ON UPDATE CURRENT_TIMESTAMP,
  PRIMARY KEY (`id_telefone`)
) ENGINE=InnoDB DEFAULT CHARSET=latin1 ;

#
# Dados a serem incluídos na tabela
#


#
# Criação da Tabela : tb_grupos
#

CREATE TABLE `tb_grupos` (
  `id_grupo` int(11) NOT NULL AUTO_INCREMENT,
  `id_congregacao` int(11) NOT NULL,
  `id_departamento` int(11) NOT NULL,
  `nome` varchar(250) NOT NULL,
  `coordenador` int(11) NOT NULL,
  `descricao` text NOT NULL,
  `encontros` varchar(250) NOT NULL,
  `data_cadastro` datetime NOT NULL,
  `atualizacao` timestamp NOT NULL DEFAULT CURRENT_TIMESTAMP ON UPDATE CURRENT_TIMESTAMP,
  PRIMARY KEY (`id_grupo`)
) ENGINE=InnoDB AUTO_INCREMENT=8 DEFAULT CHARSET=latin1 ;

#
# Dados a serem incluídos na tabela
#

INSERT INTO tb_grupos VALUES ( '1', '1', '1', 'Música ', '0', '', 'Semanais', '2016-06-08 15:16:05', '2016-06-08 17:16:05');
INSERT INTO tb_grupos VALUES ( '2', '1', '2', 'Servas', '0', '', 'Mensais', '2016-06-08 15:18:08', '2016-06-08 17:18:08');
INSERT INTO tb_grupos VALUES ( '3', '1', '9', 'Terceira Idade', '0', '', 'Semanais', '2016-06-08 15:25:23', '2016-06-08 17:25:23');
INSERT INTO tb_grupos VALUES ( '4', '1', '11', 'Diretoria da comunidade', '0', '', 'Mensais', '2016-06-08 18:32:11', '2016-06-08 20:32:11');
INSERT INTO tb_grupos VALUES ( '5', '1', '13', 'Estudo PEM Grupo 1', '0', '', 'Mensais', '2016-06-08 18:36:49', '2016-06-08 20:36:49');
INSERT INTO tb_grupos VALUES ( '6', '1', '13', 'Estudo PEM Grupo 2', '0', '', 'Mensais', '2016-06-08 18:37:28', '2016-06-08 20:37:28');
INSERT INTO tb_grupos VALUES ( '7', '1', '6', 'Jovens', '0', '', 'Mensais', '2016-06-08 18:41:21', '2016-06-08 20:41:21');

#
# Criação da Tabela : tb_grupos_encontros
#

CREATE TABLE `tb_grupos_encontros` (
  `id_encontro` int(11) NOT NULL AUTO_INCREMENT,
  `id_grupo` int(11) NOT NULL,
  `periodicidade` varchar(250) NOT NULL,
  `dia_semana` varchar(250) NOT NULL,
  `dia` date NOT NULL,
  `horario_inicial` time NOT NULL,
  `horario_final` time NOT NULL,
  `data_inicial` datetime NOT NULL,
  `data_final` datetime NOT NULL,
  `data_cadastro` datetime NOT NULL,
  `atualizacao` timestamp NOT NULL DEFAULT CURRENT_TIMESTAMP ON UPDATE CURRENT_TIMESTAMP,
  PRIMARY KEY (`id_encontro`)
) ENGINE=InnoDB AUTO_INCREMENT=8 DEFAULT CHARSET=latin1 ;

#
# Dados a serem incluídos na tabela
#

INSERT INTO tb_grupos_encontros VALUES ( '1', '1', 'Semanais', '6', '2016-06-11', '00:00:00', '00:00:00', '2016-06-11 00:00:00', '2016-06-11 00:00:00', '2016-06-08 15:16:16', '2016-06-08 17:16:16');
INSERT INTO tb_grupos_encontros VALUES ( '2', '2', 'Mensais', '', '0000-00-00', '00:00:00', '00:00:00', '0000-00-00 00:00:00', '0000-00-00 00:00:00', '2016-06-08 15:18:08', '2016-06-08 17:18:08');
INSERT INTO tb_grupos_encontros VALUES ( '3', '3', 'Semanais', '4', '2016-06-09', '00:00:00', '00:00:00', '2016-06-09 00:00:00', '2016-06-09 00:00:00', '2016-06-08 15:25:25', '2016-06-08 17:25:25');
INSERT INTO tb_grupos_encontros VALUES ( '4', '4', 'Mensais', '', '0000-00-00', '00:00:00', '00:00:00', '0000-00-00 00:00:00', '0000-00-00 00:00:00', '2016-06-08 18:32:11', '2016-06-08 20:32:11');
INSERT INTO tb_grupos_encontros VALUES ( '5', '5', 'Mensais', '', '0000-00-00', '00:00:00', '00:00:00', '0000-00-00 00:00:00', '0000-00-00 00:00:00', '2016-06-08 18:36:49', '2016-06-08 20:36:49');
INSERT INTO tb_grupos_encontros VALUES ( '6', '6', 'Mensais', '', '0000-00-00', '00:00:00', '00:00:00', '0000-00-00 00:00:00', '0000-00-00 00:00:00', '2016-06-08 18:37:28', '2016-06-08 20:37:28');
INSERT INTO tb_grupos_encontros VALUES ( '7', '7', 'Mensais', '', '0000-00-00', '00:00:00', '00:00:00', '0000-00-00 00:00:00', '0000-00-00 00:00:00', '2016-06-08 18:41:21', '2016-06-08 20:41:21');

#
# Criação da Tabela : tb_grupos_participantes
#

CREATE TABLE `tb_grupos_participantes` (
  `id_participante` int(11) NOT NULL AUTO_INCREMENT,
  `id_membro` int(11) NOT NULL,
  `id_grupo` int(11) NOT NULL,
  `data_cadastro` datetime NOT NULL,
  `atualizacao` timestamp NOT NULL DEFAULT CURRENT_TIMESTAMP ON UPDATE CURRENT_TIMESTAMP,
  PRIMARY KEY (`id_participante`)
) ENGINE=InnoDB AUTO_INCREMENT=30 DEFAULT CHARSET=latin1 ;

#
# Dados a serem incluídos na tabela
#

INSERT INTO tb_grupos_participantes VALUES ( '3', '2', '3', '2016-06-08 15:25:47', '2016-06-08 17:25:47');
INSERT INTO tb_grupos_participantes VALUES ( '8', '6', '5', '2016-06-08 18:38:21', '2016-06-08 20:38:21');
INSERT INTO tb_grupos_participantes VALUES ( '9', '1', '6', '2016-06-08 18:39:54', '2016-06-08 20:39:54');
INSERT INTO tb_grupos_participantes VALUES ( '10', '2', '6', '2016-06-08 18:39:54', '2016-06-08 20:39:54');
INSERT INTO tb_grupos_participantes VALUES ( '11', '4', '6', '2016-06-08 18:39:54', '2016-06-08 20:39:54');
INSERT INTO tb_grupos_participantes VALUES ( '12', '3', '6', '2016-06-08 18:39:54', '2016-06-08 20:39:54');
INSERT INTO tb_grupos_participantes VALUES ( '14', '2', '2', '2016-06-08 18:55:22', '2016-06-08 20:55:22');
INSERT INTO tb_grupos_participantes VALUES ( '15', '6', '2', '2016-06-08 18:55:22', '2016-06-08 20:55:22');
INSERT INTO tb_grupos_participantes VALUES ( '16', '8', '2', '2016-06-08 18:55:23', '2016-06-08 20:55:23');
INSERT INTO tb_grupos_participantes VALUES ( '17', '1', '4', '2016-06-08 18:56:04', '2016-06-08 20:56:04');
INSERT INTO tb_grupos_participantes VALUES ( '18', '7', '4', '2016-06-08 18:56:04', '2016-06-08 20:56:04');
INSERT INTO tb_grupos_participantes VALUES ( '19', '8', '4', '2016-06-08 18:56:04', '2016-06-08 20:56:04');
INSERT INTO tb_grupos_participantes VALUES ( '24', '9', '7', '2016-06-13 12:28:19', '2016-06-13 14:28:19');
INSERT INTO tb_grupos_participantes VALUES ( '25', '4', '7', '2016-06-13 12:28:19', '2016-06-13 14:28:19');
INSERT INTO tb_grupos_participantes VALUES ( '26', '10', '7', '2016-06-13 12:28:19', '2016-06-13 14:28:19');
INSERT INTO tb_grupos_participantes VALUES ( '27', '9', '1', '2016-06-13 12:28:53', '2016-06-13 14:28:53');
INSERT INTO tb_grupos_participantes VALUES ( '28', '4', '1', '2016-06-13 12:28:53', '2016-06-13 14:28:53');
INSERT INTO tb_grupos_participantes VALUES ( '29', '10', '1', '2016-06-13 12:28:54', '2016-06-13 14:28:54');

#
# Criação da Tabela : tb_log_financeiro
#

CREATE TABLE `tb_log_financeiro` (
  `id_log` int(11) NOT NULL AUTO_INCREMENT,
  `id_conta_bancaria` int(11) NOT NULL,
  `id_lancamento` int(11) NOT NULL,
  `saldo_anterior` decimal(15,2) NOT NULL,
  `saldo_posterior` decimal(15,2) NOT NULL,
  `data_cadastro` datetime NOT NULL,
  `atualizacao` timestamp NOT NULL DEFAULT CURRENT_TIMESTAMP ON UPDATE CURRENT_TIMESTAMP,
  PRIMARY KEY (`id_log`)
) ENGINE=InnoDB DEFAULT CHARSET=latin1 ;

#
# Dados a serem incluídos na tabela
#


#
# Criação da Tabela : tb_membros
#

CREATE TABLE `tb_membros` (
  `id_membro` int(11) NOT NULL AUTO_INCREMENT,
  `forma_entrada` varchar(250) NOT NULL,
  `id_congregacao` int(11) NOT NULL,
  `tipo` varchar(250) NOT NULL,
  `ativo` char(3) NOT NULL,
  `afastado` varchar(250) NOT NULL,
  `sexo` char(1) NOT NULL,
  `pastor` varchar(250) NOT NULL,
  `nome` varchar(250) NOT NULL,
  `rg` varchar(250) NOT NULL,
  `cpf` varchar(250) NOT NULL,
  `data_nascimento` date NOT NULL,
  `cidade_nascimento` varchar(250) NOT NULL,
  `estado_nascimento` varchar(250) NOT NULL,
  `foto` varchar(250) NOT NULL,
  `tipo_sanguineo` varchar(250) NOT NULL,
  `doador` varchar(250) NOT NULL,
  `profissao` varchar(250) NOT NULL,
  `estado_civil` varchar(250) NOT NULL,
  `cep` varchar(250) NOT NULL,
  `endereco` varchar(250) NOT NULL,
  `numero` varchar(250) NOT NULL,
  `complemento` varchar(250) NOT NULL,
  `bairro` varchar(250) NOT NULL,
  `cidade` varchar(250) NOT NULL,
  `estado` varchar(250) NOT NULL,
  `comungante` varchar(250) NOT NULL,
  `votante` varchar(30) NOT NULL,
  `envelope_oferta` varchar(30) NOT NULL,
  `horario_visita` varchar(250) NOT NULL,
  `enfermo` varchar(30) NOT NULL,
  `observacoes` text NOT NULL,
  `latitude` varchar(250) NOT NULL,
  `longitude` varchar(250) NOT NULL,
  `data_cadastro` datetime NOT NULL,
  `atualizacao` timestamp NOT NULL DEFAULT CURRENT_TIMESTAMP ON UPDATE CURRENT_TIMESTAMP,
  PRIMARY KEY (`id_membro`)
) ENGINE=InnoDB AUTO_INCREMENT=166 DEFAULT CHARSET=latin1 ;

#
# Dados a serem incluídos na tabela
#

INSERT INTO tb_membros VALUES ( '1', 'Transferência', '1', 'membro', 'sim', 'nao', 'm', 'nao', 'Frederico G. Behrendsen', '', '', '1951-05-31', 'Foz do Iguaçu', 'Parana', '', '', '', '', 'casado', '87250-000', '', '', '', '', 'Peabiru', 'PR', '', 'sim', 'sim', '', 'nao', '', '-23.9142376', '-52.3455927', '1965-01-01 00:00:00', '2016-06-08 16:09:22');
INSERT INTO tb_membros VALUES ( '2', 'Transferência', '1', 'membro', 'sim', 'nao', 'f', 'nao', 'Eunice W. Behrendsen', '', '', '1959-05-23', 'Londrina', 'Parana', '', '', '', '', 'casado', '87250-000', '', '', '', '', 'Peabiru', 'PR', '', 'sim', 'sim', '', 'nao', '', '-23.9142376', '-52.3455927', '0000-00-00 00:00:00', '2016-06-08 16:35:02');
INSERT INTO tb_membros VALUES ( '3', 'Batismo', '1', 'membro', 'sim', 'nao', 'm', 'nao', 'Guilherme Behrendsen', '', '', '1991-05-20', 'Peabiru', 'Parana', '', '', '', '', 'solteiro', '87250-000', '', '', '', '', 'Peabiru', 'PR', '', 'sim', 'sim', '', 'nao', '', '-23.9142376', '-52.3455927', '1991-07-21 00:00:00', '2016-06-08 16:46:39');
INSERT INTO tb_membros VALUES ( '4', 'Batismo', '1', 'membro', 'sim', 'nao', 'f', 'nao', 'Lais Behrendsen', '', '', '1993-01-14', 'Peabiru', 'Parana', '', '', '', '', 'solteiro', '87250-000', '', '', '', '', 'Peabiru', 'PR', '', 'sim', 'sim', '', 'nao', '', '-23.9142376', '-52.3455927', '1993-03-20 00:00:00', '2016-06-08 17:09:12');
INSERT INTO tb_membros VALUES ( '5', 'Transferência', '1', 'membro', 'nao', 'nao', 'm', 'nao', 'João Behrendsen', '', '', '1936-08-05', 'Foz do Iguaçu', 'Parana', '', '', '', '', 'casado', '87250-000', '', '', '', '', 'Peabiru', 'PR', '', 'sim', 'sim', '', 'nao', '', '-23.9142376', '-52.3455927', '1958-07-07 00:00:00', '2016-06-08 20:19:25');
INSERT INTO tb_membros VALUES ( '6', 'Profissão de fé', '1', 'membro', 'nao', 'nao', 'f', 'nao', 'Maria B. Behrendsen', '', '', '1947-02-22', 'Apucarana', 'Parana', '', '', '', 'Aposentada', 'viuvo', '87250-000', '', '', '', '', 'Peabiru', 'PR', '', 'sim', 'sim', '', 'nao', '', '-23.9142376', '-52.3455927', '1970-06-21 00:00:00', '2020-02-27 15:44:10');
INSERT INTO tb_membros VALUES ( '7', 'Batismo', '1', 'membro', 'sim', 'nao', 'm', 'nao', 'Gerson Behrendsen', '', '', '1970-01-08', 'Peabiru', '', '', '', '', '', 'casado', '', '', '', '', '', 'Campo Mourão', 'Parana', '', 'sim', 'sim', '', 'nao', '', '-24.0436553', '-52.3781098', '1970-02-08 00:00:00', '2016-06-08 20:29:56');
INSERT INTO tb_membros VALUES ( '8', 'Profissão de fé', '1', 'membro', 'sim', 'nao', 'f', 'nao', 'Mariluza Behrendsen', '', '', '1962-03-09', 'Peabiru', 'Parana', '', '', '', '', 'casado', '', '', '', '', '', 'Campo Mourão', 'Parana', '', 'sim', 'sim', '', 'nao', '', '-24.0436553', '-52.3781098', '1993-08-14 00:00:00', '2016-06-08 20:54:23');
INSERT INTO tb_membros VALUES ( '9', 'Batismo', '1', 'membro', 'sim', 'nao', 'f', 'nao', 'Daniela Adriana Behrendsen', '', '', '1993-04-21', 'Campo Mourão', 'Parana', '', '', '', '', 'solteiro', '', '', '', '', '', 'Campo Mourão', 'Parana', '', 'sim', 'sim', '', 'nao', '', '-24.0436553', '-52.3781098', '1993-06-20 00:00:00', '2016-06-13 14:12:02');
INSERT INTO tb_membros VALUES ( '10', 'Batismo', '1', 'membro', 'sim', 'nao', 'f', 'nao', 'Mariana Behrendsen', '', '', '1997-07-07', 'Campo Mourão', 'Parana', '', '', '', '', 'solteiro', '', '', '', '', '', 'Campo Mourão', 'Parana', '', 'sim', 'sim', '', 'nao', '', '-24.0436553', '-52.3781098', '1997-08-31 00:00:00', '2016-06-13 14:23:58');
INSERT INTO tb_membros VALUES ( '11', 'Profissão de fé', '1', 'membro', 'sim', 'sim', 'm', 'nao', 'Agamenon Telêmaco Soares', '31070104', '390.740.409-97', '1960-09-29', 'Fátima do Sul', 'Mato Grosso do Sul', '', '', 'nao', 'Contador/empresário', 'casado', '87302-050', 'Avenida Guilherme de Paula Xavier', '866', 'sala 01', 'Centro', 'Campo Mourão', 'PR', 'sim', 'nao', 'nao', '', 'nao', '', '-24.0419530', '-52.3865520', '1977-07-20 00:00:00', '2020-08-27 22:23:15');
INSERT INTO tb_membros VALUES ( '12', 'Profissão de fé', '3', 'membro', 'sim', 'nao', 'm', 'nao', 'André Júlio Andriolli', '', '', '1983-05-08', 'Tupãssi', 'PR', '', '', '', 'Açougueiro', 'casado', '', '', '', '', '', '', '', 'sim', 'sim', 'sim', '', 'nao', '', '-14.2350040', '-51.9252800', '2016-05-01 00:00:00', '2020-09-08 22:28:51');
INSERT INTO tb_membros VALUES ( '13', 'Transferência', '1', 'membro', 'sim', 'nao', 'm', 'sim', 'Lucimar Velmer', '', '', '1984-04-25', 'Cacoal', 'Rondônia', '', '', 'nao', 'Pastor', 'casado', '87250-000', 'R: Afonso Dias Bastos', '338', 'casa', 'centro', 'Peabiru', 'PR', 'sim', 'nao', 'sim', '', 'nao', '', '-23.9138233', '-52.3384559', '2013-10-20 00:00:00', '2020-02-27 15:39:06');
INSERT INTO tb_membros VALUES ( '14', 'Batismo', '1', 'membro', 'sim', 'nao', 'f', 'nao', 'Grasiele Isabel Ruppenthal', '', '', '1981-07-11', 'Ivaiporã', 'Paraná', '', '', 'nao', 'Pedagogo', 'separado', '87250-000', 'R: João Pereira dos Santos', '255', 'casa', 'centro', 'Peabiru', 'PR', 'sim', 'nao', 'sim', '', 'nao', '', '-23.9139757', '-52.3376889', '1987-12-01 00:00:00', '2020-02-27 16:03:05');
INSERT INTO tb_membros VALUES ( '15', 'Batismo', '1', 'membro', 'sim', 'nao', 'f', 'nao', 'Maria Eliza Ruppenthal da Silva', '14.106100-3', '113.185.029-77', '2013-05-30', 'Campo Mourão', 'Paraná', '', '', 'nao', 'estudante', 'solteiro', '87250-000', '...', '255', 'casa', 'centro', 'Peabiru', 'Paraná', 'nao', 'nao', 'nao', '', 'nao', '', '-23.9150011', '-52.3452448', '2013-06-16 00:00:00', '2020-02-27 16:58:40');
INSERT INTO tb_membros VALUES ( '16', 'Batismo', '1', 'membro', 'sim', 'nao', 'f', 'nao', 'Lucimar Velmer', '141061534', '113.184.869-12', '2011-08-13', 'Campo Mourão', 'Paraná', '', '', 'nao', 'Estudante', 'solteiro', '87250-000', 'R: João Pereira dos Santos', '255', 'casa', 'centro', 'Peabiru', 'PR', 'nao', 'nao', 'sim', '', 'nao', '', '-23.9139757', '-52.3376889', '2011-09-03 00:00:00', '2020-02-27 17:26:15');
INSERT INTO tb_membros VALUES ( '17', 'Batismo', '2', 'membro', 'sim', 'nao', 'f', 'nao', 'Ana Kalinke', '', '057.675.029-86', '1927-06-24', 'Erechim ', 'Rio Grande do Sul', '', '', 'nao', 'do lar', 'viuvo', '86950-000', 'R: Figueira', '307', 'casa', 'centro', 'Fênix', 'PR', 'sim', 'nao', 'sim', '', 'nao', '', '-23.9161992', '-51.9788474', '1927-12-26 00:00:00', '2020-02-27 17:31:31');
INSERT INTO tb_membros VALUES ( '18', 'Transferência', '2', 'membro', 'sim', 'nao', 'm', 'nao', 'Germano Werneck', '', '', '1933-06-20', 'Colatina', 'Espirito Santo', '', '', 'nao', 'Agricultor', 'viuvo', '87265-000', 'Sitio Werneck, estrada Bela Vista', '000', 'sitio', 'zona rural', 'Quinta do Sol', 'PR', 'sim', 'nao', 'sim', '', 'nao', '', '-23.8537485', '-52.1313997', '1959-09-01 00:00:00', '2020-02-27 17:37:09');
INSERT INTO tb_membros VALUES ( '19', 'Profissão de fé', '2', 'membro', 'sim', 'nao', 'f', 'nao', 'Neuza Da Conceição Kalinke', '4444995-1', '', '1951-02-01', 'Maringá', 'Paraná', '', '', 'nao', '', 'viuvo', '86950-000', 'R: Guatinguá', '243', 'casa', 'vila nova', 'Fênix', 'PR', 'sim', 'nao', 'sim', '', 'nao', '', '-23.9168880', '-51.9818927', '1971-02-01 00:00:00', '2020-02-27 17:47:37');
INSERT INTO tb_membros VALUES ( '20', 'Transferência', '2', 'membro', 'nao', 'nao', 'm', 'nao', 'Edvino Kalinke', '1096140', '', '1947-08-17', 'Erechim', 'Rio Grande do Sul', '', '', 'nao', '', '', '86950-000', 'R: Guatinguá', '243', 'casa', 'vila nova', 'Fênix', 'PR', 'sim', 'nao', 'sim', '', 'nao', '', '-23.9168880', '-51.9818927', '1966-02-01 00:00:00', '2020-02-27 17:53:20');
INSERT INTO tb_membros VALUES ( '21', 'Transferência', '1', 'membro', 'sim', 'nao', 'f', 'nao', 'Cristina Mari Marichal Velmer', 'v583959', '011.567.334-36', '1988-08-08', 'Montevideo - Uruguai', 'UY', '', '', 'nao', 'Analista de Sistema', 'casado', '87250-000', 'R: Afonso Dias Bastos', '338', 'casa', 'centro', 'Peabiru', 'PR', 'sim', 'nao', 'sim', '', 'nao', '', '-23.9138233', '-52.3384559', '2013-10-20 00:00:00', '2020-02-27 18:07:04');
INSERT INTO tb_membros VALUES ( '22', 'Batismo', '2', 'membro', 'sim', 'nao', 'f', 'nao', 'Ivone Paz Werneck', '45947882-2', '639.872.879-34', '1968-01-04', 'Engenheiro Beltrão', 'Paraná', '', '', 'nao', 'Professora', 'solteiro', '87265-000', 'sitio Werneck, Estrada Bela Vista', '000', 'sitio', 'zona rual', 'Quinta do Sol', 'Paraná', 'sim', 'nao', 'sim', '', 'nao', '', '-24.3057741', '-54.1549966', '1968-02-14 00:00:00', '2020-02-27 18:11:32');
INSERT INTO tb_membros VALUES ( '23', 'Batismo', '1', 'membro', 'sim', 'nao', 'm', 'nao', 'Gael Bartz Rupel ', '', '', '2020-01-18', 'Campo Mourão', 'Paraná', '', '', 'nao', '', 'solteiro', '87309-086', 'Rua Vereador Geremias Cilião de Araújo', '402', 'casa', 'Jardim Francisco Ferreira Albuquerque', 'Campo Mourão', 'PR', 'nao', 'nao', 'nao', '', 'nao', '', '-24.0319501', '-52.3615050', '2020-03-21 00:00:00', '2020-03-13 14:09:19');
INSERT INTO tb_membros VALUES ( '24', 'Batismo', '1', 'membro', 'sim', 'nao', 'm', 'nao', 'Valdecir Rupel', '56577823', '', '1971-12-02', 'Campo Mourão', 'Paraná', '', '', 'nao', 'Professor', 'casado', '87309-086', 'Rua Vereador Geremias Cilião de Araújo', '402', 'casa', 'Jardim Francisco Ferreira Albuquerque', 'Campo Mourão', 'PR', 'sim', 'nao', 'sim', '', 'nao', 'vice presidente', '-24.0319501', '-52.3615050', '1971-12-25 00:00:00', '2020-03-13 14:28:07');
INSERT INTO tb_membros VALUES ( '25', 'Profissão de fé', '1', 'membro', 'sim', 'nao', 'f', 'nao', 'Olindina de Farias', '57761717', '804.999.969-69', '1956-11-28', 'Joaçuba', 'Espirito Santo', '', '', 'nao', 'aposentada', '', '87250-000', 'Idimão Simão', '281', 'casa', 'centro', 'Peabiru', 'PR', 'sim', 'nao', 'sim', '', 'nao', '', '-23.9184572', '-52.3507132', '2000-10-08 00:00:00', '2020-03-13 14:32:43');
INSERT INTO tb_membros VALUES ( '26', 'Transferência', '1', 'membro', 'sim', 'nao', 'f', 'nao', 'Venilda Figur Rupenthal ', '10937787', '191.471.809-78', '1945-06-08', 'porto lucena', 'Rio Grande do Sul', '', '', 'nao', 'aposentada', 'viuvo', '87250-000', 'R: Afonso dias Bastos', '463', 'casa', 'centro', 'Peabiru', 'PR', 'sim', 'nao', 'sim', '', 'nao', '', '-23.9147618', '-52.3384983', '1987-07-01 00:00:00', '2020-09-08 22:23:17');
INSERT INTO tb_membros VALUES ( '27', 'Transferência', '1', 'membro', 'sim', 'nao', 'm', 'nao', 'Valter Rupel', '1629376', '203.364.979-20', '1939-04-24', 'Palmeira', 'Paraná', '', '', 'nao', '', 'viuvo', '87250-000', 'R: Beija Flor', '118', 'casa', 'conjunto requião II', 'Peabiru', 'PR', 'sim', 'nao', 'sim', '', 'nao', '', '-23.9107612', '-52.3387324', '1967-01-01 00:00:00', '2020-03-13 14:40:01');
INSERT INTO tb_membros VALUES ( '28', 'Batismo', '2', 'membro', 'sim', 'nao', 'f', 'nao', 'Doreni Senira Sontag de Moura', '18656612', '815.511.779-00', '1958-02-25', 'Fênix', 'Paraná', '', '', 'nao', 'Professora', 'viuvo', '86950-000', 'Rua figueira', '231', 'casa', 'centro', 'Fênix', 'PR', 'sim', 'nao', 'sim', '', 'nao', '', '-23.9167625', '-51.9793470', '1952-03-25 00:00:00', '2020-03-13 14:44:51');
INSERT INTO tb_membros VALUES ( '29', 'Batismo', '3', 'membro', 'sim', 'nao', 'f', 'nao', 'Laura Gebhard Moura', '', '', '2013-05-23', 'Curitiba', 'Paraná', '', '', '', 'Estudante', 'solteiro', '', '', '', '', '', '', '', 'nao', 'nao', 'nao', '', 'nao', '', '-14.2350040', '-51.9252800', '2020-08-29 00:00:00', '2020-08-27 21:12:26');
INSERT INTO tb_membros VALUES ( '30', 'Profissão de fé', '3', 'membro', 'sim', 'nao', 'f', 'nao', 'Deise Gebhard', '', '', '1982-05-31', 'Rio dos Cedros', 'Santa Catarina', '', '', '', '', 'separado', '', '', '', '', '', '', '', 'sim', 'sim', 'sim', '', 'nao', '', '-14.2350040', '-51.9252800', '2020-08-29 00:00:00', '2020-08-27 21:15:33');
INSERT INTO tb_membros VALUES ( '31', 'Transferência', '3', 'membro', 'sim', 'nao', 'm', 'sim', 'Mateus Leonardo Lange', '4010346455', '011.244.500-41', '1987-04-02', 'Três de Maio', 'Rio Grande do Sul', '', '', '', 'Pastor', 'casado', '87303-160', 'Rua Mato Grosso', '2809', '', 'Centro', 'Campo Mourão', 'PR', 'sim', 'sim', 'sim', '', 'nao', '', '-24.0363979', '-52.3803070', '2017-10-01 00:00:00', '2020-08-27 21:25:01');
INSERT INTO tb_membros VALUES ( '32', 'Transferência', '3', 'membro', 'sim', 'nao', 'f', 'nao', 'Vivianne Lange do Nascimento', '', '', '1990-11-23', 'Teófilo Otoni', 'Minas Gerais', '', '', '', 'Designer de jóias', 'casado', '87303-160', 'Rua Mato Grosso', '2809', '', 'Centro', 'Campo Mourão', 'PR', 'sim', 'sim', 'sim', '', 'nao', '', '-24.0363979', '-52.3803070', '2017-10-01 00:00:00', '2020-08-27 21:28:00');
INSERT INTO tb_membros VALUES ( '33', 'Profissão de fé', '5', 'membro', 'sim', 'nao', 'm', 'nao', 'Eldrei Yorran Krüger', '', '', '1994-03-16', 'Mamborê', 'Paraná', '', '', '', 'Agricultor', 'solteiro', '', '', '', '', '', '', '', 'sim', 'sim', 'sim', '', 'nao', '', '-14.2350040', '-51.9252800', '2020-09-05 00:00:00', '2020-08-27 21:56:45');
INSERT INTO tb_membros VALUES ( '34', 'Profissão de fé', '5', 'membro', 'sim', 'nao', 'm', 'nao', 'José Valdecir Bagini Filho', '', '', '1988-01-24', 'Mamborê', 'Paraná', '', '', '', 'Policial Militar Rodoviário', 'casado', '', '', '', '', '', '', '', 'sim', 'sim', 'sim', '', 'nao', '', '-14.2350040', '-51.9252800', '2020-09-05 00:00:00', '2020-08-27 22:00:03');
INSERT INTO tb_membros VALUES ( '35', 'Batismo', '5', 'membro', 'sim', 'nao', 'm', 'nao', 'Davi Hauenstein Ruch Mora', '', '', '2019-12-11', 'São Carlos', 'São Paulo', '', '', '', '', 'solteiro', '', '', '', '', '', '', '', 'nao', 'nao', 'nao', '', 'nao', '', '-14.2350040', '-51.9252800', '2020-09-06 00:00:00', '2020-09-03 21:32:11');
INSERT INTO tb_membros VALUES ( '36', 'Transferência', '3', 'membro', 'sim', 'nao', 'm', 'nao', 'Raulino Zarske', '', '', '1942-12-29', '', '', '', '', '', '', 'casado', '', '', '', '', '', '', '', 'sim', 'sim', 'sim', '', 'nao', '', '-14.2350040', '-51.9252800', '1971-04-04 00:00:00', '2020-08-27 22:18:46');
INSERT INTO tb_membros VALUES ( '38', 'Profissão de fé', '3', 'membro', 'sim', 'nao', 'f', 'nao', 'Serafina C. Zarske', '', '', '1952-06-22', '', '', '', '', '', '', 'casado', '', '', '', '', '', '', '', 'sim', 'sim', 'sim', '', 'nao', '', '-14.2350040', '-51.9252800', '1971-04-04 00:00:00', '2020-08-27 22:21:28');
INSERT INTO tb_membros VALUES ( '39', 'Batismo', '3', 'membro', 'sim', 'nao', 'f', 'nao', 'Eli Cristina Zarske', '', '', '1976-04-14', '', '', '', '', '', '', 'casado', '', '', '', '', '', '', '', 'sim', 'sim', 'sim', '', 'nao', '', '-14.2350040', '-51.9252800', '1976-06-13 00:00:00', '2020-09-04 23:34:33');
INSERT INTO tb_membros VALUES ( '40', 'Transferência', '5', 'membro', 'nao', 'nao', 'f', 'nao', 'ida Zelent Kruger', '', '', '1943-06-01', 'Getúlio Vargas', 'Rio Grande do Sul', '', '', '', 'Aposentada', 'viuvo', '', '', '', '', 'Lajeado', 'Mamborê', 'PR', 'sim', 'sim', 'sim', '', 'sim', '', '-24.3171066', '-52.5275841', '1943-10-17 00:00:00', '2020-08-30 22:02:58');
INSERT INTO tb_membros VALUES ( '41', 'Confirmação', '5', 'membro', 'nao', 'sim', 'm', 'nao', 'Alexander Ruch Scharlau', '', '', '0000-00-00', '', '', '', '', '', '', 'solteiro', '', '', '', '', 'Lajeado', 'Mamborê', 'PR', 'sim', 'sim', 'nao', '', 'nao', '', '-24.3171066', '-52.5275841', '2005-12-11 00:00:00', '2020-09-03 21:47:58');
INSERT INTO tb_membros VALUES ( '42', 'Batismo', '3', 'membro', 'sim', 'nao', 'm', 'nao', 'Davi Zarske Machado', '', '', '2019-10-17', 'Campo Mourão', 'PR', '', '', '', '', 'solteiro', '', '', '', '', '', '', '', 'nao', 'nao', 'nao', '', 'nao', '', '-14.2350040', '-51.9252800', '2019-11-24 00:00:00', '2020-08-30 22:46:02');
INSERT INTO tb_membros VALUES ( '43', 'Profissão de fé', '3', 'membro', 'sim', 'nao', 'm', 'nao', 'Claudio Nunes Machado', '', '', '0000-00-00', '', '', '', '', '', '', 'casado', '', '', '', '', '', '', '', 'sim', 'sim', 'sim', '', 'nao', '', '-14.2350040', '-51.9252800', '2018-03-25 00:00:00', '2020-08-30 22:50:21');
INSERT INTO tb_membros VALUES ( '44', 'Batismo', '3', 'membro', 'sim', 'nao', 'f', 'nao', 'Lívia Budach Cremom', '', '', '2018-02-27', 'Campo Mourão', 'PR', '', '', '', '', 'solteiro', '', '', '', '', '', '', '', 'nao', 'nao', 'nao', '', 'nao', '', '-14.2350040', '-51.9252800', '2018-07-22 00:00:00', '2020-08-30 22:55:33');
INSERT INTO tb_membros VALUES ( '45', 'Batismo', '3', 'membro', 'sim', 'nao', 'f', 'nao', 'Rafaela Guimarães Feitosa', '', '', '2018-02-02', 'Campo Mourão', 'PR', '', '', '', '', 'solteiro', '', '', '', '', '', '', '', 'nao', 'nao', 'nao', '', 'nao', '', '-14.2350040', '-51.9252800', '2018-04-01 00:00:00', '2020-08-30 23:02:05');
INSERT INTO tb_membros VALUES ( '46', 'Transferência', '3', 'membro', 'sim', 'nao', 'm', 'nao', 'Giovanne Dias', '', '', '1997-03-26', '', '', '', '', '', '', 'solteiro', '', '', '', '', '', '', '', 'sim', 'sim', 'sim', '', 'nao', '', '-14.2350040', '-51.9252800', '2005-05-01 00:00:00', '2020-08-30 23:09:08');
INSERT INTO tb_membros VALUES ( '47', 'Transferência', '3', 'membro', 'sim', 'nao', 'f', 'nao', 'Marina Dias Guimarães', '', '', '1990-12-25', '', '', '', '', '', '', 'casado', '', '', '', '', '', '', '', 'sim', 'sim', 'sim', '', 'nao', '', '-14.2350040', '-51.9252800', '2005-05-01 00:00:00', '2020-08-30 23:14:43');
INSERT INTO tb_membros VALUES ( '48', 'Profissão de fé', '3', 'membro', 'sim', 'nao', 'f', 'nao', 'Oniz Dettke', '', '', '1956-01-16', '', '', '', '', '', '', 'viuvo', '', '', '', '', '', '', '', 'sim', 'sim', 'sim', '', 'nao', '', '-14.2350040', '-51.9252800', '1984-01-01 00:00:00', '2020-08-30 23:18:09');
INSERT INTO tb_membros VALUES ( '49', 'Batismo', '3', 'membro', 'sim', 'nao', 'f', 'nao', 'Bruna Ariene Dettke', '', '', '1989-04-30', '', '', '', '', '', '', 'casado', '', '', '', '', '', '', '', 'sim', 'sim', 'sim', '', 'nao', '', '-14.2350040', '-51.9252800', '1989-05-18 00:00:00', '2020-08-30 23:21:05');
INSERT INTO tb_membros VALUES ( '50', 'Batismo', '3', 'membro', 'sim', 'nao', 'm', 'nao', 'Arthur Teodoro de Oliveira Dettke', '', '', '2019-08-23', 'Campo Mourão', 'PR', '', '', '', '', 'solteiro', '', '', '', '', '', '', '', 'nao', 'nao', 'nao', '', 'nao', '', '-14.2350040', '-51.9252800', '2019-09-29 00:00:00', '2020-08-30 23:24:47');
INSERT INTO tb_membros VALUES ( '51', 'Profissão de fé', '3', 'membro', 'sim', 'nao', 'm', 'nao', 'Fábio A. de Oliveira Dettke', '', '', '0000-00-00', '', '', '', '', '', '', 'casado', '', '', '', '', '', '', '', 'sim', 'sim', 'sim', '', 'nao', '', '-14.2350040', '-51.9252800', '2019-09-29 00:00:00', '2020-08-30 23:56:13');
INSERT INTO tb_membros VALUES ( '52', 'Batismo', '5', 'membro', 'sim', 'nao', 'f', 'nao', 'Franciely Ribeiro Sehaber', '', '', '1986-09-22', '', '', '', '', '', '', 'casado', '', '', '', '', '', '', '', 'sim', 'sim', 'sim', '', 'nao', '', '-14.2350040', '-51.9252800', '1986-10-18 00:00:00', '2020-08-31 00:13:47');
INSERT INTO tb_membros VALUES ( '53', 'Batismo', '5', 'membro', 'sim', 'nao', 'f', 'nao', 'Géscica Raile Kruger', '', '', '1991-09-04', '', '', '', '', '', '', 'casado', '', '', '', '', '', '', '', 'sim', 'sim', 'sim', '', 'nao', '', '-14.2350040', '-51.9252800', '1991-09-22 00:00:00', '2020-08-31 19:52:01');
INSERT INTO tb_membros VALUES ( '54', 'Batismo', '5', 'membro', 'sim', 'nao', 'm', 'nao', 'Martinho Kruger', '', '', '1971-05-31', '', '', '', '', '', 'Agricultor', 'casado', '', '', '', '', '', '', '', 'sim', 'sim', 'sim', '', 'nao', '', '-14.2350040', '-51.9252800', '1975-06-13 00:00:00', '2020-08-31 23:40:46');
INSERT INTO tb_membros VALUES ( '55', 'Batismo', '5', 'membro', 'sim', 'nao', 'f', 'nao', 'Márcia Regina Kruger', '', '', '1965-08-06', '', '', '', '', '', '', 'casado', '', '', '', '', '', '', '', 'sim', 'sim', 'sim', '', 'nao', '', '-14.2350040', '-51.9252800', '1965-08-29 00:00:00', '2020-08-31 23:43:01');
INSERT INTO tb_membros VALUES ( '56', 'Batismo', '5', 'membro', 'sim', 'nao', 'm', 'nao', 'Mauro Kruger', '', '', '1975-03-11', '', '', '', '', '', 'Agricultor', 'casado', '', '', '', '', '', '', '', 'sim', 'sim', 'sim', '', 'nao', '', '-14.2350040', '-51.9252800', '1975-03-30 00:00:00', '2020-08-31 23:55:09');
INSERT INTO tb_membros VALUES ( '57', 'Profissão de fé', '5', 'membro', 'sim', 'nao', 'f', 'nao', 'Ana Cristina Kruger', '', '', '1977-02-19', '', '', '', '', '', '', 'casado', '', '', '', '', '', '', '', 'sim', 'sim', 'sim', '', 'nao', '', '-14.2350040', '-51.9252800', '1999-05-18 00:00:00', '2020-08-31 23:59:42');
INSERT INTO tb_membros VALUES ( '58', 'Batismo', '5', 'membro', 'sim', 'nao', 'f', 'nao', 'Emelin Baum Kruger', '', '', '1998-08-03', '', '', '', '', '', 'Estudante', 'solteiro', '', '', '', '', '', '', '', 'sim', 'sim', 'sim', '', 'nao', '', '-14.2350040', '-51.9252800', '1998-08-03 00:00:00', '2020-08-31 23:59:05');
INSERT INTO tb_membros VALUES ( '59', 'Batismo', '5', 'membro', 'sim', 'nao', 'm', 'nao', 'Hermann Roberto Kruger', '', '', '2003-01-13', '', '', '', '', '', 'Estudante', 'solteiro', '', '', '', '', '', '', '', 'sim', 'nao', 'sim', '', 'nao', '', '-14.2350040', '-51.9252800', '2003-01-26 00:00:00', '2020-09-01 00:01:42');
INSERT INTO tb_membros VALUES ( '60', 'Transferência', '5', 'membro', 'sim', 'nao', 'f', 'nao', 'Albertina Zelend Kruger', '', '', '1941-07-23', '', '', '', '', '', '', 'viuvo', '', '', '', '', '', '', '', 'sim', 'sim', 'sim', '', 'nao', '', '-14.2350040', '-51.9252800', '1941-09-04 00:00:00', '2020-09-01 23:29:03');
INSERT INTO tb_membros VALUES ( '61', 'Batismo', '5', 'membro', 'sim', 'nao', 'f', 'nao', 'Marta Kruger', '', '', '1971-10-19', '', '', '', '', '', '', 'solteiro', '', '', '', '', '', '', '', 'sim', 'sim', 'sim', '', 'nao', '', '-14.2350040', '-51.9252800', '1971-11-13 00:00:00', '2020-09-01 23:31:55');
INSERT INTO tb_membros VALUES ( '62', 'Batismo', '5', 'membro', 'sim', 'nao', 'f', 'nao', 'Márcia Kruger Schmidt', '', '', '1968-02-11', '', '', '', '', '', '', 'casado', '', '', '', '', '', '', '', 'sim', 'sim', 'sim', '', 'nao', '', '-14.2350040', '-51.9252800', '1968-03-09 00:00:00', '2020-09-04 17:25:09');
INSERT INTO tb_membros VALUES ( '63', 'Batismo', '5', 'membro', 'sim', 'nao', 'm', 'nao', 'Diego Rafael Schmidt', '', '', '1991-04-10', '', '', '', '', '', '', 'solteiro', '', '', '', '', '', '', '', 'sim', 'sim', 'sim', '', 'nao', '', '-14.2350040', '-51.9252800', '1991-05-26 00:00:00', '2020-09-04 17:23:59');
INSERT INTO tb_membros VALUES ( '64', 'Batismo', '5', 'membro', 'sim', 'nao', 'm', 'nao', 'Gustavo Balduino Schmidt', '', '', '1994-02-23', '', '', '', '', '', '', 'solteiro', '', '', '', '', '', '', '', 'sim', 'sim', 'sim', '', 'nao', '', '-14.2350040', '-51.9252800', '1994-04-01 00:00:00', '2020-09-04 17:24:24');
INSERT INTO tb_membros VALUES ( '65', 'Transferência', '5', 'membro', 'sim', 'nao', 'm', 'nao', 'Hugo Barth Sehaber', '', '', '1961-10-01', '', '', '', '', '', '', 'separado', '', '', '', '', '', '', '', 'sim', 'sim', 'sim', '', 'sim', '', '-14.2350040', '-51.9252800', '1965-07-08 00:00:00', '2020-09-08 21:42:21');
INSERT INTO tb_membros VALUES ( '66', 'Batismo', '5', 'membro', 'sim', 'nao', 'f', 'nao', 'Vanessa Ferreira Sehaber', '', '', '1987-09-15', '', '', '', '', '', '', 'solteiro', '', '', '', '', '', '', '', 'sim', 'sim', 'sim', '', 'nao', '', '-14.2350040', '-51.9252800', '1987-10-04 00:00:00', '2020-09-01 23:45:48');
INSERT INTO tb_membros VALUES ( '67', 'Batismo', '5', 'membro', 'sim', 'nao', 'm', 'nao', 'Tiago Sehaber', '', '', '0000-00-00', '', '', '', '', '', '', 'casado', '', '', '', '', '', '', '', 'sim', 'sim', 'sim', '', 'nao', '', '-14.2350040', '-51.9252800', '1990-07-08 00:00:00', '2020-09-01 23:46:52');
INSERT INTO tb_membros VALUES ( '68', 'Transferência', '5', 'membro', 'sim', 'nao', 'm', 'nao', 'Edgar Sehaber', '', '', '1951-11-13', '', '', '', '', '', 'Aposentado', 'casado', '', '', '', '', '', '', '', 'sim', 'sim', 'sim', '', 'nao', '', '-14.2350040', '-51.9252800', '1965-07-08 00:00:00', '2020-09-01 23:49:42');
INSERT INTO tb_membros VALUES ( '69', 'Profissão de fé', '5', 'membro', 'sim', 'nao', 'f', 'nao', 'Marlene Baum Sehaber', '', '', '1949-02-03', '', '', '', '', '', '', 'casado', '', '', '', '', '', '', '', 'sim', 'sim', 'sim', '', 'nao', '', '-14.2350040', '-51.9252800', '1965-07-08 00:00:00', '2020-09-01 23:50:55');
INSERT INTO tb_membros VALUES ( '70', 'Transferência', '5', 'membro', 'sim', 'nao', 'm', 'nao', 'Ennio Sehaber', '', '', '1952-12-03', '', '', '', '', '', 'Agricultor', 'casado', '', '', '', '', '', '', '', 'sim', 'sim', 'sim', '', 'nao', '', '-14.2350040', '-51.9252800', '1965-07-08 00:00:00', '2020-09-01 23:53:37');
INSERT INTO tb_membros VALUES ( '71', 'Transferência', '5', 'membro', 'sim', 'nao', 'f', 'nao', 'Teresinha Ribeiro Sehaber', '', '', '1955-10-03', '', '', '', '', '', '', 'casado', '', '', '', '', '', '', '', 'sim', 'sim', 'sim', '', 'nao', '', '-14.2350040', '-51.9252800', '1965-07-08 00:00:00', '2020-09-01 23:55:14');
INSERT INTO tb_membros VALUES ( '72', 'Transferência', '5', 'membro', 'sim', 'nao', 'f', 'nao', 'Hildegard Sehaber Perez', '', '', '1960-05-22', '', '', '', '', '', '', 'separado', '', '', '', '', '', '', '', 'sim', 'sim', 'sim', '', 'nao', '', '-14.2350040', '-51.9252800', '1990-07-08 00:00:00', '2020-09-01 23:59:14');
INSERT INTO tb_membros VALUES ( '73', 'Batismo', '5', 'membro', 'sim', 'nao', 'f', 'nao', 'Juliane Sehaber', '', '', '1989-12-05', '', '', '', '', '', '', 'casado', '', '', '', '', '', '', '', 'sim', 'sim', 'sim', '', 'nao', '', '-14.2350040', '-51.9252800', '1989-12-24 00:00:00', '2020-09-02 00:01:17');
INSERT INTO tb_membros VALUES ( '74', 'Transferência', '5', 'membro', 'sim', 'nao', 'f', 'nao', 'Nelci Sehaber', '', '', '1954-04-04', '', '', '', '', '', '', 'separado', '', '', '', '', '', '', '', 'sim', 'sim', 'sim', '', 'nao', '', '-14.2350040', '-51.9252800', '1990-07-13 00:00:00', '2020-09-02 00:04:56');
INSERT INTO tb_membros VALUES ( '75', 'Batismo', '5', 'membro', 'sim', 'nao', 'm', 'nao', 'Alceu Thalis Filho', '', '', '1960-05-22', '', '', '', '', '', 'Agricultor', 'casado', '', '', '', '', '', '', '', 'sim', 'sim', 'sim', '', 'nao', '', '-14.2350040', '-51.9252800', '1965-07-08 00:00:00', '2020-09-02 00:07:47');
INSERT INTO tb_membros VALUES ( '76', 'Profissão de fé', '5', 'membro', 'sim', 'nao', 'f', 'nao', 'Neusi Cavicchioli Sehaber', '', '', '1962-01-16', '', '', '', '', '', '', 'casado', '', '', '', '', '', '', '', 'sim', 'sim', 'sim', '', 'nao', '', '-14.2350040', '-51.9252800', '1983-10-30 00:00:00', '2020-09-02 00:10:17');
INSERT INTO tb_membros VALUES ( '77', 'Batismo', '5', 'membro', 'nao', 'nao', 'f', 'nao', 'Camila Cavicchioli Sehaber SieraKowski', '', '', '1985-09-25', '', '', '', '', '', '', 'casado', '', '', '', '', '', '', '', 'sim', 'sim', 'sim', '', 'nao', '', '-14.2350040', '-51.9252800', '1985-10-27 00:00:00', '2020-09-02 00:25:23');
INSERT INTO tb_membros VALUES ( '78', 'Batismo', '5', 'membro', 'sim', 'nao', 'm', 'nao', 'Lúiz Henrique Cavicchioli Sehaber', '', '', '1989-02-01', '', '', '', '', '', 'Agricultor', 'casado', '', '', '', '', '', '', '', 'sim', 'sim', 'sim', '', 'nao', '', '-14.2350040', '-51.9252800', '1989-03-26 00:00:00', '2020-09-02 00:20:52');
INSERT INTO tb_membros VALUES ( '79', 'Batismo', '5', 'membro', 'sim', 'nao', 'm', 'nao', 'Bruno Leonardo Cavicchioli Sehaber', '', '', '1992-05-22', '', '', '', '', '', '', 'solteiro', '', '', '', '', '', '', '', 'sim', 'sim', 'sim', '', 'nao', '', '-14.2350040', '-51.9252800', '1992-07-26 00:00:00', '2020-09-02 00:23:45');
INSERT INTO tb_membros VALUES ( '80', 'Batismo', '5', 'membro', 'sim', 'nao', 'f', 'nao', 'Emanuely Heimann Ricci', '', '', '1990-08-10', '', '', '', '', '', '', 'casado', '', '', '', '', '', '', '', 'sim', 'sim', 'sim', '', 'nao', '', '-14.2350040', '-51.9252800', '1990-09-08 00:00:00', '2020-09-02 10:57:16');
INSERT INTO tb_membros VALUES ( '81', 'Batismo', '5', 'membro', 'sim', 'nao', 'm', 'nao', 'Lucas Ricci', '', '', '2017-11-10', 'Campo Mourão', 'PR', '', '', '', '', 'solteiro', '', '', '', '', '', '', '', 'nao', 'nao', 'nao', '', 'nao', '', '-14.2350040', '-51.9252800', '2018-01-21 00:00:00', '2020-09-03 18:22:58');
INSERT INTO tb_membros VALUES ( '82', 'Batismo', '5', 'membro', 'sim', 'nao', 'f', 'nao', 'Sofia Ricci', '', '', '2016-01-07', '', '', '', '', '', '', 'solteiro', '', '', '', '', '', '', '', 'nao', 'nao', 'nao', '', 'nao', '', '-14.2350040', '-51.9252800', '2016-05-22 00:00:00', '2020-09-03 00:10:28');
INSERT INTO tb_membros VALUES ( '83', 'Profissão de fé', '5', 'membro', 'sim', 'nao', 'm', 'nao', 'Everton Garstner da Roza', '', '', '1985-07-03', '', '', '', '', '', '', 'casado', '', '', '', '', '', '', '', 'sim', 'sim', 'sim', '', 'nao', '', '-14.2350040', '-51.9252800', '2010-05-01 00:00:00', '2020-09-03 00:13:14');
INSERT INTO tb_membros VALUES ( '84', 'Batismo', '5', 'membro', 'sim', 'nao', 'f', 'nao', 'Dayane Heimann da Roza', '', '', '1984-10-06', '', '', '', '', '', '', 'casado', '', '', '', '', '', '', '', 'sim', 'sim', 'sim', '', 'nao', '', '-14.2350040', '-51.9252800', '1984-11-04 00:00:00', '2020-09-03 00:15:07');
INSERT INTO tb_membros VALUES ( '85', 'Batismo', '5', 'membro', 'sim', 'nao', 'm', 'nao', 'Renato Heimann da Roza', '', '', '2012-09-07', '', '', '', '', '', '', 'solteiro', '', '', '', '', '', '', '', 'nao', 'nao', 'nao', '', 'nao', '', '-14.2350040', '-51.9252800', '2012-09-23 00:00:00', '2020-09-03 00:17:00');
INSERT INTO tb_membros VALUES ( '86', 'Batismo', '5', 'membro', 'sim', 'nao', 'f', 'nao', 'Gabrieli Heimann da Roza', '', '', '2015-03-06', '', '', '', '', '', '', 'solteiro', '', '', '', '', '', '', '', 'nao', 'nao', 'nao', '', 'nao', '', '-14.2350040', '-51.9252800', '2015-05-10 00:00:00', '2020-09-03 00:18:45');
INSERT INTO tb_membros VALUES ( '87', 'Profissão de fé', '5', 'membro', 'sim', 'nao', 'm', 'nao', 'Gunter Hanisch', '', '', '1944-06-02', '', '', '', '', '', '', 'casado', '', '', '', '', '', '', '', 'sim', 'sim', 'sim', '', 'nao', '', '-14.2350040', '-51.9252800', '1970-10-20 00:00:00', '2020-09-03 00:23:32');
INSERT INTO tb_membros VALUES ( '88', 'Batismo', '5', 'membro', 'sim', 'nao', 'f', 'nao', 'Gizela Hanisch', '', '', '1951-05-26', '', '', '', '', '', '', 'casado', '', '', '', '', '', '', '', 'sim', 'sim', 'sim', '', 'nao', '', '-14.2350040', '-51.9252800', '1951-07-16 00:00:00', '2020-09-03 00:25:45');
INSERT INTO tb_membros VALUES ( '89', 'Batismo', '5', 'membro', 'sim', 'nao', 'f', 'nao', 'Luziana Hanisch', '', '', '1973-03-13', '', '', '', '', '', '', 'separado', '', '', '', '', '', '', '', 'sim', 'sim', 'sim', '', 'nao', '', '-14.2350040', '-51.9252800', '1973-05-06 00:00:00', '2020-09-03 00:28:33');
INSERT INTO tb_membros VALUES ( '90', 'Batismo', '5', 'membro', 'sim', 'nao', 'm', 'nao', 'Rodrigo Hanisch Harmatiuk', '', '', '2007-12-14', '', '', '', '', '', 'Estudante', 'solteiro', '', '', '', '', '', '', '', 'nao', 'nao', 'nao', '', 'nao', '', '-14.2350040', '-51.9252800', '2007-12-30 00:00:00', '2020-09-03 00:37:16');
INSERT INTO tb_membros VALUES ( '91', 'Batismo', '5', 'membro', 'sim', 'nao', 'm', 'nao', 'Rafael Hanisch Harmatiuk', '', '', '2015-04-17', '', '', '', '', '', 'Estudante', 'solteiro', '', '', '', '', '', '', '', 'nao', 'nao', 'nao', '', 'nao', '', '-14.2350040', '-51.9252800', '2015-06-14 00:00:00', '2020-09-03 00:32:59');
INSERT INTO tb_membros VALUES ( '92', 'Batismo', '5', 'membro', 'sim', 'nao', 'f', 'nao', 'Elizabeth M. Hanisch Gironde', '', '', '1980-12-09', '', '', '', '', '', '', 'casado', '', '', '', '', '', '', '', 'sim', 'sim', 'sim', '', 'nao', '', '-14.2350040', '-51.9252800', '1981-01-01 00:00:00', '2020-09-03 00:40:41');
INSERT INTO tb_membros VALUES ( '93', 'Batismo', '5', 'membro', 'sim', 'nao', 'm', 'nao', 'Guilherme Gironde', '', '', '2006-08-14', '', '', '', '', '', 'Estudante', 'solteiro', '', '', '', '', '', '', '', 'nao', 'nao', 'nao', '', 'nao', '', '-14.2350040', '-51.9252800', '2006-10-08 00:00:00', '2020-09-03 00:42:36');
INSERT INTO tb_membros VALUES ( '94', 'Transferência', '5', 'membro', 'sim', 'nao', 'f', 'nao', 'Norma Kruger Ruch', '', '', '1941-06-07', '', '', '', '', '', '', 'viuvo', '', '', '', '', '', '', '', 'sim', 'sim', 'sim', '', 'nao', '', '-14.2350040', '-51.9252800', '1960-07-08 00:00:00', '2020-09-03 18:25:59');
INSERT INTO tb_membros VALUES ( '95', 'Transferência', '5', 'membro', 'sim', 'nao', 'm', 'nao', 'Beno Ingo Ruch', '', '', '1961-01-28', '', '', '', '', '', '', 'casado', '', '', '', '', '', '', '', 'sim', 'sim', 'sim', '', 'nao', '', '-14.2350040', '-51.9252800', '1993-08-18 00:00:00', '2020-09-03 18:30:12');
INSERT INTO tb_membros VALUES ( '96', 'Profissão de fé', '5', 'membro', 'sim', 'nao', 'f', 'nao', 'Rosemari Hauenstein Ruch', '', '', '1963-09-25', '', '', '', '', '', '', 'casado', '', '', '', '', '', '', '', 'sim', 'sim', 'sim', '', 'nao', 'A Rosemari Hauenstein, juntamente com seus dois filhos, Murilo e Caroline, foram recebidos por profissão de fé no dia 18/08/1993. Mais tarde, Murilo e Caroline fizeram a confirmação. A data de confirmação não consta no Livro Rol de Membros.', '-14.2350040', '-51.9252800', '1993-08-18 00:00:00', '2020-09-03 21:42:22');
INSERT INTO tb_membros VALUES ( '97', 'Transferência', '5', 'membro', 'sim', 'sim', 'm', 'nao', 'Murilo Hauenstein Ruch', '', '', '1987-09-17', '', '', '', '', '', '', 'amasiado', '', '', '', '', '', '', '', 'sim', 'nao', 'nao', '', 'nao', 'A Rosemari Hauenstein, juntamente com seus dois filhos, Murilo e Caroline, foram recebidos por profissão de fé no dia 18/08/1993. Mais tarde, Murilo e Caroline fizeram a confirmação. A data de confirmação não consta no Livro Rol de Membros. O Murilo encontra-se afastado até este momento (última atualização: 3/09/2020', '-14.2350040', '-51.9252800', '1993-08-18 00:00:00', '2020-09-03 21:41:56');
INSERT INTO tb_membros VALUES ( '98', 'Profissão de fé', '5', 'membro', 'sim', 'nao', 'm', 'nao', 'Edio Scharlau', '', '', '0000-00-00', '', '', '', '', '', '', 'casado', '', '', '', '', '', '', '', 'sim', 'sim', 'sim', '', 'nao', '', '-14.2350040', '-51.9252800', '2011-03-27 00:00:00', '2020-09-03 18:47:06');
INSERT INTO tb_membros VALUES ( '99', 'Profissão de fé', '5', 'membro', 'sim', 'nao', 'f', 'nao', 'Erles Sirlei Ruch Scharlau', '', '', '0000-00-00', '', '', '', '', '', '', 'casado', '', '', '', '', '', '', '', 'sim', 'sim', 'sim', '', 'nao', '', '-14.2350040', '-51.9252800', '2005-12-21 00:00:00', '2020-09-03 18:48:15');
INSERT INTO tb_membros VALUES ( '100', 'Confirmação', '5', 'membro', 'sim', 'sim', 'f', 'nao', 'Rhubia Ruch Scharlau', '', '', '0000-00-00', '', '', '', '', '', '', '', '', '', '', '', '', '', '', 'sim', 'nao', 'nao', '', 'nao', '', '-14.2350040', '-51.9252800', '2005-12-11 00:00:00', '2020-09-03 18:51:06');
INSERT INTO tb_membros VALUES ( '101', 'Profissão de fé', '5', 'membro', 'sim', 'nao', 'f', 'nao', 'Carolina Hauenstein Ruch Mora', '', '', '1986-03-27', 'Campo Mourão', 'PR', '', '', '', '', 'casado', '', '', '', '', '', '', '', 'sim', 'nao', 'sim', '', 'nao', 'A Rosemari Hauenstein, juntamente com seus dois filhos, Murilo e Caroline, foram recebidos por profissão de fé no dia 18/08/1993. Mais tarde, Murilo e Caroline fizeram a confirmação. A data de confirmação não consta no Livro Rol de Membros.', '-14.2350040', '-51.9252800', '1993-08-18 00:00:00', '2020-09-03 21:52:54');
INSERT INTO tb_membros VALUES ( '102', 'Batismo', '5', 'membro', 'sim', 'nao', 'f', 'nao', 'Lídia Cristina Hanisch', '', '', '1971-11-05', '', '', '', '', '', '', 'separado', '', '', '', '', '', '', '', 'sim', 'sim', 'sim', '', 'nao', '', '-14.2350040', '-51.9252800', '1971-11-28 00:00:00', '2020-09-04 16:35:19');
INSERT INTO tb_membros VALUES ( '103', 'Batismo', '5', 'membro', 'sim', 'nao', 'm', 'nao', 'Luiz Felipe Hanisch', '', '', '0000-00-00', '', '', '', '', '', '', 'amasiado', '', '', '', '', '', '', '', 'sim', 'sim', 'sim', '', 'nao', '', '-14.2350040', '-51.9252800', '1995-05-28 00:00:00', '2020-09-04 16:37:28');
INSERT INTO tb_membros VALUES ( '104', 'Batismo', '5', 'membro', 'nao', 'nao', 'f', 'nao', 'Juliana Hanisch', '', '', '1982-07-27', '', '', '', '', '', '', 'união estável', '', '', '', '', '', '', '', 'sim', 'sim', 'sim', '', 'nao', '', '-14.2350040', '-51.9252800', '1982-08-21 00:00:00', '2020-09-04 16:58:02');
INSERT INTO tb_membros VALUES ( '105', 'Batismo', '5', 'membro', 'nao', 'nao', 'm', 'nao', 'João Paulo Hanisch Silva', '', '', '2005-03-15', '', '', '', '', '', 'Estudante', 'solteiro', '', '', '', '', '', '', '', 'sim', 'nao', 'nao', '', 'nao', '', '-14.2350040', '-51.9252800', '2005-08-28 00:00:00', '2020-09-04 16:56:59');
INSERT INTO tb_membros VALUES ( '106', 'Transferência', '3', 'membro', 'sim', 'nao', 'f', 'nao', 'Juliana Hanisch', '', '', '1982-07-27', '', '', '', '', '', '', '', '', '', '', '', '', '', '', 'sim', 'sim', 'sim', '', 'nao', '', '-14.2350040', '-51.9252800', '2018-12-02 00:00:00', '2020-09-04 17:00:53');
INSERT INTO tb_membros VALUES ( '107', 'Transferência', '3', 'membro', 'sim', 'nao', 'm', 'nao', 'João Paulo Hanisch Silva', '', '', '2005-03-15', '', '', '', '', '', '', 'solteiro', '', '', '', '', '', '', '', 'sim', 'nao', 'nao', '', 'nao', '', '-14.2350040', '-51.9252800', '2018-12-02 00:00:00', '2020-09-04 17:05:31');
INSERT INTO tb_membros VALUES ( '108', 'Batismo', '5', 'membro', 'sim', 'nao', 'f', 'nao', 'Emilene Ribeiro Sehaber', '', '', '1976-07-31', '', '', '', '', '', '', 'união estável', '', '', '', '', '', '', '', 'sim', 'sim', 'sim', '', 'nao', '', '-14.2350040', '-51.9252800', '1976-08-14 00:00:00', '2020-09-04 17:12:06');
INSERT INTO tb_membros VALUES ( '109', 'Batismo', '5', 'membro', 'sim', 'nao', 'm', 'nao', 'Marcos Adriano Ribeiro Sehaber', '', '', '1978-11-10', '', '', '', '', '', '', 'casado', '', '', '', '', '', '', '', 'sim', 'sim', 'sim', '', 'nao', '', '-14.2350040', '-51.9252800', '1978-11-25 00:00:00', '2020-09-04 17:14:15');
INSERT INTO tb_membros VALUES ( '110', 'Batismo', '5', 'membro', 'sim', 'nao', 'f', 'nao', 'Elisa Sehaber Silva', '', '', '2014-08-04', '', '', '', '', '', 'Estudante', 'solteiro', '', '', '', '', '', '', '', 'nao', 'nao', 'nao', '', 'nao', '', '-14.2350040', '-51.9252800', '2014-12-14 00:00:00', '2020-09-04 17:20:32');
INSERT INTO tb_membros VALUES ( '111', 'Transferência', '5', 'membro', 'sim', 'nao', 'm', 'nao', 'Ademar Hoffmann', '', '', '0000-00-00', '', '', '', '', '', '', 'casado', '', '', '', '', '', '', '', 'sim', 'sim', 'sim', '', 'nao', '', '-14.2350040', '-51.9252800', '0000-00-00 00:00:00', '2020-09-04 17:30:53');
INSERT INTO tb_membros VALUES ( '112', 'Transferência', '5', 'membro', 'sim', 'nao', 'f', 'nao', 'Ingrid Hoffmann', '', '', '0000-00-00', '', '', '', '', '', '', '', '', '', '', '', '', '', '', 'sim', 'sim', 'sim', '', 'nao', '', '', '', '0000-00-00 00:00:00', '2020-09-04 17:31:38');
INSERT INTO tb_membros VALUES ( '113', 'Transferência', '3', 'membro', 'sim', 'nao', 'm', 'nao', 'Wolney Dias', '', '', '0000-00-00', '', '', '', '', '', '', 'casado', '', '', '', '', '', '', '', 'sim', 'sim', 'sim', '', 'nao', '', '-14.2350040', '-51.9252800', '0000-00-00 00:00:00', '2020-09-04 18:25:44');
INSERT INTO tb_membros VALUES ( '114', 'Transferência', '5', 'membro', 'sim', 'nao', 'f', 'nao', 'Ilma Wander Dias', '', '', '0000-00-00', '', '', '', '', '', '', 'casado', '', '', '', '', '', '', '', 'sim', 'sim', 'sim', '', 'nao', '', '-14.2350040', '-51.9252800', '0000-00-00 00:00:00', '2020-09-04 18:27:14');
INSERT INTO tb_membros VALUES ( '115', 'Transferência', '3', 'membro', 'sim', 'nao', 'f', 'nao', 'Ingrid Dias Guimarães', '', '', '1972-09-17', '', '', '', '', '', '', 'casado', '', '', '', '', '', '', '', 'sim', 'sim', 'sim', '', 'nao', '', '-14.2350040', '-51.9252800', '2005-05-01 00:00:00', '2020-09-04 18:30:15');
INSERT INTO tb_membros VALUES ( '116', 'Transferência', '3', 'membro', 'sim', 'nao', 'f', 'nao', 'Laura Hanisch da Silva', '', '', '1979-08-30', '', '', '', '', '', '', 'separado', '', '', '', '', '', '', '', 'sim', 'sim', 'sim', '', 'nao', '', '-14.2350040', '-51.9252800', '2001-07-07 00:00:00', '2020-09-04 22:52:38');
INSERT INTO tb_membros VALUES ( '117', 'Batismo', '3', 'membro', 'sim', 'nao', 'f', 'nao', 'Isabela Cristina da Silva', '', '', '2001-06-27', '', '', '', '', '', 'Estudante', 'solteiro', '', '', '', '', '', '', '', 'sim', 'sim', 'sim', '', 'nao', '', '-14.2350040', '-51.9252800', '2002-04-14 00:00:00', '2020-09-04 22:55:13');
INSERT INTO tb_membros VALUES ( '118', 'Batismo', '5', 'membro', 'sim', 'nao', 'f', 'nao', 'Heloisa Maria da Silva', '', '', '2005-03-03', '', '', '', '', '', 'Estudante', 'solteiro', '', '', '', '', '', '', '', 'sim', 'nao', 'sim', '', 'nao', '', '-14.2350040', '-51.9252800', '2005-10-09 00:00:00', '2020-09-04 23:02:21');
INSERT INTO tb_membros VALUES ( '119', 'Transferência', '3', 'membro', 'sim', 'nao', 'f', 'nao', 'Elcinda Cuchi', '', '', '1959-07-28', '', '', '', '', '', '', 'casado', '', '', '', '', '', '', '', 'sim', 'sim', 'sim', '', 'nao', '', '-14.2350040', '-51.9252800', '1990-07-07 00:00:00', '2020-09-08 21:33:04');
INSERT INTO tb_membros VALUES ( '120', 'Profissão de fé', '3', 'membro', 'sim', 'nao', 'm', 'nao', 'Adelino Cuchi', '', '', '1959-09-01', '', '', '', '', '', '', 'casado', '', '', '', '', '', '', '', 'sim', 'sim', 'sim', '', 'nao', '', '-14.2350040', '-51.9252800', '2018-03-25 00:00:00', '2020-09-08 20:59:50');
INSERT INTO tb_membros VALUES ( '121', 'Transferência', '3', 'membro', 'sim', 'nao', 'f', 'nao', 'Rosana Cuchi Zarske', '', '', '1980-11-06', '', '', '', '', '', '', 'casado', '', '', '', '', '', '', '', 'sim', 'sim', 'sim', '', 'nao', '', '-14.2350040', '-51.9252800', '1990-07-07 00:00:00', '2020-09-04 23:19:37');
INSERT INTO tb_membros VALUES ( '122', 'Transferência', '3', 'membro', 'sim', 'nao', 'm', 'nao', 'Edson Zarske', '', '', '1970-07-21', '', '', '', '', '', '', 'casado', '', '', '', '', '', '', '', 'sim', 'sim', 'sim', '', 'nao', '', '-14.2350040', '-51.9252800', '2000-07-30 00:00:00', '2020-09-04 23:24:21');
INSERT INTO tb_membros VALUES ( '123', 'Batismo', '3', 'membro', 'sim', 'nao', 'm', 'nao', 'Edson Vinícius Zarske', '', '', '2011-01-13', '', '', '', '', '', '', 'solteiro', '', '', '', '', '', '', '', 'nao', 'nao', 'nao', '', 'nao', '', '', '', '2011-02-13 00:00:00', '2020-09-04 23:26:33');
INSERT INTO tb_membros VALUES ( '124', 'Confirmação', '3', 'membro', 'sim', 'sim', 'f', 'nao', 'Greta Aline Dettke', '', '', '1985-04-01', '', '', '', '', '', '', 'solteiro', '', '', '', '', '', '', '', 'nao', 'nao', 'nao', '', 'nao', '', '-14.2350040', '-51.9252800', '2012-04-01 00:00:00', '2020-09-04 23:45:47');
INSERT INTO tb_membros VALUES ( '125', 'Batismo', '3', 'membro', 'sim', 'sim', 'm', 'nao', 'Renan Theodor Dettke', '', '', '1987-10-03', '', '', '', '', '', '', 'união estável', '', '', '', '', '', '', '', 'nao', 'nao', 'nao', '', 'nao', '', '-14.2350040', '-51.9252800', '1987-10-31 00:00:00', '2020-09-04 23:48:20');
INSERT INTO tb_membros VALUES ( '126', 'Profissão de fé', '3', 'membro', 'sim', 'nao', 'm', 'nao', 'Luiz César dos Santos', '', '', '0000-00-00', '', '', '', '', '', '', 'união estável', '', '', '', '', '', '', '', 'sim', 'sim', 'sim', '', 'nao', '', '-14.2350040', '-51.9252800', '2018-12-02 00:00:00', '2020-09-05 00:07:35');
INSERT INTO tb_membros VALUES ( '127', 'Transferência', '3', 'membro', 'sim', 'sim', 'f', 'nao', 'Rosiane Weimer ', '', '', '1981-06-26', '', '', '', '', '', '', '', '', '', '', '', '', '', '', 'nao', 'nao', 'nao', '', 'nao', '', '-14.2350040', '-51.9252800', '2018-12-02 00:00:00', '2020-09-08 15:33:42');
INSERT INTO tb_membros VALUES ( '128', 'Transferência', '3', 'membro', 'sim', 'sim', 'm', 'nao', 'Reginaldo Wilson Pereira', '', '', '1973-09-03', '', '', '', '', '', '', 'casado', '', '', '', '', '', '', '', 'nao', 'nao', 'nao', '', 'nao', '', '-14.2350040', '-51.9252800', '2018-12-02 00:00:00', '2020-09-08 15:47:16');
INSERT INTO tb_membros VALUES ( '129', 'Profissão de fé', '3', 'membro', 'sim', 'nao', 'f', 'nao', 'Sônia Mathoso', '', '', '1959-09-22', '', '', '', '', '', '', 'viuvo', '', '', '', '', '', '', '', 'sim', 'sim', 'sim', '', 'nao', '', '-14.2350040', '-51.9252800', '2018-12-02 00:00:00', '2020-09-08 19:55:56');
INSERT INTO tb_membros VALUES ( '130', 'Transferência', '3', 'membro', 'sim', 'nao', 'm', 'nao', 'Marcos Vinícius Schwanz ', '', '', '1992-09-22', '', '', '', '', '', '', 'solteiro', '', '', '', '', '', '', '', 'sim', 'sim', 'sim', '', 'nao', '', '-14.2350040', '-51.9252800', '2018-12-02 00:00:00', '2020-09-08 19:57:21');
INSERT INTO tb_membros VALUES ( '131', 'Profissão de fé', '3', 'membro', 'sim', 'nao', 'm', 'nao', 'Geraldo Justino Pimenta', '', '', '1964-06-11', '', '', '', '', '', '', 'casado', '', '', '', '', '', '', '', 'sim', 'sim', 'sim', '', 'nao', '', '-14.2350040', '-51.9252800', '2018-12-02 00:00:00', '2020-09-08 19:58:39');
INSERT INTO tb_membros VALUES ( '132', 'Profissão de fé', '3', 'membro', 'sim', 'nao', 'f', 'nao', 'Matilde Aparecida Ambrósio Pimenta', '', '', '1966-10-13', '', '', '', '', '', '', 'casado', '', '', '', '', '', '', '', 'sim', 'sim', 'sim', '', 'nao', '', '-14.2350040', '-51.9252800', '2018-12-02 00:00:00', '2020-09-08 20:00:05');
INSERT INTO tb_membros VALUES ( '133', 'Profissão de fé', '3', 'membro', 'sim', 'nao', 'f', 'nao', 'Vilma Ambrózio', '', '', '1963-02-11', '', '', '', '', '', '', 'separado', '', '', '', '', '', '', '', 'sim', 'sim', 'sim', '', 'nao', '', '-14.2350040', '-51.9252800', '2007-12-02 00:00:00', '2020-09-08 20:44:07');
INSERT INTO tb_membros VALUES ( '134', 'Profissão de fé', '3', 'membro', 'sim', 'nao', 'm', 'nao', 'Odair Souza', '', '', '1960-05-07', '', '', '', '', '', '', 'separado', '', '', '', '', '', '', '', 'nao', 'nao', 'nao', '', 'nao', '', '-14.2350040', '-51.9252800', '2007-12-02 00:00:00', '2020-09-08 20:46:12');
INSERT INTO tb_membros VALUES ( '135', 'Profissão de fé', '3', 'membro', 'sim', 'nao', 'f', 'nao', 'Maria de Lurdes Ambrózio', '', '', '1973-05-28', '', '', '', '', '', '', 'casado', '', '', '', '', '', '', '', 'sim', 'sim', 'sim', '', 'nao', '', '-14.2350040', '-51.9252800', '2008-10-05 00:00:00', '2020-09-08 21:05:05');
INSERT INTO tb_membros VALUES ( '136', 'Profissão de fé', '3', 'membro', 'sim', 'nao', 'f', 'nao', 'Patrícia Luara Ambrózio', '', '', '1994-03-27', '', '', '', '', '', '', '', '', '', '', '', '', '', '', 'sim', 'sim', 'sim', '', 'nao', '', '-14.2350040', '-51.9252800', '2008-10-05 00:00:00', '2020-09-08 21:06:34');
INSERT INTO tb_membros VALUES ( '137', 'Profissão de fé', '3', 'membro', 'sim', 'nao', 'm', 'nao', 'Rodrigo Ambrózio', '', '', '1999-05-10', '', '', '', '', '', '', 'solteiro', '', '', '', '', '', '', '', 'sim', 'sim', 'sim', '', 'nao', '', '-14.2350040', '-51.9252800', '2008-10-05 00:00:00', '2020-09-08 21:14:14');
INSERT INTO tb_membros VALUES ( '138', 'Profissão de fé', '3', 'membro', 'sim', 'nao', 'm', 'nao', 'Paulo Sérgio Ambrózio', '', '', '1968-03-29', '', '', '', '', '', '', 'união estável', '', '', '', '', '', '', '', 'sim', 'sim', 'sim', '', 'nao', '', '-14.2350040', '-51.9252800', '2008-10-05 00:00:00', '2020-09-08 21:22:44');
INSERT INTO tb_membros VALUES ( '139', 'Batismo', '3', 'membro', 'sim', 'nao', 'm', 'nao', 'Paulo Eduardo Ambrózio', '', '', '2012-04-21', '', '', '', '', '', 'Estudante', 'solteiro', '', '', '', '', '', '', '', 'nao', 'nao', 'nao', '', 'nao', '', '-14.2350040', '-51.9252800', '2012-09-02 00:00:00', '2020-09-08 21:24:30');
INSERT INTO tb_membros VALUES ( '140', 'Transferência', '3', 'membro', 'sim', 'nao', 'm', 'nao', 'Aroldo Krieger', '', '', '1943-12-14', '', '', '', '', '', 'Aposentado', 'viuvo', '', '', '', '', '', '', '', 'sim', 'sim', 'sim', '', 'nao', '', '-14.2350040', '-51.9252800', '2000-07-07 00:00:00', '2020-09-08 21:44:28');
INSERT INTO tb_membros VALUES ( '141', 'Transferência', '3', 'membro', 'sim', 'nao', 'm', 'nao', 'Elmar Kochemborger', '', '', '1959-07-14', '', '', '', '', '', '', 'casado', '', '', '', '', '', '', '', 'sim', 'sim', 'sim', '', 'nao', '', '-14.2350040', '-51.9252800', '2005-07-07 00:00:00', '2020-09-08 21:46:37');
INSERT INTO tb_membros VALUES ( '142', 'Transferência', '3', 'membro', 'sim', 'nao', 'f', 'nao', 'Lucia Kochemborger', '', '', '1960-02-07', '', '', '', '', '', '', 'casado', '', '', '', '', '', '', '', 'sim', 'sim', 'sim', '', 'nao', '', '-14.2350040', '-51.9252800', '2005-07-07 00:00:00', '2020-09-08 21:49:01');
INSERT INTO tb_membros VALUES ( '143', 'Transferência', '3', 'membro', 'sim', 'sim', 'm', 'nao', 'Cristian Kochemborger', '', '', '1985-06-07', '', '', '', '', '', '', '', '', '', '', '', '', '', '', 'sim', 'sim', 'sim', '', 'nao', '', '-14.2350040', '-51.9252800', '2005-07-07 00:00:00', '2020-09-08 21:50:50');
INSERT INTO tb_membros VALUES ( '144', 'Transferência', '3', 'membro', 'nao', 'nao', 'm', 'nao', 'Arno Dettke', '', '', '1955-09-30', '', '', '', '', '', '', 'casado', '', '', '', '', '', '', '', 'sim', 'sim', 'sim', '', 'sim', '', '-14.2350040', '-51.9252800', '1990-07-07 00:00:00', '2020-09-08 21:59:16');
INSERT INTO tb_membros VALUES ( '145', 'Transferência', '3', 'membro', 'sim', 'nao', 'm', 'nao', 'Paulo Henrique Mantovani', '', '', '1974-05-12', '', '', '', '', '', '', 'casado', '', '', '', '', '', '', '', 'sim', 'sim', 'sim', '', 'nao', '', '-14.2350040', '-51.9252800', '2015-05-01 00:00:00', '2020-09-08 22:06:16');
INSERT INTO tb_membros VALUES ( '146', 'Transferência', '3', 'membro', 'sim', 'nao', 'f', 'nao', 'Crislaine Rupenthal Mantovani', '', '', '1976-11-22', '', '', '', '', '', '', 'casado', '', '', '', '', '', '', '', 'sim', 'sim', 'sim', '', 'nao', '', '-14.2350040', '-51.9252800', '2015-05-01 00:00:00', '2020-09-08 22:12:50');
INSERT INTO tb_membros VALUES ( '147', 'Transferência', '3', 'membro', 'sim', 'nao', 'm', 'nao', 'Jonas Henrique Mantovani', '', '', '2007-09-14', '', '', '', '', '', 'Estudante', 'solteiro', '', '', '', '', '', '', '', 'nao', 'nao', 'nao', '', 'nao', '', '-14.2350040', '-51.9252800', '2015-05-01 00:00:00', '2020-09-08 22:14:44');
INSERT INTO tb_membros VALUES ( '148', 'Transferência', '3', 'membro', 'sim', 'nao', 'f', 'nao', 'Ana Lívia Mantovani', '', '', '2012-08-14', '', '', '', '', '', 'Estudante', 'solteiro', '', '', '', '', '', '', '', 'nao', 'nao', 'nao', '', 'nao', '', '-14.2350040', '-51.9252800', '2015-05-01 00:00:00', '2020-09-08 22:16:22');
INSERT INTO tb_membros VALUES ( '149', 'Transferência', '3', 'membro', 'sim', 'nao', 'f', 'nao', 'Adriana Papke Andriolli', '', '', '1978-01-16', 'Assis Chateaubriand', 'PR', '', '', '', 'Gerente Bancária', 'casado', '', '', '', '', '', '', '', 'sim', 'sim', 'sim', '', 'nao', '', '-14.2350040', '-51.9252800', '2016-05-01 00:00:00', '2020-09-08 22:33:38');
INSERT INTO tb_membros VALUES ( '150', 'Transferência', '3', 'membro', 'sim', 'nao', 'f', 'nao', 'Morgana Papke Andriolli', '', '', '2008-12-16', 'Terra Roxa', 'PR', '', '', '', 'Estudante', 'solteiro', '', '', '', '', '', '', '', 'nao', 'nao', 'nao', '', 'nao', '', '-14.2350040', '-51.9252800', '2016-05-01 00:00:00', '2020-09-08 22:43:26');
INSERT INTO tb_membros VALUES ( '151', 'Transferência', '3', 'membro', 'sim', 'nao', 'f', 'nao', 'Gabriela Papke Andriolli', '', '', '2015-01-09', 'Campo Mourão ', 'PR ', '', '', '', 'Estudante', 'solteiro', '', '', '', '', '', '', '', 'nao', 'nao', 'nao', '', 'nao', '', '-14.2350040', '-51.9252800', '2016-05-01 00:00:00', '2020-09-08 22:43:05');
INSERT INTO tb_membros VALUES ( '152', 'Profissão de fé', '3', 'membro', 'sim', 'nao', 'm', 'nao', 'Erico Loser', '', '', '1943-12-22', '', '', '', '', '', 'Aposentado', 'casado', '', '', '', '', '', '', '', 'sim', 'sim', 'sim', '', 'nao', '', '-14.2350040', '-51.9252800', '2005-07-01 00:00:00', '2020-09-08 22:55:27');
INSERT INTO tb_membros VALUES ( '153', 'Profissão de fé', '3', 'membro', 'sim', 'nao', 'f', 'nao', 'Cecília Loser', '', '', '1960-10-13', '', '', '', '', '', '', 'casado', '', '', '', '', '', '', '', 'sim', 'sim', 'sim', '', 'nao', '', '-14.2350040', '-51.9252800', '2005-07-01 00:00:00', '2020-09-08 22:54:48');
INSERT INTO tb_membros VALUES ( '154', 'Profissão de fé', '3', 'membro', 'sim', 'nao', 'm', 'nao', 'Wellinton V. B. Dias', '', '', '1983-07-15', '', '', '', '', '', '', 'casado', '', '', '', '', '', '', '', 'sim', 'sim', 'sim', '', 'nao', '', '-14.2350040', '-51.9252800', '2010-10-17 00:00:00', '2020-09-08 22:59:47');
INSERT INTO tb_membros VALUES ( '155', 'Profissão de fé', '3', 'membro', 'sim', 'nao', 'f', 'nao', 'Graziele R. Palma Dias', '', '', '1983-11-10', '', '', '', '', '', '', 'casado', '', '', '', '', '', '', '', 'sim', 'sim', 'sim', '', 'nao', '', '-14.2350040', '-51.9252800', '2010-10-17 00:00:00', '2020-09-08 23:02:33');
INSERT INTO tb_membros VALUES ( '156', 'Profissão de fé', '3', 'membro', 'sim', 'nao', 'm', 'nao', 'Luis H. Palma Dias', '', '', '2004-04-12', '', '', '', '', '', 'Estudante', 'solteiro', '', '', '', '', '', '', '', 'sim', 'nao', 'sim', '', 'nao', '', '-14.2350040', '-51.9252800', '2010-10-17 00:00:00', '2020-09-08 23:04:40');
INSERT INTO tb_membros VALUES ( '157', 'Batismo', '3', 'membro', 'sim', 'nao', 'f', 'nao', 'Fernanda Palma Dias', '', '', '2008-02-16', '', '', '', '', '', 'Estudante', 'solteiro', '', '', '', '', '', '', '', 'nao', 'nao', 'nao', '', 'nao', '', '-14.2350040', '-51.9252800', '2008-03-23 00:00:00', '2020-09-08 23:07:05');
INSERT INTO tb_membros VALUES ( '158', 'Transferência', '3', 'membro', 'sim', 'nao', 'm', 'nao', 'Silvio Marcos Raimundo', '', '', '1967-07-14', '', '', '', '', '', '', 'separado', '', '', '', '', '', '', '', 'sim', 'sim', 'sim', '', 'nao', '', '-14.2350040', '-51.9252800', '2000-07-07 00:00:00', '2020-09-08 23:15:32');
INSERT INTO tb_membros VALUES ( '159', 'Profissão de fé', '3', 'membro', 'sim', 'sim', 'f', 'nao', 'Maria Alice Silva Raimundo', '', '', '1974-01-26', '', '', '', '', '', '', 'separado', '', '', '', '', '', '', '', 'nao', 'nao', 'nao', '', 'nao', '', '-14.2350040', '-51.9252800', '2002-06-09 00:00:00', '2020-09-08 23:17:22');
INSERT INTO tb_membros VALUES ( '160', 'Batismo', '3', 'membro', 'sim', 'nao', 'f', 'nao', 'Rayane da Silva Raimundo', '', '', '2001-05-21', '', '', '', '', '', 'Estudante', 'solteiro', '', '', '', '', '', '', '', 'sim', 'sim', 'sim', '', 'nao', '', '-14.2350040', '-51.9252800', '2002-02-02 00:00:00', '2020-09-08 23:20:03');
INSERT INTO tb_membros VALUES ( '161', 'Batismo', '3', 'membro', 'sim', 'nao', 'f', 'nao', 'Rhubia da Silva Raimundo', '', '', '2005-12-02', '', '', '', '', '', 'Estudante', 'solteiro', '', '', '', '', '', '', '', 'nao', 'nao', 'nao', '', 'nao', '', '-14.2350040', '-51.9252800', '2006-05-21 00:00:00', '2020-09-08 23:23:02');
INSERT INTO tb_membros VALUES ( '162', 'Transferência', '3', 'membro', 'sim', 'nao', 'f', 'nao', 'Iracema Moeller', '', '', '1955-08-03', '', '', '', '', '', '', 'separado', '', '', '', '', '', '', '', 'sim', 'sim', 'sim', '', 'nao', '', '-14.2350040', '-51.9252800', '1995-07-07 00:00:00', '2020-09-09 00:12:57');
INSERT INTO tb_membros VALUES ( '163', 'Batismo', '3', 'membro', 'sim', 'nao', 'f', 'nao', 'Rosemari Anastácio dos Santos', '', '', '1974-04-15', '', '', '', '', '', '', 'separado', '', '', '', '', '', '', '', 'sim', 'sim', 'sim', '', 'nao', '', '-14.2350040', '-51.9252800', '1974-07-07 00:00:00', '2020-09-09 00:44:19');
INSERT INTO tb_membros VALUES ( '164', 'Batismo', '3', 'membro', 'sim', 'nao', 'f', 'nao', 'Andressa Beatriz dos Santos', '', '', '1998-04-18', '', '', '', '', '', 'Estudante', 'solteiro', '', '', '', '', '', '', '', 'sim', 'sim', 'sim', '', 'nao', '', '-14.2350040', '-51.9252800', '1998-05-23 00:00:00', '2020-09-09 00:29:14');
INSERT INTO tb_membros VALUES ( '165', 'Batismo', '3', 'membro', 'sim', 'nao', 'm', 'nao', 'Arthur G, Anastácio', '', '', '2011-03-03', '', '', '', '', '', 'Estudante', 'solteiro', '', '', '', '', '', '', '', 'nao', 'nao', 'nao', '', 'nao', '', '-14.2350040', '-51.9252800', '2011-04-17 00:00:00', '2020-09-09 00:31:28');

#
# Criação da Tabela : tb_membros_batismo
#

CREATE TABLE `tb_membros_batismo` (
  `id_batismo` int(11) NOT NULL AUTO_INCREMENT,
  `id_membro` int(11) NOT NULL,
  `data_batismo` date NOT NULL,
  `pai` varchar(250) NOT NULL,
  `mae` varchar(250) NOT NULL,
  `congregacao` varchar(250) NOT NULL,
  `oficiante` varchar(250) NOT NULL,
  `data_cadastro` datetime NOT NULL,
  `atualizacao` timestamp NOT NULL DEFAULT CURRENT_TIMESTAMP ON UPDATE CURRENT_TIMESTAMP,
  PRIMARY KEY (`id_batismo`)
) ENGINE=InnoDB AUTO_INCREMENT=10 DEFAULT CHARSET=latin1 ;

#
# Dados a serem incluídos na tabela
#

INSERT INTO tb_membros_batismo VALUES ( '1', '15', '2013-03-16', 'Marcio Martins da Silva', '14', 'Trindade - Peabiru; PR. ', 'Adolfo Grieep', '2020-02-27 17:01:04', '2020-02-27 17:01:04');
INSERT INTO tb_membros_batismo VALUES ( '2', '23', '2020-03-21', 'Gabriel Martins Bartz Rupel', 'Suellen Thalita Rupel Bartz', 'Congregação Trindade, Peabiru - PR', 'Lucimar Velmer', '2020-03-13 14:11:27', '2020-03-13 14:20:58');
INSERT INTO tb_membros_batismo VALUES ( '3', '29', '2020-08-29', 'Luiz Raphael de Almeida Moura', 'Deise Gebhard', 'CEL Manancial - Campo Mourão/PR', 'Rev. Mateus L. Lange / Lucimar Velmer', '2020-08-27 21:05:15', '2020-08-27 21:05:15');
INSERT INTO tb_membros_batismo VALUES ( '4', '35', '2020-09-06', 'Mateus Mora', '101', 'Congregação Evangélica Luterana Trindade - Mamborê/PR', 'Rev. Mateus Leonardo Lange   ', '2020-08-27 22:06:09', '2020-09-03 21:54:51');
INSERT INTO tb_membros_batismo VALUES ( '5', '42', '2019-11-24', '43', '39', 'CEL Manancial - Campo Mourão/PR', 'Rev. Mateus L. Lange/Adolfo Griep', '2020-08-30 22:46:54', '2020-08-30 22:52:07');
INSERT INTO tb_membros_batismo VALUES ( '6', '44', '2018-07-22', 'Paulo Henrique Cremom', 'Karina Emillym Budach Cremon', 'Campo Mourão', 'Rev. Mateus L. Lange   ', '2020-08-30 22:57:06', '2020-08-30 22:57:06');
INSERT INTO tb_membros_batismo VALUES ( '7', '45', '2018-04-01', 'Edilson Alves Feitosa Junior', '47', 'CEL Manancial - Campo Mourão/PR', 'Rev. Mateus L. Lange   ', '2020-08-30 23:04:26', '2020-08-30 23:15:32');
INSERT INTO tb_membros_batismo VALUES ( '8', '50', '2019-09-29', '51', '49', 'CEL Manancial - Campo Mourão/PR', 'Rev. Mateus L. Lange   ', '2020-08-30 23:23:55', '2020-08-30 23:55:41');
INSERT INTO tb_membros_batismo VALUES ( '9', '81', '2018-01-21', 'Leandro Sartoreli Ricci', '80', 'Congregação Evangélica Luterana Trindade - Mamborê/PR', 'Rev. Mateus L. Lange   ', '2020-09-02 11:01:16', '2020-09-02 11:01:16');

#
# Criação da Tabela : tb_membros_batismo_padrinhos
#

CREATE TABLE `tb_membros_batismo_padrinhos` (
  `id_padrinho` int(11) NOT NULL AUTO_INCREMENT,
  `id_batismo` int(11) NOT NULL,
  `nome` varchar(250) NOT NULL,
  `data_cadastro` datetime NOT NULL,
  `atualizacao` timestamp NOT NULL DEFAULT CURRENT_TIMESTAMP ON UPDATE CURRENT_TIMESTAMP,
  PRIMARY KEY (`id_padrinho`)
) ENGINE=InnoDB AUTO_INCREMENT=70 DEFAULT CHARSET=latin1 ;

#
# Dados a serem incluídos na tabela
#

INSERT INTO tb_membros_batismo_padrinhos VALUES ( '3', '1', 'Douglas Daniel Ruppenthal e Gisele Marques da Silva Ruppenthal', '2020-02-27 17:02:07', '2020-02-27 17:02:07');
INSERT INTO tb_membros_batismo_padrinhos VALUES ( '17', '2', 'Daniela Adriana Behrendren   ', '2020-03-13 14:20:58', '2020-03-13 14:20:58');
INSERT INTO tb_membros_batismo_padrinhos VALUES ( '18', '2', 'Marcos Vinicius Schwanz', '2020-03-13 14:20:58', '2020-03-13 14:20:58');
INSERT INTO tb_membros_batismo_padrinhos VALUES ( '19', '2', 'José Adilson dos Santos ', '2020-03-13 14:20:58', '2020-03-13 14:20:58');
INSERT INTO tb_membros_batismo_padrinhos VALUES ( '20', '2', 'Laís Martins Bartz', '2020-03-13 14:20:58', '2020-03-13 14:20:58');
INSERT INTO tb_membros_batismo_padrinhos VALUES ( '23', '3', 'Mariana Gebhard Lipi de Oliveira', '2020-08-27 21:11:20', '2020-08-27 21:11:20');
INSERT INTO tb_membros_batismo_padrinhos VALUES ( '24', '3', 'Raissa Correia Gebhard', '2020-08-27 21:11:20', '2020-08-27 21:11:20');
INSERT INTO tb_membros_batismo_padrinhos VALUES ( '27', '6', 'Lais Caroline Cremom', '2020-08-30 22:57:06', '2020-08-30 22:57:06');
INSERT INTO tb_membros_batismo_padrinhos VALUES ( '28', '6', 'Luis Gustavo Budach', '2020-08-30 22:57:06', '2020-08-30 22:57:06');
INSERT INTO tb_membros_batismo_padrinhos VALUES ( '45', '7', 'Giovanne Dias Guimarães', '2020-08-30 23:15:32', '2020-08-30 23:15:32');
INSERT INTO tb_membros_batismo_padrinhos VALUES ( '46', '7', 'Isadora Dias', '2020-08-30 23:15:32', '2020-08-30 23:15:32');
INSERT INTO tb_membros_batismo_padrinhos VALUES ( '47', '7', 'Alessandro Adriano Brita', '2020-08-30 23:15:32', '2020-08-30 23:15:32');
INSERT INTO tb_membros_batismo_padrinhos VALUES ( '48', '7', 'Franciele Martins Feitosa Brita', '2020-08-30 23:15:32', '2020-08-30 23:15:32');
INSERT INTO tb_membros_batismo_padrinhos VALUES ( '50', '8', 'Aparecida dos Santos Pereira  ', '2020-08-30 23:55:41', '2020-08-30 23:55:41');
INSERT INTO tb_membros_batismo_padrinhos VALUES ( '51', '8', 'João Batista Elias Pereira', '2020-08-30 23:55:41', '2020-08-30 23:55:41');
INSERT INTO tb_membros_batismo_padrinhos VALUES ( '52', '8', 'Elcinda Fischer Cuchi ', '2020-08-30 23:55:41', '2020-08-30 23:55:41');
INSERT INTO tb_membros_batismo_padrinhos VALUES ( '53', '8', 'Adelino Cuchi', '2020-08-30 23:55:41', '2020-08-30 23:55:41');
INSERT INTO tb_membros_batismo_padrinhos VALUES ( '54', '8', 'Glauco de Mello Nogueira ', '2020-08-30 23:55:41', '2020-08-30 23:55:41');
INSERT INTO tb_membros_batismo_padrinhos VALUES ( '55', '8', 'Manoel Teixeira Júnior', '2020-08-30 23:55:41', '2020-08-30 23:55:41');
INSERT INTO tb_membros_batismo_padrinhos VALUES ( '60', '9', 'Everton Gerstner da Roza', '2020-09-02 11:01:45', '2020-09-02 11:01:45');
INSERT INTO tb_membros_batismo_padrinhos VALUES ( '61', '9', 'Dayane Heimann Gerstner da Roza', '2020-09-02 11:01:45', '2020-09-02 11:01:45');
INSERT INTO tb_membros_batismo_padrinhos VALUES ( '62', '9', 'Anny Hoffman', '2020-09-02 11:01:45', '2020-09-02 11:01:45');
INSERT INTO tb_membros_batismo_padrinhos VALUES ( '63', '9', 'Edson Ricci', '2020-09-02 11:01:45', '2020-09-02 11:01:45');
INSERT INTO tb_membros_batismo_padrinhos VALUES ( '68', '4', 'Murilo Hauenstein Ruch', '2020-09-03 21:57:52', '2020-09-03 21:57:52');
INSERT INTO tb_membros_batismo_padrinhos VALUES ( '69', '4', 'Manoela Mora Evangelista', '2020-09-03 21:57:52', '2020-09-03 21:57:52');

#
# Criação da Tabela : tb_membros_casamentos
#

CREATE TABLE `tb_membros_casamentos` (
  `id_casamento` int(11) NOT NULL AUTO_INCREMENT,
  `membro1` varchar(250) NOT NULL,
  `membro2` varchar(250) NOT NULL,
  `data_casamento` date NOT NULL,
  `oficiante` varchar(250) NOT NULL,
  `data_cadastro` datetime NOT NULL,
  `atualizacao` timestamp NOT NULL DEFAULT CURRENT_TIMESTAMP ON UPDATE CURRENT_TIMESTAMP,
  PRIMARY KEY (`id_casamento`)
) ENGINE=InnoDB AUTO_INCREMENT=5 DEFAULT CHARSET=latin1 ;

#
# Dados a serem incluídos na tabela
#

INSERT INTO tb_membros_casamentos VALUES ( '1', '38', '', '0000-00-00', '', '2020-08-27 22:21:59', '2020-08-27 22:21:59');
INSERT INTO tb_membros_casamentos VALUES ( '2', '51', '49', '2018-02-24', 'Rev. Mateus L. Lange   ', '2020-08-31 00:10:15', '2020-08-31 00:10:15');
INSERT INTO tb_membros_casamentos VALUES ( '3', '52', '#', '2018-09-08', 'Rev. Mateus L. Lange   ', '2020-08-31 00:18:52', '2020-08-31 00:20:28');
INSERT INTO tb_membros_casamentos VALUES ( '4', '34', '53', '2018-04-14', 'Rev. Mateus L. Lange   ', '2020-08-31 20:07:44', '2020-08-31 20:07:44');

#
# Criação da Tabela : tb_membros_casamentos_padrinhos
#

CREATE TABLE `tb_membros_casamentos_padrinhos` (
  `id_padrinho` int(11) NOT NULL AUTO_INCREMENT,
  `id_casamento` int(11) NOT NULL,
  `nome` varchar(250) NOT NULL,
  `data_cadastro` datetime NOT NULL,
  `atualizacao` timestamp NOT NULL DEFAULT CURRENT_TIMESTAMP ON UPDATE CURRENT_TIMESTAMP,
  PRIMARY KEY (`id_padrinho`)
) ENGINE=InnoDB AUTO_INCREMENT=22 DEFAULT CHARSET=latin1 ;

#
# Dados a serem incluídos na tabela
#

INSERT INTO tb_membros_casamentos_padrinhos VALUES ( '2', '2', '', '2020-08-31 00:10:15', '2020-08-31 00:10:15');
INSERT INTO tb_membros_casamentos_padrinhos VALUES ( '14', '4', 'Roni Kruger', '2020-08-31 23:34:28', '2020-08-31 23:34:28');
INSERT INTO tb_membros_casamentos_padrinhos VALUES ( '15', '4', 'Maristela Aparecida Mendes Kruger', '2020-08-31 23:34:28', '2020-08-31 23:34:28');
INSERT INTO tb_membros_casamentos_padrinhos VALUES ( '16', '4', 'Fernando Veiga', '2020-08-31 23:34:28', '2020-08-31 23:34:28');
INSERT INTO tb_membros_casamentos_padrinhos VALUES ( '17', '4', 'Suelen Zafalon', '2020-08-31 23:34:28', '2020-08-31 23:34:28');
INSERT INTO tb_membros_casamentos_padrinhos VALUES ( '18', '4', 'Eldrei Hyoran Kruger', '2020-08-31 23:34:28', '2020-08-31 23:34:28');
INSERT INTO tb_membros_casamentos_padrinhos VALUES ( '19', '4', 'Carolaine Lucazinski Amaro', '2020-08-31 23:34:28', '2020-08-31 23:34:28');
INSERT INTO tb_membros_casamentos_padrinhos VALUES ( '20', '4', 'Paulo Augusto Benites', '2020-08-31 23:34:28', '2020-08-31 23:34:28');
INSERT INTO tb_membros_casamentos_padrinhos VALUES ( '21', '4', 'Tamara Benites', '2020-08-31 23:34:28', '2020-08-31 23:34:28');

#
# Criação da Tabela : tb_membros_confirmacao
#

CREATE TABLE `tb_membros_confirmacao` (
  `id_confirmacao` int(11) NOT NULL AUTO_INCREMENT,
  `id_membro` int(11) NOT NULL,
  `data_confirmacao` date NOT NULL,
  `oficiante` varchar(250) NOT NULL,
  `versiculo` varchar(250) NOT NULL DEFAULT 'Ponha sua vida nas mãos do SENHOR, confia nele, e ele o ajudará.',
  `livro` varchar(250) NOT NULL DEFAULT 'Salmos 37.5',
  `local` varchar(250) NOT NULL,
  `pais` varchar(250) NOT NULL,
  `data_cadastro` datetime NOT NULL,
  `atualizacao` timestamp NOT NULL DEFAULT CURRENT_TIMESTAMP ON UPDATE CURRENT_TIMESTAMP,
  PRIMARY KEY (`id_confirmacao`)
) ENGINE=InnoDB DEFAULT CHARSET=latin1 ;

#
# Dados a serem incluídos na tabela
#


#
# Criação da Tabela : tb_membros_desligamento
#

CREATE TABLE `tb_membros_desligamento` (
  `id_desligamento` int(11) NOT NULL AUTO_INCREMENT,
  `id_membro` int(11) NOT NULL,
  `tipo` varchar(250) NOT NULL,
  `data_desligamento` date NOT NULL,
  `admissao_desatualizada` char(3) NOT NULL,
  `paroquia_destino` varchar(250) NOT NULL,
  `pastor_destino` varchar(250) NOT NULL,
  `versiculo` text NOT NULL,
  `pastor_assinatura` varchar(250) NOT NULL,
  `diretoria_assinatura` varchar(250) NOT NULL,
  `auto_exclusao` varchar(250) NOT NULL,
  `observacoes` text NOT NULL,
  `data_cadastro` datetime NOT NULL,
  `atualizacao` timestamp NULL DEFAULT CURRENT_TIMESTAMP ON UPDATE CURRENT_TIMESTAMP,
  PRIMARY KEY (`id_desligamento`)
) ENGINE=InnoDB AUTO_INCREMENT=11 DEFAULT CHARSET=latin1 ;

#
# Dados a serem incluídos na tabela
#

INSERT INTO tb_membros_desligamento VALUES ( '1', '5', 'Óbito', '2011-10-23', '', '', '', '', '', '', '', '', '2016-06-08 18:19:25', '2016-06-08 20:19:25');
INSERT INTO tb_membros_desligamento VALUES ( '2', '0', 'Óbito', '2015-07-05', 'nao', '', '', '', '', '', 'nao', '', '2016-06-08 18:19:25', '2020-09-08 21:59:16');
INSERT INTO tb_membros_desligamento VALUES ( '3', '6', 'Óbito', '2017-01-05', 'nao', '', '', '', '', '', 'nao', 'falecimento', '2020-02-27 15:44:10', '2020-02-27 15:44:10');
INSERT INTO tb_membros_desligamento VALUES ( '4', '20', 'Óbito', '2020-01-30', 'nao', '', '', '', '', '', 'nao', '', '2020-02-27 17:53:20', '2020-02-27 17:53:20');
INSERT INTO tb_membros_desligamento VALUES ( '5', '40', 'Óbito', '2020-06-18', 'nao', '', '', '', '', '', 'nao', '', '2020-08-30 21:55:03', '2020-08-30 21:55:03');
INSERT INTO tb_membros_desligamento VALUES ( '6', '41', 'Óbito', '2019-06-29', 'nao', '', '', '', '', '', 'nao', '', '2020-08-30 22:39:56', '2020-08-30 22:39:56');
INSERT INTO tb_membros_desligamento VALUES ( '7', '77', 'Transferência paroquial', '2019-11-17', 'nao', 'CEL São Marcos de Maringá/PR', 'Edson Elmar Muller', '', 'Rev. Mateus Leonardo Lange', 'Mauro Kruger', 'nao', '', '2020-09-02 00:16:54', '2020-09-02 00:19:00');
INSERT INTO tb_membros_desligamento VALUES ( '8', '105', 'Transferência paroquial', '2018-12-02', 'nao', 'CEL Manancial, Campo Mourão/PR', 'Mateus Leonardo Lange/Lucimar Velmer', '', 'Rev. Mateus Leonardo Lange', 'Mauro Kruger', 'nao', '', '2020-09-04 16:56:59', '2020-09-04 16:56:59');
INSERT INTO tb_membros_desligamento VALUES ( '9', '104', 'Transferência paroquial', '2018-12-02', 'nao', 'CEL Manancial, Campo Mourão/PR', 'Mateus Leonardo Lange/Lucimar Velmer', '', 'Rev. Mateus Leonardo Lange', 'Mauro Kruger', 'nao', '', '2020-09-04 16:58:02', '2020-09-04 16:58:02');
INSERT INTO tb_membros_desligamento VALUES ( '10', '144', 'Óbito', '2015-07-05', 'nao', '', '', '', '', '', 'nao', '', '2020-09-08 21:59:16', '2020-09-08 21:59:16');

#
# Criação da Tabela : tb_membros_emails
#

CREATE TABLE `tb_membros_emails` (
  `id_email` int(11) NOT NULL AUTO_INCREMENT,
  `id_membro` int(11) NOT NULL,
  `email` varchar(250) NOT NULL,
  `data_cadastro` datetime NOT NULL,
  `atualizacao` timestamp NOT NULL DEFAULT CURRENT_TIMESTAMP ON UPDATE CURRENT_TIMESTAMP,
  PRIMARY KEY (`id_email`)
) ENGINE=InnoDB AUTO_INCREMENT=5 DEFAULT CHARSET=latin1 ;

#
# Dados a serem incluídos na tabela
#

INSERT INTO tb_membros_emails VALUES ( '2', '31', 'mateuslange@gmail.com', '2020-08-27 21:25:01', '2020-08-27 21:25:01');
INSERT INTO tb_membros_emails VALUES ( '3', '32', 'viviannelange@gmail.com', '2020-08-27 21:28:00', '2020-08-27 21:28:00');
INSERT INTO tb_membros_emails VALUES ( '4', '11', 'agroindustrial.contabilidade@uol.com.br', '2020-08-27 22:23:16', '2020-08-27 22:23:16');

#
# Criação da Tabela : tb_membros_entrada_transferencia
#

CREATE TABLE `tb_membros_entrada_transferencia` (
  `id_entrada` int(11) NOT NULL AUTO_INCREMENT,
  `id_membro` int(11) NOT NULL,
  `data_transferencia` date NOT NULL,
  `paroquia_anterior` varchar(250) NOT NULL,
  `observacoes` text NOT NULL,
  `arquivo_historico` varchar(300) NOT NULL,
  `data_cadastro` datetime NOT NULL,
  `atualizacao` timestamp NOT NULL DEFAULT CURRENT_TIMESTAMP ON UPDATE CURRENT_TIMESTAMP,
  PRIMARY KEY (`id_entrada`)
) ENGINE=InnoDB AUTO_INCREMENT=8 DEFAULT CHARSET=latin1 ;

#
# Dados a serem incluídos na tabela
#

INSERT INTO tb_membros_entrada_transferencia VALUES ( '1', '2', '0000-00-00', '', '', '', '2016-06-08 14:35:10', '2016-06-08 16:35:10');
INSERT INTO tb_membros_entrada_transferencia VALUES ( '2', '13', '2013-10-20', 'São Paulo de Ivaiporã', '', '', '2020-02-27 15:40:03', '2020-02-27 15:40:03');
INSERT INTO tb_membros_entrada_transferencia VALUES ( '3', '47', '0000-00-00', '', '', '', '2020-08-30 23:13:11', '2020-08-30 23:13:11');
INSERT INTO tb_membros_entrada_transferencia VALUES ( '4', '106', '2018-12-02', 'CEL Trindade, Mamborê/PR', '', '', '2020-09-04 17:02:18', '2020-09-04 17:03:53');
INSERT INTO tb_membros_entrada_transferencia VALUES ( '5', '107', '2018-12-02', 'CEL Trindade, Mamborê/PR', '', '', '2020-09-04 17:06:11', '2020-09-04 17:06:11');
INSERT INTO tb_membros_entrada_transferencia VALUES ( '6', '127', '2018-11-21', 'COMUNIDADE EVANGÉLICA LUTERANA “BOM PASTOR” de Pitanga/PR', 'Encontram-se afastados', 'Transferência Reginaldo wilson pereira (1).pdf', '2020-09-08 15:29:47', '2020-09-08 15:31:45');
INSERT INTO tb_membros_entrada_transferencia VALUES ( '7', '128', '2018-11-21', 'COMUNIDADE EVANGÉLICA LUTERANA “BOM PASTOR” de Pitanga/PR', 'Afastados', 'Transferência Reginaldo wilson pereira (1).pdf', '2020-09-08 15:47:58', '2020-09-08 15:52:21');

#
# Criação da Tabela : tb_membros_familias
#

CREATE TABLE `tb_membros_familias` (
  `id_familia` int(11) NOT NULL AUTO_INCREMENT,
  `id_membro` int(11) NOT NULL,
  `id_membro2` int(11) NOT NULL,
  `parentesco` varchar(250) NOT NULL,
  `data_cadastro` datetime NOT NULL,
  `atualizacao` timestamp NOT NULL DEFAULT CURRENT_TIMESTAMP ON UPDATE CURRENT_TIMESTAMP,
  PRIMARY KEY (`id_familia`)
) ENGINE=InnoDB AUTO_INCREMENT=579 DEFAULT CHARSET=latin1 ;

#
# Dados a serem incluídos na tabela
#

INSERT INTO tb_membros_familias VALUES ( '1', '1', '2', 'Esposa', '2016-06-08 14:37:33', '2016-06-08 16:37:33');
INSERT INTO tb_membros_familias VALUES ( '2', '2', '1', 'Marido', '2016-06-08 14:37:33', '2016-06-08 16:37:33');
INSERT INTO tb_membros_familias VALUES ( '3', '3', '1', 'Pai', '2016-06-08 14:48:06', '2016-06-08 16:48:06');
INSERT INTO tb_membros_familias VALUES ( '4', '1', '3', 'Filho(a)', '2016-06-08 14:48:06', '2016-06-08 16:48:06');
INSERT INTO tb_membros_familias VALUES ( '5', '3', '2', 'Mãe', '2016-06-08 14:48:19', '2016-06-08 16:48:19');
INSERT INTO tb_membros_familias VALUES ( '6', '2', '3', 'Filho(a)', '2016-06-08 14:48:20', '2016-06-08 16:48:20');
INSERT INTO tb_membros_familias VALUES ( '7', '4', '1', 'Pai', '2016-06-08 15:09:37', '2016-06-08 17:09:37');
INSERT INTO tb_membros_familias VALUES ( '8', '1', '4', 'Filho(a)', '2016-06-08 15:09:39', '2016-06-08 17:09:39');
INSERT INTO tb_membros_familias VALUES ( '9', '4', '2', 'Mãe', '2016-06-08 15:10:10', '2016-06-08 17:10:10');
INSERT INTO tb_membros_familias VALUES ( '10', '2', '4', 'Filho(a)', '2016-06-08 15:10:11', '2016-06-08 17:10:11');
INSERT INTO tb_membros_familias VALUES ( '11', '4', '3', 'Irmão(a)', '2016-06-08 15:10:32', '2016-06-08 17:10:32');
INSERT INTO tb_membros_familias VALUES ( '12', '3', '4', 'Irmão(a)', '2016-06-08 15:10:32', '2016-06-08 17:10:32');
INSERT INTO tb_membros_familias VALUES ( '13', '5', '1', 'Irmão(a)', '2016-06-08 18:18:29', '2016-06-08 20:18:29');
INSERT INTO tb_membros_familias VALUES ( '14', '1', '5', 'Irmão(a)', '2016-06-08 18:18:29', '2016-06-08 20:18:29');
INSERT INTO tb_membros_familias VALUES ( '15', '6', '5', 'Marido', '2016-06-08 18:23:53', '2016-06-08 20:23:53');
INSERT INTO tb_membros_familias VALUES ( '16', '5', '6', 'Esposa', '2016-06-08 18:23:53', '2016-06-08 20:23:53');
INSERT INTO tb_membros_familias VALUES ( '17', '7', '5', 'Pai', '2016-06-08 18:30:46', '2016-06-08 20:30:46');
INSERT INTO tb_membros_familias VALUES ( '18', '5', '7', 'Filho(a)', '2016-06-08 18:30:46', '2016-06-08 20:30:46');
INSERT INTO tb_membros_familias VALUES ( '19', '7', '6', 'Mãe', '2016-06-08 18:31:01', '2016-06-08 20:31:01');
INSERT INTO tb_membros_familias VALUES ( '20', '6', '7', 'Filho(a)', '2016-06-08 18:31:01', '2016-06-08 20:31:01');
INSERT INTO tb_membros_familias VALUES ( '21', '8', '7', 'Marido', '2016-06-08 18:56:26', '2016-06-08 20:56:26');
INSERT INTO tb_membros_familias VALUES ( '22', '7', '8', 'Esposa', '2016-06-08 18:56:26', '2016-06-08 20:56:26');
INSERT INTO tb_membros_familias VALUES ( '23', '9', '7', 'Pai', '2016-06-13 12:13:33', '2016-06-13 14:13:33');
INSERT INTO tb_membros_familias VALUES ( '24', '7', '9', 'Filho(a)', '2016-06-13 12:13:33', '2016-06-13 14:13:33');
INSERT INTO tb_membros_familias VALUES ( '25', '9', '8', 'Mãe', '2016-06-13 12:13:48', '2016-06-13 14:13:48');
INSERT INTO tb_membros_familias VALUES ( '26', '8', '9', 'Filho(a)', '2016-06-13 12:13:48', '2016-06-13 14:13:48');
INSERT INTO tb_membros_familias VALUES ( '27', '9', '6', 'Avó', '2016-06-13 12:14:17', '2016-06-13 14:14:17');
INSERT INTO tb_membros_familias VALUES ( '28', '6', '9', 'Neto(a)', '2016-06-13 12:14:17', '2016-06-13 14:14:17');
INSERT INTO tb_membros_familias VALUES ( '29', '9', '5', 'Avô', '2016-06-13 12:14:38', '2016-06-13 14:14:38');
INSERT INTO tb_membros_familias VALUES ( '30', '5', '9', 'Neto(a)', '2016-06-13 12:14:38', '2016-06-13 14:14:38');
INSERT INTO tb_membros_familias VALUES ( '31', '10', '7', 'Pai', '2016-06-13 12:24:52', '2016-06-13 14:24:52');
INSERT INTO tb_membros_familias VALUES ( '32', '7', '10', 'Filho(a)', '2016-06-13 12:24:53', '2016-06-13 14:24:53');
INSERT INTO tb_membros_familias VALUES ( '33', '10', '8', 'Mãe', '2016-06-13 12:25:11', '2016-06-13 14:25:11');
INSERT INTO tb_membros_familias VALUES ( '34', '8', '10', 'Filho(a)', '2016-06-13 12:25:12', '2016-06-13 14:25:12');
INSERT INTO tb_membros_familias VALUES ( '35', '10', '9', 'Irmão(a)', '2016-06-13 12:25:26', '2016-06-13 14:25:26');
INSERT INTO tb_membros_familias VALUES ( '36', '9', '10', 'Irmão(a)', '2016-06-13 12:25:26', '2016-06-13 14:25:26');
INSERT INTO tb_membros_familias VALUES ( '37', '10', '6', 'Avó', '2016-06-13 12:25:41', '2016-06-13 14:25:41');
INSERT INTO tb_membros_familias VALUES ( '38', '6', '10', 'Neto(a)', '2016-06-13 12:25:42', '2016-06-13 14:25:42');
INSERT INTO tb_membros_familias VALUES ( '39', '10', '5', 'Avô', '2016-06-13 12:26:40', '2016-06-13 14:26:40');
INSERT INTO tb_membros_familias VALUES ( '40', '5', '10', 'Neto(a)', '2016-06-13 12:26:41', '2016-06-13 14:26:41');
INSERT INTO tb_membros_familias VALUES ( '41', '15', '14', 'Mãe', '2020-02-27 17:01:04', '2020-02-27 17:01:04');
INSERT INTO tb_membros_familias VALUES ( '42', '14', '15', 'Filho(a)', '2020-02-27 17:01:04', '2020-02-27 17:01:04');
INSERT INTO tb_membros_familias VALUES ( '43', '0', '38', 'esposa', '2020-08-27 22:21:59', '2020-08-27 22:21:59');
INSERT INTO tb_membros_familias VALUES ( '44', '38', '0', 'esposa', '2020-08-27 22:21:59', '2020-08-27 22:21:59');
INSERT INTO tb_membros_familias VALUES ( '47', '50', '49', 'Mãe', '2020-08-30 23:53:20', '2020-08-30 23:53:20');
INSERT INTO tb_membros_familias VALUES ( '48', '49', '50', 'Filho(a)', '2020-08-30 23:53:20', '2020-08-30 23:53:20');
INSERT INTO tb_membros_familias VALUES ( '51', '50', '48', 'Avó', '2020-08-30 23:57:31', '2020-08-30 23:57:31');
INSERT INTO tb_membros_familias VALUES ( '52', '48', '50', 'Neto(a)', '2020-08-30 23:57:31', '2020-08-30 23:57:31');
INSERT INTO tb_membros_familias VALUES ( '53', '48', '49', 'Filho(a)', '2020-08-30 23:58:20', '2020-08-30 23:58:20');
INSERT INTO tb_membros_familias VALUES ( '54', '49', '48', 'Mãe', '2020-08-30 23:58:20', '2020-08-30 23:58:20');
INSERT INTO tb_membros_familias VALUES ( '57', '43', '42', 'Filho(a)', '2020-08-31 00:00:14', '2020-08-31 00:00:14');
INSERT INTO tb_membros_familias VALUES ( '58', '42', '43', 'Pai', '2020-08-31 00:00:14', '2020-08-31 00:00:14');
INSERT INTO tb_membros_familias VALUES ( '59', '42', '39', 'Mãe', '2020-08-31 00:00:41', '2020-08-31 00:00:41');
INSERT INTO tb_membros_familias VALUES ( '60', '39', '42', 'Filho(a)', '2020-08-31 00:00:41', '2020-08-31 00:00:41');
INSERT INTO tb_membros_familias VALUES ( '61', '43', '39', 'Esposa', '2020-08-31 00:01:08', '2020-08-31 00:01:08');
INSERT INTO tb_membros_familias VALUES ( '62', '39', '43', 'Marido', '2020-08-31 00:01:08', '2020-08-31 00:01:08');
INSERT INTO tb_membros_familias VALUES ( '65', '0', '52', 'esposa', '2020-08-31 00:18:52', '2020-08-31 00:18:52');
INSERT INTO tb_membros_familias VALUES ( '66', '52', '0', 'esposa', '2020-08-31 00:18:52', '2020-08-31 00:18:52');
INSERT INTO tb_membros_familias VALUES ( '67', '53', '34', 'Marido', '2020-08-31 19:52:39', '2020-08-31 19:52:39');
INSERT INTO tb_membros_familias VALUES ( '68', '34', '53', 'Esposa', '2020-08-31 19:52:39', '2020-08-31 19:52:39');
INSERT INTO tb_membros_familias VALUES ( '69', '53', '34', 'marido', '2020-08-31 20:07:44', '2020-08-31 20:07:44');
INSERT INTO tb_membros_familias VALUES ( '70', '34', '53', 'esposa', '2020-08-31 20:07:44', '2020-08-31 20:07:44');
INSERT INTO tb_membros_familias VALUES ( '71', '55', '54', 'Marido', '2020-08-31 23:44:03', '2020-08-31 23:44:03');
INSERT INTO tb_membros_familias VALUES ( '72', '54', '55', 'Esposa', '2020-08-31 23:44:03', '2020-08-31 23:44:03');
INSERT INTO tb_membros_familias VALUES ( '73', '54', '53', 'Filho(a)', '2020-08-31 23:44:47', '2020-08-31 23:44:47');
INSERT INTO tb_membros_familias VALUES ( '74', '53', '54', 'Pai', '2020-08-31 23:44:47', '2020-08-31 23:44:47');
INSERT INTO tb_membros_familias VALUES ( '75', '54', '40', 'Mãe', '2020-08-31 23:46:12', '2020-08-31 23:46:12');
INSERT INTO tb_membros_familias VALUES ( '76', '40', '54', 'Filho(a)', '2020-08-31 23:46:12', '2020-08-31 23:46:12');
INSERT INTO tb_membros_familias VALUES ( '77', '53', '40', 'Avó', '2020-08-31 23:46:45', '2020-08-31 23:46:45');
INSERT INTO tb_membros_familias VALUES ( '78', '40', '53', 'Neto(a)', '2020-08-31 23:46:45', '2020-08-31 23:46:45');
INSERT INTO tb_membros_familias VALUES ( '79', '57', '56', 'Marido', '2020-09-01 00:02:18', '2020-09-01 00:02:18');
INSERT INTO tb_membros_familias VALUES ( '80', '56', '57', 'Esposa', '2020-09-01 00:02:18', '2020-09-01 00:02:18');
INSERT INTO tb_membros_familias VALUES ( '81', '56', '58', 'Filho(a)', '2020-09-01 00:02:47', '2020-09-01 00:02:47');
INSERT INTO tb_membros_familias VALUES ( '82', '58', '56', 'Pai', '2020-09-01 00:02:47', '2020-09-01 00:02:47');
INSERT INTO tb_membros_familias VALUES ( '83', '56', '59', 'Filho(a)', '2020-09-01 00:03:17', '2020-09-01 00:03:17');
INSERT INTO tb_membros_familias VALUES ( '84', '59', '56', 'Pai', '2020-09-01 00:03:17', '2020-09-01 00:03:17');
INSERT INTO tb_membros_familias VALUES ( '85', '56', '54', 'Irmão(a)', '2020-09-01 00:03:55', '2020-09-01 00:03:55');
INSERT INTO tb_membros_familias VALUES ( '86', '54', '56', 'Irmão(a)', '2020-09-01 00:03:55', '2020-09-01 00:03:55');
INSERT INTO tb_membros_familias VALUES ( '87', '56', '40', 'Mãe', '2020-09-01 00:04:25', '2020-09-01 00:04:25');
INSERT INTO tb_membros_familias VALUES ( '88', '40', '56', 'Filho(a)', '2020-09-01 00:04:25', '2020-09-01 00:04:25');
INSERT INTO tb_membros_familias VALUES ( '89', '58', '57', 'Mãe', '2020-09-01 00:05:06', '2020-09-01 00:05:06');
INSERT INTO tb_membros_familias VALUES ( '90', '57', '58', 'Filho(a)', '2020-09-01 00:05:06', '2020-09-01 00:05:06');
INSERT INTO tb_membros_familias VALUES ( '91', '58', '40', 'Avó', '2020-09-01 00:05:32', '2020-09-01 00:05:32');
INSERT INTO tb_membros_familias VALUES ( '92', '40', '58', 'Neto(a)', '2020-09-01 00:05:32', '2020-09-01 00:05:32');
INSERT INTO tb_membros_familias VALUES ( '93', '58', '59', 'Irmão(a)', '2020-09-01 00:06:03', '2020-09-01 00:06:03');
INSERT INTO tb_membros_familias VALUES ( '94', '59', '58', 'Irmão(a)', '2020-09-01 00:06:03', '2020-09-01 00:06:03');
INSERT INTO tb_membros_familias VALUES ( '95', '57', '59', 'Filho(a)', '2020-09-01 00:06:32', '2020-09-01 00:06:32');
INSERT INTO tb_membros_familias VALUES ( '96', '59', '57', 'Mãe', '2020-09-01 00:06:32', '2020-09-01 00:06:32');
INSERT INTO tb_membros_familias VALUES ( '97', '59', '40', 'Avó', '2020-09-01 00:07:36', '2020-09-01 00:07:36');
INSERT INTO tb_membros_familias VALUES ( '98', '40', '59', 'Neto(a)', '2020-09-01 00:07:36', '2020-09-01 00:07:36');
INSERT INTO tb_membros_familias VALUES ( '101', '60', '40', 'Irmão(a)', '2020-09-01 23:29:26', '2020-09-01 23:29:26');
INSERT INTO tb_membros_familias VALUES ( '102', '40', '60', 'Irmão(a)', '2020-09-01 23:29:26', '2020-09-01 23:29:26');
INSERT INTO tb_membros_familias VALUES ( '103', '61', '54', 'Irmão(a)', '2020-09-01 23:32:24', '2020-09-01 23:32:24');
INSERT INTO tb_membros_familias VALUES ( '104', '54', '61', 'Irmão(a)', '2020-09-01 23:32:24', '2020-09-01 23:32:24');
INSERT INTO tb_membros_familias VALUES ( '105', '61', '56', 'Irmão(a)', '2020-09-01 23:32:37', '2020-09-01 23:32:37');
INSERT INTO tb_membros_familias VALUES ( '106', '56', '61', 'Irmão(a)', '2020-09-01 23:32:37', '2020-09-01 23:32:37');
INSERT INTO tb_membros_familias VALUES ( '107', '61', '40', 'Mãe', '2020-09-01 23:32:49', '2020-09-01 23:32:49');
INSERT INTO tb_membros_familias VALUES ( '108', '40', '61', 'Filho(a)', '2020-09-01 23:32:49', '2020-09-01 23:32:49');
INSERT INTO tb_membros_familias VALUES ( '109', '62', '64', 'Filho(a)', '2020-09-01 23:38:59', '2020-09-01 23:38:59');
INSERT INTO tb_membros_familias VALUES ( '110', '64', '62', 'Mãe', '2020-09-01 23:38:59', '2020-09-01 23:38:59');
INSERT INTO tb_membros_familias VALUES ( '111', '62', '63', 'Filho(a)', '2020-09-01 23:39:16', '2020-09-01 23:39:16');
INSERT INTO tb_membros_familias VALUES ( '112', '63', '62', 'Mãe', '2020-09-01 23:39:16', '2020-09-01 23:39:16');
INSERT INTO tb_membros_familias VALUES ( '113', '62', '40', 'Mãe', '2020-09-01 23:39:28', '2020-09-01 23:39:28');
INSERT INTO tb_membros_familias VALUES ( '114', '40', '62', 'Filho(a)', '2020-09-01 23:39:28', '2020-09-01 23:39:28');
INSERT INTO tb_membros_familias VALUES ( '115', '62', '56', 'Irmão(a)', '2020-09-01 23:39:43', '2020-09-01 23:39:43');
INSERT INTO tb_membros_familias VALUES ( '116', '56', '62', 'Irmão(a)', '2020-09-01 23:39:43', '2020-09-01 23:39:43');
INSERT INTO tb_membros_familias VALUES ( '117', '62', '54', 'Irmão(a)', '2020-09-01 23:39:57', '2020-09-01 23:39:57');
INSERT INTO tb_membros_familias VALUES ( '118', '54', '62', 'Irmão(a)', '2020-09-01 23:39:57', '2020-09-01 23:39:57');
INSERT INTO tb_membros_familias VALUES ( '119', '62', '61', 'Irmão(a)', '2020-09-01 23:40:09', '2020-09-01 23:40:09');
INSERT INTO tb_membros_familias VALUES ( '120', '61', '62', 'Irmão(a)', '2020-09-01 23:40:09', '2020-09-01 23:40:09');
INSERT INTO tb_membros_familias VALUES ( '121', '65', '67', 'Filho(a)', '2020-09-01 23:47:16', '2020-09-01 23:47:16');
INSERT INTO tb_membros_familias VALUES ( '122', '67', '65', 'Pai', '2020-09-01 23:47:16', '2020-09-01 23:47:16');
INSERT INTO tb_membros_familias VALUES ( '123', '65', '66', 'Filho(a)', '2020-09-01 23:47:27', '2020-09-01 23:47:27');
INSERT INTO tb_membros_familias VALUES ( '124', '66', '65', 'Pai', '2020-09-01 23:47:27', '2020-09-01 23:47:27');
INSERT INTO tb_membros_familias VALUES ( '125', '68', '65', 'Irmão(a)', '2020-09-01 23:51:19', '2020-09-01 23:51:19');
INSERT INTO tb_membros_familias VALUES ( '126', '65', '68', 'Irmão(a)', '2020-09-01 23:51:19', '2020-09-01 23:51:19');
INSERT INTO tb_membros_familias VALUES ( '127', '71', '70', 'Marido', '2020-09-01 23:55:40', '2020-09-01 23:55:40');
INSERT INTO tb_membros_familias VALUES ( '128', '70', '71', 'Esposa', '2020-09-01 23:55:40', '2020-09-01 23:55:40');
INSERT INTO tb_membros_familias VALUES ( '129', '70', '68', 'Irmão(a)', '2020-09-01 23:56:01', '2020-09-01 23:56:01');
INSERT INTO tb_membros_familias VALUES ( '130', '68', '70', 'Irmão(a)', '2020-09-01 23:56:01', '2020-09-01 23:56:01');
INSERT INTO tb_membros_familias VALUES ( '131', '70', '65', 'Irmão(a)', '2020-09-01 23:56:18', '2020-09-01 23:56:18');
INSERT INTO tb_membros_familias VALUES ( '132', '65', '70', 'Irmão(a)', '2020-09-01 23:56:18', '2020-09-01 23:56:18');
INSERT INTO tb_membros_familias VALUES ( '133', '68', '69', 'Esposa', '2020-09-01 23:56:43', '2020-09-01 23:56:43');
INSERT INTO tb_membros_familias VALUES ( '134', '69', '68', 'Marido', '2020-09-01 23:56:43', '2020-09-01 23:56:43');
INSERT INTO tb_membros_familias VALUES ( '135', '73', '72', 'Mãe', '2020-09-02 00:01:42', '2020-09-02 00:01:42');
INSERT INTO tb_membros_familias VALUES ( '136', '72', '73', 'Filho(a)', '2020-09-02 00:01:42', '2020-09-02 00:01:42');
INSERT INTO tb_membros_familias VALUES ( '137', '72', '68', 'Irmão(a)', '2020-09-02 00:02:00', '2020-09-02 00:02:00');
INSERT INTO tb_membros_familias VALUES ( '138', '68', '72', 'Irmão(a)', '2020-09-02 00:02:00', '2020-09-02 00:02:00');
INSERT INTO tb_membros_familias VALUES ( '139', '72', '65', 'Irmão(a)', '2020-09-02 00:02:12', '2020-09-02 00:02:12');
INSERT INTO tb_membros_familias VALUES ( '140', '65', '72', 'Irmão(a)', '2020-09-02 00:02:12', '2020-09-02 00:02:12');
INSERT INTO tb_membros_familias VALUES ( '141', '72', '70', 'Irmão(a)', '2020-09-02 00:02:28', '2020-09-02 00:02:28');
INSERT INTO tb_membros_familias VALUES ( '142', '70', '72', 'Irmão(a)', '2020-09-02 00:02:28', '2020-09-02 00:02:28');
INSERT INTO tb_membros_familias VALUES ( '143', '74', '72', 'Irmão(a)', '2020-09-02 00:05:17', '2020-09-02 00:05:17');
INSERT INTO tb_membros_familias VALUES ( '144', '72', '74', 'Irmão(a)', '2020-09-02 00:05:17', '2020-09-02 00:05:17');
INSERT INTO tb_membros_familias VALUES ( '145', '74', '70', 'Irmão(a)', '2020-09-02 00:05:26', '2020-09-02 00:05:26');
INSERT INTO tb_membros_familias VALUES ( '146', '70', '74', 'Irmão(a)', '2020-09-02 00:05:26', '2020-09-02 00:05:26');
INSERT INTO tb_membros_familias VALUES ( '147', '74', '68', 'Irmão(a)', '2020-09-02 00:05:39', '2020-09-02 00:05:39');
INSERT INTO tb_membros_familias VALUES ( '148', '68', '74', 'Irmão(a)', '2020-09-02 00:05:39', '2020-09-02 00:05:39');
INSERT INTO tb_membros_familias VALUES ( '149', '74', '65', 'Irmão(a)', '2020-09-02 00:05:49', '2020-09-02 00:05:49');
INSERT INTO tb_membros_familias VALUES ( '150', '65', '74', 'Irmão(a)', '2020-09-02 00:05:49', '2020-09-02 00:05:49');
INSERT INTO tb_membros_familias VALUES ( '151', '77', '75', 'Pai', '2020-09-02 00:24:33', '2020-09-02 00:24:33');
INSERT INTO tb_membros_familias VALUES ( '152', '75', '77', 'Filho(a)', '2020-09-02 00:24:33', '2020-09-02 00:24:33');
INSERT INTO tb_membros_familias VALUES ( '153', '77', '79', 'Irmão(a)', '2020-09-02 00:25:43', '2020-09-02 00:25:43');
INSERT INTO tb_membros_familias VALUES ( '154', '79', '77', 'Irmão(a)', '2020-09-02 00:25:43', '2020-09-02 00:25:43');
INSERT INTO tb_membros_familias VALUES ( '155', '77', '78', 'Irmão(a)', '2020-09-02 00:25:58', '2020-09-02 00:25:58');
INSERT INTO tb_membros_familias VALUES ( '156', '78', '77', 'Irmão(a)', '2020-09-02 00:25:58', '2020-09-02 00:25:58');
INSERT INTO tb_membros_familias VALUES ( '157', '77', '76', 'Mãe', '2020-09-02 00:26:12', '2020-09-02 00:26:12');
INSERT INTO tb_membros_familias VALUES ( '158', '76', '77', 'Filho(a)', '2020-09-02 00:26:12', '2020-09-02 00:26:12');
INSERT INTO tb_membros_familias VALUES ( '159', '79', '78', 'Irmão(a)', '2020-09-02 00:26:33', '2020-09-02 00:26:33');
INSERT INTO tb_membros_familias VALUES ( '160', '78', '79', 'Irmão(a)', '2020-09-02 00:26:33', '2020-09-02 00:26:33');
INSERT INTO tb_membros_familias VALUES ( '161', '79', '75', 'Pai', '2020-09-02 00:26:44', '2020-09-02 00:26:44');
INSERT INTO tb_membros_familias VALUES ( '162', '75', '79', 'Filho(a)', '2020-09-02 00:26:44', '2020-09-02 00:26:44');
INSERT INTO tb_membros_familias VALUES ( '163', '79', '76', 'Mãe', '2020-09-02 00:26:54', '2020-09-02 00:26:54');
INSERT INTO tb_membros_familias VALUES ( '164', '76', '79', 'Filho(a)', '2020-09-02 00:26:54', '2020-09-02 00:26:54');
INSERT INTO tb_membros_familias VALUES ( '165', '78', '75', 'Pai', '2020-09-02 00:27:16', '2020-09-02 00:27:16');
INSERT INTO tb_membros_familias VALUES ( '166', '75', '78', 'Filho(a)', '2020-09-02 00:27:16', '2020-09-02 00:27:16');
INSERT INTO tb_membros_familias VALUES ( '167', '78', '76', 'Mãe', '2020-09-02 00:27:27', '2020-09-02 00:27:27');
INSERT INTO tb_membros_familias VALUES ( '168', '76', '78', 'Filho(a)', '2020-09-02 00:27:27', '2020-09-02 00:27:27');
INSERT INTO tb_membros_familias VALUES ( '169', '76', '75', 'Marido', '2020-09-02 00:27:49', '2020-09-02 00:27:49');
INSERT INTO tb_membros_familias VALUES ( '170', '75', '76', 'Esposa', '2020-09-02 00:27:49', '2020-09-02 00:27:49');
INSERT INTO tb_membros_familias VALUES ( '171', '75', '65', 'Irmão(a)', '2020-09-02 00:28:08', '2020-09-02 00:28:08');
INSERT INTO tb_membros_familias VALUES ( '172', '65', '75', 'Irmão(a)', '2020-09-02 00:28:08', '2020-09-02 00:28:08');
INSERT INTO tb_membros_familias VALUES ( '173', '75', '68', 'Irmão(a)', '2020-09-02 00:28:18', '2020-09-02 00:28:18');
INSERT INTO tb_membros_familias VALUES ( '174', '68', '75', 'Irmão(a)', '2020-09-02 00:28:18', '2020-09-02 00:28:18');
INSERT INTO tb_membros_familias VALUES ( '175', '75', '74', 'Irmão(a)', '2020-09-02 00:28:37', '2020-09-02 00:28:37');
INSERT INTO tb_membros_familias VALUES ( '176', '74', '75', 'Irmão(a)', '2020-09-02 00:28:37', '2020-09-02 00:28:37');
INSERT INTO tb_membros_familias VALUES ( '177', '75', '72', 'Irmão(a)', '2020-09-02 00:28:50', '2020-09-02 00:28:50');
INSERT INTO tb_membros_familias VALUES ( '178', '72', '75', 'Irmão(a)', '2020-09-02 00:28:50', '2020-09-02 00:28:50');
INSERT INTO tb_membros_familias VALUES ( '179', '81', '80', 'Mãe', '2020-09-02 11:01:16', '2020-09-02 11:01:16');
INSERT INTO tb_membros_familias VALUES ( '180', '80', '81', 'Filho(a)', '2020-09-02 11:01:16', '2020-09-02 11:01:16');
INSERT INTO tb_membros_familias VALUES ( '181', '80', '84', 'Irmão(a)', '2020-09-03 00:19:15', '2020-09-03 00:19:15');
INSERT INTO tb_membros_familias VALUES ( '182', '84', '80', 'Irmão(a)', '2020-09-03 00:19:15', '2020-09-03 00:19:15');
INSERT INTO tb_membros_familias VALUES ( '183', '80', '82', 'Filho(a)', '2020-09-03 00:19:36', '2020-09-03 00:19:36');
INSERT INTO tb_membros_familias VALUES ( '184', '82', '80', 'Mãe', '2020-09-03 00:19:36', '2020-09-03 00:19:36');
INSERT INTO tb_membros_familias VALUES ( '185', '84', '83', 'Marido', '2020-09-03 00:20:08', '2020-09-03 00:20:08');
INSERT INTO tb_membros_familias VALUES ( '186', '83', '84', 'Esposa', '2020-09-03 00:20:08', '2020-09-03 00:20:08');
INSERT INTO tb_membros_familias VALUES ( '187', '84', '85', 'Filho(a)', '2020-09-03 00:20:24', '2020-09-03 00:20:24');
INSERT INTO tb_membros_familias VALUES ( '188', '85', '84', 'Mãe', '2020-09-03 00:20:24', '2020-09-03 00:20:24');
INSERT INTO tb_membros_familias VALUES ( '189', '84', '86', 'Filho(a)', '2020-09-03 00:20:40', '2020-09-03 00:20:40');
INSERT INTO tb_membros_familias VALUES ( '190', '86', '84', 'Mãe', '2020-09-03 00:20:40', '2020-09-03 00:20:40');
INSERT INTO tb_membros_familias VALUES ( '191', '83', '86', 'Filho(a)', '2020-09-03 00:21:01', '2020-09-03 00:21:01');
INSERT INTO tb_membros_familias VALUES ( '192', '86', '83', 'Pai', '2020-09-03 00:21:01', '2020-09-03 00:21:01');
INSERT INTO tb_membros_familias VALUES ( '193', '83', '85', 'Filho(a)', '2020-09-03 00:21:17', '2020-09-03 00:21:17');
INSERT INTO tb_membros_familias VALUES ( '194', '85', '83', 'Pai', '2020-09-03 00:21:17', '2020-09-03 00:21:17');
INSERT INTO tb_membros_familias VALUES ( '195', '88', '87', 'Marido', '2020-09-03 00:26:08', '2020-09-03 00:26:08');
INSERT INTO tb_membros_familias VALUES ( '196', '87', '88', 'Esposa', '2020-09-03 00:26:08', '2020-09-03 00:26:08');
INSERT INTO tb_membros_familias VALUES ( '197', '89', '88', 'Mãe', '2020-09-03 00:33:38', '2020-09-03 00:33:38');
INSERT INTO tb_membros_familias VALUES ( '198', '88', '89', 'Filho(a)', '2020-09-03 00:33:38', '2020-09-03 00:33:38');
INSERT INTO tb_membros_familias VALUES ( '199', '89', '87', 'Pai', '2020-09-03 00:33:50', '2020-09-03 00:33:50');
INSERT INTO tb_membros_familias VALUES ( '200', '87', '89', 'Filho(a)', '2020-09-03 00:33:50', '2020-09-03 00:33:50');
INSERT INTO tb_membros_familias VALUES ( '201', '89', '90', 'Filho(a)', '2020-09-03 00:34:01', '2020-09-03 00:34:01');
INSERT INTO tb_membros_familias VALUES ( '202', '90', '89', 'Mãe', '2020-09-03 00:34:01', '2020-09-03 00:34:01');
INSERT INTO tb_membros_familias VALUES ( '203', '89', '91', 'Filho(a)', '2020-09-03 00:34:19', '2020-09-03 00:34:19');
INSERT INTO tb_membros_familias VALUES ( '204', '91', '89', 'Mãe', '2020-09-03 00:34:19', '2020-09-03 00:34:19');
INSERT INTO tb_membros_familias VALUES ( '205', '88', '91', 'Neto(a)', '2020-09-03 00:34:48', '2020-09-03 00:34:48');
INSERT INTO tb_membros_familias VALUES ( '206', '91', '88', 'Avó', '2020-09-03 00:34:48', '2020-09-03 00:34:48');
INSERT INTO tb_membros_familias VALUES ( '207', '88', '90', 'Neto(a)', '2020-09-03 00:35:03', '2020-09-03 00:35:03');
INSERT INTO tb_membros_familias VALUES ( '208', '90', '88', 'Avó', '2020-09-03 00:35:03', '2020-09-03 00:35:03');
INSERT INTO tb_membros_familias VALUES ( '209', '87', '91', 'Neto(a)', '2020-09-03 00:35:28', '2020-09-03 00:35:28');
INSERT INTO tb_membros_familias VALUES ( '210', '91', '87', 'Avô', '2020-09-03 00:35:28', '2020-09-03 00:35:28');
INSERT INTO tb_membros_familias VALUES ( '211', '87', '90', 'Neto(a)', '2020-09-03 00:35:44', '2020-09-03 00:35:44');
INSERT INTO tb_membros_familias VALUES ( '212', '90', '87', 'Avô', '2020-09-03 00:35:44', '2020-09-03 00:35:44');
INSERT INTO tb_membros_familias VALUES ( '213', '90', '91', 'Irmão(a)', '2020-09-03 00:36:16', '2020-09-03 00:36:16');
INSERT INTO tb_membros_familias VALUES ( '214', '91', '90', 'Irmão(a)', '2020-09-03 00:36:16', '2020-09-03 00:36:16');
INSERT INTO tb_membros_familias VALUES ( '215', '92', '93', 'Filho(a)', '2020-09-03 00:43:16', '2020-09-03 00:43:16');
INSERT INTO tb_membros_familias VALUES ( '216', '93', '92', 'Mãe', '2020-09-03 00:43:16', '2020-09-03 00:43:16');
INSERT INTO tb_membros_familias VALUES ( '217', '92', '88', 'Mãe', '2020-09-03 00:43:34', '2020-09-03 00:43:34');
INSERT INTO tb_membros_familias VALUES ( '218', '88', '92', 'Filho(a)', '2020-09-03 00:43:34', '2020-09-03 00:43:34');
INSERT INTO tb_membros_familias VALUES ( '219', '92', '87', 'Pai', '2020-09-03 00:43:45', '2020-09-03 00:43:45');
INSERT INTO tb_membros_familias VALUES ( '220', '87', '92', 'Filho(a)', '2020-09-03 00:43:45', '2020-09-03 00:43:45');
INSERT INTO tb_membros_familias VALUES ( '221', '92', '89', 'Irmão(a)', '2020-09-03 00:44:03', '2020-09-03 00:44:03');
INSERT INTO tb_membros_familias VALUES ( '222', '89', '92', 'Irmão(a)', '2020-09-03 00:44:03', '2020-09-03 00:44:03');
INSERT INTO tb_membros_familias VALUES ( '223', '93', '87', 'Avô', '2020-09-03 00:44:26', '2020-09-03 00:44:26');
INSERT INTO tb_membros_familias VALUES ( '224', '87', '93', 'Neto(a)', '2020-09-03 00:44:26', '2020-09-03 00:44:26');
INSERT INTO tb_membros_familias VALUES ( '225', '93', '88', 'Avó', '2020-09-03 00:44:41', '2020-09-03 00:44:41');
INSERT INTO tb_membros_familias VALUES ( '226', '88', '93', 'Neto(a)', '2020-09-03 00:44:41', '2020-09-03 00:44:41');
INSERT INTO tb_membros_familias VALUES ( '227', '94', '95', 'Filho(a)', '2020-09-03 18:43:09', '2020-09-03 18:43:09');
INSERT INTO tb_membros_familias VALUES ( '228', '95', '94', 'Mãe', '2020-09-03 18:43:09', '2020-09-03 18:43:09');
INSERT INTO tb_membros_familias VALUES ( '229', '94', '97', 'Neto(a)', '2020-09-03 18:43:32', '2020-09-03 18:43:32');
INSERT INTO tb_membros_familias VALUES ( '230', '97', '94', 'Avó', '2020-09-03 18:43:32', '2020-09-03 18:43:32');
INSERT INTO tb_membros_familias VALUES ( '231', '95', '96', 'Esposa', '2020-09-03 18:43:58', '2020-09-03 18:43:58');
INSERT INTO tb_membros_familias VALUES ( '232', '96', '95', 'Marido', '2020-09-03 18:43:58', '2020-09-03 18:43:58');
INSERT INTO tb_membros_familias VALUES ( '235', '101', '35', 'Filho(a)', '2020-09-03 21:33:03', '2020-09-03 21:33:03');
INSERT INTO tb_membros_familias VALUES ( '236', '35', '101', 'Mãe', '2020-09-03 21:33:03', '2020-09-03 21:33:03');
INSERT INTO tb_membros_familias VALUES ( '237', '101', '96', 'Mãe', '2020-09-03 21:33:19', '2020-09-03 21:33:19');
INSERT INTO tb_membros_familias VALUES ( '238', '96', '101', 'Filho(a)', '2020-09-03 21:33:19', '2020-09-03 21:33:19');
INSERT INTO tb_membros_familias VALUES ( '239', '101', '95', 'Pai', '2020-09-03 21:33:32', '2020-09-03 21:33:32');
INSERT INTO tb_membros_familias VALUES ( '240', '95', '101', 'Filho(a)', '2020-09-03 21:33:32', '2020-09-03 21:33:32');
INSERT INTO tb_membros_familias VALUES ( '241', '101', '97', 'Irmão(a)', '2020-09-03 21:33:43', '2020-09-03 21:33:43');
INSERT INTO tb_membros_familias VALUES ( '242', '97', '101', 'Irmão(a)', '2020-09-03 21:33:43', '2020-09-03 21:33:43');
INSERT INTO tb_membros_familias VALUES ( '243', '101', '94', 'Avó', '2020-09-03 21:33:55', '2020-09-03 21:33:55');
INSERT INTO tb_membros_familias VALUES ( '244', '94', '101', 'Neto(a)', '2020-09-03 21:33:55', '2020-09-03 21:33:55');
INSERT INTO tb_membros_familias VALUES ( '245', '97', '96', 'Mãe', '2020-09-03 21:34:35', '2020-09-03 21:34:35');
INSERT INTO tb_membros_familias VALUES ( '246', '96', '97', 'Filho(a)', '2020-09-03 21:34:35', '2020-09-03 21:34:35');
INSERT INTO tb_membros_familias VALUES ( '247', '97', '95', 'Pai', '2020-09-03 21:35:06', '2020-09-03 21:35:06');
INSERT INTO tb_membros_familias VALUES ( '248', '95', '97', 'Filho(a)', '2020-09-03 21:35:06', '2020-09-03 21:35:06');
INSERT INTO tb_membros_familias VALUES ( '249', '94', '99', 'Filho(a)', '2020-09-03 21:43:14', '2020-09-03 21:43:14');
INSERT INTO tb_membros_familias VALUES ( '250', '99', '94', 'Mãe', '2020-09-03 21:43:14', '2020-09-03 21:43:14');
INSERT INTO tb_membros_familias VALUES ( '251', '94', '41', 'Neto(a)', '2020-09-03 21:44:26', '2020-09-03 21:44:26');
INSERT INTO tb_membros_familias VALUES ( '252', '41', '94', 'Avó', '2020-09-03 21:44:26', '2020-09-03 21:44:26');
INSERT INTO tb_membros_familias VALUES ( '253', '94', '100', 'Neto(a)', '2020-09-03 21:44:38', '2020-09-03 21:44:38');
INSERT INTO tb_membros_familias VALUES ( '254', '100', '94', 'Avó', '2020-09-03 21:44:38', '2020-09-03 21:44:38');
INSERT INTO tb_membros_familias VALUES ( '255', '99', '95', 'Irmão(a)', '2020-09-03 21:44:58', '2020-09-03 21:44:58');
INSERT INTO tb_membros_familias VALUES ( '256', '95', '99', 'Irmão(a)', '2020-09-03 21:44:58', '2020-09-03 21:44:58');
INSERT INTO tb_membros_familias VALUES ( '257', '99', '98', 'Marido', '2020-09-03 21:45:16', '2020-09-03 21:45:16');
INSERT INTO tb_membros_familias VALUES ( '258', '98', '99', 'Esposa', '2020-09-03 21:45:16', '2020-09-03 21:45:16');
INSERT INTO tb_membros_familias VALUES ( '259', '99', '100', 'Filho(a)', '2020-09-03 21:45:26', '2020-09-03 21:45:26');
INSERT INTO tb_membros_familias VALUES ( '260', '100', '99', 'Mãe', '2020-09-03 21:45:26', '2020-09-03 21:45:26');
INSERT INTO tb_membros_familias VALUES ( '261', '99', '41', 'Filho(a)', '2020-09-03 21:45:36', '2020-09-03 21:45:36');
INSERT INTO tb_membros_familias VALUES ( '262', '41', '99', 'Mãe', '2020-09-03 21:45:36', '2020-09-03 21:45:36');
INSERT INTO tb_membros_familias VALUES ( '263', '100', '98', 'Pai', '2020-09-03 21:47:12', '2020-09-03 21:47:12');
INSERT INTO tb_membros_familias VALUES ( '264', '98', '100', 'Filho(a)', '2020-09-03 21:47:12', '2020-09-03 21:47:12');
INSERT INTO tb_membros_familias VALUES ( '265', '100', '41', 'Irmão(a)', '2020-09-03 21:47:30', '2020-09-03 21:47:30');
INSERT INTO tb_membros_familias VALUES ( '266', '41', '100', 'Irmão(a)', '2020-09-03 21:47:30', '2020-09-03 21:47:30');
INSERT INTO tb_membros_familias VALUES ( '267', '41', '98', 'Pai', '2020-09-03 21:48:13', '2020-09-03 21:48:13');
INSERT INTO tb_membros_familias VALUES ( '268', '98', '41', 'Filho(a)', '2020-09-03 21:48:13', '2020-09-03 21:48:13');
INSERT INTO tb_membros_familias VALUES ( '269', '96', '35', 'Neto(a)', '2020-09-03 21:50:13', '2020-09-03 21:50:13');
INSERT INTO tb_membros_familias VALUES ( '270', '35', '96', 'Avó', '2020-09-03 21:50:13', '2020-09-03 21:50:13');
INSERT INTO tb_membros_familias VALUES ( '271', '95', '35', 'Neto(a)', '2020-09-03 21:50:56', '2020-09-03 21:50:56');
INSERT INTO tb_membros_familias VALUES ( '272', '35', '95', 'Avô', '2020-09-03 21:50:56', '2020-09-03 21:50:56');
INSERT INTO tb_membros_familias VALUES ( '273', '102', '88', 'Mãe', '2020-09-04 16:37:54', '2020-09-04 16:37:54');
INSERT INTO tb_membros_familias VALUES ( '274', '88', '102', 'Filho(a)', '2020-09-04 16:37:54', '2020-09-04 16:37:54');
INSERT INTO tb_membros_familias VALUES ( '275', '102', '103', 'Filho(a)', '2020-09-04 16:38:05', '2020-09-04 16:38:05');
INSERT INTO tb_membros_familias VALUES ( '276', '103', '102', 'Mãe', '2020-09-04 16:38:05', '2020-09-04 16:38:05');
INSERT INTO tb_membros_familias VALUES ( '277', '102', '87', 'Pai', '2020-09-04 16:38:17', '2020-09-04 16:38:17');
INSERT INTO tb_membros_familias VALUES ( '278', '87', '102', 'Filho(a)', '2020-09-04 16:38:17', '2020-09-04 16:38:17');
INSERT INTO tb_membros_familias VALUES ( '279', '102', '92', 'Irmão(a)', '2020-09-04 16:38:31', '2020-09-04 16:38:31');
INSERT INTO tb_membros_familias VALUES ( '280', '92', '102', 'Irmão(a)', '2020-09-04 16:38:31', '2020-09-04 16:38:31');
INSERT INTO tb_membros_familias VALUES ( '281', '102', '89', 'Irmão(a)', '2020-09-04 16:38:45', '2020-09-04 16:38:45');
INSERT INTO tb_membros_familias VALUES ( '282', '89', '102', 'Irmão(a)', '2020-09-04 16:38:45', '2020-09-04 16:38:45');
INSERT INTO tb_membros_familias VALUES ( '283', '88', '103', 'Neto(a)', '2020-09-04 16:40:00', '2020-09-04 16:40:00');
INSERT INTO tb_membros_familias VALUES ( '284', '103', '88', 'Avó', '2020-09-04 16:40:00', '2020-09-04 16:40:00');
INSERT INTO tb_membros_familias VALUES ( '285', '87', '103', 'Neto(a)', '2020-09-04 16:40:39', '2020-09-04 16:40:39');
INSERT INTO tb_membros_familias VALUES ( '286', '103', '87', 'Avô', '2020-09-04 16:40:39', '2020-09-04 16:40:39');
INSERT INTO tb_membros_familias VALUES ( '287', '104', '105', 'Filho(a)', '2020-09-04 16:52:41', '2020-09-04 16:52:41');
INSERT INTO tb_membros_familias VALUES ( '288', '105', '104', 'Mãe', '2020-09-04 16:52:41', '2020-09-04 16:52:41');
INSERT INTO tb_membros_familias VALUES ( '291', '104', '87', 'Pai', '2020-09-04 16:53:11', '2020-09-04 16:53:11');
INSERT INTO tb_membros_familias VALUES ( '292', '87', '104', 'Filho(a)', '2020-09-04 16:53:11', '2020-09-04 16:53:11');
INSERT INTO tb_membros_familias VALUES ( '293', '104', '89', 'Irmão(a)', '2020-09-04 16:53:23', '2020-09-04 16:53:23');
INSERT INTO tb_membros_familias VALUES ( '294', '89', '104', 'Irmão(a)', '2020-09-04 16:53:23', '2020-09-04 16:53:23');
INSERT INTO tb_membros_familias VALUES ( '295', '104', '92', 'Irmão(a)', '2020-09-04 16:53:32', '2020-09-04 16:53:32');
INSERT INTO tb_membros_familias VALUES ( '296', '92', '104', 'Irmão(a)', '2020-09-04 16:53:32', '2020-09-04 16:53:32');
INSERT INTO tb_membros_familias VALUES ( '297', '104', '102', 'Irmão(a)', '2020-09-04 16:53:45', '2020-09-04 16:53:45');
INSERT INTO tb_membros_familias VALUES ( '298', '102', '104', 'Irmão(a)', '2020-09-04 16:53:45', '2020-09-04 16:53:45');
INSERT INTO tb_membros_familias VALUES ( '303', '52', '109', 'Irmão(a)', '2020-09-04 17:16:16', '2020-09-04 17:16:16');
INSERT INTO tb_membros_familias VALUES ( '304', '109', '52', 'Irmão(a)', '2020-09-04 17:16:16', '2020-09-04 17:16:16');
INSERT INTO tb_membros_familias VALUES ( '305', '52', '108', 'Irmão(a)', '2020-09-04 17:16:27', '2020-09-04 17:16:27');
INSERT INTO tb_membros_familias VALUES ( '306', '108', '52', 'Irmão(a)', '2020-09-04 17:16:27', '2020-09-04 17:16:27');
INSERT INTO tb_membros_familias VALUES ( '307', '52', '70', 'Pai', '2020-09-04 17:16:49', '2020-09-04 17:16:49');
INSERT INTO tb_membros_familias VALUES ( '308', '70', '52', 'Filho(a)', '2020-09-04 17:16:49', '2020-09-04 17:16:49');
INSERT INTO tb_membros_familias VALUES ( '309', '52', '71', 'Mãe', '2020-09-04 17:17:02', '2020-09-04 17:17:02');
INSERT INTO tb_membros_familias VALUES ( '310', '71', '52', 'Filho(a)', '2020-09-04 17:17:02', '2020-09-04 17:17:02');
INSERT INTO tb_membros_familias VALUES ( '311', '70', '108', 'Filho(a)', '2020-09-04 17:17:31', '2020-09-04 17:17:31');
INSERT INTO tb_membros_familias VALUES ( '312', '108', '70', 'Pai', '2020-09-04 17:17:31', '2020-09-04 17:17:31');
INSERT INTO tb_membros_familias VALUES ( '313', '70', '109', 'Filho(a)', '2020-09-04 17:17:51', '2020-09-04 17:17:51');
INSERT INTO tb_membros_familias VALUES ( '314', '109', '70', 'Pai', '2020-09-04 17:17:51', '2020-09-04 17:17:51');
INSERT INTO tb_membros_familias VALUES ( '315', '71', '108', 'Filho(a)', '2020-09-04 17:18:22', '2020-09-04 17:18:22');
INSERT INTO tb_membros_familias VALUES ( '316', '108', '71', 'Mãe', '2020-09-04 17:18:22', '2020-09-04 17:18:22');
INSERT INTO tb_membros_familias VALUES ( '317', '71', '109', 'Filho(a)', '2020-09-04 17:18:35', '2020-09-04 17:18:35');
INSERT INTO tb_membros_familias VALUES ( '318', '109', '71', 'Mãe', '2020-09-04 17:18:35', '2020-09-04 17:18:35');
INSERT INTO tb_membros_familias VALUES ( '319', '110', '108', 'Mãe', '2020-09-04 17:21:03', '2020-09-04 17:21:03');
INSERT INTO tb_membros_familias VALUES ( '320', '108', '110', 'Filho(a)', '2020-09-04 17:21:03', '2020-09-04 17:21:03');
INSERT INTO tb_membros_familias VALUES ( '321', '110', '70', 'Avô', '2020-09-04 17:21:19', '2020-09-04 17:21:19');
INSERT INTO tb_membros_familias VALUES ( '322', '70', '110', 'Neto(a)', '2020-09-04 17:21:19', '2020-09-04 17:21:19');
INSERT INTO tb_membros_familias VALUES ( '323', '110', '71', 'Avó', '2020-09-04 17:21:43', '2020-09-04 17:21:43');
INSERT INTO tb_membros_familias VALUES ( '324', '71', '110', 'Neto(a)', '2020-09-04 17:21:43', '2020-09-04 17:21:43');
INSERT INTO tb_membros_familias VALUES ( '325', '108', '109', 'Irmão(a)', '2020-09-04 17:22:08', '2020-09-04 17:22:08');
INSERT INTO tb_membros_familias VALUES ( '326', '109', '108', 'Irmão(a)', '2020-09-04 17:22:08', '2020-09-04 17:22:08');
INSERT INTO tb_membros_familias VALUES ( '327', '115', '47', 'Filho(a)', '2020-09-04 18:31:24', '2020-09-04 18:31:24');
INSERT INTO tb_membros_familias VALUES ( '328', '47', '115', 'Mãe', '2020-09-04 18:31:24', '2020-09-04 18:31:24');
INSERT INTO tb_membros_familias VALUES ( '329', '115', '46', 'Filho(a)', '2020-09-04 18:31:41', '2020-09-04 18:31:41');
INSERT INTO tb_membros_familias VALUES ( '330', '46', '115', 'Mãe', '2020-09-04 18:31:41', '2020-09-04 18:31:41');
INSERT INTO tb_membros_familias VALUES ( '331', '115', '113', 'Pai', '2020-09-04 18:31:53', '2020-09-04 18:31:53');
INSERT INTO tb_membros_familias VALUES ( '332', '113', '115', 'Filho(a)', '2020-09-04 18:31:53', '2020-09-04 18:31:53');
INSERT INTO tb_membros_familias VALUES ( '333', '115', '114', 'Mãe', '2020-09-04 18:32:05', '2020-09-04 18:32:05');
INSERT INTO tb_membros_familias VALUES ( '334', '114', '115', 'Filho(a)', '2020-09-04 18:32:05', '2020-09-04 18:32:05');
INSERT INTO tb_membros_familias VALUES ( '335', '46', '47', 'Irmão(a)', '2020-09-04 18:32:28', '2020-09-04 18:32:28');
INSERT INTO tb_membros_familias VALUES ( '336', '47', '46', 'Irmão(a)', '2020-09-04 18:32:28', '2020-09-04 18:32:28');
INSERT INTO tb_membros_familias VALUES ( '337', '46', '113', 'Avô', '2020-09-04 18:32:40', '2020-09-04 18:32:40');
INSERT INTO tb_membros_familias VALUES ( '338', '113', '46', 'Neto(a)', '2020-09-04 18:32:40', '2020-09-04 18:32:40');
INSERT INTO tb_membros_familias VALUES ( '339', '46', '114', 'Avó', '2020-09-04 18:32:57', '2020-09-04 18:32:57');
INSERT INTO tb_membros_familias VALUES ( '340', '114', '46', 'Neto(a)', '2020-09-04 18:32:57', '2020-09-04 18:32:57');
INSERT INTO tb_membros_familias VALUES ( '341', '47', '45', 'Filho(a)', '2020-09-04 18:33:29', '2020-09-04 18:33:29');
INSERT INTO tb_membros_familias VALUES ( '342', '45', '47', 'Mãe', '2020-09-04 18:33:29', '2020-09-04 18:33:29');
INSERT INTO tb_membros_familias VALUES ( '343', '47', '113', 'Avô', '2020-09-04 18:33:43', '2020-09-04 18:33:43');
INSERT INTO tb_membros_familias VALUES ( '344', '113', '47', 'Neto(a)', '2020-09-04 18:33:43', '2020-09-04 18:33:43');
INSERT INTO tb_membros_familias VALUES ( '345', '47', '114', 'Avó', '2020-09-04 18:33:54', '2020-09-04 18:33:54');
INSERT INTO tb_membros_familias VALUES ( '346', '114', '47', 'Neto(a)', '2020-09-04 18:33:54', '2020-09-04 18:33:54');
INSERT INTO tb_membros_familias VALUES ( '347', '115', '45', 'Neto(a)', '2020-09-04 18:34:16', '2020-09-04 18:34:16');
INSERT INTO tb_membros_familias VALUES ( '348', '45', '115', 'Avó', '2020-09-04 18:34:16', '2020-09-04 18:34:16');
INSERT INTO tb_membros_familias VALUES ( '349', '114', '113', 'Marido', '2020-09-04 18:35:29', '2020-09-04 18:35:29');
INSERT INTO tb_membros_familias VALUES ( '350', '113', '114', 'Esposa', '2020-09-04 18:35:29', '2020-09-04 18:35:29');
INSERT INTO tb_membros_familias VALUES ( '351', '116', '88', 'Mãe', '2020-09-04 23:02:49', '2020-09-04 23:02:49');
INSERT INTO tb_membros_familias VALUES ( '352', '88', '116', 'Filho(a)', '2020-09-04 23:02:49', '2020-09-04 23:02:49');
INSERT INTO tb_membros_familias VALUES ( '353', '116', '87', 'Pai', '2020-09-04 23:03:01', '2020-09-04 23:03:01');
INSERT INTO tb_membros_familias VALUES ( '354', '87', '116', 'Filho(a)', '2020-09-04 23:03:01', '2020-09-04 23:03:01');
INSERT INTO tb_membros_familias VALUES ( '355', '116', '118', 'Filho(a)', '2020-09-04 23:03:32', '2020-09-04 23:03:32');
INSERT INTO tb_membros_familias VALUES ( '356', '118', '116', 'Mãe', '2020-09-04 23:03:32', '2020-09-04 23:03:32');
INSERT INTO tb_membros_familias VALUES ( '357', '116', '117', 'Filho(a)', '2020-09-04 23:04:26', '2020-09-04 23:04:26');
INSERT INTO tb_membros_familias VALUES ( '358', '117', '116', 'Mãe', '2020-09-04 23:04:26', '2020-09-04 23:04:26');
INSERT INTO tb_membros_familias VALUES ( '359', '87', '118', 'Neto(a)', '2020-09-04 23:04:51', '2020-09-04 23:04:51');
INSERT INTO tb_membros_familias VALUES ( '360', '118', '87', 'Avô', '2020-09-04 23:04:51', '2020-09-04 23:04:51');
INSERT INTO tb_membros_familias VALUES ( '361', '87', '117', 'Neto(a)', '2020-09-04 23:05:07', '2020-09-04 23:05:07');
INSERT INTO tb_membros_familias VALUES ( '362', '117', '87', 'Avô', '2020-09-04 23:05:07', '2020-09-04 23:05:07');
INSERT INTO tb_membros_familias VALUES ( '363', '88', '118', 'Neto(a)', '2020-09-04 23:05:40', '2020-09-04 23:05:40');
INSERT INTO tb_membros_familias VALUES ( '364', '118', '88', 'Avó', '2020-09-04 23:05:40', '2020-09-04 23:05:40');
INSERT INTO tb_membros_familias VALUES ( '365', '88', '117', 'Neto(a)', '2020-09-04 23:05:54', '2020-09-04 23:05:54');
INSERT INTO tb_membros_familias VALUES ( '366', '117', '88', 'Avó', '2020-09-04 23:05:54', '2020-09-04 23:05:54');
INSERT INTO tb_membros_familias VALUES ( '367', '118', '117', 'Irmão(a)', '2020-09-04 23:06:25', '2020-09-04 23:06:25');
INSERT INTO tb_membros_familias VALUES ( '368', '117', '118', 'Irmão(a)', '2020-09-04 23:06:25', '2020-09-04 23:06:25');
INSERT INTO tb_membros_familias VALUES ( '369', '116', '102', 'Irmão(a)', '2020-09-04 23:07:08', '2020-09-04 23:07:08');
INSERT INTO tb_membros_familias VALUES ( '370', '102', '116', 'Irmão(a)', '2020-09-04 23:07:08', '2020-09-04 23:07:08');
INSERT INTO tb_membros_familias VALUES ( '371', '116', '89', 'Irmão(a)', '2020-09-04 23:07:30', '2020-09-04 23:07:30');
INSERT INTO tb_membros_familias VALUES ( '372', '89', '116', 'Irmão(a)', '2020-09-04 23:07:30', '2020-09-04 23:07:30');
INSERT INTO tb_membros_familias VALUES ( '373', '116', '92', 'Irmão(a)', '2020-09-04 23:07:49', '2020-09-04 23:07:49');
INSERT INTO tb_membros_familias VALUES ( '374', '92', '116', 'Irmão(a)', '2020-09-04 23:07:49', '2020-09-04 23:07:49');
INSERT INTO tb_membros_familias VALUES ( '377', '121', '120', 'Pai', '2020-09-04 23:20:17', '2020-09-04 23:20:17');
INSERT INTO tb_membros_familias VALUES ( '378', '120', '121', 'Filho(a)', '2020-09-04 23:20:17', '2020-09-04 23:20:17');
INSERT INTO tb_membros_familias VALUES ( '379', '121', '119', 'Mãe', '2020-09-04 23:20:35', '2020-09-04 23:20:35');
INSERT INTO tb_membros_familias VALUES ( '380', '119', '121', 'Filho(a)', '2020-09-04 23:20:35', '2020-09-04 23:20:35');
INSERT INTO tb_membros_familias VALUES ( '381', '122', '121', 'Esposa', '2020-09-04 23:32:42', '2020-09-04 23:32:42');
INSERT INTO tb_membros_familias VALUES ( '382', '121', '122', 'Marido', '2020-09-04 23:32:42', '2020-09-04 23:32:42');
INSERT INTO tb_membros_familias VALUES ( '383', '122', '123', 'Filho(a)', '2020-09-04 23:32:56', '2020-09-04 23:32:56');
INSERT INTO tb_membros_familias VALUES ( '384', '123', '122', 'Pai', '2020-09-04 23:32:56', '2020-09-04 23:32:56');
INSERT INTO tb_membros_familias VALUES ( '385', '122', '36', 'Pai', '2020-09-04 23:33:09', '2020-09-04 23:33:09');
INSERT INTO tb_membros_familias VALUES ( '386', '36', '122', 'Filho(a)', '2020-09-04 23:33:09', '2020-09-04 23:33:09');
INSERT INTO tb_membros_familias VALUES ( '387', '122', '38', 'Mãe', '2020-09-04 23:33:28', '2020-09-04 23:33:28');
INSERT INTO tb_membros_familias VALUES ( '388', '38', '122', 'Filho(a)', '2020-09-04 23:33:28', '2020-09-04 23:33:28');
INSERT INTO tb_membros_familias VALUES ( '389', '122', '39', 'Irmão(a)', '2020-09-04 23:33:58', '2020-09-04 23:33:58');
INSERT INTO tb_membros_familias VALUES ( '390', '39', '122', 'Irmão(a)', '2020-09-04 23:33:58', '2020-09-04 23:33:58');
INSERT INTO tb_membros_familias VALUES ( '391', '39', '36', 'Pai', '2020-09-04 23:35:03', '2020-09-04 23:35:03');
INSERT INTO tb_membros_familias VALUES ( '392', '36', '39', 'Filho(a)', '2020-09-04 23:35:03', '2020-09-04 23:35:03');
INSERT INTO tb_membros_familias VALUES ( '393', '39', '38', 'Mãe', '2020-09-04 23:35:21', '2020-09-04 23:35:21');
INSERT INTO tb_membros_familias VALUES ( '394', '38', '39', 'Filho(a)', '2020-09-04 23:35:21', '2020-09-04 23:35:21');
INSERT INTO tb_membros_familias VALUES ( '395', '38', '36', 'Marido', '2020-09-04 23:35:46', '2020-09-04 23:35:46');
INSERT INTO tb_membros_familias VALUES ( '396', '36', '38', 'Esposa', '2020-09-04 23:35:46', '2020-09-04 23:35:46');
INSERT INTO tb_membros_familias VALUES ( '397', '38', '123', 'Neto(a)', '2020-09-04 23:36:02', '2020-09-04 23:36:02');
INSERT INTO tb_membros_familias VALUES ( '398', '123', '38', 'Avó', '2020-09-04 23:36:02', '2020-09-04 23:36:02');
INSERT INTO tb_membros_familias VALUES ( '399', '38', '42', 'Neto(a)', '2020-09-04 23:36:25', '2020-09-04 23:36:25');
INSERT INTO tb_membros_familias VALUES ( '400', '42', '38', 'Avó', '2020-09-04 23:36:25', '2020-09-04 23:36:25');
INSERT INTO tb_membros_familias VALUES ( '401', '36', '42', 'Neto(a)', '2020-09-04 23:36:59', '2020-09-04 23:36:59');
INSERT INTO tb_membros_familias VALUES ( '402', '42', '36', 'Avô', '2020-09-04 23:36:59', '2020-09-04 23:36:59');
INSERT INTO tb_membros_familias VALUES ( '403', '36', '123', 'Neto(a)', '2020-09-04 23:37:13', '2020-09-04 23:37:13');
INSERT INTO tb_membros_familias VALUES ( '404', '123', '36', 'Avô', '2020-09-04 23:37:13', '2020-09-04 23:37:13');
INSERT INTO tb_membros_familias VALUES ( '405', '121', '123', 'Filho(a)', '2020-09-04 23:38:27', '2020-09-04 23:38:27');
INSERT INTO tb_membros_familias VALUES ( '406', '123', '121', 'Mãe', '2020-09-04 23:38:27', '2020-09-04 23:38:27');
INSERT INTO tb_membros_familias VALUES ( '407', '123', '120', 'Avô', '2020-09-04 23:39:04', '2020-09-04 23:39:04');
INSERT INTO tb_membros_familias VALUES ( '408', '120', '123', 'Neto(a)', '2020-09-04 23:39:04', '2020-09-04 23:39:04');
INSERT INTO tb_membros_familias VALUES ( '409', '123', '119', 'Avó', '2020-09-04 23:39:25', '2020-09-04 23:39:25');
INSERT INTO tb_membros_familias VALUES ( '410', '119', '123', 'Neto(a)', '2020-09-04 23:39:25', '2020-09-04 23:39:25');
INSERT INTO tb_membros_familias VALUES ( '411', '124', '48', 'Mãe', '2020-09-04 23:48:46', '2020-09-04 23:48:46');
INSERT INTO tb_membros_familias VALUES ( '412', '48', '124', 'Filho(a)', '2020-09-04 23:48:46', '2020-09-04 23:48:46');
INSERT INTO tb_membros_familias VALUES ( '413', '124', '125', 'Irmão(a)', '2020-09-04 23:49:02', '2020-09-04 23:49:02');
INSERT INTO tb_membros_familias VALUES ( '414', '125', '124', 'Irmão(a)', '2020-09-04 23:49:02', '2020-09-04 23:49:02');
INSERT INTO tb_membros_familias VALUES ( '415', '124', '49', 'Irmão(a)', '2020-09-04 23:49:25', '2020-09-04 23:49:25');
INSERT INTO tb_membros_familias VALUES ( '416', '49', '124', 'Irmão(a)', '2020-09-04 23:49:25', '2020-09-04 23:49:25');
INSERT INTO tb_membros_familias VALUES ( '417', '48', '125', 'Filho(a)', '2020-09-04 23:50:05', '2020-09-04 23:50:05');
INSERT INTO tb_membros_familias VALUES ( '418', '125', '48', 'Mãe', '2020-09-04 23:50:05', '2020-09-04 23:50:05');
INSERT INTO tb_membros_familias VALUES ( '419', '49', '51', 'Marido', '2020-09-04 23:51:01', '2020-09-04 23:51:01');
INSERT INTO tb_membros_familias VALUES ( '420', '51', '49', 'Esposa', '2020-09-04 23:51:01', '2020-09-04 23:51:01');
INSERT INTO tb_membros_familias VALUES ( '423', '49', '125', 'Irmão(a)', '2020-09-04 23:52:03', '2020-09-04 23:52:03');
INSERT INTO tb_membros_familias VALUES ( '424', '125', '49', 'Irmão(a)', '2020-09-04 23:52:03', '2020-09-04 23:52:03');
INSERT INTO tb_membros_familias VALUES ( '427', '51', '50', 'Filho(a)', '2020-09-04 23:54:12', '2020-09-04 23:54:12');
INSERT INTO tb_membros_familias VALUES ( '428', '50', '51', 'Pai', '2020-09-04 23:54:12', '2020-09-04 23:54:12');
INSERT INTO tb_membros_familias VALUES ( '429', '126', '107', 'Enteado(a)', '2020-09-05 00:08:37', '2020-09-05 00:08:37');
INSERT INTO tb_membros_familias VALUES ( '430', '107', '126', 'Padrasto', '2020-09-05 00:08:37', '2020-09-05 00:08:37');
INSERT INTO tb_membros_familias VALUES ( '431', '126', '106', 'Esposa', '2020-09-05 00:08:52', '2020-09-05 00:08:52');
INSERT INTO tb_membros_familias VALUES ( '432', '106', '126', 'Marido', '2020-09-05 00:08:52', '2020-09-05 00:08:52');
INSERT INTO tb_membros_familias VALUES ( '433', '88', '106', 'Filho(a)', '2020-09-05 00:11:19', '2020-09-05 00:11:19');
INSERT INTO tb_membros_familias VALUES ( '434', '106', '88', 'Mãe', '2020-09-05 00:11:19', '2020-09-05 00:11:19');
INSERT INTO tb_membros_familias VALUES ( '435', '106', '87', 'Pai', '2020-09-05 00:11:48', '2020-09-05 00:11:48');
INSERT INTO tb_membros_familias VALUES ( '436', '87', '106', 'Filho(a)', '2020-09-05 00:11:48', '2020-09-05 00:11:48');
INSERT INTO tb_membros_familias VALUES ( '437', '106', '107', 'Filho(a)', '2020-09-05 00:12:04', '2020-09-05 00:12:04');
INSERT INTO tb_membros_familias VALUES ( '438', '107', '106', 'Mãe', '2020-09-05 00:12:04', '2020-09-05 00:12:04');
INSERT INTO tb_membros_familias VALUES ( '441', '106', '92', 'Irmão(a)', '2020-09-05 00:12:30', '2020-09-05 00:12:30');
INSERT INTO tb_membros_familias VALUES ( '442', '92', '106', 'Irmão(a)', '2020-09-05 00:12:30', '2020-09-05 00:12:30');
INSERT INTO tb_membros_familias VALUES ( '443', '106', '89', 'Irmão(a)', '2020-09-05 00:12:41', '2020-09-05 00:12:41');
INSERT INTO tb_membros_familias VALUES ( '444', '89', '106', 'Irmão(a)', '2020-09-05 00:12:41', '2020-09-05 00:12:41');
INSERT INTO tb_membros_familias VALUES ( '445', '106', '102', 'Irmão(a)', '2020-09-05 00:12:54', '2020-09-05 00:12:54');
INSERT INTO tb_membros_familias VALUES ( '446', '102', '106', 'Irmão(a)', '2020-09-05 00:12:54', '2020-09-05 00:12:54');
INSERT INTO tb_membros_familias VALUES ( '447', '87', '107', 'Neto(a)', '2020-09-05 00:14:37', '2020-09-05 00:14:37');
INSERT INTO tb_membros_familias VALUES ( '448', '107', '87', 'Avô', '2020-09-05 00:14:37', '2020-09-05 00:14:37');
INSERT INTO tb_membros_familias VALUES ( '451', '107', '88', 'Avó', '2020-09-05 00:17:04', '2020-09-05 00:17:04');
INSERT INTO tb_membros_familias VALUES ( '452', '88', '107', 'Neto(a)', '2020-09-05 00:17:04', '2020-09-05 00:17:04');
INSERT INTO tb_membros_familias VALUES ( '453', '106', '116', 'Irmão(a)', '2020-09-05 00:19:39', '2020-09-05 00:19:39');
INSERT INTO tb_membros_familias VALUES ( '454', '116', '106', 'Irmão(a)', '2020-09-05 00:19:39', '2020-09-05 00:19:39');
INSERT INTO tb_membros_familias VALUES ( '455', '127', '128', 'Marido', '2020-09-08 16:13:12', '2020-09-08 16:13:12');
INSERT INTO tb_membros_familias VALUES ( '456', '128', '127', 'Esposa', '2020-09-08 16:13:12', '2020-09-08 16:13:12');
INSERT INTO tb_membros_familias VALUES ( '457', '131', '132', 'Esposa', '2020-09-08 19:59:18', '2020-09-08 19:59:18');
INSERT INTO tb_membros_familias VALUES ( '458', '132', '131', 'Marido', '2020-09-08 19:59:18', '2020-09-08 19:59:18');
INSERT INTO tb_membros_familias VALUES ( '459', '138', '133', 'Irmão(a)', '2020-09-08 21:24:55', '2020-09-08 21:24:55');
INSERT INTO tb_membros_familias VALUES ( '460', '133', '138', 'Irmão(a)', '2020-09-08 21:24:55', '2020-09-08 21:24:55');
INSERT INTO tb_membros_familias VALUES ( '461', '138', '132', 'Irmão(a)', '2020-09-08 21:25:14', '2020-09-08 21:25:14');
INSERT INTO tb_membros_familias VALUES ( '462', '132', '138', 'Irmão(a)', '2020-09-08 21:25:14', '2020-09-08 21:25:14');
INSERT INTO tb_membros_familias VALUES ( '463', '132', '133', 'Irmão(a)', '2020-09-08 21:25:41', '2020-09-08 21:25:41');
INSERT INTO tb_membros_familias VALUES ( '464', '133', '132', 'Irmão(a)', '2020-09-08 21:25:41', '2020-09-08 21:25:41');
INSERT INTO tb_membros_familias VALUES ( '465', '138', '139', 'Filho(a)', '2020-09-08 21:26:23', '2020-09-08 21:26:23');
INSERT INTO tb_membros_familias VALUES ( '466', '139', '138', 'Pai', '2020-09-08 21:26:23', '2020-09-08 21:26:23');
INSERT INTO tb_membros_familias VALUES ( '467', '138', '137', 'Filho(a)', '2020-09-08 21:26:40', '2020-09-08 21:26:40');
INSERT INTO tb_membros_familias VALUES ( '468', '137', '138', 'Pai', '2020-09-08 21:26:40', '2020-09-08 21:26:40');
INSERT INTO tb_membros_familias VALUES ( '469', '138', '136', 'Filho(a)', '2020-09-08 21:26:55', '2020-09-08 21:26:55');
INSERT INTO tb_membros_familias VALUES ( '470', '136', '138', 'Pai', '2020-09-08 21:26:55', '2020-09-08 21:26:55');
INSERT INTO tb_membros_familias VALUES ( '471', '138', '135', 'Esposa', '2020-09-08 21:27:29', '2020-09-08 21:27:29');
INSERT INTO tb_membros_familias VALUES ( '472', '135', '138', 'Marido', '2020-09-08 21:27:29', '2020-09-08 21:27:29');
INSERT INTO tb_membros_familias VALUES ( '473', '135', '139', 'Filho(a)', '2020-09-08 21:27:56', '2020-09-08 21:27:56');
INSERT INTO tb_membros_familias VALUES ( '474', '139', '135', 'Mãe', '2020-09-08 21:27:56', '2020-09-08 21:27:56');
INSERT INTO tb_membros_familias VALUES ( '475', '135', '137', 'Enteado(a)', '2020-09-08 21:28:11', '2020-09-08 21:28:11');
INSERT INTO tb_membros_familias VALUES ( '476', '137', '135', 'Madrasta', '2020-09-08 21:28:11', '2020-09-08 21:28:11');
INSERT INTO tb_membros_familias VALUES ( '477', '135', '136', 'Enteado(a)', '2020-09-08 21:28:23', '2020-09-08 21:28:23');
INSERT INTO tb_membros_familias VALUES ( '478', '136', '135', 'Madrasta', '2020-09-08 21:28:23', '2020-09-08 21:28:23');
INSERT INTO tb_membros_familias VALUES ( '479', '136', '137', 'Irmão(a)', '2020-09-08 21:28:53', '2020-09-08 21:28:53');
INSERT INTO tb_membros_familias VALUES ( '480', '137', '136', 'Irmão(a)', '2020-09-08 21:28:53', '2020-09-08 21:28:53');
INSERT INTO tb_membros_familias VALUES ( '481', '119', '120', 'Marido', '2020-09-08 21:33:47', '2020-09-08 21:33:47');
INSERT INTO tb_membros_familias VALUES ( '482', '120', '119', 'Esposa', '2020-09-08 21:33:47', '2020-09-08 21:33:47');
INSERT INTO tb_membros_familias VALUES ( '484', '129', '140', 'Marido', '2020-09-08 21:41:46', '2020-09-08 21:41:46');
INSERT INTO tb_membros_familias VALUES ( '485', '143', '142', 'Mãe', '2020-09-08 21:51:24', '2020-09-08 21:51:24');
INSERT INTO tb_membros_familias VALUES ( '486', '142', '143', 'Filho(a)', '2020-09-08 21:51:24', '2020-09-08 21:51:24');
INSERT INTO tb_membros_familias VALUES ( '487', '143', '141', 'Pai', '2020-09-08 21:51:43', '2020-09-08 21:51:43');
INSERT INTO tb_membros_familias VALUES ( '488', '141', '143', 'Filho(a)', '2020-09-08 21:51:43', '2020-09-08 21:51:43');
INSERT INTO tb_membros_familias VALUES ( '489', '141', '142', 'Esposa', '2020-09-08 21:52:11', '2020-09-08 21:52:11');
INSERT INTO tb_membros_familias VALUES ( '490', '142', '141', 'Marido', '2020-09-08 21:52:11', '2020-09-08 21:52:11');
INSERT INTO tb_membros_familias VALUES ( '491', '144', '48', 'Esposa', '2020-09-08 21:56:09', '2020-09-08 21:56:09');
INSERT INTO tb_membros_familias VALUES ( '492', '48', '144', 'Marido', '2020-09-08 21:56:09', '2020-09-08 21:56:09');
INSERT INTO tb_membros_familias VALUES ( '493', '144', '125', 'Filho(a)', '2020-09-08 21:56:23', '2020-09-08 21:56:23');
INSERT INTO tb_membros_familias VALUES ( '494', '125', '144', 'Pai', '2020-09-08 21:56:23', '2020-09-08 21:56:23');
INSERT INTO tb_membros_familias VALUES ( '495', '144', '124', 'Filho(a)', '2020-09-08 21:56:35', '2020-09-08 21:56:35');
INSERT INTO tb_membros_familias VALUES ( '496', '124', '144', 'Pai', '2020-09-08 21:56:35', '2020-09-08 21:56:35');
INSERT INTO tb_membros_familias VALUES ( '497', '144', '49', 'Filho(a)', '2020-09-08 21:56:59', '2020-09-08 21:56:59');
INSERT INTO tb_membros_familias VALUES ( '498', '49', '144', 'Pai', '2020-09-08 21:56:59', '2020-09-08 21:56:59');
INSERT INTO tb_membros_familias VALUES ( '499', '144', '50', 'Neto(a)', '2020-09-08 21:57:29', '2020-09-08 21:57:29');
INSERT INTO tb_membros_familias VALUES ( '500', '50', '144', 'Avô', '2020-09-08 21:57:29', '2020-09-08 21:57:29');
INSERT INTO tb_membros_familias VALUES ( '501', '145', '146', 'Esposa', '2020-09-08 22:18:02', '2020-09-08 22:18:02');
INSERT INTO tb_membros_familias VALUES ( '502', '146', '145', 'Marido', '2020-09-08 22:18:02', '2020-09-08 22:18:02');
INSERT INTO tb_membros_familias VALUES ( '503', '145', '147', 'Filho(a)', '2020-09-08 22:18:19', '2020-09-08 22:18:19');
INSERT INTO tb_membros_familias VALUES ( '504', '147', '145', 'Pai', '2020-09-08 22:18:19', '2020-09-08 22:18:19');
INSERT INTO tb_membros_familias VALUES ( '505', '145', '148', 'Filho(a)', '2020-09-08 22:18:55', '2020-09-08 22:18:55');
INSERT INTO tb_membros_familias VALUES ( '506', '148', '145', 'Pai', '2020-09-08 22:18:55', '2020-09-08 22:18:55');
INSERT INTO tb_membros_familias VALUES ( '507', '146', '147', 'Filho(a)', '2020-09-08 22:19:55', '2020-09-08 22:19:55');
INSERT INTO tb_membros_familias VALUES ( '508', '147', '146', 'Mãe', '2020-09-08 22:19:55', '2020-09-08 22:19:55');
INSERT INTO tb_membros_familias VALUES ( '509', '146', '148', 'Filho(a)', '2020-09-08 22:20:16', '2020-09-08 22:20:16');
INSERT INTO tb_membros_familias VALUES ( '510', '148', '146', 'Mãe', '2020-09-08 22:20:16', '2020-09-08 22:20:16');
INSERT INTO tb_membros_familias VALUES ( '511', '148', '147', 'Irmão(a)', '2020-09-08 22:20:54', '2020-09-08 22:20:54');
INSERT INTO tb_membros_familias VALUES ( '512', '147', '148', 'Irmão(a)', '2020-09-08 22:20:54', '2020-09-08 22:20:54');
INSERT INTO tb_membros_familias VALUES ( '513', '146', '14', 'Irmão(a)', '2020-09-08 22:21:34', '2020-09-08 22:21:34');
INSERT INTO tb_membros_familias VALUES ( '514', '14', '146', 'Irmão(a)', '2020-09-08 22:21:34', '2020-09-08 22:21:34');
INSERT INTO tb_membros_familias VALUES ( '515', '146', '26', 'Mãe', '2020-09-08 22:22:12', '2020-09-08 22:22:12');
INSERT INTO tb_membros_familias VALUES ( '516', '26', '146', 'Filho(a)', '2020-09-08 22:22:12', '2020-09-08 22:22:12');
INSERT INTO tb_membros_familias VALUES ( '517', '14', '26', 'Mãe', '2020-09-08 22:22:48', '2020-09-08 22:22:48');
INSERT INTO tb_membros_familias VALUES ( '518', '26', '14', 'Filho(a)', '2020-09-08 22:22:48', '2020-09-08 22:22:48');
INSERT INTO tb_membros_familias VALUES ( '519', '150', '151', 'Irmão(a)', '2020-09-08 22:44:56', '2020-09-08 22:44:56');
INSERT INTO tb_membros_familias VALUES ( '520', '151', '150', 'Irmão(a)', '2020-09-08 22:44:56', '2020-09-08 22:44:56');
INSERT INTO tb_membros_familias VALUES ( '521', '150', '12', 'Pai', '2020-09-08 22:45:14', '2020-09-08 22:45:14');
INSERT INTO tb_membros_familias VALUES ( '522', '12', '150', 'Filho(a)', '2020-09-08 22:45:14', '2020-09-08 22:45:14');
INSERT INTO tb_membros_familias VALUES ( '523', '150', '149', 'Mãe', '2020-09-08 22:45:31', '2020-09-08 22:45:31');
INSERT INTO tb_membros_familias VALUES ( '524', '149', '150', 'Filho(a)', '2020-09-08 22:45:31', '2020-09-08 22:45:31');
INSERT INTO tb_membros_familias VALUES ( '525', '149', '12', 'Marido', '2020-09-08 22:46:11', '2020-09-08 22:46:11');
INSERT INTO tb_membros_familias VALUES ( '526', '12', '149', 'Esposa', '2020-09-08 22:46:11', '2020-09-08 22:46:11');
INSERT INTO tb_membros_familias VALUES ( '527', '149', '151', 'Filho(a)', '2020-09-08 22:46:33', '2020-09-08 22:46:33');
INSERT INTO tb_membros_familias VALUES ( '528', '151', '149', 'Mãe', '2020-09-08 22:46:33', '2020-09-08 22:46:33');
INSERT INTO tb_membros_familias VALUES ( '529', '12', '151', 'Filho(a)', '2020-09-08 22:47:01', '2020-09-08 22:47:01');
INSERT INTO tb_membros_familias VALUES ( '530', '151', '12', 'Pai', '2020-09-08 22:47:01', '2020-09-08 22:47:01');
INSERT INTO tb_membros_familias VALUES ( '531', '152', '153', 'Esposa', '2020-09-08 22:55:47', '2020-09-08 22:55:47');
INSERT INTO tb_membros_familias VALUES ( '532', '153', '152', 'Marido', '2020-09-08 22:55:47', '2020-09-08 22:55:47');
INSERT INTO tb_membros_familias VALUES ( '533', '157', '114', 'Avó', '2020-09-08 23:07:49', '2020-09-08 23:07:49');
INSERT INTO tb_membros_familias VALUES ( '534', '114', '157', 'Neto(a)', '2020-09-08 23:07:49', '2020-09-08 23:07:49');
INSERT INTO tb_membros_familias VALUES ( '535', '157', '113', 'Avô', '2020-09-08 23:08:06', '2020-09-08 23:08:06');
INSERT INTO tb_membros_familias VALUES ( '536', '113', '157', 'Neto(a)', '2020-09-08 23:08:06', '2020-09-08 23:08:06');
INSERT INTO tb_membros_familias VALUES ( '537', '157', '156', 'Irmão(a)', '2020-09-08 23:08:28', '2020-09-08 23:08:28');
INSERT INTO tb_membros_familias VALUES ( '538', '156', '157', 'Irmão(a)', '2020-09-08 23:08:28', '2020-09-08 23:08:28');
INSERT INTO tb_membros_familias VALUES ( '539', '157', '155', 'Mãe', '2020-09-08 23:08:41', '2020-09-08 23:08:41');
INSERT INTO tb_membros_familias VALUES ( '540', '155', '157', 'Filho(a)', '2020-09-08 23:08:41', '2020-09-08 23:08:41');
INSERT INTO tb_membros_familias VALUES ( '541', '157', '154', 'Pai', '2020-09-08 23:08:53', '2020-09-08 23:08:53');
INSERT INTO tb_membros_familias VALUES ( '542', '154', '157', 'Filho(a)', '2020-09-08 23:08:53', '2020-09-08 23:08:53');
INSERT INTO tb_membros_familias VALUES ( '543', '154', '156', 'Filho(a)', '2020-09-08 23:09:24', '2020-09-08 23:09:24');
INSERT INTO tb_membros_familias VALUES ( '544', '156', '154', 'Pai', '2020-09-08 23:09:24', '2020-09-08 23:09:24');
INSERT INTO tb_membros_familias VALUES ( '545', '154', '155', 'Esposa', '2020-09-08 23:09:40', '2020-09-08 23:09:40');
INSERT INTO tb_membros_familias VALUES ( '546', '155', '154', 'Marido', '2020-09-08 23:09:40', '2020-09-08 23:09:40');
INSERT INTO tb_membros_familias VALUES ( '547', '154', '113', 'Pai', '2020-09-08 23:09:58', '2020-09-08 23:09:58');
INSERT INTO tb_membros_familias VALUES ( '548', '113', '154', 'Filho(a)', '2020-09-08 23:09:58', '2020-09-08 23:09:58');
INSERT INTO tb_membros_familias VALUES ( '549', '154', '114', 'Mãe', '2020-09-08 23:10:12', '2020-09-08 23:10:12');
INSERT INTO tb_membros_familias VALUES ( '550', '114', '154', 'Filho(a)', '2020-09-08 23:10:12', '2020-09-08 23:10:12');
INSERT INTO tb_membros_familias VALUES ( '551', '154', '115', 'Irmão(a)', '2020-09-08 23:10:27', '2020-09-08 23:10:27');
INSERT INTO tb_membros_familias VALUES ( '552', '115', '154', 'Irmão(a)', '2020-09-08 23:10:27', '2020-09-08 23:10:27');
INSERT INTO tb_membros_familias VALUES ( '553', '156', '155', 'Mãe', '2020-09-08 23:10:57', '2020-09-08 23:10:57');
INSERT INTO tb_membros_familias VALUES ( '554', '155', '156', 'Filho(a)', '2020-09-08 23:10:57', '2020-09-08 23:10:57');
INSERT INTO tb_membros_familias VALUES ( '555', '156', '113', 'Avô', '2020-09-08 23:11:11', '2020-09-08 23:11:11');
INSERT INTO tb_membros_familias VALUES ( '556', '113', '156', 'Neto(a)', '2020-09-08 23:11:11', '2020-09-08 23:11:11');
INSERT INTO tb_membros_familias VALUES ( '557', '156', '114', 'Avó', '2020-09-08 23:11:27', '2020-09-08 23:11:27');
INSERT INTO tb_membros_familias VALUES ( '558', '114', '156', 'Neto(a)', '2020-09-08 23:11:27', '2020-09-08 23:11:27');
INSERT INTO tb_membros_familias VALUES ( '559', '158', '161', 'Filho(a)', '2020-09-08 23:27:34', '2020-09-08 23:27:34');
INSERT INTO tb_membros_familias VALUES ( '560', '161', '158', 'Pai', '2020-09-08 23:27:34', '2020-09-08 23:27:34');
INSERT INTO tb_membros_familias VALUES ( '561', '158', '160', 'Filho(a)', '2020-09-08 23:28:54', '2020-09-08 23:28:54');
INSERT INTO tb_membros_familias VALUES ( '562', '160', '158', 'Pai', '2020-09-08 23:28:54', '2020-09-08 23:28:54');
INSERT INTO tb_membros_familias VALUES ( '563', '160', '161', 'Irmão(a)', '2020-09-08 23:30:52', '2020-09-08 23:30:52');
INSERT INTO tb_membros_familias VALUES ( '564', '161', '160', 'Irmão(a)', '2020-09-08 23:30:52', '2020-09-08 23:30:52');
INSERT INTO tb_membros_familias VALUES ( '565', '88', '162', 'Irmão(a)', '2020-09-09 00:32:47', '2020-09-09 00:32:47');
INSERT INTO tb_membros_familias VALUES ( '566', '162', '88', 'Irmão(a)', '2020-09-09 00:32:47', '2020-09-09 00:32:47');
INSERT INTO tb_membros_familias VALUES ( '567', '162', '163', 'Filho(a)', '2020-09-09 00:34:12', '2020-09-09 00:34:12');
INSERT INTO tb_membros_familias VALUES ( '568', '163', '162', 'Mãe', '2020-09-09 00:34:12', '2020-09-09 00:34:12');
INSERT INTO tb_membros_familias VALUES ( '569', '162', '164', 'Neto(a)', '2020-09-09 00:35:52', '2020-09-09 00:35:52');
INSERT INTO tb_membros_familias VALUES ( '570', '164', '162', 'Avó', '2020-09-09 00:35:52', '2020-09-09 00:35:52');
INSERT INTO tb_membros_familias VALUES ( '571', '162', '165', 'Neto(a)', '2020-09-09 00:36:08', '2020-09-09 00:36:08');
INSERT INTO tb_membros_familias VALUES ( '572', '165', '162', 'Avó', '2020-09-09 00:36:08', '2020-09-09 00:36:08');
INSERT INTO tb_membros_familias VALUES ( '573', '163', '164', 'Filho(a)', '2020-09-09 00:41:56', '2020-09-09 00:41:56');
INSERT INTO tb_membros_familias VALUES ( '574', '164', '163', 'Mãe', '2020-09-09 00:41:56', '2020-09-09 00:41:56');
INSERT INTO tb_membros_familias VALUES ( '575', '163', '165', 'Filho(a)', '2020-09-09 00:42:12', '2020-09-09 00:42:12');
INSERT INTO tb_membros_familias VALUES ( '576', '165', '163', 'Mãe', '2020-09-09 00:42:12', '2020-09-09 00:42:12');
INSERT INTO tb_membros_familias VALUES ( '577', '165', '164', 'Irmão(a)', '2020-09-09 00:42:42', '2020-09-09 00:42:42');
INSERT INTO tb_membros_familias VALUES ( '578', '164', '165', 'Irmão(a)', '2020-09-09 00:42:42', '2020-09-09 00:42:42');

#
# Criação da Tabela : tb_membros_historico
#

CREATE TABLE `tb_membros_historico` (
  `id_historico` int(11) NOT NULL AUTO_INCREMENT,
  `id_membro` int(11) NOT NULL,
  `texto` varchar(250) NOT NULL,
  `data` date NOT NULL,
  `data_cadastro` datetime NOT NULL,
  `atualizacao` timestamp NULL DEFAULT CURRENT_TIMESTAMP ON UPDATE CURRENT_TIMESTAMP,
  PRIMARY KEY (`id_historico`)
) ENGINE=InnoDB DEFAULT CHARSET=latin1 ;

#
# Dados a serem incluídos na tabela
#


#
# Criação da Tabela : tb_membros_ofertas
#

CREATE TABLE `tb_membros_ofertas` (
  `id_oferta` int(11) NOT NULL AUTO_INCREMENT,
  `id_membro` int(11) NOT NULL,
  `id_financeiro` int(11) NOT NULL,
  `id_centro_custo` int(11) NOT NULL,
  `valor` decimal(15,2) NOT NULL,
  `data_pagamento` date NOT NULL,
  `referencia` varchar(250) NOT NULL,
  `data_cadastro` date NOT NULL,
  `atualizacao` timestamp NOT NULL DEFAULT CURRENT_TIMESTAMP ON UPDATE CURRENT_TIMESTAMP,
  PRIMARY KEY (`id_oferta`)
) ENGINE=InnoDB DEFAULT CHARSET=latin1 ;

#
# Dados a serem incluídos na tabela
#


#
# Criação da Tabela : tb_membros_profissao_de_fe
#

CREATE TABLE `tb_membros_profissao_de_fe` (
  `id_profissao_de_fe` int(11) NOT NULL AUTO_INCREMENT,
  `id_membro` int(11) NOT NULL,
  `data_profissao_de_fe` date NOT NULL,
  `oficiante` varchar(250) NOT NULL,
  `versiculo` varchar(250) NOT NULL,
  `livro` varchar(250) NOT NULL,
  `data_cadastro` datetime NOT NULL,
  `atualizacao` timestamp NOT NULL DEFAULT CURRENT_TIMESTAMP ON UPDATE CURRENT_TIMESTAMP,
  PRIMARY KEY (`id_profissao_de_fe`)
) ENGINE=InnoDB AUTO_INCREMENT=4 DEFAULT CHARSET=latin1 ;

#
# Dados a serem incluídos na tabela
#

INSERT INTO tb_membros_profissao_de_fe VALUES ( '1', '30', '2020-08-29', 'Rev. Mateus L. Lange / Lucimar Velmer', 'Se podes! Tudo é possível ao que crê', 'Marcos 9.23', '2020-08-27 21:20:02', '2020-08-27 21:42:14');
INSERT INTO tb_membros_profissao_de_fe VALUES ( '2', '33', '2020-09-05', 'Rev. Mateus L. Lange / Lucimar Velmer', 'Se não tiver amor, nada serei. ', '(1Co 13.2)', '2020-08-27 21:57:09', '2020-09-05 16:07:04');
INSERT INTO tb_membros_profissao_de_fe VALUES ( '3', '34', '2020-09-05', 'Rev. Mateus L. Lange / Lucimar Velmer', 'Ainda que eu ande pelo  vale escuro da morte, não terei medo de nada. Pois tu, ó Senhor, estás comigo.', '(Salmo 23.4)', '2020-08-27 22:00:30', '2020-09-05 16:03:05');

#
# Criação da Tabela : tb_membros_telefones
#

CREATE TABLE `tb_membros_telefones` (
  `id_telefone` int(11) NOT NULL AUTO_INCREMENT,
  `id_membro` int(11) NOT NULL,
  `numero` varchar(250) NOT NULL,
  `operadora` varchar(250) NOT NULL,
  `data_cadastro` datetime NOT NULL,
  `atualizacao` timestamp NOT NULL DEFAULT CURRENT_TIMESTAMP ON UPDATE CURRENT_TIMESTAMP,
  PRIMARY KEY (`id_telefone`)
) ENGINE=InnoDB AUTO_INCREMENT=2 DEFAULT CHARSET=latin1 ;

#
# Dados a serem incluídos na tabela
#

INSERT INTO tb_membros_telefones VALUES ( '1', '31', '(44) 9991.03464', 'Tim', '2020-08-27 21:25:01', '2020-08-27 21:25:01');

#
# Criação da Tabela : tb_obreiros
#

CREATE TABLE `tb_obreiros` (
  `id_obreiro` int(11) NOT NULL AUTO_INCREMENT,
  `id_membro` int(11) NOT NULL,
  `tipo` varchar(250) NOT NULL,
  `vinculo` varchar(250) NOT NULL,
  `dedicacao` varchar(250) NOT NULL,
  `remuneracao` varchar(250) NOT NULL,
  `data_cadastro` datetime NOT NULL,
  `atualizacao` timestamp NOT NULL DEFAULT CURRENT_TIMESTAMP ON UPDATE CURRENT_TIMESTAMP,
  PRIMARY KEY (`id_obreiro`)
) ENGINE=InnoDB DEFAULT CHARSET=latin1 ;

#
# Dados a serem incluídos na tabela
#


#
# Criação da Tabela : tb_paginas_site
#

CREATE TABLE `tb_paginas_site` (
  `id_pagina` int(11) NOT NULL AUTO_INCREMENT,
  `ativo` varchar(250) NOT NULL,
  `titulo` varchar(250) NOT NULL,
  `texto` text NOT NULL,
  `posicao_menu` int(11) NOT NULL,
  `data_cadastro` datetime NOT NULL,
  `atualizacao` timestamp NOT NULL DEFAULT CURRENT_TIMESTAMP ON UPDATE CURRENT_TIMESTAMP,
  PRIMARY KEY (`id_pagina`)
) ENGINE=InnoDB DEFAULT CHARSET=latin1 ;

#
# Dados a serem incluídos na tabela
#


#
# Criação da Tabela : tb_paginas_site_imagens
#

CREATE TABLE `tb_paginas_site_imagens` (
  `id_imagem` int(11) NOT NULL AUTO_INCREMENT,
  `id_paroquia` int(11) NOT NULL,
  `id_pagina` int(11) NOT NULL,
  `arquivo` varchar(250) NOT NULL,
  `nome` varchar(250) NOT NULL,
  `link` varchar(250) NOT NULL,
  `posicao` varchar(250) NOT NULL,
  `foto_destaque` int(11) NOT NULL,
  `data_cadastro` datetime NOT NULL,
  `atualizacao` timestamp NOT NULL DEFAULT CURRENT_TIMESTAMP ON UPDATE CURRENT_TIMESTAMP,
  PRIMARY KEY (`id_imagem`)
) ENGINE=InnoDB DEFAULT CHARSET=latin1 ;

#
# Dados a serem incluídos na tabela
#


#
# Criação da Tabela : tb_site
#

CREATE TABLE `tb_site` (
  `id_site` int(11) NOT NULL AUTO_INCREMENT,
  `ativo` varchar(250) NOT NULL,
  `aniversariantes` varchar(250) NOT NULL,
  `agenda_paroquia` varchar(250) NOT NULL,
  `id_layout` int(11) NOT NULL,
  `logotipo` varchar(250) NOT NULL,
  `data_cadastro` datetime NOT NULL,
  `atualizacao` timestamp NOT NULL DEFAULT CURRENT_TIMESTAMP ON UPDATE CURRENT_TIMESTAMP,
  PRIMARY KEY (`id_site`)
) ENGINE=InnoDB DEFAULT CHARSET=latin1 ;

#
# Dados a serem incluídos na tabela
#

